[INFO] fetching crate ord-lmdb-zero 0.4.5...
[INFO] testing ord-lmdb-zero-0.4.5 against nightly-2024-10-28 for randomize-layout
[INFO] extracting crate ord-lmdb-zero 0.4.5 into /workspace/builds/worker-4-tc1/source
[INFO] validating manifest of crates.io crate ord-lmdb-zero 0.4.5 on toolchain nightly-2024-10-28
[INFO] running `Command { std: CARGO_HOME="/workspace/cargo-home" RUSTUP_HOME="/workspace/rustup-home" "/workspace/cargo-home/bin/cargo" "+nightly-2024-10-28" "metadata" "--manifest-path" "Cargo.toml" "--no-deps", kill_on_drop: false }`
[INFO] started tweaking crates.io crate ord-lmdb-zero 0.4.5
[INFO] finished tweaking crates.io crate ord-lmdb-zero 0.4.5
[INFO] tweaked toml for crates.io crate ord-lmdb-zero 0.4.5 written to /workspace/builds/worker-4-tc1/source/Cargo.toml
[INFO] running `Command { std: CARGO_HOME="/workspace/cargo-home" RUSTUP_HOME="/workspace/rustup-home" "/workspace/cargo-home/bin/cargo" "+nightly-2024-10-28" "generate-lockfile" "--manifest-path" "Cargo.toml", kill_on_drop: false }`
[INFO] [stderr]     Updating crates.io index
[INFO] [stderr]      Locking 7 packages to latest compatible versions
[INFO] [stderr]       Adding bitflags v0.9.1 (available: v2.6.0)
[INFO] [stderr]       Adding gcc v0.3.39 (available: v0.3.55)
[INFO] [stderr]       Adding libc v0.2.18 (available: v0.2.161)
[INFO] [stderr]       Adding rand v0.3.15 (available: v0.3.23)
[INFO] [stderr]       Adding tempdir v0.3.4 (available: v0.3.7)
[INFO] running `Command { std: CARGO_HOME="/workspace/cargo-home" RUSTUP_HOME="/workspace/rustup-home" "/workspace/cargo-home/bin/cargo" "+nightly-2024-10-28" "fetch" "--manifest-path" "Cargo.toml", kill_on_drop: false }`
[INFO] [stderr] warning: no edition set: defaulting to the 2015 edition while the latest is 2021
[INFO] [stderr]  Downloading crates ...
[INFO] [stderr]   Downloaded gcc v0.3.39
[INFO] [stderr]   Downloaded ord-liblmdb-sys v0.2.3
[INFO] [stderr]   Downloaded rand v0.3.15
[INFO] [stderr]   Downloaded tempdir v0.3.4
[INFO] [stderr]   Downloaded libc v0.2.18
[INFO] running `Command { std: "docker" "create" "-v" "/var/lib/crater-agent-workspace/builds/worker-4-tc1/target:/opt/rustwide/target:rw,Z" "-v" "/var/lib/crater-agent-workspace/builds/worker-4-tc1/source:/opt/rustwide/workdir:ro,Z" "-v" "/var/lib/crater-agent-workspace/cargo-home:/opt/rustwide/cargo-home:ro,Z" "-v" "/var/lib/crater-agent-workspace/rustup-home:/opt/rustwide/rustup-home:ro,Z" "-e" "SOURCE_DIR=/opt/rustwide/workdir" "-e" "CARGO_TARGET_DIR=/opt/rustwide/target" "-e" "CARGO_HOME=/opt/rustwide/cargo-home" "-e" "RUSTUP_HOME=/opt/rustwide/rustup-home" "-w" "/opt/rustwide/workdir" "-m" "1610612736" "--user" "0:0" "--network" "none" "ghcr.io/rust-lang/crates-build-env/linux@sha256:4a844ea9eb2546a2d2c7022eacef16ef2e8229c7fbb2c7d4d55a9ceca922f72d" "/opt/rustwide/cargo-home/bin/cargo" "+nightly-2024-10-28" "metadata" "--no-deps" "--format-version=1", kill_on_drop: false }`
[INFO] [stdout] 178de552d00f3f2e381f64cbe7d3d6e653a186f5026fa7638af17c348e4eeb22
[INFO] running `Command { std: "docker" "start" "-a" "178de552d00f3f2e381f64cbe7d3d6e653a186f5026fa7638af17c348e4eeb22", kill_on_drop: false }`
[INFO] running `Command { std: "docker" "inspect" "178de552d00f3f2e381f64cbe7d3d6e653a186f5026fa7638af17c348e4eeb22", kill_on_drop: false }`
[INFO] running `Command { std: "docker" "rm" "-f" "178de552d00f3f2e381f64cbe7d3d6e653a186f5026fa7638af17c348e4eeb22", kill_on_drop: false }`
[INFO] [stdout] 178de552d00f3f2e381f64cbe7d3d6e653a186f5026fa7638af17c348e4eeb22
[INFO] running `Command { std: "docker" "create" "-v" "/var/lib/crater-agent-workspace/builds/worker-4-tc1/target:/opt/rustwide/target:rw,Z" "-v" "/var/lib/crater-agent-workspace/builds/worker-4-tc1/source:/opt/rustwide/workdir:ro,Z" "-v" "/var/lib/crater-agent-workspace/cargo-home:/opt/rustwide/cargo-home:ro,Z" "-v" "/var/lib/crater-agent-workspace/rustup-home:/opt/rustwide/rustup-home:ro,Z" "-e" "SOURCE_DIR=/opt/rustwide/workdir" "-e" "CARGO_TARGET_DIR=/opt/rustwide/target" "-e" "CARGO_INCREMENTAL=0" "-e" "RUST_BACKTRACE=full" "-e" "RUSTFLAGS=--cap-lints=forbid" "-e" "RUSTDOCFLAGS=--cap-lints=forbid" "-e" "CARGO_HOME=/opt/rustwide/cargo-home" "-e" "RUSTUP_HOME=/opt/rustwide/rustup-home" "-w" "/opt/rustwide/workdir" "-m" "1610612736" "--user" "0:0" "--network" "none" "ghcr.io/rust-lang/crates-build-env/linux@sha256:4a844ea9eb2546a2d2c7022eacef16ef2e8229c7fbb2c7d4d55a9ceca922f72d" "/opt/rustwide/cargo-home/bin/cargo" "+nightly-2024-10-28" "build" "--frozen" "--message-format=json", kill_on_drop: false }`
[INFO] [stdout] 81aa1d014a4c1233268021b1292f545f14a81b1f389c7c33427adfb9cb359dc8
[INFO] running `Command { std: "docker" "start" "-a" "81aa1d014a4c1233268021b1292f545f14a81b1f389c7c33427adfb9cb359dc8", kill_on_drop: false }`
[INFO] [stderr] warning: no edition set: defaulting to the 2015 edition while the latest is 2021
[INFO] [stderr]    Compiling gcc v0.3.39
[INFO] [stderr]    Compiling libc v0.2.18
[INFO] [stderr]    Compiling supercow v0.1.0
[INFO] [stderr]    Compiling bitflags v0.9.1
[INFO] [stderr]    Compiling ord-liblmdb-sys v0.2.3
[INFO] [stderr]    Compiling ord-lmdb-zero v0.4.5 (/opt/rustwide/workdir)
[INFO] [stdout] warning: use of deprecated macro `try`: use the `?` operator instead
[INFO] [stdout]    --> src/env.rs:27:5
[INFO] [stdout]     |
[INFO] [stdout] 27  | /     bitflags! {
[INFO] [stdout] 28  | |         /// Flags used when opening an LMDB environment.
[INFO] [stdout] 29  | |         pub struct Flags : libc::c_uint {
[INFO] [stdout] 30  | |             /// Use a fixed address for the mmap region. This flag must be
[INFO] [stdout] ...   |
[INFO] [stdout] 134 | |         }
[INFO] [stdout] 135 | |     }
[INFO] [stdout]     | |_____^
[INFO] [stdout]     |
[INFO] [stdout]     = note: `#[warn(deprecated)]` on by default
[INFO] [stdout]     = note: this warning originates in the macro `__impl_bitflags` which comes from the expansion of the macro `bitflags` (in Nightly builds, run with -Z macro-backtrace for more info)
[INFO] [stdout] 
[INFO] [stdout] 
[INFO] [stdout] warning: use of deprecated macro `try`: use the `?` operator instead
[INFO] [stdout]    --> src/env.rs:27:5
[INFO] [stdout]     |
[INFO] [stdout] 27  | /     bitflags! {
[INFO] [stdout] 28  | |         /// Flags used when opening an LMDB environment.
[INFO] [stdout] 29  | |         pub struct Flags : libc::c_uint {
[INFO] [stdout] 30  | |             /// Use a fixed address for the mmap region. This flag must be
[INFO] [stdout] ...   |
[INFO] [stdout] 134 | |         }
[INFO] [stdout] 135 | |     }
[INFO] [stdout]     | |_____^
[INFO] [stdout]     |
[INFO] [stdout]     = note: this warning originates in the macro `__impl_bitflags` which comes from the expansion of the macro `bitflags` (in Nightly builds, run with -Z macro-backtrace for more info)
[INFO] [stdout] 
[INFO] [stdout] 
[INFO] [stdout] warning: use of deprecated macro `try`: use the `?` operator instead
[INFO] [stdout]    --> src/env.rs:27:5
[INFO] [stdout]     |
[INFO] [stdout] 27  | /     bitflags! {
[INFO] [stdout] 28  | |         /// Flags used when opening an LMDB environment.
[INFO] [stdout] 29  | |         pub struct Flags : libc::c_uint {
[INFO] [stdout] 30  | |             /// Use a fixed address for the mmap region. This flag must be
[INFO] [stdout] ...   |
[INFO] [stdout] 134 | |         }
[INFO] [stdout] 135 | |     }
[INFO] [stdout]     | |_____^
[INFO] [stdout]     |
[INFO] [stdout]     = note: this warning originates in the macro `__impl_bitflags` which comes from the expansion of the macro `bitflags` (in Nightly builds, run with -Z macro-backtrace for more info)
[INFO] [stdout] 
[INFO] [stdout] 
[INFO] [stdout] warning: use of deprecated macro `try`: use the `?` operator instead
[INFO] [stdout]    --> src/env.rs:143:5
[INFO] [stdout]     |
[INFO] [stdout] 143 | /     bitflags! {
[INFO] [stdout] 144 | |         /// Flags used when copying an LMDB environment.
[INFO] [stdout] 145 | |         pub struct Flags : libc::c_uint {
[INFO] [stdout] 146 | |             /// Perform compaction while copying: omit free pages and sequentially
[INFO] [stdout] ...   |
[INFO] [stdout] 150 | |         }
[INFO] [stdout] 151 | |     }
[INFO] [stdout]     | |_____^
[INFO] [stdout]     |
[INFO] [stdout]     = note: this warning originates in the macro `__impl_bitflags` which comes from the expansion of the macro `bitflags` (in Nightly builds, run with -Z macro-backtrace for more info)
[INFO] [stdout] 
[INFO] [stdout] 
[INFO] [stdout] warning: use of deprecated macro `try`: use the `?` operator instead
[INFO] [stdout]    --> src/env.rs:143:5
[INFO] [stdout]     |
[INFO] [stdout] 143 | /     bitflags! {
[INFO] [stdout] 144 | |         /// Flags used when copying an LMDB environment.
[INFO] [stdout] 145 | |         pub struct Flags : libc::c_uint {
[INFO] [stdout] 146 | |             /// Perform compaction while copying: omit free pages and sequentially
[INFO] [stdout] ...   |
[INFO] [stdout] 150 | |         }
[INFO] [stdout] 151 | |     }
[INFO] [stdout]     | |_____^
[INFO] [stdout]     |
[INFO] [stdout]     = note: this warning originates in the macro `__impl_bitflags` which comes from the expansion of the macro `bitflags` (in Nightly builds, run with -Z macro-backtrace for more info)
[INFO] [stdout] 
[INFO] [stdout] 
[INFO] [stdout] warning: use of deprecated macro `try`: use the `?` operator instead
[INFO] [stdout]    --> src/env.rs:143:5
[INFO] [stdout]     |
[INFO] [stdout] 143 | /     bitflags! {
[INFO] [stdout] 144 | |         /// Flags used when copying an LMDB environment.
[INFO] [stdout] 145 | |         pub struct Flags : libc::c_uint {
[INFO] [stdout] 146 | |             /// Perform compaction while copying: omit free pages and sequentially
[INFO] [stdout] ...   |
[INFO] [stdout] 150 | |         }
[INFO] [stdout] 151 | |     }
[INFO] [stdout]     | |_____^
[INFO] [stdout]     |
[INFO] [stdout]     = note: this warning originates in the macro `__impl_bitflags` which comes from the expansion of the macro `bitflags` (in Nightly builds, run with -Z macro-backtrace for more info)
[INFO] [stdout] 
[INFO] [stdout] 
[INFO] [stdout] warning: use of deprecated macro `try`: use the `?` operator instead
[INFO] [stdout]    --> src/env.rs:272:25
[INFO] [stdout]     |
[INFO] [stdout] 272 |         let path_cstr = try!(CString::new(path));
[INFO] [stdout]     |                         ^^^
[INFO] [stdout] 
[INFO] [stdout] 
[INFO] [stdout] warning: use of deprecated macro `try`: use the `?` operator instead
[INFO] [stdout]    --> src/env.rs:446:25
[INFO] [stdout]     |
[INFO] [stdout] 446 |         let path_cstr = try!(CString::new(path));
[INFO] [stdout]     |                         ^^^
[INFO] [stdout] 
[INFO] [stdout] 
[INFO] [stdout] warning: use of deprecated macro `try`: use the `?` operator instead
[INFO] [stdout]    --> src/env.rs:680:9
[INFO] [stdout]     |
[INFO] [stdout] 680 |         try!(txn.commit());
[INFO] [stdout]     |         ^^^
[INFO] [stdout] 
[INFO] [stdout] 
[INFO] [stdout] warning: use of deprecated macro `try`: use the `?` operator instead
[INFO] [stdout]    --> src/dbi.rs:30:5
[INFO] [stdout]     |
[INFO] [stdout] 30  | /     bitflags! {
[INFO] [stdout] 31  | |         /// Flags used when opening databases.
[INFO] [stdout] 32  | |         pub struct Flags : libc::c_uint {
[INFO] [stdout] 33  | |             /// Keys are strings to be compared in reverse order, from the end
[INFO] [stdout] ...   |
[INFO] [stdout] 252 | |         }
[INFO] [stdout] 253 | |     }
[INFO] [stdout]     | |_____^
[INFO] [stdout]     |
[INFO] [stdout]     = note: this warning originates in the macro `__impl_bitflags` which comes from the expansion of the macro `bitflags` (in Nightly builds, run with -Z macro-backtrace for more info)
[INFO] [stdout] 
[INFO] [stdout] 
[INFO] [stdout] warning: use of deprecated macro `try`: use the `?` operator instead
[INFO] [stdout]    --> src/dbi.rs:30:5
[INFO] [stdout]     |
[INFO] [stdout] 30  | /     bitflags! {
[INFO] [stdout] 31  | |         /// Flags used when opening databases.
[INFO] [stdout] 32  | |         pub struct Flags : libc::c_uint {
[INFO] [stdout] 33  | |             /// Keys are strings to be compared in reverse order, from the end
[INFO] [stdout] ...   |
[INFO] [stdout] 252 | |         }
[INFO] [stdout] 253 | |     }
[INFO] [stdout]     | |_____^
[INFO] [stdout]     |
[INFO] [stdout]     = note: this warning originates in the macro `__impl_bitflags` which comes from the expansion of the macro `bitflags` (in Nightly builds, run with -Z macro-backtrace for more info)
[INFO] [stdout] 
[INFO] [stdout] 
[INFO] [stdout] warning: use of deprecated macro `try`: use the `?` operator instead
[INFO] [stdout]    --> src/dbi.rs:30:5
[INFO] [stdout]     |
[INFO] [stdout] 30  | /     bitflags! {
[INFO] [stdout] 31  | |         /// Flags used when opening databases.
[INFO] [stdout] 32  | |         pub struct Flags : libc::c_uint {
[INFO] [stdout] 33  | |             /// Keys are strings to be compared in reverse order, from the end
[INFO] [stdout] ...   |
[INFO] [stdout] 252 | |         }
[INFO] [stdout] 253 | |     }
[INFO] [stdout]     | |_____^
[INFO] [stdout]     |
[INFO] [stdout]     = note: this warning originates in the macro `__impl_bitflags` which comes from the expansion of the macro `bitflags` (in Nightly builds, run with -Z macro-backtrace for more info)
[INFO] [stdout] 
[INFO] [stdout] 
[INFO] [stdout] warning: use of deprecated macro `try`: use the `?` operator instead
[INFO] [stdout]    --> src/dbi.rs:703:29
[INFO] [stdout]     |
[INFO] [stdout] 703 |             Some(s) => Some(try!(CString::new(s))),
[INFO] [stdout]     |                             ^^^
[INFO] [stdout] 
[INFO] [stdout] 
[INFO] [stdout] warning: use of deprecated macro `try`: use the `?` operator instead
[INFO] [stdout]    --> src/dbi.rs:735:13
[INFO] [stdout]     |
[INFO] [stdout] 735 |             try!(wrapped_tx.commit());
[INFO] [stdout]     |             ^^^
[INFO] [stdout] 
[INFO] [stdout] 
[INFO] [stdout] warning: use of deprecated macro `try`: use the `?` operator instead
[INFO] [stdout]    --> src/dbi.rs:850:9
[INFO] [stdout]     |
[INFO] [stdout] 850 |         try!(env::dbi_delete(&self.db.env, self.db.dbi));
[INFO] [stdout]     |         ^^^
[INFO] [stdout] 
[INFO] [stdout] 
[INFO] [stdout] warning: anonymous parameters are deprecated and will be removed in the next edition
[INFO] [stdout]    --> src/traits.rs:232:24
[INFO] [stdout]     |
[INFO] [stdout] 232 |     fn from_lmdb_bytes(&[u8]) -> Result<&Self, String>;
[INFO] [stdout]     |                        ^^^^^ help: try naming the parameter or explicitly ignoring it: `_: &[u8]`
[INFO] [stdout]     |
[INFO] [stdout]     = warning: this is accepted in the current edition (Rust 2015) but is a hard error in Rust 2018!
[INFO] [stdout]     = note: for more information, see issue #41686 <https://github.com/rust-lang/rust/issues/41686>
[INFO] [stdout]     = note: `#[warn(anonymous_parameters)]` on by default
[INFO] [stdout] 
[INFO] [stdout] 
[INFO] [stdout] warning: anonymous parameters are deprecated and will be removed in the next edition
[INFO] [stdout]    --> src/traits.rs:249:40
[INFO] [stdout]     |
[INFO] [stdout] 249 |     unsafe fn from_reserved_lmdb_bytes(&mut [u8]) -> &mut Self;
[INFO] [stdout]     |                                        ^^^^^^^^^ help: try naming the parameter or explicitly ignoring it: `_: &mut [u8]`
[INFO] [stdout]     |
[INFO] [stdout]     = warning: this is accepted in the current edition (Rust 2015) but is a hard error in Rust 2018!
[INFO] [stdout]     = note: for more information, see issue #41686 <https://github.com/rust-lang/rust/issues/41686>
[INFO] [stdout] 
[INFO] [stdout] 
[INFO] [stdout] warning: use of deprecated macro `try`: use the `?` operator instead
[INFO] [stdout]    --> src/tx.rs:32:5
[INFO] [stdout]     |
[INFO] [stdout] 32  | /     bitflags! {
[INFO] [stdout] 33  | |         /// Flags used when calling the various `put` functions.
[INFO] [stdout] 34  | |         ///
[INFO] [stdout] 35  | |         /// Note that `RESERVE` and `MULTIPLE` are not exposed in these flags
[INFO] [stdout] ...   |
[INFO] [stdout] 195 | |         }
[INFO] [stdout] 196 | |     }
[INFO] [stdout]     | |_____^
[INFO] [stdout]     |
[INFO] [stdout]     = note: this warning originates in the macro `__impl_bitflags` which comes from the expansion of the macro `bitflags` (in Nightly builds, run with -Z macro-backtrace for more info)
[INFO] [stdout] 
[INFO] [stdout] 
[INFO] [stdout] warning: use of deprecated macro `try`: use the `?` operator instead
[INFO] [stdout]    --> src/tx.rs:32:5
[INFO] [stdout]     |
[INFO] [stdout] 32  | /     bitflags! {
[INFO] [stdout] 33  | |         /// Flags used when calling the various `put` functions.
[INFO] [stdout] 34  | |         ///
[INFO] [stdout] 35  | |         /// Note that `RESERVE` and `MULTIPLE` are not exposed in these flags
[INFO] [stdout] ...   |
[INFO] [stdout] 195 | |         }
[INFO] [stdout] 196 | |     }
[INFO] [stdout]     | |_____^
[INFO] [stdout]     |
[INFO] [stdout]     = note: this warning originates in the macro `__impl_bitflags` which comes from the expansion of the macro `bitflags` (in Nightly builds, run with -Z macro-backtrace for more info)
[INFO] [stdout] 
[INFO] [stdout] 
[INFO] [stdout] warning: use of deprecated macro `try`: use the `?` operator instead
[INFO] [stdout]    --> src/tx.rs:32:5
[INFO] [stdout]     |
[INFO] [stdout] 32  | /     bitflags! {
[INFO] [stdout] 33  | |         /// Flags used when calling the various `put` functions.
[INFO] [stdout] 34  | |         ///
[INFO] [stdout] 35  | |         /// Note that `RESERVE` and `MULTIPLE` are not exposed in these flags
[INFO] [stdout] ...   |
[INFO] [stdout] 195 | |         }
[INFO] [stdout] 196 | |     }
[INFO] [stdout]     | |_____^
[INFO] [stdout]     |
[INFO] [stdout]     = note: this warning originates in the macro `__impl_bitflags` which comes from the expansion of the macro `bitflags` (in Nightly builds, run with -Z macro-backtrace for more info)
[INFO] [stdout] 
[INFO] [stdout] 
[INFO] [stdout] warning: use of deprecated macro `try`: use the `?` operator instead
[INFO] [stdout]    --> src/tx.rs:204:5
[INFO] [stdout]     |
[INFO] [stdout] 204 | /     bitflags! {
[INFO] [stdout] 205 | |         /// Flags used when deleting items via cursors.
[INFO] [stdout] 206 | |         pub struct Flags : libc::c_uint {
[INFO] [stdout] 207 | |             /// Delete all of the data items for the current key instead of
[INFO] [stdout] ...   |
[INFO] [stdout] 243 | |         }
[INFO] [stdout] 244 | |     }
[INFO] [stdout]     | |_____^
[INFO] [stdout]     |
[INFO] [stdout]     = note: this warning originates in the macro `__impl_bitflags` which comes from the expansion of the macro `bitflags` (in Nightly builds, run with -Z macro-backtrace for more info)
[INFO] [stdout] 
[INFO] [stdout] 
[INFO] [stdout] warning: use of deprecated macro `try`: use the `?` operator instead
[INFO] [stdout]    --> src/tx.rs:204:5
[INFO] [stdout]     |
[INFO] [stdout] 204 | /     bitflags! {
[INFO] [stdout] 205 | |         /// Flags used when deleting items via cursors.
[INFO] [stdout] 206 | |         pub struct Flags : libc::c_uint {
[INFO] [stdout] 207 | |             /// Delete all of the data items for the current key instead of
[INFO] [stdout] ...   |
[INFO] [stdout] 243 | |         }
[INFO] [stdout] 244 | |     }
[INFO] [stdout]     | |_____^
[INFO] [stdout]     |
[INFO] [stdout]     = note: this warning originates in the macro `__impl_bitflags` which comes from the expansion of the macro `bitflags` (in Nightly builds, run with -Z macro-backtrace for more info)
[INFO] [stdout] 
[INFO] [stdout] 
[INFO] [stdout] warning: use of deprecated macro `try`: use the `?` operator instead
[INFO] [stdout]    --> src/tx.rs:204:5
[INFO] [stdout]     |
[INFO] [stdout] 204 | /     bitflags! {
[INFO] [stdout] 205 | |         /// Flags used when deleting items via cursors.
[INFO] [stdout] 206 | |         pub struct Flags : libc::c_uint {
[INFO] [stdout] 207 | |             /// Delete all of the data items for the current key instead of
[INFO] [stdout] ...   |
[INFO] [stdout] 243 | |         }
[INFO] [stdout] 244 | |     }
[INFO] [stdout]     | |_____^
[INFO] [stdout]     |
[INFO] [stdout]     = note: this warning originates in the macro `__impl_bitflags` which comes from the expansion of the macro `bitflags` (in Nightly builds, run with -Z macro-backtrace for more info)
[INFO] [stdout] 
[INFO] [stdout] 
[INFO] [stdout] warning: use of deprecated macro `try`: use the `?` operator instead
[INFO] [stdout]    --> src/tx.rs:592:9
[INFO] [stdout]     |
[INFO] [stdout] 592 |         try!(db.assert_same_env(&self.env));
[INFO] [stdout]     |         ^^^
[INFO] [stdout] 
[INFO] [stdout] 
[INFO] [stdout] warning: use of deprecated macro `try`: use the `?` operator instead
[INFO] [stdout]    --> src/tx.rs:603:9
[INFO] [stdout]     |
[INFO] [stdout] 603 |         try!(db.assert_same_env(&self.env));
[INFO] [stdout]     |         ^^^
[INFO] [stdout] 
[INFO] [stdout] 
[INFO] [stdout] warning: use of deprecated macro `try`: use the `?` operator instead
[INFO] [stdout]    --> src/tx.rs:676:28
[INFO] [stdout]     |
[INFO] [stdout] 676 |         Ok(ReadTransaction(try!(ConstTransaction::new(
[INFO] [stdout]     |                            ^^^
[INFO] [stdout] 
[INFO] [stdout] 
[INFO] [stdout] warning: use of deprecated macro `try`: use the `?` operator instead
[INFO] [stdout]    --> src/tx.rs:767:9
[INFO] [stdout]     |
[INFO] [stdout] 767 |         try!(self.assert_sensible_cursor(&cursor));
[INFO] [stdout]     |         ^^^
[INFO] [stdout] 
[INFO] [stdout] 
[INFO] [stdout] warning: use of deprecated macro `try`: use the `?` operator instead
[INFO] [stdout]    --> src/tx.rs:870:29
[INFO] [stdout]     |
[INFO] [stdout] 870 |         Ok(WriteTransaction(try!(ConstTransaction::new(env, None, 0))))
[INFO] [stdout]     |                             ^^^
[INFO] [stdout] 
[INFO] [stdout] 
[INFO] [stdout] warning: use of deprecated macro `try`: use the `?` operator instead
[INFO] [stdout]    --> src/tx.rs:949:29
[INFO] [stdout]     |
[INFO] [stdout] 949 |         Ok(WriteTransaction(try!(ConstTransaction::new(
[INFO] [stdout]     |                             ^^^
[INFO] [stdout] 
[INFO] [stdout] 
[INFO] [stdout] warning: use of deprecated macro `try`: use the `?` operator instead
[INFO] [stdout]    --> src/tx.rs:997:9
[INFO] [stdout]     |
[INFO] [stdout] 997 |         try!(db.assert_same_env(self.env()));
[INFO] [stdout]     |         ^^^
[INFO] [stdout] 
[INFO] [stdout] 
[INFO] [stdout] warning: use of deprecated macro `try`: use the `?` operator instead
[INFO] [stdout]     --> src/tx.rs:1038:9
[INFO] [stdout]      |
[INFO] [stdout] 1038 |         try!(db.assert_same_env(self.env()));
[INFO] [stdout]      |         ^^^
[INFO] [stdout] 
[INFO] [stdout] 
[INFO] [stdout] warning: use of deprecated macro `try`: use the `?` operator instead
[INFO] [stdout]     --> src/tx.rs:1178:9
[INFO] [stdout]      |
[INFO] [stdout] 1178 |         try!(db.assert_same_env(self.env()));
[INFO] [stdout]      |         ^^^
[INFO] [stdout] 
[INFO] [stdout] 
[INFO] [stdout] warning: use of deprecated macro `try`: use the `?` operator instead
[INFO] [stdout]     --> src/tx.rs:1223:9
[INFO] [stdout]      |
[INFO] [stdout] 1223 |         try!(db.assert_same_env(self.env()));
[INFO] [stdout]      |         ^^^
[INFO] [stdout] 
[INFO] [stdout] 
[INFO] [stdout] warning: use of deprecated macro `try`: use the `?` operator instead
[INFO] [stdout]     --> src/tx.rs:1269:9
[INFO] [stdout]      |
[INFO] [stdout] 1269 |         try!(db.assert_same_env(self.env()));
[INFO] [stdout]      |         ^^^
[INFO] [stdout] 
[INFO] [stdout] 
[INFO] [stdout] warning: use of deprecated macro `try`: use the `?` operator instead
[INFO] [stdout]     --> src/tx.rs:1308:9
[INFO] [stdout]      |
[INFO] [stdout] 1308 |         try!(db.assert_same_env(self.env()));
[INFO] [stdout]      |         ^^^
[INFO] [stdout] 
[INFO] [stdout] 
[INFO] [stdout] warning: use of deprecated macro `try`: use the `?` operator instead
[INFO] [stdout]    --> src/cursor.rs:269:9
[INFO] [stdout]     |
[INFO] [stdout] 269 |         try!(tx::assert_same_env(&txn, &db));
[INFO] [stdout]     |         ^^^
[INFO] [stdout] 
[INFO] [stdout] 
[INFO] [stdout] warning: use of deprecated macro `try`: use the `?` operator instead
[INFO] [stdout]    --> src/cursor.rs:294:9
[INFO] [stdout]     |
[INFO] [stdout] 294 |         try!(tx::assert_in_env(&txn, env_ref(&stale)));
[INFO] [stdout]     |         ^^^
[INFO] [stdout] 
[INFO] [stdout] 
[INFO] [stdout] warning: use of deprecated macro `try`: use the `?` operator instead
[INFO] [stdout]    --> src/cursor.rs:314:9
[INFO] [stdout]     |
[INFO] [stdout] 314 |         try!(assert_sensible_cursor(access, self));
[INFO] [stdout]     |         ^^^
[INFO] [stdout] 
[INFO] [stdout] 
[INFO] [stdout] warning: use of deprecated macro `try`: use the `?` operator instead
[INFO] [stdout]    --> src/cursor.rs:323:13
[INFO] [stdout]     |
[INFO] [stdout] 323 |         Ok((try!(from_val(access, &out_key)),
[INFO] [stdout]     |             ^^^
[INFO] [stdout] 
[INFO] [stdout] 
[INFO] [stdout] warning: use of deprecated macro `try`: use the `?` operator instead
[INFO] [stdout]    --> src/cursor.rs:324:13
[INFO] [stdout]     |
[INFO] [stdout] 324 |             try!(from_val(access, &out_val))))
[INFO] [stdout]     |             ^^^
[INFO] [stdout] 
[INFO] [stdout] 
[INFO] [stdout] warning: use of deprecated macro `try`: use the `?` operator instead
[INFO] [stdout]    --> src/cursor.rs:332:9
[INFO] [stdout]     |
[INFO] [stdout] 332 |         try!(assert_sensible_cursor(access, self));
[INFO] [stdout]     |         ^^^
[INFO] [stdout] 
[INFO] [stdout] 
[INFO] [stdout] warning: use of deprecated macro `try`: use the `?` operator instead
[INFO] [stdout]    --> src/cursor.rs:364:9
[INFO] [stdout]     |
[INFO] [stdout] 364 |         try!(assert_sensible_cursor(access, self));
[INFO] [stdout]     |         ^^^
[INFO] [stdout] 
[INFO] [stdout] 
[INFO] [stdout] warning: use of deprecated macro `try`: use the `?` operator instead
[INFO] [stdout]    --> src/cursor.rs:383:9
[INFO] [stdout]     |
[INFO] [stdout] 383 |         try!(assert_sensible_cursor(access, self));
[INFO] [stdout]     |         ^^^
[INFO] [stdout] 
[INFO] [stdout] 
[INFO] [stdout] warning: use of deprecated macro `try`: use the `?` operator instead
[INFO] [stdout]    --> src/cursor.rs:402:9
[INFO] [stdout]     |
[INFO] [stdout] 402 |         try!(assert_sensible_cursor(access, self));
[INFO] [stdout]     |         ^^^
[INFO] [stdout] 
[INFO] [stdout] 
[INFO] [stdout] warning: use of deprecated macro `try`: use the `?` operator instead
[INFO] [stdout]    --> src/cursor.rs:412:13
[INFO] [stdout]     |
[INFO] [stdout] 412 |         Ok((try!(from_val(access, &inout_key)),
[INFO] [stdout]     |             ^^^
[INFO] [stdout] 
[INFO] [stdout] 
[INFO] [stdout] warning: use of deprecated macro `try`: use the `?` operator instead
[INFO] [stdout]    --> src/cursor.rs:413:13
[INFO] [stdout]     |
[INFO] [stdout] 413 |             try!(from_val(access, &out_val))))
[INFO] [stdout]     |             ^^^
[INFO] [stdout] 
[INFO] [stdout] 
[INFO] [stdout] warning: unnecessary parentheses around type
[INFO] [stdout]    --> src/cursor.rs:250:24
[INFO] [stdout]     |
[INFO] [stdout] 250 |                -> Result<(&'access V)>
[INFO] [stdout]     |                          ^^^^^^^^^^^^
[INFO] [stdout] ...
[INFO] [stdout] 447 | /     cursor_get_0_v! {
[INFO] [stdout] 448 | |         /// Positions the cursor at the first key/value pair whose key is equal
[INFO] [stdout] 449 | |         /// to the current key, returning the value of that pair.
[INFO] [stdout] 450 | |         ///
[INFO] [stdout] ...   |
[INFO] [stdout] 479 | |         fn first_dup, ffi::MDB_cursor_op::MDB_FIRST_DUP
[INFO] [stdout] 480 | |     }
[INFO] [stdout]     | |_____- in this macro invocation
[INFO] [stdout]     |
[INFO] [stdout]     = note: `#[warn(unused_parens)]` on by default
[INFO] [stdout]     = note: this warning originates in the macro `cursor_get_0_v` (in Nightly builds, run with -Z macro-backtrace for more info)
[INFO] [stdout] 
[INFO] [stdout] 
[INFO] [stdout] warning: use of deprecated macro `try`: use the `?` operator instead
[INFO] [stdout]    --> src/cursor.rs:625:9
[INFO] [stdout]     |
[INFO] [stdout] 625 |         try!(assert_sensible_cursor(access, self));
[INFO] [stdout]     |         ^^^
[INFO] [stdout] 
[INFO] [stdout] 
[INFO] [stdout] warning: unnecessary parentheses around type
[INFO] [stdout]    --> src/cursor.rs:623:20
[INFO] [stdout]     |
[INFO] [stdout] 623 |          -> Result<(&'access V)>
[INFO] [stdout]     |                    ^          ^
[INFO] [stdout]     |
[INFO] [stdout] help: remove these parentheses
[INFO] [stdout]     |
[INFO] [stdout] 623 -          -> Result<(&'access V)>
[INFO] [stdout] 623 +          -> Result<&'access V>
[INFO] [stdout]     |
[INFO] [stdout] 
[INFO] [stdout] 
[INFO] [stdout] warning: unnecessary parentheses around type
[INFO] [stdout]    --> src/cursor.rs:250:24
[INFO] [stdout]     |
[INFO] [stdout] 250 |                -> Result<(&'access V)>
[INFO] [stdout]     |                          ^^^^^^^^^^^^
[INFO] [stdout] ...
[INFO] [stdout] 656 | /     cursor_get_0_v! {
[INFO] [stdout] 657 | |         /// Continues fetching items from a cursor positioned by a call to
[INFO] [stdout] 658 | |         /// `get_multiple()`.
[INFO] [stdout] 659 | |         ///
[INFO] [stdout] ...   |
[INFO] [stdout] 664 | |         fn next_multiple, ffi::MDB_cursor_op::MDB_NEXT_MULTIPLE
[INFO] [stdout] 665 | |     }
[INFO] [stdout]     | |_____- in this macro invocation
[INFO] [stdout]     |
[INFO] [stdout]     = note: this warning originates in the macro `cursor_get_0_v` (in Nightly builds, run with -Z macro-backtrace for more info)
[INFO] [stdout] 
[INFO] [stdout] 
[INFO] [stdout] warning: unnecessary parentheses around type
[INFO] [stdout]    --> src/cursor.rs:250:24
[INFO] [stdout]     |
[INFO] [stdout] 250 |                -> Result<(&'access V)>
[INFO] [stdout]     |                          ^^^^^^^^^^^^
[INFO] [stdout] ...
[INFO] [stdout] 698 | /     cursor_get_0_v! {
[INFO] [stdout] 699 | |         /// Positions the cursor at the last key/value pair whose key is equal
[INFO] [stdout] 700 | |         /// to the current key.
[INFO] [stdout] 701 | |         ///
[INFO] [stdout] ...   |
[INFO] [stdout] 731 | |         fn last_dup, ffi::MDB_cursor_op::MDB_LAST_DUP
[INFO] [stdout] 732 | |     }
[INFO] [stdout]     | |_____- in this macro invocation
[INFO] [stdout]     |
[INFO] [stdout]     = note: this warning originates in the macro `cursor_get_0_v` (in Nightly builds, run with -Z macro-backtrace for more info)
[INFO] [stdout] 
[INFO] [stdout] 
[INFO] [stdout] warning: use of deprecated macro `try`: use the `?` operator instead
[INFO] [stdout]     --> src/cursor.rs:1108:9
[INFO] [stdout]      |
[INFO] [stdout] 1108 |         try!(assert_sensible_cursor(&*access, self));
[INFO] [stdout]      |         ^^^
[INFO] [stdout] 
[INFO] [stdout] 
[INFO] [stdout] warning: use of deprecated macro `try`: use the `?` operator instead
[INFO] [stdout]     --> src/cursor.rs:1162:9
[INFO] [stdout]      |
[INFO] [stdout] 1162 |         try!(assert_sensible_cursor(&*access, self));
[INFO] [stdout]      |         ^^^
[INFO] [stdout] 
[INFO] [stdout] 
[INFO] [stdout] warning: use of deprecated macro `try`: use the `?` operator instead
[INFO] [stdout]     --> src/cursor.rs:1302:9
[INFO] [stdout]      |
[INFO] [stdout] 1302 |         try!(assert_sensible_cursor(&*access, self));
[INFO] [stdout]      |         ^^^
[INFO] [stdout] 
[INFO] [stdout] 
[INFO] [stdout] warning: use of deprecated macro `try`: use the `?` operator instead
[INFO] [stdout]     --> src/cursor.rs:1429:9
[INFO] [stdout]      |
[INFO] [stdout] 1429 |         try!(assert_sensible_cursor(&*access, self));
[INFO] [stdout]      |         ^^^
[INFO] [stdout] 
[INFO] [stdout] 
[INFO] [stdout] warning: use of deprecated macro `try`: use the `?` operator instead
[INFO] [stdout]     --> src/cursor.rs:1492:9
[INFO] [stdout]      |
[INFO] [stdout] 1492 |         try!(assert_sensible_cursor(&*access, self));
[INFO] [stdout]      |         ^^^
[INFO] [stdout] 
[INFO] [stdout] 
[INFO] [stdout] warning: use of deprecated macro `try`: use the `?` operator instead
[INFO] [stdout]     --> src/cursor.rs:1528:9
[INFO] [stdout]      |
[INFO] [stdout] 1528 |         try!(assert_sensible_cursor(&*access, self));
[INFO] [stdout]      |         ^^^
[INFO] [stdout] 
[INFO] [stdout] 
[INFO] [stdout] warning: use of deprecated macro `try`: use the `?` operator instead
[INFO] [stdout]    --> src/iter.rs:115:24
[INFO] [stdout]     |
[INFO] [stdout] 115 |         let head_val = try!(head(&mut*cursor, access).to_opt());
[INFO] [stdout]     |                        ^^^
[INFO] [stdout] 
[INFO] [stdout] 
[INFO] [stderr]     Finished `dev` profile [unoptimized + debuginfo] target(s) in 3.11s
[INFO] running `Command { std: "docker" "inspect" "81aa1d014a4c1233268021b1292f545f14a81b1f389c7c33427adfb9cb359dc8", kill_on_drop: false }`
[INFO] running `Command { std: "docker" "rm" "-f" "81aa1d014a4c1233268021b1292f545f14a81b1f389c7c33427adfb9cb359dc8", kill_on_drop: false }`
[INFO] [stdout] 81aa1d014a4c1233268021b1292f545f14a81b1f389c7c33427adfb9cb359dc8
[INFO] running `Command { std: "docker" "create" "-v" "/var/lib/crater-agent-workspace/builds/worker-4-tc1/target:/opt/rustwide/target:rw,Z" "-v" "/var/lib/crater-agent-workspace/builds/worker-4-tc1/source:/opt/rustwide/workdir:ro,Z" "-v" "/var/lib/crater-agent-workspace/cargo-home:/opt/rustwide/cargo-home:ro,Z" "-v" "/var/lib/crater-agent-workspace/rustup-home:/opt/rustwide/rustup-home:ro,Z" "-e" "SOURCE_DIR=/opt/rustwide/workdir" "-e" "CARGO_TARGET_DIR=/opt/rustwide/target" "-e" "CARGO_INCREMENTAL=0" "-e" "RUST_BACKTRACE=full" "-e" "RUSTFLAGS=--cap-lints=forbid" "-e" "RUSTDOCFLAGS=--cap-lints=forbid" "-e" "CARGO_HOME=/opt/rustwide/cargo-home" "-e" "RUSTUP_HOME=/opt/rustwide/rustup-home" "-w" "/opt/rustwide/workdir" "-m" "1610612736" "--user" "0:0" "--network" "none" "ghcr.io/rust-lang/crates-build-env/linux@sha256:4a844ea9eb2546a2d2c7022eacef16ef2e8229c7fbb2c7d4d55a9ceca922f72d" "/opt/rustwide/cargo-home/bin/cargo" "+nightly-2024-10-28" "test" "--frozen" "--no-run" "--message-format=json", kill_on_drop: false }`
[INFO] [stdout] 368d576e71a0d577e454f16f7be04d280a6d85851314373d726c30c53340abca
[INFO] running `Command { std: "docker" "start" "-a" "368d576e71a0d577e454f16f7be04d280a6d85851314373d726c30c53340abca", kill_on_drop: false }`
[INFO] [stderr] warning: no edition set: defaulting to the 2015 edition while the latest is 2021
[INFO] [stderr]    Compiling gcc v0.3.39
[INFO] [stderr]    Compiling rand v0.3.15
[INFO] [stderr]    Compiling ord-liblmdb-sys v0.2.3
[INFO] [stderr]    Compiling tempdir v0.3.4
[INFO] [stderr]    Compiling ord-lmdb-zero v0.4.5 (/opt/rustwide/workdir)
[INFO] [stdout] warning: use of deprecated macro `try`: use the `?` operator instead
[INFO] [stdout]    --> src/env.rs:27:5
[INFO] [stdout]     |
[INFO] [stdout] 27  | /     bitflags! {
[INFO] [stdout] 28  | |         /// Flags used when opening an LMDB environment.
[INFO] [stdout] 29  | |         pub struct Flags : libc::c_uint {
[INFO] [stdout] 30  | |             /// Use a fixed address for the mmap region. This flag must be
[INFO] [stdout] ...   |
[INFO] [stdout] 134 | |         }
[INFO] [stdout] 135 | |     }
[INFO] [stdout]     | |_____^
[INFO] [stdout]     |
[INFO] [stdout]     = note: `#[warn(deprecated)]` on by default
[INFO] [stdout]     = note: this warning originates in the macro `__impl_bitflags` which comes from the expansion of the macro `bitflags` (in Nightly builds, run with -Z macro-backtrace for more info)
[INFO] [stdout] 
[INFO] [stdout] 
[INFO] [stdout] warning: use of deprecated macro `try`: use the `?` operator instead
[INFO] [stdout]    --> src/env.rs:27:5
[INFO] [stdout]     |
[INFO] [stdout] 27  | /     bitflags! {
[INFO] [stdout] 28  | |         /// Flags used when opening an LMDB environment.
[INFO] [stdout] 29  | |         pub struct Flags : libc::c_uint {
[INFO] [stdout] 30  | |             /// Use a fixed address for the mmap region. This flag must be
[INFO] [stdout] ...   |
[INFO] [stdout] 134 | |         }
[INFO] [stdout] 135 | |     }
[INFO] [stdout]     | |_____^
[INFO] [stdout]     |
[INFO] [stdout]     = note: this warning originates in the macro `__impl_bitflags` which comes from the expansion of the macro `bitflags` (in Nightly builds, run with -Z macro-backtrace for more info)
[INFO] [stdout] 
[INFO] [stdout] 
[INFO] [stdout] warning: use of deprecated macro `try`: use the `?` operator instead
[INFO] [stdout]    --> src/env.rs:27:5
[INFO] [stdout]     |
[INFO] [stdout] 27  | /     bitflags! {
[INFO] [stdout] 28  | |         /// Flags used when opening an LMDB environment.
[INFO] [stdout] 29  | |         pub struct Flags : libc::c_uint {
[INFO] [stdout] 30  | |             /// Use a fixed address for the mmap region. This flag must be
[INFO] [stdout] ...   |
[INFO] [stdout] 134 | |         }
[INFO] [stdout] 135 | |     }
[INFO] [stdout]     | |_____^
[INFO] [stdout]     |
[INFO] [stdout]     = note: this warning originates in the macro `__impl_bitflags` which comes from the expansion of the macro `bitflags` (in Nightly builds, run with -Z macro-backtrace for more info)
[INFO] [stdout] 
[INFO] [stdout] 
[INFO] [stdout] warning: use of deprecated macro `try`: use the `?` operator instead
[INFO] [stdout]    --> src/env.rs:143:5
[INFO] [stdout]     |
[INFO] [stdout] 143 | /     bitflags! {
[INFO] [stdout] 144 | |         /// Flags used when copying an LMDB environment.
[INFO] [stdout] 145 | |         pub struct Flags : libc::c_uint {
[INFO] [stdout] 146 | |             /// Perform compaction while copying: omit free pages and sequentially
[INFO] [stdout] ...   |
[INFO] [stdout] 150 | |         }
[INFO] [stdout] 151 | |     }
[INFO] [stdout]     | |_____^
[INFO] [stdout]     |
[INFO] [stdout]     = note: this warning originates in the macro `__impl_bitflags` which comes from the expansion of the macro `bitflags` (in Nightly builds, run with -Z macro-backtrace for more info)
[INFO] [stdout] 
[INFO] [stdout] 
[INFO] [stdout] warning: use of deprecated macro `try`: use the `?` operator instead
[INFO] [stdout]    --> src/env.rs:143:5
[INFO] [stdout]     |
[INFO] [stdout] 143 | /     bitflags! {
[INFO] [stdout] 144 | |         /// Flags used when copying an LMDB environment.
[INFO] [stdout] 145 | |         pub struct Flags : libc::c_uint {
[INFO] [stdout] 146 | |             /// Perform compaction while copying: omit free pages and sequentially
[INFO] [stdout] ...   |
[INFO] [stdout] 150 | |         }
[INFO] [stdout] 151 | |     }
[INFO] [stdout]     | |_____^
[INFO] [stdout]     |
[INFO] [stdout]     = note: this warning originates in the macro `__impl_bitflags` which comes from the expansion of the macro `bitflags` (in Nightly builds, run with -Z macro-backtrace for more info)
[INFO] [stdout] 
[INFO] [stdout] 
[INFO] [stdout] warning: use of deprecated macro `try`: use the `?` operator instead
[INFO] [stdout]    --> src/env.rs:143:5
[INFO] [stdout]     |
[INFO] [stdout] 143 | /     bitflags! {
[INFO] [stdout] 144 | |         /// Flags used when copying an LMDB environment.
[INFO] [stdout] 145 | |         pub struct Flags : libc::c_uint {
[INFO] [stdout] 146 | |             /// Perform compaction while copying: omit free pages and sequentially
[INFO] [stdout] ...   |
[INFO] [stdout] 150 | |         }
[INFO] [stdout] 151 | |     }
[INFO] [stdout]     | |_____^
[INFO] [stdout]     |
[INFO] [stdout]     = note: this warning originates in the macro `__impl_bitflags` which comes from the expansion of the macro `bitflags` (in Nightly builds, run with -Z macro-backtrace for more info)
[INFO] [stdout] 
[INFO] [stdout] 
[INFO] [stdout] warning: use of deprecated macro `try`: use the `?` operator instead
[INFO] [stdout]    --> src/env.rs:272:25
[INFO] [stdout]     |
[INFO] [stdout] 272 |         let path_cstr = try!(CString::new(path));
[INFO] [stdout]     |                         ^^^
[INFO] [stdout] 
[INFO] [stdout] 
[INFO] [stdout] warning: use of deprecated macro `try`: use the `?` operator instead
[INFO] [stdout]    --> src/env.rs:446:25
[INFO] [stdout]     |
[INFO] [stdout] 446 |         let path_cstr = try!(CString::new(path));
[INFO] [stdout]     |                         ^^^
[INFO] [stdout] 
[INFO] [stdout] 
[INFO] [stdout] warning: use of deprecated macro `try`: use the `?` operator instead
[INFO] [stdout]    --> src/env.rs:680:9
[INFO] [stdout]     |
[INFO] [stdout] 680 |         try!(txn.commit());
[INFO] [stdout]     |         ^^^
[INFO] [stdout] 
[INFO] [stdout] 
[INFO] [stdout] warning: use of deprecated macro `try`: use the `?` operator instead
[INFO] [stdout]    --> src/dbi.rs:30:5
[INFO] [stdout]     |
[INFO] [stdout] 30  | /     bitflags! {
[INFO] [stdout] 31  | |         /// Flags used when opening databases.
[INFO] [stdout] 32  | |         pub struct Flags : libc::c_uint {
[INFO] [stdout] 33  | |             /// Keys are strings to be compared in reverse order, from the end
[INFO] [stdout] ...   |
[INFO] [stdout] 252 | |         }
[INFO] [stdout] 253 | |     }
[INFO] [stdout]     | |_____^
[INFO] [stdout]     |
[INFO] [stdout]     = note: this warning originates in the macro `__impl_bitflags` which comes from the expansion of the macro `bitflags` (in Nightly builds, run with -Z macro-backtrace for more info)
[INFO] [stdout] 
[INFO] [stdout] 
[INFO] [stdout] warning: use of deprecated macro `try`: use the `?` operator instead
[INFO] [stdout]    --> src/dbi.rs:30:5
[INFO] [stdout]     |
[INFO] [stdout] 30  | /     bitflags! {
[INFO] [stdout] 31  | |         /// Flags used when opening databases.
[INFO] [stdout] 32  | |         pub struct Flags : libc::c_uint {
[INFO] [stdout] 33  | |             /// Keys are strings to be compared in reverse order, from the end
[INFO] [stdout] ...   |
[INFO] [stdout] 252 | |         }
[INFO] [stdout] 253 | |     }
[INFO] [stdout]     | |_____^
[INFO] [stdout]     |
[INFO] [stdout]     = note: this warning originates in the macro `__impl_bitflags` which comes from the expansion of the macro `bitflags` (in Nightly builds, run with -Z macro-backtrace for more info)
[INFO] [stdout] 
[INFO] [stdout] 
[INFO] [stdout] warning: use of deprecated macro `try`: use the `?` operator instead
[INFO] [stdout]    --> src/dbi.rs:30:5
[INFO] [stdout]     |
[INFO] [stdout] 30  | /     bitflags! {
[INFO] [stdout] 31  | |         /// Flags used when opening databases.
[INFO] [stdout] 32  | |         pub struct Flags : libc::c_uint {
[INFO] [stdout] 33  | |             /// Keys are strings to be compared in reverse order, from the end
[INFO] [stdout] ...   |
[INFO] [stdout] 252 | |         }
[INFO] [stdout] 253 | |     }
[INFO] [stdout]     | |_____^
[INFO] [stdout]     |
[INFO] [stdout]     = note: this warning originates in the macro `__impl_bitflags` which comes from the expansion of the macro `bitflags` (in Nightly builds, run with -Z macro-backtrace for more info)
[INFO] [stdout] 
[INFO] [stdout] 
[INFO] [stdout] warning: use of deprecated macro `try`: use the `?` operator instead
[INFO] [stdout]    --> src/dbi.rs:703:29
[INFO] [stdout]     |
[INFO] [stdout] 703 |             Some(s) => Some(try!(CString::new(s))),
[INFO] [stdout]     |                             ^^^
[INFO] [stdout] 
[INFO] [stdout] 
[INFO] [stdout] warning: use of deprecated macro `try`: use the `?` operator instead
[INFO] [stdout]    --> src/dbi.rs:735:13
[INFO] [stdout]     |
[INFO] [stdout] 735 |             try!(wrapped_tx.commit());
[INFO] [stdout]     |             ^^^
[INFO] [stdout] 
[INFO] [stdout] 
[INFO] [stdout] warning: use of deprecated macro `try`: use the `?` operator instead
[INFO] [stdout]    --> src/dbi.rs:850:9
[INFO] [stdout]     |
[INFO] [stdout] 850 |         try!(env::dbi_delete(&self.db.env, self.db.dbi));
[INFO] [stdout]     |         ^^^
[INFO] [stdout] 
[INFO] [stdout] 
[INFO] [stdout] warning: anonymous parameters are deprecated and will be removed in the next edition
[INFO] [stdout]    --> src/traits.rs:232:24
[INFO] [stdout]     |
[INFO] [stdout] 232 |     fn from_lmdb_bytes(&[u8]) -> Result<&Self, String>;
[INFO] [stdout]     |                        ^^^^^ help: try naming the parameter or explicitly ignoring it: `_: &[u8]`
[INFO] [stdout]     |
[INFO] [stdout]     = warning: this is accepted in the current edition (Rust 2015) but is a hard error in Rust 2018!
[INFO] [stdout]     = note: for more information, see issue #41686 <https://github.com/rust-lang/rust/issues/41686>
[INFO] [stdout]     = note: `#[warn(anonymous_parameters)]` on by default
[INFO] [stdout] 
[INFO] [stdout] 
[INFO] [stdout] warning: anonymous parameters are deprecated and will be removed in the next edition
[INFO] [stdout]    --> src/traits.rs:249:40
[INFO] [stdout]     |
[INFO] [stdout] 249 |     unsafe fn from_reserved_lmdb_bytes(&mut [u8]) -> &mut Self;
[INFO] [stdout]     |                                        ^^^^^^^^^ help: try naming the parameter or explicitly ignoring it: `_: &mut [u8]`
[INFO] [stdout]     |
[INFO] [stdout]     = warning: this is accepted in the current edition (Rust 2015) but is a hard error in Rust 2018!
[INFO] [stdout]     = note: for more information, see issue #41686 <https://github.com/rust-lang/rust/issues/41686>
[INFO] [stdout] 
[INFO] [stdout] 
[INFO] [stdout] warning: use of deprecated macro `try`: use the `?` operator instead
[INFO] [stdout]    --> src/tx.rs:32:5
[INFO] [stdout]     |
[INFO] [stdout] 32  | /     bitflags! {
[INFO] [stdout] 33  | |         /// Flags used when calling the various `put` functions.
[INFO] [stdout] 34  | |         ///
[INFO] [stdout] 35  | |         /// Note that `RESERVE` and `MULTIPLE` are not exposed in these flags
[INFO] [stdout] ...   |
[INFO] [stdout] 195 | |         }
[INFO] [stdout] 196 | |     }
[INFO] [stdout]     | |_____^
[INFO] [stdout]     |
[INFO] [stdout]     = note: this warning originates in the macro `__impl_bitflags` which comes from the expansion of the macro `bitflags` (in Nightly builds, run with -Z macro-backtrace for more info)
[INFO] [stdout] 
[INFO] [stdout] 
[INFO] [stdout] warning: use of deprecated macro `try`: use the `?` operator instead
[INFO] [stdout]    --> src/tx.rs:32:5
[INFO] [stdout]     |
[INFO] [stdout] 32  | /     bitflags! {
[INFO] [stdout] 33  | |         /// Flags used when calling the various `put` functions.
[INFO] [stdout] 34  | |         ///
[INFO] [stdout] 35  | |         /// Note that `RESERVE` and `MULTIPLE` are not exposed in these flags
[INFO] [stdout] ...   |
[INFO] [stdout] 195 | |         }
[INFO] [stdout] 196 | |     }
[INFO] [stdout]     | |_____^
[INFO] [stdout]     |
[INFO] [stdout]     = note: this warning originates in the macro `__impl_bitflags` which comes from the expansion of the macro `bitflags` (in Nightly builds, run with -Z macro-backtrace for more info)
[INFO] [stdout] 
[INFO] [stdout] 
[INFO] [stdout] warning: use of deprecated macro `try`: use the `?` operator instead
[INFO] [stdout]    --> src/tx.rs:32:5
[INFO] [stdout]     |
[INFO] [stdout] 32  | /     bitflags! {
[INFO] [stdout] 33  | |         /// Flags used when calling the various `put` functions.
[INFO] [stdout] 34  | |         ///
[INFO] [stdout] 35  | |         /// Note that `RESERVE` and `MULTIPLE` are not exposed in these flags
[INFO] [stdout] ...   |
[INFO] [stdout] 195 | |         }
[INFO] [stdout] 196 | |     }
[INFO] [stdout]     | |_____^
[INFO] [stdout]     |
[INFO] [stdout]     = note: this warning originates in the macro `__impl_bitflags` which comes from the expansion of the macro `bitflags` (in Nightly builds, run with -Z macro-backtrace for more info)
[INFO] [stdout] 
[INFO] [stdout] 
[INFO] [stdout] warning: use of deprecated macro `try`: use the `?` operator instead
[INFO] [stdout]    --> src/tx.rs:204:5
[INFO] [stdout]     |
[INFO] [stdout] 204 | /     bitflags! {
[INFO] [stdout] 205 | |         /// Flags used when deleting items via cursors.
[INFO] [stdout] 206 | |         pub struct Flags : libc::c_uint {
[INFO] [stdout] 207 | |             /// Delete all of the data items for the current key instead of
[INFO] [stdout] ...   |
[INFO] [stdout] 243 | |         }
[INFO] [stdout] 244 | |     }
[INFO] [stdout]     | |_____^
[INFO] [stdout]     |
[INFO] [stdout]     = note: this warning originates in the macro `__impl_bitflags` which comes from the expansion of the macro `bitflags` (in Nightly builds, run with -Z macro-backtrace for more info)
[INFO] [stdout] 
[INFO] [stdout] 
[INFO] [stdout] warning: use of deprecated macro `try`: use the `?` operator instead
[INFO] [stdout]    --> src/tx.rs:204:5
[INFO] [stdout]     |
[INFO] [stdout] 204 | /     bitflags! {
[INFO] [stdout] 205 | |         /// Flags used when deleting items via cursors.
[INFO] [stdout] 206 | |         pub struct Flags : libc::c_uint {
[INFO] [stdout] 207 | |             /// Delete all of the data items for the current key instead of
[INFO] [stdout] ...   |
[INFO] [stdout] 243 | |         }
[INFO] [stdout] 244 | |     }
[INFO] [stdout]     | |_____^
[INFO] [stdout]     |
[INFO] [stdout]     = note: this warning originates in the macro `__impl_bitflags` which comes from the expansion of the macro `bitflags` (in Nightly builds, run with -Z macro-backtrace for more info)
[INFO] [stdout] 
[INFO] [stdout] 
[INFO] [stdout] warning: use of deprecated macro `try`: use the `?` operator instead
[INFO] [stdout]    --> src/tx.rs:204:5
[INFO] [stdout]     |
[INFO] [stdout] 204 | /     bitflags! {
[INFO] [stdout] 205 | |         /// Flags used when deleting items via cursors.
[INFO] [stdout] 206 | |         pub struct Flags : libc::c_uint {
[INFO] [stdout] 207 | |             /// Delete all of the data items for the current key instead of
[INFO] [stdout] ...   |
[INFO] [stdout] 243 | |         }
[INFO] [stdout] 244 | |     }
[INFO] [stdout]     | |_____^
[INFO] [stdout]     |
[INFO] [stdout]     = note: this warning originates in the macro `__impl_bitflags` which comes from the expansion of the macro `bitflags` (in Nightly builds, run with -Z macro-backtrace for more info)
[INFO] [stdout] 
[INFO] [stdout] 
[INFO] [stdout] warning: use of deprecated macro `try`: use the `?` operator instead
[INFO] [stdout]    --> src/tx.rs:592:9
[INFO] [stdout]     |
[INFO] [stdout] 592 |         try!(db.assert_same_env(&self.env));
[INFO] [stdout]     |         ^^^
[INFO] [stdout] 
[INFO] [stdout] 
[INFO] [stdout] warning: use of deprecated macro `try`: use the `?` operator instead
[INFO] [stdout]    --> src/tx.rs:603:9
[INFO] [stdout]     |
[INFO] [stdout] 603 |         try!(db.assert_same_env(&self.env));
[INFO] [stdout]     |         ^^^
[INFO] [stdout] 
[INFO] [stdout] 
[INFO] [stdout] warning: use of deprecated macro `try`: use the `?` operator instead
[INFO] [stdout]    --> src/tx.rs:676:28
[INFO] [stdout]     |
[INFO] [stdout] 676 |         Ok(ReadTransaction(try!(ConstTransaction::new(
[INFO] [stdout]     |                            ^^^
[INFO] [stdout] 
[INFO] [stdout] 
[INFO] [stdout] warning: use of deprecated macro `try`: use the `?` operator instead
[INFO] [stdout]    --> src/tx.rs:767:9
[INFO] [stdout]     |
[INFO] [stdout] 767 |         try!(self.assert_sensible_cursor(&cursor));
[INFO] [stdout]     |         ^^^
[INFO] [stdout] 
[INFO] [stdout] 
[INFO] [stdout] warning: use of deprecated macro `try`: use the `?` operator instead
[INFO] [stdout]    --> src/tx.rs:870:29
[INFO] [stdout]     |
[INFO] [stdout] 870 |         Ok(WriteTransaction(try!(ConstTransaction::new(env, None, 0))))
[INFO] [stdout]     |                             ^^^
[INFO] [stdout] 
[INFO] [stdout] 
[INFO] [stdout] warning: use of deprecated macro `try`: use the `?` operator instead
[INFO] [stdout]    --> src/tx.rs:949:29
[INFO] [stdout]     |
[INFO] [stdout] 949 |         Ok(WriteTransaction(try!(ConstTransaction::new(
[INFO] [stdout]     |                             ^^^
[INFO] [stdout] 
[INFO] [stdout] 
[INFO] [stdout] warning: use of deprecated macro `try`: use the `?` operator instead
[INFO] [stdout]    --> src/tx.rs:997:9
[INFO] [stdout]     |
[INFO] [stdout] 997 |         try!(db.assert_same_env(self.env()));
[INFO] [stdout]     |         ^^^
[INFO] [stdout] 
[INFO] [stdout] 
[INFO] [stdout] warning: use of deprecated macro `try`: use the `?` operator instead
[INFO] [stdout]     --> src/tx.rs:1038:9
[INFO] [stdout]      |
[INFO] [stdout] 1038 |         try!(db.assert_same_env(self.env()));
[INFO] [stdout]      |         ^^^
[INFO] [stdout] 
[INFO] [stdout] 
[INFO] [stdout] warning: use of deprecated macro `try`: use the `?` operator instead
[INFO] [stdout]     --> src/tx.rs:1178:9
[INFO] [stdout]      |
[INFO] [stdout] 1178 |         try!(db.assert_same_env(self.env()));
[INFO] [stdout]      |         ^^^
[INFO] [stdout] 
[INFO] [stdout] 
[INFO] [stdout] warning: use of deprecated macro `try`: use the `?` operator instead
[INFO] [stdout]     --> src/tx.rs:1223:9
[INFO] [stdout]      |
[INFO] [stdout] 1223 |         try!(db.assert_same_env(self.env()));
[INFO] [stdout]      |         ^^^
[INFO] [stdout] 
[INFO] [stdout] 
[INFO] [stdout] warning: use of deprecated macro `try`: use the `?` operator instead
[INFO] [stdout]     --> src/tx.rs:1269:9
[INFO] [stdout]      |
[INFO] [stdout] 1269 |         try!(db.assert_same_env(self.env()));
[INFO] [stdout]      |         ^^^
[INFO] [stdout] 
[INFO] [stdout] 
[INFO] [stdout] warning: use of deprecated macro `try`: use the `?` operator instead
[INFO] [stdout]     --> src/tx.rs:1308:9
[INFO] [stdout]      |
[INFO] [stdout] 1308 |         try!(db.assert_same_env(self.env()));
[INFO] [stdout]      |         ^^^
[INFO] [stdout] 
[INFO] [stdout] 
[INFO] [stdout] warning: use of deprecated macro `try`: use the `?` operator instead
[INFO] [stdout]    --> src/cursor.rs:269:9
[INFO] [stdout]     |
[INFO] [stdout] 269 |         try!(tx::assert_same_env(&txn, &db));
[INFO] [stdout]     |         ^^^
[INFO] [stdout] 
[INFO] [stdout] 
[INFO] [stdout] warning: use of deprecated macro `try`: use the `?` operator instead
[INFO] [stdout]    --> src/cursor.rs:294:9
[INFO] [stdout]     |
[INFO] [stdout] 294 |         try!(tx::assert_in_env(&txn, env_ref(&stale)));
[INFO] [stdout]     |         ^^^
[INFO] [stdout] 
[INFO] [stdout] 
[INFO] [stdout] warning: use of deprecated macro `try`: use the `?` operator instead
[INFO] [stdout]    --> src/cursor.rs:314:9
[INFO] [stdout]     |
[INFO] [stdout] 314 |         try!(assert_sensible_cursor(access, self));
[INFO] [stdout]     |         ^^^
[INFO] [stdout] 
[INFO] [stdout] 
[INFO] [stdout] warning: use of deprecated macro `try`: use the `?` operator instead
[INFO] [stdout]    --> src/cursor.rs:323:13
[INFO] [stdout]     |
[INFO] [stdout] 323 |         Ok((try!(from_val(access, &out_key)),
[INFO] [stdout]     |             ^^^
[INFO] [stdout] 
[INFO] [stdout] 
[INFO] [stdout] warning: use of deprecated macro `try`: use the `?` operator instead
[INFO] [stdout]    --> src/cursor.rs:324:13
[INFO] [stdout]     |
[INFO] [stdout] 324 |             try!(from_val(access, &out_val))))
[INFO] [stdout]     |             ^^^
[INFO] [stdout] 
[INFO] [stdout] 
[INFO] [stdout] warning: use of deprecated macro `try`: use the `?` operator instead
[INFO] [stdout]    --> src/cursor.rs:332:9
[INFO] [stdout]     |
[INFO] [stdout] 332 |         try!(assert_sensible_cursor(access, self));
[INFO] [stdout]     |         ^^^
[INFO] [stdout] 
[INFO] [stdout] 
[INFO] [stdout] warning: use of deprecated macro `try`: use the `?` operator instead
[INFO] [stdout]    --> src/cursor.rs:364:9
[INFO] [stdout]     |
[INFO] [stdout] 364 |         try!(assert_sensible_cursor(access, self));
[INFO] [stdout]     |         ^^^
[INFO] [stdout] 
[INFO] [stdout] 
[INFO] [stdout] warning: use of deprecated macro `try`: use the `?` operator instead
[INFO] [stdout]    --> src/cursor.rs:383:9
[INFO] [stdout]     |
[INFO] [stdout] 383 |         try!(assert_sensible_cursor(access, self));
[INFO] [stdout]     |         ^^^
[INFO] [stdout] 
[INFO] [stdout] 
[INFO] [stdout] warning: use of deprecated macro `try`: use the `?` operator instead
[INFO] [stdout]    --> src/cursor.rs:402:9
[INFO] [stdout]     |
[INFO] [stdout] 402 |         try!(assert_sensible_cursor(access, self));
[INFO] [stdout]     |         ^^^
[INFO] [stdout] 
[INFO] [stdout] 
[INFO] [stdout] warning: use of deprecated macro `try`: use the `?` operator instead
[INFO] [stdout]    --> src/cursor.rs:412:13
[INFO] [stdout]     |
[INFO] [stdout] 412 |         Ok((try!(from_val(access, &inout_key)),
[INFO] [stdout]     |             ^^^
[INFO] [stdout] 
[INFO] [stdout] 
[INFO] [stdout] warning: use of deprecated macro `try`: use the `?` operator instead
[INFO] [stdout]    --> src/cursor.rs:413:13
[INFO] [stdout]     |
[INFO] [stdout] 413 |             try!(from_val(access, &out_val))))
[INFO] [stdout]     |             ^^^
[INFO] [stdout] 
[INFO] [stdout] 
[INFO] [stdout] warning: unnecessary parentheses around type
[INFO] [stdout]    --> src/cursor.rs:250:24
[INFO] [stdout]     |
[INFO] [stdout] 250 |                -> Result<(&'access V)>
[INFO] [stdout]     |                          ^^^^^^^^^^^^
[INFO] [stdout] ...
[INFO] [stdout] 447 | /     cursor_get_0_v! {
[INFO] [stdout] 448 | |         /// Positions the cursor at the first key/value pair whose key is equal
[INFO] [stdout] 449 | |         /// to the current key, returning the value of that pair.
[INFO] [stdout] 450 | |         ///
[INFO] [stdout] ...   |
[INFO] [stdout] 479 | |         fn first_dup, ffi::MDB_cursor_op::MDB_FIRST_DUP
[INFO] [stdout] 480 | |     }
[INFO] [stdout]     | |_____- in this macro invocation
[INFO] [stdout]     |
[INFO] [stdout]     = note: `#[warn(unused_parens)]` on by default
[INFO] [stdout]     = note: this warning originates in the macro `cursor_get_0_v` (in Nightly builds, run with -Z macro-backtrace for more info)
[INFO] [stdout] 
[INFO] [stdout] 
[INFO] [stdout] warning: use of deprecated macro `try`: use the `?` operator instead
[INFO] [stdout]    --> src/cursor.rs:625:9
[INFO] [stdout]     |
[INFO] [stdout] 625 |         try!(assert_sensible_cursor(access, self));
[INFO] [stdout]     |         ^^^
[INFO] [stdout] 
[INFO] [stdout] 
[INFO] [stdout] warning: unnecessary parentheses around type
[INFO] [stdout]    --> src/cursor.rs:623:20
[INFO] [stdout]     |
[INFO] [stdout] 623 |          -> Result<(&'access V)>
[INFO] [stdout]     |                    ^          ^
[INFO] [stdout]     |
[INFO] [stdout] help: remove these parentheses
[INFO] [stdout]     |
[INFO] [stdout] 623 -          -> Result<(&'access V)>
[INFO] [stdout] 623 +          -> Result<&'access V>
[INFO] [stdout]     |
[INFO] [stdout] 
[INFO] [stdout] 
[INFO] [stdout] warning: unnecessary parentheses around type
[INFO] [stdout]    --> src/cursor.rs:250:24
[INFO] [stdout]     |
[INFO] [stdout] 250 |                -> Result<(&'access V)>
[INFO] [stdout]     |                          ^^^^^^^^^^^^
[INFO] [stdout] ...
[INFO] [stdout] 656 | /     cursor_get_0_v! {
[INFO] [stdout] 657 | |         /// Continues fetching items from a cursor positioned by a call to
[INFO] [stdout] 658 | |         /// `get_multiple()`.
[INFO] [stdout] 659 | |         ///
[INFO] [stdout] ...   |
[INFO] [stdout] 664 | |         fn next_multiple, ffi::MDB_cursor_op::MDB_NEXT_MULTIPLE
[INFO] [stdout] 665 | |     }
[INFO] [stdout]     | |_____- in this macro invocation
[INFO] [stdout]     |
[INFO] [stdout]     = note: this warning originates in the macro `cursor_get_0_v` (in Nightly builds, run with -Z macro-backtrace for more info)
[INFO] [stdout] 
[INFO] [stdout] 
[INFO] [stdout] warning: unnecessary parentheses around type
[INFO] [stdout]    --> src/cursor.rs:250:24
[INFO] [stdout]     |
[INFO] [stdout] 250 |                -> Result<(&'access V)>
[INFO] [stdout]     |                          ^^^^^^^^^^^^
[INFO] [stdout] ...
[INFO] [stdout] 698 | /     cursor_get_0_v! {
[INFO] [stdout] 699 | |         /// Positions the cursor at the last key/value pair whose key is equal
[INFO] [stdout] 700 | |         /// to the current key.
[INFO] [stdout] 701 | |         ///
[INFO] [stdout] ...   |
[INFO] [stdout] 731 | |         fn last_dup, ffi::MDB_cursor_op::MDB_LAST_DUP
[INFO] [stdout] 732 | |     }
[INFO] [stdout]     | |_____- in this macro invocation
[INFO] [stdout]     |
[INFO] [stdout]     = note: this warning originates in the macro `cursor_get_0_v` (in Nightly builds, run with -Z macro-backtrace for more info)
[INFO] [stdout] 
[INFO] [stdout] 
[INFO] [stdout] warning: use of deprecated macro `try`: use the `?` operator instead
[INFO] [stdout]     --> src/cursor.rs:1108:9
[INFO] [stdout]      |
[INFO] [stdout] 1108 |         try!(assert_sensible_cursor(&*access, self));
[INFO] [stdout]      |         ^^^
[INFO] [stdout] 
[INFO] [stdout] 
[INFO] [stdout] warning: use of deprecated macro `try`: use the `?` operator instead
[INFO] [stdout]     --> src/cursor.rs:1162:9
[INFO] [stdout]      |
[INFO] [stdout] 1162 |         try!(assert_sensible_cursor(&*access, self));
[INFO] [stdout]      |         ^^^
[INFO] [stdout] 
[INFO] [stdout] 
[INFO] [stdout] warning: use of deprecated macro `try`: use the `?` operator instead
[INFO] [stdout]     --> src/cursor.rs:1302:9
[INFO] [stdout]      |
[INFO] [stdout] 1302 |         try!(assert_sensible_cursor(&*access, self));
[INFO] [stdout]      |         ^^^
[INFO] [stdout] 
[INFO] [stdout] 
[INFO] [stdout] warning: use of deprecated macro `try`: use the `?` operator instead
[INFO] [stdout]     --> src/cursor.rs:1429:9
[INFO] [stdout]      |
[INFO] [stdout] 1429 |         try!(assert_sensible_cursor(&*access, self));
[INFO] [stdout]      |         ^^^
[INFO] [stdout] 
[INFO] [stdout] 
[INFO] [stdout] warning: use of deprecated macro `try`: use the `?` operator instead
[INFO] [stdout]     --> src/cursor.rs:1492:9
[INFO] [stdout]      |
[INFO] [stdout] 1492 |         try!(assert_sensible_cursor(&*access, self));
[INFO] [stdout]      |         ^^^
[INFO] [stdout] 
[INFO] [stdout] 
[INFO] [stdout] warning: use of deprecated macro `try`: use the `?` operator instead
[INFO] [stdout]     --> src/cursor.rs:1528:9
[INFO] [stdout]      |
[INFO] [stdout] 1528 |         try!(assert_sensible_cursor(&*access, self));
[INFO] [stdout]      |         ^^^
[INFO] [stdout] 
[INFO] [stdout] 
[INFO] [stdout] warning: use of deprecated macro `try`: use the `?` operator instead
[INFO] [stdout]    --> src/iter.rs:115:24
[INFO] [stdout]     |
[INFO] [stdout] 115 |         let head_val = try!(head(&mut*cursor, access).to_opt());
[INFO] [stdout]     |                        ^^^
[INFO] [stdout] 
[INFO] [stdout] 
[INFO] [stdout] warning: use of deprecated macro `try`: use the `?` operator instead
[INFO] [stdout]    --> src/env.rs:27:5
[INFO] [stdout]     |
[INFO] [stdout] 27  | /     bitflags! {
[INFO] [stdout] 28  | |         /// Flags used when opening an LMDB environment.
[INFO] [stdout] 29  | |         pub struct Flags : libc::c_uint {
[INFO] [stdout] 30  | |             /// Use a fixed address for the mmap region. This flag must be
[INFO] [stdout] ...   |
[INFO] [stdout] 134 | |         }
[INFO] [stdout] 135 | |     }
[INFO] [stdout]     | |_____^
[INFO] [stdout]     |
[INFO] [stdout]     = note: `#[warn(deprecated)]` on by default
[INFO] [stdout]     = note: this warning originates in the macro `__impl_bitflags` which comes from the expansion of the macro `bitflags` (in Nightly builds, run with -Z macro-backtrace for more info)
[INFO] [stdout] 
[INFO] [stdout] 
[INFO] [stdout] warning: use of deprecated macro `try`: use the `?` operator instead
[INFO] [stdout]    --> src/env.rs:27:5
[INFO] [stdout]     |
[INFO] [stdout] 27  | /     bitflags! {
[INFO] [stdout] 28  | |         /// Flags used when opening an LMDB environment.
[INFO] [stdout] 29  | |         pub struct Flags : libc::c_uint {
[INFO] [stdout] 30  | |             /// Use a fixed address for the mmap region. This flag must be
[INFO] [stdout] ...   |
[INFO] [stdout] 134 | |         }
[INFO] [stdout] 135 | |     }
[INFO] [stdout]     | |_____^
[INFO] [stdout]     |
[INFO] [stdout]     = note: this warning originates in the macro `__impl_bitflags` which comes from the expansion of the macro `bitflags` (in Nightly builds, run with -Z macro-backtrace for more info)
[INFO] [stdout] 
[INFO] [stdout] 
[INFO] [stdout] warning: use of deprecated macro `try`: use the `?` operator instead
[INFO] [stdout]    --> src/env.rs:27:5
[INFO] [stdout]     |
[INFO] [stdout] 27  | /     bitflags! {
[INFO] [stdout] 28  | |         /// Flags used when opening an LMDB environment.
[INFO] [stdout] 29  | |         pub struct Flags : libc::c_uint {
[INFO] [stdout] 30  | |             /// Use a fixed address for the mmap region. This flag must be
[INFO] [stdout] ...   |
[INFO] [stdout] 134 | |         }
[INFO] [stdout] 135 | |     }
[INFO] [stdout]     | |_____^
[INFO] [stdout]     |
[INFO] [stdout]     = note: this warning originates in the macro `__impl_bitflags` which comes from the expansion of the macro `bitflags` (in Nightly builds, run with -Z macro-backtrace for more info)
[INFO] [stdout] 
[INFO] [stdout] 
[INFO] [stdout] warning: use of deprecated macro `try`: use the `?` operator instead
[INFO] [stdout]    --> src/env.rs:143:5
[INFO] [stdout]     |
[INFO] [stdout] 143 | /     bitflags! {
[INFO] [stdout] 144 | |         /// Flags used when copying an LMDB environment.
[INFO] [stdout] 145 | |         pub struct Flags : libc::c_uint {
[INFO] [stdout] 146 | |             /// Perform compaction while copying: omit free pages and sequentially
[INFO] [stdout] ...   |
[INFO] [stdout] 150 | |         }
[INFO] [stdout] 151 | |     }
[INFO] [stdout]     | |_____^
[INFO] [stdout]     |
[INFO] [stdout]     = note: this warning originates in the macro `__impl_bitflags` which comes from the expansion of the macro `bitflags` (in Nightly builds, run with -Z macro-backtrace for more info)
[INFO] [stdout] 
[INFO] [stdout] 
[INFO] [stdout] warning: use of deprecated macro `try`: use the `?` operator instead
[INFO] [stdout]    --> src/env.rs:143:5
[INFO] [stdout]     |
[INFO] [stdout] 143 | /     bitflags! {
[INFO] [stdout] 144 | |         /// Flags used when copying an LMDB environment.
[INFO] [stdout] 145 | |         pub struct Flags : libc::c_uint {
[INFO] [stdout] 146 | |             /// Perform compaction while copying: omit free pages and sequentially
[INFO] [stdout] ...   |
[INFO] [stdout] 150 | |         }
[INFO] [stdout] 151 | |     }
[INFO] [stdout]     | |_____^
[INFO] [stdout]     |
[INFO] [stdout]     = note: this warning originates in the macro `__impl_bitflags` which comes from the expansion of the macro `bitflags` (in Nightly builds, run with -Z macro-backtrace for more info)
[INFO] [stdout] 
[INFO] [stdout] 
[INFO] [stdout] warning: use of deprecated macro `try`: use the `?` operator instead
[INFO] [stdout]    --> src/env.rs:143:5
[INFO] [stdout]     |
[INFO] [stdout] 143 | /     bitflags! {
[INFO] [stdout] 144 | |         /// Flags used when copying an LMDB environment.
[INFO] [stdout] 145 | |         pub struct Flags : libc::c_uint {
[INFO] [stdout] 146 | |             /// Perform compaction while copying: omit free pages and sequentially
[INFO] [stdout] ...   |
[INFO] [stdout] 150 | |         }
[INFO] [stdout] 151 | |     }
[INFO] [stdout]     | |_____^
[INFO] [stdout]     |
[INFO] [stdout]     = note: this warning originates in the macro `__impl_bitflags` which comes from the expansion of the macro `bitflags` (in Nightly builds, run with -Z macro-backtrace for more info)
[INFO] [stdout] 
[INFO] [stdout] 
[INFO] [stdout] warning: use of deprecated macro `try`: use the `?` operator instead
[INFO] [stdout]    --> src/env.rs:272:25
[INFO] [stdout]     |
[INFO] [stdout] 272 |         let path_cstr = try!(CString::new(path));
[INFO] [stdout]     |                         ^^^
[INFO] [stdout] 
[INFO] [stdout] 
[INFO] [stdout] warning: use of deprecated macro `try`: use the `?` operator instead
[INFO] [stdout]    --> src/env.rs:446:25
[INFO] [stdout]     |
[INFO] [stdout] 446 |         let path_cstr = try!(CString::new(path));
[INFO] [stdout]     |                         ^^^
[INFO] [stdout] 
[INFO] [stdout] 
[INFO] [stdout] warning: use of deprecated macro `try`: use the `?` operator instead
[INFO] [stdout]    --> src/env.rs:680:9
[INFO] [stdout]     |
[INFO] [stdout] 680 |         try!(txn.commit());
[INFO] [stdout]     |         ^^^
[INFO] [stdout] 
[INFO] [stdout] 
[INFO] [stdout] warning: use of deprecated macro `try`: use the `?` operator instead
[INFO] [stdout]    --> src/dbi.rs:30:5
[INFO] [stdout]     |
[INFO] [stdout] 30  | /     bitflags! {
[INFO] [stdout] 31  | |         /// Flags used when opening databases.
[INFO] [stdout] 32  | |         pub struct Flags : libc::c_uint {
[INFO] [stdout] 33  | |             /// Keys are strings to be compared in reverse order, from the end
[INFO] [stdout] ...   |
[INFO] [stdout] 252 | |         }
[INFO] [stdout] 253 | |     }
[INFO] [stdout]     | |_____^
[INFO] [stdout]     |
[INFO] [stdout]     = note: this warning originates in the macro `__impl_bitflags` which comes from the expansion of the macro `bitflags` (in Nightly builds, run with -Z macro-backtrace for more info)
[INFO] [stdout] 
[INFO] [stdout] 
[INFO] [stdout] warning: use of deprecated macro `try`: use the `?` operator instead
[INFO] [stdout]    --> src/dbi.rs:30:5
[INFO] [stdout]     |
[INFO] [stdout] 30  | /     bitflags! {
[INFO] [stdout] 31  | |         /// Flags used when opening databases.
[INFO] [stdout] 32  | |         pub struct Flags : libc::c_uint {
[INFO] [stdout] 33  | |             /// Keys are strings to be compared in reverse order, from the end
[INFO] [stdout] ...   |
[INFO] [stdout] 252 | |         }
[INFO] [stdout] 253 | |     }
[INFO] [stdout]     | |_____^
[INFO] [stdout]     |
[INFO] [stdout]     = note: this warning originates in the macro `__impl_bitflags` which comes from the expansion of the macro `bitflags` (in Nightly builds, run with -Z macro-backtrace for more info)
[INFO] [stdout] 
[INFO] [stdout] 
[INFO] [stdout] warning: use of deprecated macro `try`: use the `?` operator instead
[INFO] [stdout]    --> src/dbi.rs:30:5
[INFO] [stdout]     |
[INFO] [stdout] 30  | /     bitflags! {
[INFO] [stdout] 31  | |         /// Flags used when opening databases.
[INFO] [stdout] 32  | |         pub struct Flags : libc::c_uint {
[INFO] [stdout] 33  | |             /// Keys are strings to be compared in reverse order, from the end
[INFO] [stdout] ...   |
[INFO] [stdout] 252 | |         }
[INFO] [stdout] 253 | |     }
[INFO] [stdout]     | |_____^
[INFO] [stdout]     |
[INFO] [stdout]     = note: this warning originates in the macro `__impl_bitflags` which comes from the expansion of the macro `bitflags` (in Nightly builds, run with -Z macro-backtrace for more info)
[INFO] [stdout] 
[INFO] [stdout] 
[INFO] [stdout] warning: use of deprecated macro `try`: use the `?` operator instead
[INFO] [stdout]    --> src/dbi.rs:703:29
[INFO] [stdout]     |
[INFO] [stdout] 703 |             Some(s) => Some(try!(CString::new(s))),
[INFO] [stdout]     |                             ^^^
[INFO] [stdout] 
[INFO] [stdout] 
[INFO] [stdout] warning: use of deprecated macro `try`: use the `?` operator instead
[INFO] [stdout]    --> src/dbi.rs:735:13
[INFO] [stdout]     |
[INFO] [stdout] 735 |             try!(wrapped_tx.commit());
[INFO] [stdout]     |             ^^^
[INFO] [stdout] 
[INFO] [stdout] 
[INFO] [stdout] warning: use of deprecated macro `try`: use the `?` operator instead
[INFO] [stdout]    --> src/dbi.rs:850:9
[INFO] [stdout]     |
[INFO] [stdout] 850 |         try!(env::dbi_delete(&self.db.env, self.db.dbi));
[INFO] [stdout]     |         ^^^
[INFO] [stdout] 
[INFO] [stdout] 
[INFO] [stdout] warning: anonymous parameters are deprecated and will be removed in the next edition
[INFO] [stdout]    --> src/traits.rs:232:24
[INFO] [stdout]     |
[INFO] [stdout] 232 |     fn from_lmdb_bytes(&[u8]) -> Result<&Self, String>;
[INFO] [stdout]     |                        ^^^^^ help: try naming the parameter or explicitly ignoring it: `_: &[u8]`
[INFO] [stdout]     |
[INFO] [stdout]     = warning: this is accepted in the current edition (Rust 2015) but is a hard error in Rust 2018!
[INFO] [stdout]     = note: for more information, see issue #41686 <https://github.com/rust-lang/rust/issues/41686>
[INFO] [stdout]     = note: `#[warn(anonymous_parameters)]` on by default
[INFO] [stdout] 
[INFO] [stdout] 
[INFO] [stdout] warning: anonymous parameters are deprecated and will be removed in the next edition
[INFO] [stdout]    --> src/traits.rs:249:40
[INFO] [stdout]     |
[INFO] [stdout] 249 |     unsafe fn from_reserved_lmdb_bytes(&mut [u8]) -> &mut Self;
[INFO] [stdout]     |                                        ^^^^^^^^^ help: try naming the parameter or explicitly ignoring it: `_: &mut [u8]`
[INFO] [stdout]     |
[INFO] [stdout]     = warning: this is accepted in the current edition (Rust 2015) but is a hard error in Rust 2018!
[INFO] [stdout]     = note: for more information, see issue #41686 <https://github.com/rust-lang/rust/issues/41686>
[INFO] [stdout] 
[INFO] [stdout] 
[INFO] [stdout] warning: use of deprecated macro `try`: use the `?` operator instead
[INFO] [stdout]    --> src/tx.rs:32:5
[INFO] [stdout]     |
[INFO] [stdout] 32  | /     bitflags! {
[INFO] [stdout] 33  | |         /// Flags used when calling the various `put` functions.
[INFO] [stdout] 34  | |         ///
[INFO] [stdout] 35  | |         /// Note that `RESERVE` and `MULTIPLE` are not exposed in these flags
[INFO] [stdout] ...   |
[INFO] [stdout] 195 | |         }
[INFO] [stdout] 196 | |     }
[INFO] [stdout]     | |_____^
[INFO] [stdout]     |
[INFO] [stdout]     = note: this warning originates in the macro `__impl_bitflags` which comes from the expansion of the macro `bitflags` (in Nightly builds, run with -Z macro-backtrace for more info)
[INFO] [stdout] 
[INFO] [stdout] 
[INFO] [stdout] warning: use of deprecated macro `try`: use the `?` operator instead
[INFO] [stdout]    --> src/tx.rs:32:5
[INFO] [stdout]     |
[INFO] [stdout] 32  | /     bitflags! {
[INFO] [stdout] 33  | |         /// Flags used when calling the various `put` functions.
[INFO] [stdout] 34  | |         ///
[INFO] [stdout] 35  | |         /// Note that `RESERVE` and `MULTIPLE` are not exposed in these flags
[INFO] [stdout] ...   |
[INFO] [stdout] 195 | |         }
[INFO] [stdout] 196 | |     }
[INFO] [stdout]     | |_____^
[INFO] [stdout]     |
[INFO] [stdout]     = note: this warning originates in the macro `__impl_bitflags` which comes from the expansion of the macro `bitflags` (in Nightly builds, run with -Z macro-backtrace for more info)
[INFO] [stdout] 
[INFO] [stdout] 
[INFO] [stdout] warning: use of deprecated macro `try`: use the `?` operator instead
[INFO] [stdout]    --> src/tx.rs:32:5
[INFO] [stdout]     |
[INFO] [stdout] 32  | /     bitflags! {
[INFO] [stdout] 33  | |         /// Flags used when calling the various `put` functions.
[INFO] [stdout] 34  | |         ///
[INFO] [stdout] 35  | |         /// Note that `RESERVE` and `MULTIPLE` are not exposed in these flags
[INFO] [stdout] ...   |
[INFO] [stdout] 195 | |         }
[INFO] [stdout] 196 | |     }
[INFO] [stdout]     | |_____^
[INFO] [stdout]     |
[INFO] [stdout]     = note: this warning originates in the macro `__impl_bitflags` which comes from the expansion of the macro `bitflags` (in Nightly builds, run with -Z macro-backtrace for more info)
[INFO] [stdout] 
[INFO] [stdout] 
[INFO] [stdout] warning: use of deprecated macro `try`: use the `?` operator instead
[INFO] [stdout]    --> src/tx.rs:204:5
[INFO] [stdout]     |
[INFO] [stdout] 204 | /     bitflags! {
[INFO] [stdout] 205 | |         /// Flags used when deleting items via cursors.
[INFO] [stdout] 206 | |         pub struct Flags : libc::c_uint {
[INFO] [stdout] 207 | |             /// Delete all of the data items for the current key instead of
[INFO] [stdout] ...   |
[INFO] [stdout] 243 | |         }
[INFO] [stdout] 244 | |     }
[INFO] [stdout]     | |_____^
[INFO] [stdout]     |
[INFO] [stdout]     = note: this warning originates in the macro `__impl_bitflags` which comes from the expansion of the macro `bitflags` (in Nightly builds, run with -Z macro-backtrace for more info)
[INFO] [stdout] 
[INFO] [stdout] 
[INFO] [stdout] warning: use of deprecated macro `try`: use the `?` operator instead
[INFO] [stdout]    --> src/tx.rs:204:5
[INFO] [stdout]     |
[INFO] [stdout] 204 | /     bitflags! {
[INFO] [stdout] 205 | |         /// Flags used when deleting items via cursors.
[INFO] [stdout] 206 | |         pub struct Flags : libc::c_uint {
[INFO] [stdout] 207 | |             /// Delete all of the data items for the current key instead of
[INFO] [stdout] ...   |
[INFO] [stdout] 243 | |         }
[INFO] [stdout] 244 | |     }
[INFO] [stdout]     | |_____^
[INFO] [stdout]     |
[INFO] [stdout]     = note: this warning originates in the macro `__impl_bitflags` which comes from the expansion of the macro `bitflags` (in Nightly builds, run with -Z macro-backtrace for more info)
[INFO] [stdout] 
[INFO] [stdout] 
[INFO] [stdout] warning: use of deprecated macro `try`: use the `?` operator instead
[INFO] [stdout]    --> src/tx.rs:204:5
[INFO] [stdout]     |
[INFO] [stdout] 204 | /     bitflags! {
[INFO] [stdout] 205 | |         /// Flags used when deleting items via cursors.
[INFO] [stdout] 206 | |         pub struct Flags : libc::c_uint {
[INFO] [stdout] 207 | |             /// Delete all of the data items for the current key instead of
[INFO] [stdout] ...   |
[INFO] [stdout] 243 | |         }
[INFO] [stdout] 244 | |     }
[INFO] [stdout]     | |_____^
[INFO] [stdout]     |
[INFO] [stdout]     = note: this warning originates in the macro `__impl_bitflags` which comes from the expansion of the macro `bitflags` (in Nightly builds, run with -Z macro-backtrace for more info)
[INFO] [stdout] 
[INFO] [stdout] 
[INFO] [stdout] warning: use of deprecated macro `try`: use the `?` operator instead
[INFO] [stdout]    --> src/tx.rs:592:9
[INFO] [stdout]     |
[INFO] [stdout] 592 |         try!(db.assert_same_env(&self.env));
[INFO] [stdout]     |         ^^^
[INFO] [stdout] 
[INFO] [stdout] 
[INFO] [stdout] warning: use of deprecated macro `try`: use the `?` operator instead
[INFO] [stdout]    --> src/tx.rs:603:9
[INFO] [stdout]     |
[INFO] [stdout] 603 |         try!(db.assert_same_env(&self.env));
[INFO] [stdout]     |         ^^^
[INFO] [stdout] 
[INFO] [stdout] 
[INFO] [stdout] warning: use of deprecated macro `try`: use the `?` operator instead
[INFO] [stdout]    --> src/tx.rs:676:28
[INFO] [stdout]     |
[INFO] [stdout] 676 |         Ok(ReadTransaction(try!(ConstTransaction::new(
[INFO] [stdout]     |                            ^^^
[INFO] [stdout] 
[INFO] [stdout] 
[INFO] [stdout] warning: use of deprecated macro `try`: use the `?` operator instead
[INFO] [stdout]    --> src/tx.rs:767:9
[INFO] [stdout]     |
[INFO] [stdout] 767 |         try!(self.assert_sensible_cursor(&cursor));
[INFO] [stdout]     |         ^^^
[INFO] [stdout] 
[INFO] [stdout] 
[INFO] [stdout] warning: use of deprecated macro `try`: use the `?` operator instead
[INFO] [stdout]    --> src/tx.rs:870:29
[INFO] [stdout]     |
[INFO] [stdout] 870 |         Ok(WriteTransaction(try!(ConstTransaction::new(env, None, 0))))
[INFO] [stdout]     |                             ^^^
[INFO] [stdout] 
[INFO] [stdout] 
[INFO] [stdout] warning: use of deprecated macro `try`: use the `?` operator instead
[INFO] [stdout]    --> src/tx.rs:949:29
[INFO] [stdout]     |
[INFO] [stdout] 949 |         Ok(WriteTransaction(try!(ConstTransaction::new(
[INFO] [stdout]     |                             ^^^
[INFO] [stdout] 
[INFO] [stdout] 
[INFO] [stdout] warning: use of deprecated macro `try`: use the `?` operator instead
[INFO] [stdout]    --> src/tx.rs:997:9
[INFO] [stdout]     |
[INFO] [stdout] 997 |         try!(db.assert_same_env(self.env()));
[INFO] [stdout]     |         ^^^
[INFO] [stdout] 
[INFO] [stdout] 
[INFO] [stdout] warning: use of deprecated macro `try`: use the `?` operator instead
[INFO] [stdout]     --> src/tx.rs:1038:9
[INFO] [stdout]      |
[INFO] [stdout] 1038 |         try!(db.assert_same_env(self.env()));
[INFO] [stdout]      |         ^^^
[INFO] [stdout] 
[INFO] [stdout] 
[INFO] [stdout] warning: use of deprecated macro `try`: use the `?` operator instead
[INFO] [stdout]     --> src/tx.rs:1178:9
[INFO] [stdout]      |
[INFO] [stdout] 1178 |         try!(db.assert_same_env(self.env()));
[INFO] [stdout]      |         ^^^
[INFO] [stdout] 
[INFO] [stdout] 
[INFO] [stdout] warning: use of deprecated macro `try`: use the `?` operator instead
[INFO] [stdout]     --> src/tx.rs:1223:9
[INFO] [stdout]      |
[INFO] [stdout] 1223 |         try!(db.assert_same_env(self.env()));
[INFO] [stdout]      |         ^^^
[INFO] [stdout] 
[INFO] [stdout] 
[INFO] [stdout] warning: use of deprecated macro `try`: use the `?` operator instead
[INFO] [stdout]     --> src/tx.rs:1269:9
[INFO] [stdout]      |
[INFO] [stdout] 1269 |         try!(db.assert_same_env(self.env()));
[INFO] [stdout]      |         ^^^
[INFO] [stdout] 
[INFO] [stdout] 
[INFO] [stdout] warning: use of deprecated macro `try`: use the `?` operator instead
[INFO] [stdout]     --> src/tx.rs:1308:9
[INFO] [stdout]      |
[INFO] [stdout] 1308 |         try!(db.assert_same_env(self.env()));
[INFO] [stdout]      |         ^^^
[INFO] [stdout] 
[INFO] [stdout] 
[INFO] [stdout] warning: use of deprecated macro `try`: use the `?` operator instead
[INFO] [stdout]    --> src/cursor.rs:269:9
[INFO] [stdout]     |
[INFO] [stdout] 269 |         try!(tx::assert_same_env(&txn, &db));
[INFO] [stdout]     |         ^^^
[INFO] [stdout] 
[INFO] [stdout] 
[INFO] [stdout] warning: use of deprecated macro `try`: use the `?` operator instead
[INFO] [stdout]    --> src/cursor.rs:294:9
[INFO] [stdout]     |
[INFO] [stdout] 294 |         try!(tx::assert_in_env(&txn, env_ref(&stale)));
[INFO] [stdout]     |         ^^^
[INFO] [stdout] 
[INFO] [stdout] 
[INFO] [stdout] warning: use of deprecated macro `try`: use the `?` operator instead
[INFO] [stdout]    --> src/cursor.rs:314:9
[INFO] [stdout]     |
[INFO] [stdout] 314 |         try!(assert_sensible_cursor(access, self));
[INFO] [stdout]     |         ^^^
[INFO] [stdout] 
[INFO] [stdout] 
[INFO] [stdout] warning: use of deprecated macro `try`: use the `?` operator instead
[INFO] [stdout]    --> src/cursor.rs:323:13
[INFO] [stdout]     |
[INFO] [stdout] 323 |         Ok((try!(from_val(access, &out_key)),
[INFO] [stdout]     |             ^^^
[INFO] [stdout] 
[INFO] [stdout] 
[INFO] [stdout] warning: use of deprecated macro `try`: use the `?` operator instead
[INFO] [stdout]    --> src/cursor.rs:324:13
[INFO] [stdout]     |
[INFO] [stdout] 324 |             try!(from_val(access, &out_val))))
[INFO] [stdout]     |             ^^^
[INFO] [stdout] 
[INFO] [stdout] 
[INFO] [stdout] warning: use of deprecated macro `try`: use the `?` operator instead
[INFO] [stdout]    --> src/cursor.rs:332:9
[INFO] [stdout]     |
[INFO] [stdout] 332 |         try!(assert_sensible_cursor(access, self));
[INFO] [stdout]     |         ^^^
[INFO] [stdout] 
[INFO] [stdout] 
[INFO] [stdout] warning: use of deprecated macro `try`: use the `?` operator instead
[INFO] [stdout]    --> src/cursor.rs:364:9
[INFO] [stdout]     |
[INFO] [stdout] 364 |         try!(assert_sensible_cursor(access, self));
[INFO] [stdout]     |         ^^^
[INFO] [stdout] 
[INFO] [stdout] 
[INFO] [stdout] warning: use of deprecated macro `try`: use the `?` operator instead
[INFO] [stdout]    --> src/cursor.rs:383:9
[INFO] [stdout]     |
[INFO] [stdout] 383 |         try!(assert_sensible_cursor(access, self));
[INFO] [stdout]     |         ^^^
[INFO] [stdout] 
[INFO] [stdout] 
[INFO] [stdout] warning: use of deprecated macro `try`: use the `?` operator instead
[INFO] [stdout]    --> src/cursor.rs:402:9
[INFO] [stdout]     |
[INFO] [stdout] 402 |         try!(assert_sensible_cursor(access, self));
[INFO] [stdout]     |         ^^^
[INFO] [stdout] 
[INFO] [stdout] 
[INFO] [stdout] warning: use of deprecated macro `try`: use the `?` operator instead
[INFO] [stdout]    --> src/cursor.rs:412:13
[INFO] [stdout]     |
[INFO] [stdout] 412 |         Ok((try!(from_val(access, &inout_key)),
[INFO] [stdout]     |             ^^^
[INFO] [stdout] 
[INFO] [stdout] 
[INFO] [stdout] warning: use of deprecated macro `try`: use the `?` operator instead
[INFO] [stdout]    --> src/cursor.rs:413:13
[INFO] [stdout]     |
[INFO] [stdout] 413 |             try!(from_val(access, &out_val))))
[INFO] [stdout]     |             ^^^
[INFO] [stdout] 
[INFO] [stdout] 
[INFO] [stdout] warning: unnecessary parentheses around type
[INFO] [stdout]    --> src/cursor.rs:250:24
[INFO] [stdout]     |
[INFO] [stdout] 250 |                -> Result<(&'access V)>
[INFO] [stdout]     |                          ^^^^^^^^^^^^
[INFO] [stdout] ...
[INFO] [stdout] 447 | /     cursor_get_0_v! {
[INFO] [stdout] 448 | |         /// Positions the cursor at the first key/value pair whose key is equal
[INFO] [stdout] 449 | |         /// to the current key, returning the value of that pair.
[INFO] [stdout] 450 | |         ///
[INFO] [stdout] ...   |
[INFO] [stdout] 479 | |         fn first_dup, ffi::MDB_cursor_op::MDB_FIRST_DUP
[INFO] [stdout] 480 | |     }
[INFO] [stdout]     | |_____- in this macro invocation
[INFO] [stdout]     |
[INFO] [stdout]     = note: `#[warn(unused_parens)]` on by default
[INFO] [stdout]     = note: this warning originates in the macro `cursor_get_0_v` (in Nightly builds, run with -Z macro-backtrace for more info)
[INFO] [stdout] 
[INFO] [stdout] 
[INFO] [stdout] warning: use of deprecated macro `try`: use the `?` operator instead
[INFO] [stdout]    --> src/cursor.rs:625:9
[INFO] [stdout]     |
[INFO] [stdout] 625 |         try!(assert_sensible_cursor(access, self));
[INFO] [stdout]     |         ^^^
[INFO] [stdout] 
[INFO] [stdout] 
[INFO] [stdout] warning: unnecessary parentheses around type
[INFO] [stdout]    --> src/cursor.rs:623:20
[INFO] [stdout]     |
[INFO] [stdout] 623 |          -> Result<(&'access V)>
[INFO] [stdout]     |                    ^          ^
[INFO] [stdout]     |
[INFO] [stdout] help: remove these parentheses
[INFO] [stdout]     |
[INFO] [stdout] 623 -          -> Result<(&'access V)>
[INFO] [stdout] 623 +          -> Result<&'access V>
[INFO] [stdout]     |
[INFO] [stdout] 
[INFO] [stdout] 
[INFO] [stdout] warning: unnecessary parentheses around type
[INFO] [stdout]    --> src/cursor.rs:250:24
[INFO] [stdout]     |
[INFO] [stdout] 250 |                -> Result<(&'access V)>
[INFO] [stdout]     |                          ^^^^^^^^^^^^
[INFO] [stdout] ...
[INFO] [stdout] 656 | /     cursor_get_0_v! {
[INFO] [stdout] 657 | |         /// Continues fetching items from a cursor positioned by a call to
[INFO] [stdout] 658 | |         /// `get_multiple()`.
[INFO] [stdout] 659 | |         ///
[INFO] [stdout] ...   |
[INFO] [stdout] 664 | |         fn next_multiple, ffi::MDB_cursor_op::MDB_NEXT_MULTIPLE
[INFO] [stdout] 665 | |     }
[INFO] [stdout]     | |_____- in this macro invocation
[INFO] [stdout]     |
[INFO] [stdout]     = note: this warning originates in the macro `cursor_get_0_v` (in Nightly builds, run with -Z macro-backtrace for more info)
[INFO] [stdout] 
[INFO] [stdout] 
[INFO] [stdout] warning: unnecessary parentheses around type
[INFO] [stdout]    --> src/cursor.rs:250:24
[INFO] [stdout]     |
[INFO] [stdout] 250 |                -> Result<(&'access V)>
[INFO] [stdout]     |                          ^^^^^^^^^^^^
[INFO] [stdout] ...
[INFO] [stdout] 698 | /     cursor_get_0_v! {
[INFO] [stdout] 699 | |         /// Positions the cursor at the last key/value pair whose key is equal
[INFO] [stdout] 700 | |         /// to the current key.
[INFO] [stdout] 701 | |         ///
[INFO] [stdout] ...   |
[INFO] [stdout] 731 | |         fn last_dup, ffi::MDB_cursor_op::MDB_LAST_DUP
[INFO] [stdout] 732 | |     }
[INFO] [stdout]     | |_____- in this macro invocation
[INFO] [stdout]     |
[INFO] [stdout]     = note: this warning originates in the macro `cursor_get_0_v` (in Nightly builds, run with -Z macro-backtrace for more info)
[INFO] [stdout] 
[INFO] [stdout] 
[INFO] [stdout] warning: use of deprecated macro `try`: use the `?` operator instead
[INFO] [stdout]     --> src/cursor.rs:1108:9
[INFO] [stdout]      |
[INFO] [stdout] 1108 |         try!(assert_sensible_cursor(&*access, self));
[INFO] [stdout]      |         ^^^
[INFO] [stdout] 
[INFO] [stdout] 
[INFO] [stdout] warning: use of deprecated macro `try`: use the `?` operator instead
[INFO] [stdout]     --> src/cursor.rs:1162:9
[INFO] [stdout]      |
[INFO] [stdout] 1162 |         try!(assert_sensible_cursor(&*access, self));
[INFO] [stdout]      |         ^^^
[INFO] [stdout] 
[INFO] [stdout] 
[INFO] [stdout] warning: use of deprecated macro `try`: use the `?` operator instead
[INFO] [stdout]     --> src/cursor.rs:1302:9
[INFO] [stdout]      |
[INFO] [stdout] 1302 |         try!(assert_sensible_cursor(&*access, self));
[INFO] [stdout]      |         ^^^
[INFO] [stdout] 
[INFO] [stdout] 
[INFO] [stdout] warning: use of deprecated macro `try`: use the `?` operator instead
[INFO] [stdout]     --> src/cursor.rs:1429:9
[INFO] [stdout]      |
[INFO] [stdout] 1429 |         try!(assert_sensible_cursor(&*access, self));
[INFO] [stdout]      |         ^^^
[INFO] [stdout] 
[INFO] [stdout] 
[INFO] [stdout] warning: use of deprecated macro `try`: use the `?` operator instead
[INFO] [stdout]     --> src/cursor.rs:1492:9
[INFO] [stdout]      |
[INFO] [stdout] 1492 |         try!(assert_sensible_cursor(&*access, self));
[INFO] [stdout]      |         ^^^
[INFO] [stdout] 
[INFO] [stdout] 
[INFO] [stdout] warning: use of deprecated macro `try`: use the `?` operator instead
[INFO] [stdout]     --> src/cursor.rs:1528:9
[INFO] [stdout]      |
[INFO] [stdout] 1528 |         try!(assert_sensible_cursor(&*access, self));
[INFO] [stdout]      |         ^^^
[INFO] [stdout] 
[INFO] [stdout] 
[INFO] [stdout] warning: use of deprecated macro `try`: use the `?` operator instead
[INFO] [stdout]    --> src/iter.rs:115:24
[INFO] [stdout]     |
[INFO] [stdout] 115 |         let head_val = try!(head(&mut*cursor, access).to_opt());
[INFO] [stdout]     |                        ^^^
[INFO] [stdout] 
[INFO] [stdout] 
[INFO] [stderr]     Finished `test` profile [unoptimized + debuginfo] target(s) in 2.83s
[INFO] running `Command { std: "docker" "inspect" "368d576e71a0d577e454f16f7be04d280a6d85851314373d726c30c53340abca", kill_on_drop: false }`
[INFO] running `Command { std: "docker" "rm" "-f" "368d576e71a0d577e454f16f7be04d280a6d85851314373d726c30c53340abca", kill_on_drop: false }`
[INFO] [stdout] 368d576e71a0d577e454f16f7be04d280a6d85851314373d726c30c53340abca
[INFO] running `Command { std: "docker" "create" "-v" "/var/lib/crater-agent-workspace/builds/worker-4-tc1/target:/opt/rustwide/target:rw,Z" "-v" "/var/lib/crater-agent-workspace/builds/worker-4-tc1/source:/opt/rustwide/workdir:ro,Z" "-v" "/var/lib/crater-agent-workspace/cargo-home:/opt/rustwide/cargo-home:ro,Z" "-v" "/var/lib/crater-agent-workspace/rustup-home:/opt/rustwide/rustup-home:ro,Z" "-e" "SOURCE_DIR=/opt/rustwide/workdir" "-e" "CARGO_TARGET_DIR=/opt/rustwide/target" "-e" "CARGO_INCREMENTAL=0" "-e" "RUST_BACKTRACE=full" "-e" "RUSTFLAGS=--cap-lints=forbid" "-e" "RUSTDOCFLAGS=--cap-lints=forbid" "-e" "CARGO_HOME=/opt/rustwide/cargo-home" "-e" "RUSTUP_HOME=/opt/rustwide/rustup-home" "-w" "/opt/rustwide/workdir" "-m" "1610612736" "--user" "0:0" "--network" "none" "ghcr.io/rust-lang/crates-build-env/linux@sha256:4a844ea9eb2546a2d2c7022eacef16ef2e8229c7fbb2c7d4d55a9ceca922f72d" "/opt/rustwide/cargo-home/bin/cargo" "+nightly-2024-10-28" "test" "--frozen", kill_on_drop: false }`
[INFO] [stdout] 5fffbc204d5a3066ed4d74b81dab193882d71cfc5f75b3b6cefaa51baf27bb29
[INFO] running `Command { std: "docker" "start" "-a" "5fffbc204d5a3066ed4d74b81dab193882d71cfc5f75b3b6cefaa51baf27bb29", kill_on_drop: false }`
[INFO] [stderr] warning: no edition set: defaulting to the 2015 edition while the latest is 2021
[INFO] [stderr] warning: use of deprecated macro `try`: use the `?` operator instead
[INFO] [stderr]    --> src/env.rs:27:5
[INFO] [stderr]     |
[INFO] [stderr] 27  | /     bitflags! {
[INFO] [stderr] 28  | |         /// Flags used when opening an LMDB environment.
[INFO] [stderr] 29  | |         pub struct Flags : libc::c_uint {
[INFO] [stderr] 30  | |             /// Use a fixed address for the mmap region. This flag must be
[INFO] [stderr] ...   |
[INFO] [stderr] 134 | |         }
[INFO] [stderr] 135 | |     }
[INFO] [stderr]     | |_____^
[INFO] [stderr]     |
[INFO] [stderr]     = note: `#[warn(deprecated)]` on by default
[INFO] [stderr]     = note: this warning originates in the macro `__impl_bitflags` which comes from the expansion of the macro `bitflags` (in Nightly builds, run with -Z macro-backtrace for more info)
[INFO] [stderr] 
[INFO] [stderr] warning: use of deprecated macro `try`: use the `?` operator instead
[INFO] [stderr]    --> src/env.rs:27:5
[INFO] [stderr]     |
[INFO] [stderr] 27  | /     bitflags! {
[INFO] [stderr] 28  | |         /// Flags used when opening an LMDB environment.
[INFO] [stderr] 29  | |         pub struct Flags : libc::c_uint {
[INFO] [stderr] 30  | |             /// Use a fixed address for the mmap region. This flag must be
[INFO] [stderr] ...   |
[INFO] [stderr] 134 | |         }
[INFO] [stderr] 135 | |     }
[INFO] [stderr]     | |_____^
[INFO] [stderr]     |
[INFO] [stderr]     = note: this warning originates in the macro `__impl_bitflags` which comes from the expansion of the macro `bitflags` (in Nightly builds, run with -Z macro-backtrace for more info)
[INFO] [stderr] 
[INFO] [stderr] warning: use of deprecated macro `try`: use the `?` operator instead
[INFO] [stderr]    --> src/env.rs:143:5
[INFO] [stderr]     |
[INFO] [stderr] 143 | /     bitflags! {
[INFO] [stderr] 144 | |         /// Flags used when copying an LMDB environment.
[INFO] [stderr] 145 | |         pub struct Flags : libc::c_uint {
[INFO] [stderr] 146 | |             /// Perform compaction while copying: omit free pages and sequentially
[INFO] [stderr] ...   |
[INFO] [stderr] 150 | |         }
[INFO] [stderr] 151 | |     }
[INFO] [stderr]     | |_____^
[INFO] [stderr]     |
[INFO] [stderr]     = note: this warning originates in the macro `__impl_bitflags` which comes from the expansion of the macro `bitflags` (in Nightly builds, run with -Z macro-backtrace for more info)
[INFO] [stderr] 
[INFO] [stderr] warning: use of deprecated macro `try`: use the `?` operator instead
[INFO] [stderr]    --> src/env.rs:272:25
[INFO] [stderr]     |
[INFO] [stderr] 272 |         let path_cstr = try!(CString::new(path));
[INFO] [stderr]     |                         ^^^
[INFO] [stderr] 
[INFO] [stderr] warning: use of deprecated macro `try`: use the `?` operator instead
[INFO] [stderr]    --> src/env.rs:446:25
[INFO] [stderr]     |
[INFO] [stderr] 446 |         let path_cstr = try!(CString::new(path));
[INFO] [stderr]     |                         ^^^
[INFO] [stderr] 
[INFO] [stderr] warning: use of deprecated macro `try`: use the `?` operator instead
[INFO] [stderr]    --> src/env.rs:680:9
[INFO] [stderr]     |
[INFO] [stderr] 680 |         try!(txn.commit());
[INFO] [stderr]     |         ^^^
[INFO] [stderr] 
[INFO] [stderr] warning: use of deprecated macro `try`: use the `?` operator instead
[INFO] [stderr]    --> src/dbi.rs:30:5
[INFO] [stderr]     |
[INFO] [stderr] 30  | /     bitflags! {
[INFO] [stderr] 31  | |         /// Flags used when opening databases.
[INFO] [stderr] 32  | |         pub struct Flags : libc::c_uint {
[INFO] [stderr] 33  | |             /// Keys are strings to be compared in reverse order, from the end
[INFO] [stderr] ...   |
[INFO] [stderr] 252 | |         }
[INFO] [stderr] 253 | |     }
[INFO] [stderr]     | |_____^
[INFO] [stderr]     |
[INFO] [stderr]     = note: this warning originates in the macro `__impl_bitflags` which comes from the expansion of the macro `bitflags` (in Nightly builds, run with -Z macro-backtrace for more info)
[INFO] [stderr] 
[INFO] [stderr] warning: use of deprecated macro `try`: use the `?` operator instead
[INFO] [stderr]    --> src/dbi.rs:703:29
[INFO] [stderr]     |
[INFO] [stderr] 703 |             Some(s) => Some(try!(CString::new(s))),
[INFO] [stderr]     |                             ^^^
[INFO] [stderr] 
[INFO] [stderr] warning: use of deprecated macro `try`: use the `?` operator instead
[INFO] [stderr]    --> src/dbi.rs:735:13
[INFO] [stderr]     |
[INFO] [stderr] 735 |             try!(wrapped_tx.commit());
[INFO] [stderr]     |             ^^^
[INFO] [stderr] 
[INFO] [stderr] warning: use of deprecated macro `try`: use the `?` operator instead
[INFO] [stderr]    --> src/dbi.rs:850:9
[INFO] [stderr]     |
[INFO] [stderr] 850 |         try!(env::dbi_delete(&self.db.env, self.db.dbi));
[INFO] [stderr]     |         ^^^
[INFO] [stderr] 
[INFO] [stderr] warning: anonymous parameters are deprecated and will be removed in the next edition
[INFO] [stderr]    --> src/traits.rs:232:24
[INFO] [stderr]     |
[INFO] [stderr] 232 |     fn from_lmdb_bytes(&[u8]) -> Result<&Self, String>;
[INFO] [stderr]     |                        ^^^^^ help: try naming the parameter or explicitly ignoring it: `_: &[u8]`
[INFO] [stderr]     |
[INFO] [stderr]     = warning: this is accepted in the current edition (Rust 2015) but is a hard error in Rust 2018!
[INFO] [stderr]     = note: for more information, see issue #41686 <https://github.com/rust-lang/rust/issues/41686>
[INFO] [stderr]     = note: `#[warn(anonymous_parameters)]` on by default
[INFO] [stderr] 
[INFO] [stderr] warning: anonymous parameters are deprecated and will be removed in the next edition
[INFO] [stderr]    --> src/traits.rs:249:40
[INFO] [stderr]     |
[INFO] [stderr] 249 |     unsafe fn from_reserved_lmdb_bytes(&mut [u8]) -> &mut Self;
[INFO] [stderr]     |                                        ^^^^^^^^^ help: try naming the parameter or explicitly ignoring it: `_: &mut [u8]`
[INFO] [stderr]     |
[INFO] [stderr]     = warning: this is accepted in the current edition (Rust 2015) but is a hard error in Rust 2018!
[INFO] [stderr]     = note: for more information, see issue #41686 <https://github.com/rust-lang/rust/issues/41686>
[INFO] [stderr] 
[INFO] [stderr] warning: use of deprecated macro `try`: use the `?` operator instead
[INFO] [stderr]    --> src/tx.rs:32:5
[INFO] [stderr]     |
[INFO] [stderr] 32  | /     bitflags! {
[INFO] [stderr] 33  | |         /// Flags used when calling the various `put` functions.
[INFO] [stderr] 34  | |         ///
[INFO] [stderr] 35  | |         /// Note that `RESERVE` and `MULTIPLE` are not exposed in these flags
[INFO] [stderr] ...   |
[INFO] [stderr] 195 | |         }
[INFO] [stderr] 196 | |     }
[INFO] [stderr]     | |_____^
[INFO] [stderr]     |
[INFO] [stderr]     = note: this warning originates in the macro `__impl_bitflags` which comes from the expansion of the macro `bitflags` (in Nightly builds, run with -Z macro-backtrace for more info)
[INFO] [stderr] 
[INFO] [stderr] warning: use of deprecated macro `try`: use the `?` operator instead
[INFO] [stderr]    --> src/tx.rs:204:5
[INFO] [stderr]     |
[INFO] [stderr] 204 | /     bitflags! {
[INFO] [stderr] 205 | |         /// Flags used when deleting items via cursors.
[INFO] [stderr] 206 | |         pub struct Flags : libc::c_uint {
[INFO] [stderr] 207 | |             /// Delete all of the data items for the current key instead of
[INFO] [stderr] ...   |
[INFO] [stderr] 243 | |         }
[INFO] [stderr] 244 | |     }
[INFO] [stderr]     | |_____^
[INFO] [stderr]     |
[INFO] [stderr]     = note: this warning originates in the macro `__impl_bitflags` which comes from the expansion of the macro `bitflags` (in Nightly builds, run with -Z macro-backtrace for more info)
[INFO] [stderr] 
[INFO] [stderr] warning: use of deprecated macro `try`: use the `?` operator instead
[INFO] [stderr]    --> src/tx.rs:592:9
[INFO] [stderr]     |
[INFO] [stderr] 592 |         try!(db.assert_same_env(&self.env));
[INFO] [stderr]     |         ^^^
[INFO] [stderr] 
[INFO] [stderr] warning: use of deprecated macro `try`: use the `?` operator instead
[INFO] [stderr]    --> src/tx.rs:603:9
[INFO] [stderr]     |
[INFO] [stderr] 603 |         try!(db.assert_same_env(&self.env));
[INFO] [stderr]     |         ^^^
[INFO] [stderr] 
[INFO] [stderr] warning: use of deprecated macro `try`: use the `?` operator instead
[INFO] [stderr]    --> src/tx.rs:676:28
[INFO] [stderr]     |
[INFO] [stderr] 676 |         Ok(ReadTransaction(try!(ConstTransaction::new(
[INFO] [stderr]     |                            ^^^
[INFO] [stderr] 
[INFO] [stderr] warning: use of deprecated macro `try`: use the `?` operator instead
[INFO] [stderr]    --> src/tx.rs:767:9
[INFO] [stderr]     |
[INFO] [stderr] 767 |         try!(self.assert_sensible_cursor(&cursor));
[INFO] [stderr]     |         ^^^
[INFO] [stderr] 
[INFO] [stderr] warning: use of deprecated macro `try`: use the `?` operator instead
[INFO] [stderr]    --> src/tx.rs:870:29
[INFO] [stderr]     |
[INFO] [stderr] 870 |         Ok(WriteTransaction(try!(ConstTransaction::new(env, None, 0))))
[INFO] [stderr]     |                             ^^^
[INFO] [stderr] 
[INFO] [stderr] warning: use of deprecated macro `try`: use the `?` operator instead
[INFO] [stderr]    --> src/tx.rs:949:29
[INFO] [stderr]     |
[INFO] [stderr] 949 |         Ok(WriteTransaction(try!(ConstTransaction::new(
[INFO] [stderr]     |                             ^^^
[INFO] [stderr] 
[INFO] [stderr] warning: use of deprecated macro `try`: use the `?` operator instead
[INFO] [stderr]    --> src/tx.rs:997:9
[INFO] [stderr]     |
[INFO] [stderr] 997 |         try!(db.assert_same_env(self.env()));
[INFO] [stderr]     |         ^^^
[INFO] [stderr] 
[INFO] [stderr] warning: use of deprecated macro `try`: use the `?` operator instead
[INFO] [stderr]     --> src/tx.rs:1038:9
[INFO] [stderr]      |
[INFO] [stderr] 1038 |         try!(db.assert_same_env(self.env()));
[INFO] [stderr]      |         ^^^
[INFO] [stderr] 
[INFO] [stderr] warning: use of deprecated macro `try`: use the `?` operator instead
[INFO] [stderr]     --> src/tx.rs:1178:9
[INFO] [stderr]      |
[INFO] [stderr] 1178 |         try!(db.assert_same_env(self.env()));
[INFO] [stderr]      |         ^^^
[INFO] [stderr] 
[INFO] [stderr] warning: use of deprecated macro `try`: use the `?` operator instead
[INFO] [stderr]     --> src/tx.rs:1223:9
[INFO] [stderr]      |
[INFO] [stderr] 1223 |         try!(db.assert_same_env(self.env()));
[INFO] [stderr]      |         ^^^
[INFO] [stderr] 
[INFO] [stderr] warning: use of deprecated macro `try`: use the `?` operator instead
[INFO] [stderr]     --> src/tx.rs:1269:9
[INFO] [stderr]      |
[INFO] [stderr] 1269 |         try!(db.assert_same_env(self.env()));
[INFO] [stderr]      |         ^^^
[INFO] [stderr] 
[INFO] [stderr] warning: use of deprecated macro `try`: use the `?` operator instead
[INFO] [stderr]     --> src/tx.rs:1308:9
[INFO] [stderr]      |
[INFO] [stderr] 1308 |         try!(db.assert_same_env(self.env()));
[INFO] [stderr]      |         ^^^
[INFO] [stderr] 
[INFO] [stderr] warning: use of deprecated macro `try`: use the `?` operator instead
[INFO] [stderr]    --> src/cursor.rs:269:9
[INFO] [stderr]     |
[INFO] [stderr] 269 |         try!(tx::assert_same_env(&txn, &db));
[INFO] [stderr]     |         ^^^
[INFO] [stderr] 
[INFO] [stderr] warning: use of deprecated macro `try`: use the `?` operator instead
[INFO] [stderr]    --> src/cursor.rs:294:9
[INFO] [stderr]     |
[INFO] [stderr] 294 |         try!(tx::assert_in_env(&txn, env_ref(&stale)));
[INFO] [stderr]     |         ^^^
[INFO] [stderr] 
[INFO] [stderr] warning: use of deprecated macro `try`: use the `?` operator instead
[INFO] [stderr]    --> src/cursor.rs:314:9
[INFO] [stderr]     |
[INFO] [stderr] 314 |         try!(assert_sensible_cursor(access, self));
[INFO] [stderr]     |         ^^^
[INFO] [stderr] 
[INFO] [stderr] warning: use of deprecated macro `try`: use the `?` operator instead
[INFO] [stderr]    --> src/cursor.rs:323:13
[INFO] [stderr]     |
[INFO] [stderr] 323 |         Ok((try!(from_val(access, &out_key)),
[INFO] [stderr]     |             ^^^
[INFO] [stderr] 
[INFO] [stderr] warning: use of deprecated macro `try`: use the `?` operator instead
[INFO] [stderr]    --> src/cursor.rs:324:13
[INFO] [stderr]     |
[INFO] [stderr] 324 |             try!(from_val(access, &out_val))))
[INFO] [stderr]     |             ^^^
[INFO] [stderr] 
[INFO] [stderr] warning: use of deprecated macro `try`: use the `?` operator instead
[INFO] [stderr]    --> src/cursor.rs:332:9
[INFO] [stderr]     |
[INFO] [stderr] 332 |         try!(assert_sensible_cursor(access, self));
[INFO] [stderr]     |         ^^^
[INFO] [stderr] 
[INFO] [stderr] warning: use of deprecated macro `try`: use the `?` operator instead
[INFO] [stderr]    --> src/cursor.rs:364:9
[INFO] [stderr]     |
[INFO] [stderr] 364 |         try!(assert_sensible_cursor(access, self));
[INFO] [stderr]     |         ^^^
[INFO] [stderr] 
[INFO] [stderr] warning: use of deprecated macro `try`: use the `?` operator instead
[INFO] [stderr]    --> src/cursor.rs:383:9
[INFO] [stderr]     |
[INFO] [stderr] 383 |         try!(assert_sensible_cursor(access, self));
[INFO] [stderr]     |         ^^^
[INFO] [stderr] 
[INFO] [stderr] warning: use of deprecated macro `try`: use the `?` operator instead
[INFO] [stderr]    --> src/cursor.rs:402:9
[INFO] [stderr]     |
[INFO] [stderr] 402 |         try!(assert_sensible_cursor(access, self));
[INFO] [stderr]     |         ^^^
[INFO] [stderr] 
[INFO] [stderr] warning: use of deprecated macro `try`: use the `?` operator instead
[INFO] [stderr]    --> src/cursor.rs:412:13
[INFO] [stderr]     |
[INFO] [stderr] 412 |         Ok((try!(from_val(access, &inout_key)),
[INFO] [stderr]     |             ^^^
[INFO] [stderr] 
[INFO] [stderr] warning: use of deprecated macro `try`: use the `?` operator instead
[INFO] [stderr]    --> src/cursor.rs:413:13
[INFO] [stderr]     |
[INFO] [stderr] 413 |             try!(from_val(access, &out_val))))
[INFO] [stderr]     |             ^^^
[INFO] [stderr] 
[INFO] [stderr] warning: unnecessary parentheses around type
[INFO] [stderr]    --> src/cursor.rs:250:24
[INFO] [stderr]     |
[INFO] [stderr] 250 |                -> Result<(&'access V)>
[INFO] [stderr]     |                          ^^^^^^^^^^^^
[INFO] [stderr] ...
[INFO] [stderr] 447 | /     cursor_get_0_v! {
[INFO] [stderr] 448 | |         /// Positions the cursor at the first key/value pair whose key is equal
[INFO] [stderr] 449 | |         /// to the current key, returning the value of that pair.
[INFO] [stderr] 450 | |         ///
[INFO] [stderr] ...   |
[INFO] [stderr] 479 | |         fn first_dup, ffi::MDB_cursor_op::MDB_FIRST_DUP
[INFO] [stderr] 480 | |     }
[INFO] [stderr]     | |_____- in this macro invocation
[INFO] [stderr]     |
[INFO] [stderr]     = note: `#[warn(unused_parens)]` on by default
[INFO] [stderr]     = note: this warning originates in the macro `cursor_get_0_v` (in Nightly builds, run with -Z macro-backtrace for more info)
[INFO] [stderr] 
[INFO] [stderr] warning: use of deprecated macro `try`: use the `?` operator instead
[INFO] [stderr]    --> src/cursor.rs:625:9
[INFO] [stderr]     |
[INFO] [stderr] 625 |         try!(assert_sensible_cursor(access, self));
[INFO] [stderr]     |         ^^^
[INFO] [stderr] 
[INFO] [stderr] warning: unnecessary parentheses around type
[INFO] [stderr]    --> src/cursor.rs:623:20
[INFO] [stderr]     |
[INFO] [stderr] 623 |          -> Result<(&'access V)>
[INFO] [stderr]     |                    ^          ^
[INFO] [stderr]     |
[INFO] [stderr] help: remove these parentheses
[INFO] [stderr]     |
[INFO] [stderr] 623 -          -> Result<(&'access V)>
[INFO] [stderr] 623 +          -> Result<&'access V>
[INFO] [stderr]     |
[INFO] [stderr] 
[INFO] [stderr] warning: unnecessary parentheses around type
[INFO] [stderr]    --> src/cursor.rs:250:24
[INFO] [stderr]     |
[INFO] [stderr] 250 |                -> Result<(&'access V)>
[INFO] [stderr]     |                          ^^^^^^^^^^^^
[INFO] [stderr] ...
[INFO] [stderr] 656 | /     cursor_get_0_v! {
[INFO] [stderr] 657 | |         /// Continues fetching items from a cursor positioned by a call to
[INFO] [stderr] 658 | |         /// `get_multiple()`.
[INFO] [stderr] 659 | |         ///
[INFO] [stderr] ...   |
[INFO] [stderr] 664 | |         fn next_multiple, ffi::MDB_cursor_op::MDB_NEXT_MULTIPLE
[INFO] [stderr] 665 | |     }
[INFO] [stderr]     | |_____- in this macro invocation
[INFO] [stderr]     |
[INFO] [stderr]     = note: this warning originates in the macro `cursor_get_0_v` (in Nightly builds, run with -Z macro-backtrace for more info)
[INFO] [stderr] 
[INFO] [stderr] warning: unnecessary parentheses around type
[INFO] [stderr]    --> src/cursor.rs:250:24
[INFO] [stderr]     |
[INFO] [stderr] 250 |                -> Result<(&'access V)>
[INFO] [stderr]     |                          ^^^^^^^^^^^^
[INFO] [stderr] ...
[INFO] [stderr] 698 | /     cursor_get_0_v! {
[INFO] [stderr] 699 | |         /// Positions the cursor at the last key/value pair whose key is equal
[INFO] [stderr] 700 | |         /// to the current key.
[INFO] [stderr] 701 | |         ///
[INFO] [stderr] ...   |
[INFO] [stderr] 731 | |         fn last_dup, ffi::MDB_cursor_op::MDB_LAST_DUP
[INFO] [stderr] 732 | |     }
[INFO] [stderr]     | |_____- in this macro invocation
[INFO] [stderr]     |
[INFO] [stderr]     = note: this warning originates in the macro `cursor_get_0_v` (in Nightly builds, run with -Z macro-backtrace for more info)
[INFO] [stderr] 
[INFO] [stderr] warning: use of deprecated macro `try`: use the `?` operator instead
[INFO] [stderr]     --> src/cursor.rs:1108:9
[INFO] [stderr]      |
[INFO] [stderr] 1108 |         try!(assert_sensible_cursor(&*access, self));
[INFO] [stderr]      |         ^^^
[INFO] [stderr] 
[INFO] [stderr] warning: use of deprecated macro `try`: use the `?` operator instead
[INFO] [stderr]     --> src/cursor.rs:1162:9
[INFO] [stderr]      |
[INFO] [stderr] 1162 |         try!(assert_sensible_cursor(&*access, self));
[INFO] [stderr]      |         ^^^
[INFO] [stderr] 
[INFO] [stderr] warning: use of deprecated macro `try`: use the `?` operator instead
[INFO] [stderr]     --> src/cursor.rs:1302:9
[INFO] [stderr]      |
[INFO] [stderr] 1302 |         try!(assert_sensible_cursor(&*access, self));
[INFO] [stderr]      |         ^^^
[INFO] [stderr] 
[INFO] [stderr] warning: use of deprecated macro `try`: use the `?` operator instead
[INFO] [stderr]     --> src/cursor.rs:1429:9
[INFO] [stderr]      |
[INFO] [stderr] 1429 |         try!(assert_sensible_cursor(&*access, self));
[INFO] [stderr]      |         ^^^
[INFO] [stderr] 
[INFO] [stderr] warning: use of deprecated macro `try`: use the `?` operator instead
[INFO] [stderr]     --> src/cursor.rs:1492:9
[INFO] [stderr]      |
[INFO] [stderr] 1492 |         try!(assert_sensible_cursor(&*access, self));
[INFO] [stderr]      |         ^^^
[INFO] [stderr] 
[INFO] [stderr] warning: use of deprecated macro `try`: use the `?` operator instead
[INFO] [stderr]     --> src/cursor.rs:1528:9
[INFO] [stderr]      |
[INFO] [stderr] 1528 |         try!(assert_sensible_cursor(&*access, self));
[INFO] [stderr]      |         ^^^
[INFO] [stderr] 
[INFO] [stderr] warning: use of deprecated macro `try`: use the `?` operator instead
[INFO] [stderr]    --> src/iter.rs:115:24
[INFO] [stderr]     |
[INFO] [stderr] 115 |         let head_val = try!(head(&mut*cursor, access).to_opt());
[INFO] [stderr]     |                        ^^^
[INFO] [stderr] 
[INFO] [stderr] warning: `ord-lmdb-zero` (lib) generated 58 warnings (9 duplicates) (run `cargo fix --lib -p ord-lmdb-zero` to apply 3 suggestions)
[INFO] [stderr] warning: `ord-lmdb-zero` (lib test) generated 58 warnings (58 duplicates)
[INFO] [stderr]     Finished `test` profile [unoptimized + debuginfo] target(s) in 0.03s
[INFO] [stderr]      Running unittests src/lib.rs (/opt/rustwide/target/debug/deps/ord_lmdb_zero-878147f0eeb0f8ca)
[INFO] [stdout] 
[INFO] [stdout] running 4 tests
[INFO] [stdout] test dbi::test::borrow_raw_allows_sharing ... FAILED
[INFO] [stdout] test dbi::test::disown_allows_sharing ... FAILED
[INFO] [stdout] test env::test::borrow_raw_doesnt_take_ownership ... FAILED
[INFO] [stdout] test cursor::test::get_multiple_with_one_item ... FAILED
[INFO] [stdout] 
[INFO] [stdout] failures:
[INFO] [stdout] 
[INFO] [stdout] ---- dbi::test::borrow_raw_allows_sharing stdout ----
[INFO] [stdout] thread 'dbi::test::borrow_raw_allows_sharing' panicked at src/test_helpers.rs:20:55:
[INFO] [stdout] called `Result::unwrap()` on an `Err` value: Os { code: 30, kind: ReadOnlyFilesystem, message: "Read-only file system" }
[INFO] [stdout] stack backtrace:
[INFO] [stdout]    0:     0x5735bc75d0da - std::backtrace_rs::backtrace::libunwind::trace::h207520d6e9873551
[INFO] [stdout]                                at /rustc/df4ca44d3fbc9301ee17f30f4d474e6ae4b05252/library/std/src/../../backtrace/src/backtrace/libunwind.rs:116:5
[INFO] [stdout]    1:     0x5735bc75d0da - std::backtrace_rs::backtrace::trace_unsynchronized::h2ed7433f370e3eca
[INFO] [stdout]                                at /rustc/df4ca44d3fbc9301ee17f30f4d474e6ae4b05252/library/std/src/../../backtrace/src/backtrace/mod.rs:66:5
[INFO] [stdout]    2:     0x5735bc75d0da - std::sys::backtrace::_print_fmt::h916fac51166b18d7
[INFO] [stdout]                                at /rustc/df4ca44d3fbc9301ee17f30f4d474e6ae4b05252/library/std/src/sys/backtrace.rs:66:9
[INFO] [stdout]    3:     0x5735bc75d0da - <std::sys::backtrace::BacktraceLock::print::DisplayBacktrace as core::fmt::Display>::fmt::ha0a4c9b8ce3802e6
[INFO] [stdout]                                at /rustc/df4ca44d3fbc9301ee17f30f4d474e6ae4b05252/library/std/src/sys/backtrace.rs:39:26
[INFO] [stdout]    4:     0x5735bc784043 - core::fmt::rt::Argument::fmt::h4cfc8587d52b3eb5
[INFO] [stdout]                                at /rustc/df4ca44d3fbc9301ee17f30f4d474e6ae4b05252/library/core/src/fmt/rt.rs:177:76
[INFO] [stdout]    5:     0x5735bc784043 - core::fmt::write::h522cc39e5b36ae9f
[INFO] [stdout]                                at /rustc/df4ca44d3fbc9301ee17f30f4d474e6ae4b05252/library/core/src/fmt/mod.rs:1190:21
[INFO] [stdout]    6:     0x5735bc759ad3 - std::io::Write::write_fmt::h7d3c26752da97734
[INFO] [stdout]                                at /rustc/df4ca44d3fbc9301ee17f30f4d474e6ae4b05252/library/std/src/io/mod.rs:1839:15
[INFO] [stdout]    7:     0x5735bc75cf22 - std::sys::backtrace::BacktraceLock::print::h4b9e00b29e9c0942
[INFO] [stdout]                                at /rustc/df4ca44d3fbc9301ee17f30f4d474e6ae4b05252/library/std/src/sys/backtrace.rs:42:9
[INFO] [stdout]    8:     0x5735bc75e56a - std::panicking::default_hook::{{closure}}::hb59b88280d0324d9
[INFO] [stdout]                                at /rustc/df4ca44d3fbc9301ee17f30f4d474e6ae4b05252/library/std/src/panicking.rs:268:22
[INFO] [stdout]    9:     0x5735bc75e374 - std::panicking::default_hook::he1dd496665be4a29
[INFO] [stdout]                                at /rustc/df4ca44d3fbc9301ee17f30f4d474e6ae4b05252/library/std/src/panicking.rs:292:9
[INFO] [stdout]   10:     0x5735bc70f1e9 - <alloc::boxed::Box<F,A> as core::ops::function::Fn<Args>>::call::h4ff71de18744e1dc
[INFO] [stdout]                                at /rustc/df4ca44d3fbc9301ee17f30f4d474e6ae4b05252/library/alloc/src/boxed.rs:2468:9
[INFO] [stdout]   11:     0x5735bc70f1e9 - test::test_main::{{closure}}::hcf7c055ce117aa81
[INFO] [stdout]                                at /rustc/df4ca44d3fbc9301ee17f30f4d474e6ae4b05252/library/test/src/lib.rs:133:21
[INFO] [stdout]   12:     0x5735bc75ec68 - <alloc::boxed::Box<F,A> as core::ops::function::Fn<Args>>::call::h1d66c6bbd60c9692
[INFO] [stdout]                                at /rustc/df4ca44d3fbc9301ee17f30f4d474e6ae4b05252/library/alloc/src/boxed.rs:2468:9
[INFO] [stdout]   13:     0x5735bc75ec68 - std::panicking::rust_panic_with_hook::h2ff17fe8f26dfcf8
[INFO] [stdout]                                at /rustc/df4ca44d3fbc9301ee17f30f4d474e6ae4b05252/library/std/src/panicking.rs:809:13
[INFO] [stdout]   14:     0x5735bc75ea2a - std::panicking::begin_panic_handler::{{closure}}::h4fad77951c07e101
[INFO] [stdout]                                at /rustc/df4ca44d3fbc9301ee17f30f4d474e6ae4b05252/library/std/src/panicking.rs:674:13
[INFO] [stdout]   15:     0x5735bc75d5b9 - std::sys::backtrace::__rust_end_short_backtrace::hb1a25b3da5d0ea08
[INFO] [stdout]                                at /rustc/df4ca44d3fbc9301ee17f30f4d474e6ae4b05252/library/std/src/sys/backtrace.rs:170:18
[INFO] [stdout]   16:     0x5735bc75e6bc - rust_begin_unwind
[INFO] [stdout]                                at /rustc/df4ca44d3fbc9301ee17f30f4d474e6ae4b05252/library/std/src/panicking.rs:665:5
[INFO] [stdout]   17:     0x5735bc782ae0 - core::panicking::panic_fmt::ha9db07b529f9b256
[INFO] [stdout]                                at /rustc/df4ca44d3fbc9301ee17f30f4d474e6ae4b05252/library/core/src/panicking.rs:75:14
[INFO] [stdout]   18:     0x5735bc782e86 - core::result::unwrap_failed::h5e8218e4d4338b8a
[INFO] [stdout]                                at /rustc/df4ca44d3fbc9301ee17f30f4d474e6ae4b05252/library/core/src/result.rs:1698:5
[INFO] [stdout]   19:     0x5735bc6c42f7 - core::result::Result<T,E>::unwrap::hd7b70f0c1c093e72
[INFO] [stdout]                                at /rustc/df4ca44d3fbc9301ee17f30f4d474e6ae4b05252/library/core/src/result.rs:1103:23
[INFO] [stdout]   20:     0x5735bc6c42f7 - ord_lmdb_zero::test_helpers::create_env::h9efcd1c14296036c
[INFO] [stdout]                                at /opt/rustwide/workdir/src/test_helpers.rs:20:13
[INFO] [stdout]   21:     0x5735bc6c866c - ord_lmdb_zero::dbi::test::borrow_raw_allows_sharing::h2aa6799da6df9fa5
[INFO] [stdout]                                at /opt/rustwide/workdir/src/dbi.rs:975:19
[INFO] [stdout]   22:     0x5735bc6c8627 - ord_lmdb_zero::dbi::test::borrow_raw_allows_sharing::{{closure}}::h5363600fc2296d04
[INFO] [stdout]                                at /opt/rustwide/workdir/src/dbi.rs:974:35
[INFO] [stdout]   23:     0x5735bc6c12b6 - core::ops::function::FnOnce::call_once::hedad497e8251dea6
[INFO] [stdout]                                at /rustc/df4ca44d3fbc9301ee17f30f4d474e6ae4b05252/library/core/src/ops/function.rs:250:5
[INFO] [stdout]   24:     0x5735bc713abb - core::ops::function::FnOnce::call_once::h22c3ba5715e93f05
[INFO] [stdout]                                at /rustc/df4ca44d3fbc9301ee17f30f4d474e6ae4b05252/library/core/src/ops/function.rs:250:5
[INFO] [stdout]   25:     0x5735bc713abb - test::__rust_begin_short_backtrace::h8e82d8113d0da17f
[INFO] [stdout]                                at /rustc/df4ca44d3fbc9301ee17f30f4d474e6ae4b05252/library/test/src/lib.rs:621:18
[INFO] [stdout]   26:     0x5735bc713437 - test::run_test_in_process::{{closure}}::h33235f4f20b7b7c7
[INFO] [stdout]                                at /rustc/df4ca44d3fbc9301ee17f30f4d474e6ae4b05252/library/test/src/lib.rs:644:60
[INFO] [stdout]   27:     0x5735bc713437 - <core::panic::unwind_safe::AssertUnwindSafe<F> as core::ops::function::FnOnce<()>>::call_once::hb5043206310c586f
[INFO] [stdout]                                at /rustc/df4ca44d3fbc9301ee17f30f4d474e6ae4b05252/library/core/src/panic/unwind_safe.rs:272:9
[INFO] [stdout]   28:     0x5735bc713437 - std::panicking::try::do_call::h9ad4731a60ab23e2
[INFO] [stdout]                                at /rustc/df4ca44d3fbc9301ee17f30f4d474e6ae4b05252/library/std/src/panicking.rs:557:40
[INFO] [stdout]   29:     0x5735bc713437 - std::panicking::try::h3824d23db772a716
[INFO] [stdout]                                at /rustc/df4ca44d3fbc9301ee17f30f4d474e6ae4b05252/library/std/src/panicking.rs:520:19
[INFO] [stdout]   30:     0x5735bc713437 - std::panic::catch_unwind::h5afd514605fde46b
[INFO] [stderr] error: test failed, to rerun pass `--lib`
[INFO] [stdout]                                at /rustc/df4ca44d3fbc9301ee17f30f4d474e6ae4b05252/library/std/src/panic.rs:358:14
[INFO] [stdout]   31:     0x5735bc713437 - test::run_test_in_process::h0d5cbfa7067d1720
[INFO] [stdout]                                at /rustc/df4ca44d3fbc9301ee17f30f4d474e6ae4b05252/library/test/src/lib.rs:644:27
[INFO] [stdout]   32:     0x5735bc713437 - test::run_test::{{closure}}::h708eb8872708115d
[INFO] [stdout]                                at /rustc/df4ca44d3fbc9301ee17f30f4d474e6ae4b05252/library/test/src/lib.rs:565:43
[INFO] [stdout]   33:     0x5735bc6d6b54 - test::run_test::{{closure}}::h392c51cee94713ab
[INFO] [stdout]                                at /rustc/df4ca44d3fbc9301ee17f30f4d474e6ae4b05252/library/test/src/lib.rs:595:41
[INFO] [stdout]   34:     0x5735bc6d6b54 - std::sys::backtrace::__rust_begin_short_backtrace::h2f40290710935a8b
[INFO] [stdout]                                at /rustc/df4ca44d3fbc9301ee17f30f4d474e6ae4b05252/library/std/src/sys/backtrace.rs:154:18
[INFO] [stdout]   35:     0x5735bc6da2fe - std::thread::Builder::spawn_unchecked_::{{closure}}::{{closure}}::h3fd968d89053a903
[INFO] [stdout]                                at /rustc/df4ca44d3fbc9301ee17f30f4d474e6ae4b05252/library/std/src/thread/mod.rs:541:17
[INFO] [stdout]   36:     0x5735bc6da2fe - <core::panic::unwind_safe::AssertUnwindSafe<F> as core::ops::function::FnOnce<()>>::call_once::h743f637ba4229880
[INFO] [stdout]                                at /rustc/df4ca44d3fbc9301ee17f30f4d474e6ae4b05252/library/core/src/panic/unwind_safe.rs:272:9
[INFO] [stdout]   37:     0x5735bc6da2fe - std::panicking::try::do_call::h07440897322525a6
[INFO] [stdout]                                at /rustc/df4ca44d3fbc9301ee17f30f4d474e6ae4b05252/library/std/src/panicking.rs:557:40
[INFO] [stdout]   38:     0x5735bc6da2fe - std::panicking::try::he5a2e00188156637
[INFO] [stdout]                                at /rustc/df4ca44d3fbc9301ee17f30f4d474e6ae4b05252/library/std/src/panicking.rs:520:19
[INFO] [stdout]   39:     0x5735bc6da2fe - std::panic::catch_unwind::hbaf3cae49b3c6433
[INFO] [stdout]                                at /rustc/df4ca44d3fbc9301ee17f30f4d474e6ae4b05252/library/std/src/panic.rs:358:14
[INFO] [stdout]   40:     0x5735bc6da2fe - std::thread::Builder::spawn_unchecked_::{{closure}}::h8e141ea224820bce
[INFO] [stdout]                                at /rustc/df4ca44d3fbc9301ee17f30f4d474e6ae4b05252/library/std/src/thread/mod.rs:540:30
[INFO] [stdout]   41:     0x5735bc6da2fe - core::ops::function::FnOnce::call_once{{vtable.shim}}::h90d312fedd7b8ea8
[INFO] [stdout]                                at /rustc/df4ca44d3fbc9301ee17f30f4d474e6ae4b05252/library/core/src/ops/function.rs:250:5
[INFO] [stdout]   42:     0x5735bc76346b - <alloc::boxed::Box<F,A> as core::ops::function::FnOnce<Args>>::call_once::h69aa08ddb6adb8b6
[INFO] [stdout]                                at /rustc/df4ca44d3fbc9301ee17f30f4d474e6ae4b05252/library/alloc/src/boxed.rs:2454:9
[INFO] [stdout]   43:     0x5735bc76346b - <alloc::boxed::Box<F,A> as core::ops::function::FnOnce<Args>>::call_once::h5aa36efdb79c806f
[INFO] [stdout]                                at /rustc/df4ca44d3fbc9301ee17f30f4d474e6ae4b05252/library/alloc/src/boxed.rs:2454:9
[INFO] [stdout]   44:     0x5735bc76346b - std::sys::pal::unix::thread::Thread::new::thread_start::h6cd80a1b4be5158d
[INFO] [stdout]                                at /rustc/df4ca44d3fbc9301ee17f30f4d474e6ae4b05252/library/std/src/sys/pal/unix/thread.rs:105:17
[INFO] [stdout]   45:     0x70d4b2f25ac3 - <unknown>
[INFO] [stdout]   46:     0x70d4b2fb6a04 - clone
[INFO] [stdout]   47:                0x0 - <unknown>
[INFO] [stdout] 
[INFO] [stdout] ---- dbi::test::disown_allows_sharing stdout ----
[INFO] [stdout] thread 'dbi::test::disown_allows_sharing' panicked at src/test_helpers.rs:20:55:
[INFO] [stdout] called `Result::unwrap()` on an `Err` value: Os { code: 30, kind: ReadOnlyFilesystem, message: "Read-only file system" }
[INFO] [stdout] stack backtrace:
[INFO] [stdout]    0:     0x5735bc75d0da - std::backtrace_rs::backtrace::libunwind::trace::h207520d6e9873551
[INFO] [stdout]                                at /rustc/df4ca44d3fbc9301ee17f30f4d474e6ae4b05252/library/std/src/../../backtrace/src/backtrace/libunwind.rs:116:5
[INFO] [stdout]    1:     0x5735bc75d0da - std::backtrace_rs::backtrace::trace_unsynchronized::h2ed7433f370e3eca
[INFO] [stdout]                                at /rustc/df4ca44d3fbc9301ee17f30f4d474e6ae4b05252/library/std/src/../../backtrace/src/backtrace/mod.rs:66:5
[INFO] [stdout]    2:     0x5735bc75d0da - std::sys::backtrace::_print_fmt::h916fac51166b18d7
[INFO] [stdout]                                at /rustc/df4ca44d3fbc9301ee17f30f4d474e6ae4b05252/library/std/src/sys/backtrace.rs:66:9
[INFO] [stdout]    3:     0x5735bc75d0da - <std::sys::backtrace::BacktraceLock::print::DisplayBacktrace as core::fmt::Display>::fmt::ha0a4c9b8ce3802e6
[INFO] [stdout]                                at /rustc/df4ca44d3fbc9301ee17f30f4d474e6ae4b05252/library/std/src/sys/backtrace.rs:39:26
[INFO] [stdout]    4:     0x5735bc784043 - core::fmt::rt::Argument::fmt::h4cfc8587d52b3eb5
[INFO] [stdout]                                at /rustc/df4ca44d3fbc9301ee17f30f4d474e6ae4b05252/library/core/src/fmt/rt.rs:177:76
[INFO] [stdout]    5:     0x5735bc784043 - core::fmt::write::h522cc39e5b36ae9f
[INFO] [stdout]                                at /rustc/df4ca44d3fbc9301ee17f30f4d474e6ae4b05252/library/core/src/fmt/mod.rs:1190:21
[INFO] [stdout]    6:     0x5735bc759ad3 - std::io::Write::write_fmt::h7d3c26752da97734
[INFO] [stdout]                                at /rustc/df4ca44d3fbc9301ee17f30f4d474e6ae4b05252/library/std/src/io/mod.rs:1839:15
[INFO] [stdout]    7:     0x5735bc75cf22 - std::sys::backtrace::BacktraceLock::print::h4b9e00b29e9c0942
[INFO] [stdout]                                at /rustc/df4ca44d3fbc9301ee17f30f4d474e6ae4b05252/library/std/src/sys/backtrace.rs:42:9
[INFO] [stdout]    8:     0x5735bc75e56a - std::panicking::default_hook::{{closure}}::hb59b88280d0324d9
[INFO] [stdout]                                at /rustc/df4ca44d3fbc9301ee17f30f4d474e6ae4b05252/library/std/src/panicking.rs:268:22
[INFO] [stdout]    9:     0x5735bc75e374 - std::panicking::default_hook::he1dd496665be4a29
[INFO] [stdout]                                at /rustc/df4ca44d3fbc9301ee17f30f4d474e6ae4b05252/library/std/src/panicking.rs:292:9
[INFO] [stdout]   10:     0x5735bc70f1e9 - <alloc::boxed::Box<F,A> as core::ops::function::Fn<Args>>::call::h4ff71de18744e1dc
[INFO] [stdout]                                at /rustc/df4ca44d3fbc9301ee17f30f4d474e6ae4b05252/library/alloc/src/boxed.rs:2468:9
[INFO] [stdout]   11:     0x5735bc70f1e9 - test::test_main::{{closure}}::hcf7c055ce117aa81
[INFO] [stdout]                                at /rustc/df4ca44d3fbc9301ee17f30f4d474e6ae4b05252/library/test/src/lib.rs:133:21
[INFO] [stdout]   12:     0x5735bc75ec68 - <alloc::boxed::Box<F,A> as core::ops::function::Fn<Args>>::call::h1d66c6bbd60c9692
[INFO] [stdout]                                at /rustc/df4ca44d3fbc9301ee17f30f4d474e6ae4b05252/library/alloc/src/boxed.rs:2468:9
[INFO] [stdout]   13:     0x5735bc75ec68 - std::panicking::rust_panic_with_hook::h2ff17fe8f26dfcf8
[INFO] [stdout]                                at /rustc/df4ca44d3fbc9301ee17f30f4d474e6ae4b05252/library/std/src/panicking.rs:809:13
[INFO] [stdout]   14:     0x5735bc75ea2a - std::panicking::begin_panic_handler::{{closure}}::h4fad77951c07e101
[INFO] [stdout]                                at /rustc/df4ca44d3fbc9301ee17f30f4d474e6ae4b05252/library/std/src/panicking.rs:674:13
[INFO] [stdout]   15:     0x5735bc75d5b9 - std::sys::backtrace::__rust_end_short_backtrace::hb1a25b3da5d0ea08
[INFO] [stdout]                                at /rustc/df4ca44d3fbc9301ee17f30f4d474e6ae4b05252/library/std/src/sys/backtrace.rs:170:18
[INFO] [stdout]   16:     0x5735bc75e6bc - rust_begin_unwind
[INFO] [stdout]                                at /rustc/df4ca44d3fbc9301ee17f30f4d474e6ae4b05252/library/std/src/panicking.rs:665:5
[INFO] [stdout]   17:     0x5735bc782ae0 - core::panicking::panic_fmt::ha9db07b529f9b256
[INFO] [stdout]                                at /rustc/df4ca44d3fbc9301ee17f30f4d474e6ae4b05252/library/core/src/panicking.rs:75:14
[INFO] [stdout]   18:     0x5735bc782e86 - core::result::unwrap_failed::h5e8218e4d4338b8a
[INFO] [stdout]                                at /rustc/df4ca44d3fbc9301ee17f30f4d474e6ae4b05252/library/core/src/result.rs:1698:5
[INFO] [stdout]   19:     0x5735bc6c42f7 - core::result::Result<T,E>::unwrap::hd7b70f0c1c093e72
[INFO] [stdout]                                at /rustc/df4ca44d3fbc9301ee17f30f4d474e6ae4b05252/library/core/src/result.rs:1103:23
[INFO] [stdout]   20:     0x5735bc6c42f7 - ord_lmdb_zero::test_helpers::create_env::h9efcd1c14296036c
[INFO] [stdout]                                at /opt/rustwide/workdir/src/test_helpers.rs:20:13
[INFO] [stdout]   21:     0x5735bc6c7d7c - ord_lmdb_zero::dbi::test::disown_allows_sharing::h010d97d723e9a302
[INFO] [stdout]                                at /opt/rustwide/workdir/src/dbi.rs:959:19
[INFO] [stdout]   22:     0x5735bc6c7d37 - ord_lmdb_zero::dbi::test::disown_allows_sharing::{{closure}}::h89e3e3b9ca875537
[INFO] [stdout]                                at /opt/rustwide/workdir/src/dbi.rs:958:31
[INFO] [stdout]   23:     0x5735bc6c11b6 - core::ops::function::FnOnce::call_once::h9525bd341538255b
[INFO] [stdout]                                at /rustc/df4ca44d3fbc9301ee17f30f4d474e6ae4b05252/library/core/src/ops/function.rs:250:5
[INFO] [stdout]   24:     0x5735bc713abb - core::ops::function::FnOnce::call_once::h22c3ba5715e93f05
[INFO] [stdout]                                at /rustc/df4ca44d3fbc9301ee17f30f4d474e6ae4b05252/library/core/src/ops/function.rs:250:5
[INFO] [stdout]   25:     0x5735bc713abb - test::__rust_begin_short_backtrace::h8e82d8113d0da17f
[INFO] [stdout]                                at /rustc/df4ca44d3fbc9301ee17f30f4d474e6ae4b05252/library/test/src/lib.rs:621:18
[INFO] [stdout]   26:     0x5735bc713437 - test::run_test_in_process::{{closure}}::h33235f4f20b7b7c7
[INFO] [stdout]                                at /rustc/df4ca44d3fbc9301ee17f30f4d474e6ae4b05252/library/test/src/lib.rs:644:60
[INFO] [stdout]   27:     0x5735bc713437 - <core::panic::unwind_safe::AssertUnwindSafe<F> as core::ops::function::FnOnce<()>>::call_once::hb5043206310c586f
[INFO] [stdout]                                at /rustc/df4ca44d3fbc9301ee17f30f4d474e6ae4b05252/library/core/src/panic/unwind_safe.rs:272:9
[INFO] [stdout]   28:     0x5735bc713437 - std::panicking::try::do_call::h9ad4731a60ab23e2
[INFO] [stdout]                                at /rustc/df4ca44d3fbc9301ee17f30f4d474e6ae4b05252/library/std/src/panicking.rs:557:40
[INFO] [stdout]   29:     0x5735bc713437 - std::panicking::try::h3824d23db772a716
[INFO] [stdout]                                at /rustc/df4ca44d3fbc9301ee17f30f4d474e6ae4b05252/library/std/src/panicking.rs:520:19
[INFO] [stdout]   30:     0x5735bc713437 - std::panic::catch_unwind::h5afd514605fde46b
[INFO] [stdout]                                at /rustc/df4ca44d3fbc9301ee17f30f4d474e6ae4b05252/library/std/src/panic.rs:358:14
[INFO] [stdout]   31:     0x5735bc713437 - test::run_test_in_process::h0d5cbfa7067d1720
[INFO] [stdout]                                at /rustc/df4ca44d3fbc9301ee17f30f4d474e6ae4b05252/library/test/src/lib.rs:644:27
[INFO] [stdout]   32:     0x5735bc713437 - test::run_test::{{closure}}::h708eb8872708115d
[INFO] [stdout]                                at /rustc/df4ca44d3fbc9301ee17f30f4d474e6ae4b05252/library/test/src/lib.rs:565:43
[INFO] [stdout]   33:     0x5735bc6d6b54 - test::run_test::{{closure}}::h392c51cee94713ab
[INFO] [stdout]                                at /rustc/df4ca44d3fbc9301ee17f30f4d474e6ae4b05252/library/test/src/lib.rs:595:41
[INFO] [stdout]   34:     0x5735bc6d6b54 - std::sys::backtrace::__rust_begin_short_backtrace::h2f40290710935a8b
[INFO] [stdout]                                at /rustc/df4ca44d3fbc9301ee17f30f4d474e6ae4b05252/library/std/src/sys/backtrace.rs:154:18
[INFO] [stdout]   35:     0x5735bc6da2fe - std::thread::Builder::spawn_unchecked_::{{closure}}::{{closure}}::h3fd968d89053a903
[INFO] [stdout]                                at /rustc/df4ca44d3fbc9301ee17f30f4d474e6ae4b05252/library/std/src/thread/mod.rs:541:17
[INFO] [stdout]   36:     0x5735bc6da2fe - <core::panic::unwind_safe::AssertUnwindSafe<F> as core::ops::function::FnOnce<()>>::call_once::h743f637ba4229880
[INFO] [stdout]                                at /rustc/df4ca44d3fbc9301ee17f30f4d474e6ae4b05252/library/core/src/panic/unwind_safe.rs:272:9
[INFO] [stdout]   37:     0x5735bc6da2fe - std::panicking::try::do_call::h07440897322525a6
[INFO] [stdout]                                at /rustc/df4ca44d3fbc9301ee17f30f4d474e6ae4b05252/library/std/src/panicking.rs:557:40
[INFO] [stdout]   38:     0x5735bc6da2fe - std::panicking::try::he5a2e00188156637
[INFO] [stdout]                                at /rustc/df4ca44d3fbc9301ee17f30f4d474e6ae4b05252/library/std/src/panicking.rs:520:19
[INFO] [stdout]   39:     0x5735bc6da2fe - std::panic::catch_unwind::hbaf3cae49b3c6433
[INFO] [stdout]                                at /rustc/df4ca44d3fbc9301ee17f30f4d474e6ae4b05252/library/std/src/panic.rs:358:14
[INFO] [stdout]   40:     0x5735bc6da2fe - std::thread::Builder::spawn_unchecked_::{{closure}}::h8e141ea224820bce
[INFO] [stdout]                                at /rustc/df4ca44d3fbc9301ee17f30f4d474e6ae4b05252/library/std/src/thread/mod.rs:540:30
[INFO] [stdout]   41:     0x5735bc6da2fe - core::ops::function::FnOnce::call_once{{vtable.shim}}::h90d312fedd7b8ea8
[INFO] [stdout]                                at /rustc/df4ca44d3fbc9301ee17f30f4d474e6ae4b05252/library/core/src/ops/function.rs:250:5
[INFO] [stdout]   42:     0x5735bc76346b - <alloc::boxed::Box<F,A> as core::ops::function::FnOnce<Args>>::call_once::h69aa08ddb6adb8b6
[INFO] [stdout]                                at /rustc/df4ca44d3fbc9301ee17f30f4d474e6ae4b05252/library/alloc/src/boxed.rs:2454:9
[INFO] [stdout]   43:     0x5735bc76346b - <alloc::boxed::Box<F,A> as core::ops::function::FnOnce<Args>>::call_once::h5aa36efdb79c806f
[INFO] [stdout]                                at /rustc/df4ca44d3fbc9301ee17f30f4d474e6ae4b05252/library/alloc/src/boxed.rs:2454:9
[INFO] [stdout]   44:     0x5735bc76346b - std::sys::pal::unix::thread::Thread::new::thread_start::h6cd80a1b4be5158d
[INFO] [stdout]                                at /rustc/df4ca44d3fbc9301ee17f30f4d474e6ae4b05252/library/std/src/sys/pal/unix/thread.rs:105:17
[INFO] [stdout]   45:     0x70d4b2f25ac3 - <unknown>
[INFO] [stdout]   46:     0x70d4b2fb6a04 - clone
[INFO] [stdout]   47:                0x0 - <unknown>
[INFO] [stdout] 
[INFO] [stdout] ---- env::test::borrow_raw_doesnt_take_ownership stdout ----
[INFO] [stdout] thread 'env::test::borrow_raw_doesnt_take_ownership' panicked at src/test_helpers.rs:20:55:
[INFO] [stdout] called `Result::unwrap()` on an `Err` value: Os { code: 30, kind: ReadOnlyFilesystem, message: "Read-only file system" }
[INFO] [stdout] stack backtrace:
[INFO] [stdout]    0:     0x5735bc75d0da - std::backtrace_rs::backtrace::libunwind::trace::h207520d6e9873551
[INFO] [stdout]                                at /rustc/df4ca44d3fbc9301ee17f30f4d474e6ae4b05252/library/std/src/../../backtrace/src/backtrace/libunwind.rs:116:5
[INFO] [stdout]    1:     0x5735bc75d0da - std::backtrace_rs::backtrace::trace_unsynchronized::h2ed7433f370e3eca
[INFO] [stdout]                                at /rustc/df4ca44d3fbc9301ee17f30f4d474e6ae4b05252/library/std/src/../../backtrace/src/backtrace/mod.rs:66:5
[INFO] [stdout]    2:     0x5735bc75d0da - std::sys::backtrace::_print_fmt::h916fac51166b18d7
[INFO] [stdout]                                at /rustc/df4ca44d3fbc9301ee17f30f4d474e6ae4b05252/library/std/src/sys/backtrace.rs:66:9
[INFO] [stdout]    3:     0x5735bc75d0da - <std::sys::backtrace::BacktraceLock::print::DisplayBacktrace as core::fmt::Display>::fmt::ha0a4c9b8ce3802e6
[INFO] [stdout]                                at /rustc/df4ca44d3fbc9301ee17f30f4d474e6ae4b05252/library/std/src/sys/backtrace.rs:39:26
[INFO] [stdout]    4:     0x5735bc784043 - core::fmt::rt::Argument::fmt::h4cfc8587d52b3eb5
[INFO] [stdout]                                at /rustc/df4ca44d3fbc9301ee17f30f4d474e6ae4b05252/library/core/src/fmt/rt.rs:177:76
[INFO] [stdout]    5:     0x5735bc784043 - core::fmt::write::h522cc39e5b36ae9f
[INFO] [stdout]                                at /rustc/df4ca44d3fbc9301ee17f30f4d474e6ae4b05252/library/core/src/fmt/mod.rs:1190:21
[INFO] [stdout]    6:     0x5735bc759ad3 - std::io::Write::write_fmt::h7d3c26752da97734
[INFO] [stdout]                                at /rustc/df4ca44d3fbc9301ee17f30f4d474e6ae4b05252/library/std/src/io/mod.rs:1839:15
[INFO] [stdout]    7:     0x5735bc75cf22 - std::sys::backtrace::BacktraceLock::print::h4b9e00b29e9c0942
[INFO] [stdout]                                at /rustc/df4ca44d3fbc9301ee17f30f4d474e6ae4b05252/library/std/src/sys/backtrace.rs:42:9
[INFO] [stdout]    8:     0x5735bc75e56a - std::panicking::default_hook::{{closure}}::hb59b88280d0324d9
[INFO] [stdout]                                at /rustc/df4ca44d3fbc9301ee17f30f4d474e6ae4b05252/library/std/src/panicking.rs:268:22
[INFO] [stdout]    9:     0x5735bc75e374 - std::panicking::default_hook::he1dd496665be4a29
[INFO] [stdout]                                at /rustc/df4ca44d3fbc9301ee17f30f4d474e6ae4b05252/library/std/src/panicking.rs:292:9
[INFO] [stdout]   10:     0x5735bc70f1e9 - <alloc::boxed::Box<F,A> as core::ops::function::Fn<Args>>::call::h4ff71de18744e1dc
[INFO] [stdout]                                at /rustc/df4ca44d3fbc9301ee17f30f4d474e6ae4b05252/library/alloc/src/boxed.rs:2468:9
[INFO] [stdout]   11:     0x5735bc70f1e9 - test::test_main::{{closure}}::hcf7c055ce117aa81
[INFO] [stdout]                                at /rustc/df4ca44d3fbc9301ee17f30f4d474e6ae4b05252/library/test/src/lib.rs:133:21
[INFO] [stdout]   12:     0x5735bc75ec68 - <alloc::boxed::Box<F,A> as core::ops::function::Fn<Args>>::call::h1d66c6bbd60c9692
[INFO] [stdout]                                at /rustc/df4ca44d3fbc9301ee17f30f4d474e6ae4b05252/library/alloc/src/boxed.rs:2468:9
[INFO] [stdout]   13:     0x5735bc75ec68 - std::panicking::rust_panic_with_hook::h2ff17fe8f26dfcf8
[INFO] [stdout]                                at /rustc/df4ca44d3fbc9301ee17f30f4d474e6ae4b05252/library/std/src/panicking.rs:809:13
[INFO] [stdout]   14:     0x5735bc75ea2a - std::panicking::begin_panic_handler::{{closure}}::h4fad77951c07e101
[INFO] [stdout]                                at /rustc/df4ca44d3fbc9301ee17f30f4d474e6ae4b05252/library/std/src/panicking.rs:674:13
[INFO] [stdout]   15:     0x5735bc75d5b9 - std::sys::backtrace::__rust_end_short_backtrace::hb1a25b3da5d0ea08
[INFO] [stdout]                                at /rustc/df4ca44d3fbc9301ee17f30f4d474e6ae4b05252/library/std/src/sys/backtrace.rs:170:18
[INFO] [stdout]   16:     0x5735bc75e6bc - rust_begin_unwind
[INFO] [stdout]                                at /rustc/df4ca44d3fbc9301ee17f30f4d474e6ae4b05252/library/std/src/panicking.rs:665:5
[INFO] [stdout]   17:     0x5735bc782ae0 - core::panicking::panic_fmt::ha9db07b529f9b256
[INFO] [stdout]                                at /rustc/df4ca44d3fbc9301ee17f30f4d474e6ae4b05252/library/core/src/panicking.rs:75:14
[INFO] [stdout]   18:     0x5735bc782e86 - core::result::unwrap_failed::h5e8218e4d4338b8a
[INFO] [stdout]                                at /rustc/df4ca44d3fbc9301ee17f30f4d474e6ae4b05252/library/core/src/result.rs:1698:5
[INFO] [stdout]   19:     0x5735bc6c42f7 - core::result::Result<T,E>::unwrap::hd7b70f0c1c093e72
[INFO] [stdout]                                at /rustc/df4ca44d3fbc9301ee17f30f4d474e6ae4b05252/library/core/src/result.rs:1103:23
[INFO] [stdout]   20:     0x5735bc6c42f7 - ord_lmdb_zero::test_helpers::create_env::h9efcd1c14296036c
[INFO] [stdout]                                at /opt/rustwide/workdir/src/test_helpers.rs:20:13
[INFO] [stdout]   21:     0x5735bc6d3dd4 - ord_lmdb_zero::env::test::borrow_raw_doesnt_take_ownership::h071f488ae1afb2a5
[INFO] [stdout]                                at /opt/rustwide/workdir/src/env.rs:705:25
[INFO] [stdout]   22:     0x5735bc6d3d97 - ord_lmdb_zero::env::test::borrow_raw_doesnt_take_ownership::{{closure}}::hec09024ee0993695
[INFO] [stdout]                                at /opt/rustwide/workdir/src/env.rs:704:42
[INFO] [stdout]   23:     0x5735bc6c10e6 - core::ops::function::FnOnce::call_once::h689fdf949c34e8dd
[INFO] [stdout]                                at /rustc/df4ca44d3fbc9301ee17f30f4d474e6ae4b05252/library/core/src/ops/function.rs:250:5
[INFO] [stdout]   24:     0x5735bc713abb - core::ops::function::FnOnce::call_once::h22c3ba5715e93f05
[INFO] [stdout]                                at /rustc/df4ca44d3fbc9301ee17f30f4d474e6ae4b05252/library/core/src/ops/function.rs:250:5
[INFO] [stdout]   25:     0x5735bc713abb - test::__rust_begin_short_backtrace::h8e82d8113d0da17f
[INFO] [stdout]                                at /rustc/df4ca44d3fbc9301ee17f30f4d474e6ae4b05252/library/test/src/lib.rs:621:18
[INFO] [stdout]   26:     0x5735bc713437 - test::run_test_in_process::{{closure}}::h33235f4f20b7b7c7
[INFO] [stdout]                                at /rustc/df4ca44d3fbc9301ee17f30f4d474e6ae4b05252/library/test/src/lib.rs:644:60
[INFO] [stdout]   27:     0x5735bc713437 - <core::panic::unwind_safe::AssertUnwindSafe<F> as core::ops::function::FnOnce<()>>::call_once::hb5043206310c586f
[INFO] [stdout]                                at /rustc/df4ca44d3fbc9301ee17f30f4d474e6ae4b05252/library/core/src/panic/unwind_safe.rs:272:9
[INFO] [stdout]   28:     0x5735bc713437 - std::panicking::try::do_call::h9ad4731a60ab23e2
[INFO] [stdout]                                at /rustc/df4ca44d3fbc9301ee17f30f4d474e6ae4b05252/library/std/src/panicking.rs:557:40
[INFO] [stdout]   29:     0x5735bc713437 - std::panicking::try::h3824d23db772a716
[INFO] [stdout]                                at /rustc/df4ca44d3fbc9301ee17f30f4d474e6ae4b05252/library/std/src/panicking.rs:520:19
[INFO] [stdout]   30:     0x5735bc713437 - std::panic::catch_unwind::h5afd514605fde46b
[INFO] [stdout]                                at /rustc/df4ca44d3fbc9301ee17f30f4d474e6ae4b05252/library/std/src/panic.rs:358:14
[INFO] [stdout]   31:     0x5735bc713437 - test::run_test_in_process::h0d5cbfa7067d1720
[INFO] [stdout]                                at /rustc/df4ca44d3fbc9301ee17f30f4d474e6ae4b05252/library/test/src/lib.rs:644:27
[INFO] [stdout]   32:     0x5735bc713437 - test::run_test::{{closure}}::h708eb8872708115d
[INFO] [stdout]                                at /rustc/df4ca44d3fbc9301ee17f30f4d474e6ae4b05252/library/test/src/lib.rs:565:43
[INFO] [stdout]   33:     0x5735bc6d6b54 - test::run_test::{{closure}}::h392c51cee94713ab
[INFO] [stdout]                                at /rustc/df4ca44d3fbc9301ee17f30f4d474e6ae4b05252/library/test/src/lib.rs:595:41
[INFO] [stdout]   34:     0x5735bc6d6b54 - std::sys::backtrace::__rust_begin_short_backtrace::h2f40290710935a8b
[INFO] [stdout]                                at /rustc/df4ca44d3fbc9301ee17f30f4d474e6ae4b05252/library/std/src/sys/backtrace.rs:154:18
[INFO] [stdout]   35:     0x5735bc6da2fe - std::thread::Builder::spawn_unchecked_::{{closure}}::{{closure}}::h3fd968d89053a903
[INFO] [stdout]                                at /rustc/df4ca44d3fbc9301ee17f30f4d474e6ae4b05252/library/std/src/thread/mod.rs:541:17
[INFO] [stdout]   36:     0x5735bc6da2fe - <core::panic::unwind_safe::AssertUnwindSafe<F> as core::ops::function::FnOnce<()>>::call_once::h743f637ba4229880
[INFO] [stdout]                                at /rustc/df4ca44d3fbc9301ee17f30f4d474e6ae4b05252/library/core/src/panic/unwind_safe.rs:272:9
[INFO] [stdout]   37:     0x5735bc6da2fe - std::panicking::try::do_call::h07440897322525a6
[INFO] [stdout]                                at /rustc/df4ca44d3fbc9301ee17f30f4d474e6ae4b05252/library/std/src/panicking.rs:557:40
[INFO] [stdout]   38:     0x5735bc6da2fe - std::panicking::try::he5a2e00188156637
[INFO] [stdout]                                at /rustc/df4ca44d3fbc9301ee17f30f4d474e6ae4b05252/library/std/src/panicking.rs:520:19
[INFO] [stdout]   39:     0x5735bc6da2fe - std::panic::catch_unwind::hbaf3cae49b3c6433
[INFO] [stdout]                                at /rustc/df4ca44d3fbc9301ee17f30f4d474e6ae4b05252/library/std/src/panic.rs:358:14
[INFO] [stdout]   40:     0x5735bc6da2fe - std::thread::Builder::spawn_unchecked_::{{closure}}::h8e141ea224820bce
[INFO] [stdout]                                at /rustc/df4ca44d3fbc9301ee17f30f4d474e6ae4b05252/library/std/src/thread/mod.rs:540:30
[INFO] [stdout]   41:     0x5735bc6da2fe - core::ops::function::FnOnce::call_once{{vtable.shim}}::h90d312fedd7b8ea8
[INFO] [stdout]                                at /rustc/df4ca44d3fbc9301ee17f30f4d474e6ae4b05252/library/core/src/ops/function.rs:250:5
[INFO] [stdout]   42:     0x5735bc76346b - <alloc::boxed::Box<F,A> as core::ops::function::FnOnce<Args>>::call_once::h69aa08ddb6adb8b6
[INFO] [stdout]                                at /rustc/df4ca44d3fbc9301ee17f30f4d474e6ae4b05252/library/alloc/src/boxed.rs:2454:9
[INFO] [stdout]   43:     0x5735bc76346b - <alloc::boxed::Box<F,A> as core::ops::function::FnOnce<Args>>::call_once::h5aa36efdb79c806f
[INFO] [stdout]                                at /rustc/df4ca44d3fbc9301ee17f30f4d474e6ae4b05252/library/alloc/src/boxed.rs:2454:9
[INFO] [stdout]   44:     0x5735bc76346b - std::sys::pal::unix::thread::Thread::new::thread_start::h6cd80a1b4be5158d
[INFO] [stdout]                                at /rustc/df4ca44d3fbc9301ee17f30f4d474e6ae4b05252/library/std/src/sys/pal/unix/thread.rs:105:17
[INFO] [stdout]   45:     0x70d4b2f25ac3 - <unknown>
[INFO] [stdout]   46:     0x70d4b2fb6a04 - clone
[INFO] [stdout]   47:                0x0 - <unknown>
[INFO] [stdout] 
[INFO] [stdout] ---- cursor::test::get_multiple_with_one_item stdout ----
[INFO] [stdout] thread 'cursor::test::get_multiple_with_one_item' panicked at src/test_helpers.rs:20:55:
[INFO] [stdout] called `Result::unwrap()` on an `Err` value: Os { code: 30, kind: ReadOnlyFilesystem, message: "Read-only file system" }
[INFO] [stdout] stack backtrace:
[INFO] [stdout]    0:     0x5735bc75d0da - std::backtrace_rs::backtrace::libunwind::trace::h207520d6e9873551
[INFO] [stdout]                                at /rustc/df4ca44d3fbc9301ee17f30f4d474e6ae4b05252/library/std/src/../../backtrace/src/backtrace/libunwind.rs:116:5
[INFO] [stdout]    1:     0x5735bc75d0da - std::backtrace_rs::backtrace::trace_unsynchronized::h2ed7433f370e3eca
[INFO] [stdout]                                at /rustc/df4ca44d3fbc9301ee17f30f4d474e6ae4b05252/library/std/src/../../backtrace/src/backtrace/mod.rs:66:5
[INFO] [stdout]    2:     0x5735bc75d0da - std::sys::backtrace::_print_fmt::h916fac51166b18d7
[INFO] [stdout]                                at /rustc/df4ca44d3fbc9301ee17f30f4d474e6ae4b05252/library/std/src/sys/backtrace.rs:66:9
[INFO] [stdout]    3:     0x5735bc75d0da - <std::sys::backtrace::BacktraceLock::print::DisplayBacktrace as core::fmt::Display>::fmt::ha0a4c9b8ce3802e6
[INFO] [stdout]                                at /rustc/df4ca44d3fbc9301ee17f30f4d474e6ae4b05252/library/std/src/sys/backtrace.rs:39:26
[INFO] [stdout]    4:     0x5735bc784043 - core::fmt::rt::Argument::fmt::h4cfc8587d52b3eb5
[INFO] [stdout]                                at /rustc/df4ca44d3fbc9301ee17f30f4d474e6ae4b05252/library/core/src/fmt/rt.rs:177:76
[INFO] [stdout]    5:     0x5735bc784043 - core::fmt::write::h522cc39e5b36ae9f
[INFO] [stdout]                                at /rustc/df4ca44d3fbc9301ee17f30f4d474e6ae4b05252/library/core/src/fmt/mod.rs:1190:21
[INFO] [stdout]    6:     0x5735bc759ad3 - std::io::Write::write_fmt::h7d3c26752da97734
[INFO] [stdout]                                at /rustc/df4ca44d3fbc9301ee17f30f4d474e6ae4b05252/library/std/src/io/mod.rs:1839:15
[INFO] [stdout]    7:     0x5735bc75cf22 - std::sys::backtrace::BacktraceLock::print::h4b9e00b29e9c0942
[INFO] [stdout]                                at /rustc/df4ca44d3fbc9301ee17f30f4d474e6ae4b05252/library/std/src/sys/backtrace.rs:42:9
[INFO] [stdout]    8:     0x5735bc75e56a - std::panicking::default_hook::{{closure}}::hb59b88280d0324d9
[INFO] [stdout]                                at /rustc/df4ca44d3fbc9301ee17f30f4d474e6ae4b05252/library/std/src/panicking.rs:268:22
[INFO] [stdout]    9:     0x5735bc75e374 - std::panicking::default_hook::he1dd496665be4a29
[INFO] [stdout]                                at /rustc/df4ca44d3fbc9301ee17f30f4d474e6ae4b05252/library/std/src/panicking.rs:292:9
[INFO] [stdout]   10:     0x5735bc70f1e9 - <alloc::boxed::Box<F,A> as core::ops::function::Fn<Args>>::call::h4ff71de18744e1dc
[INFO] [stdout]                                at /rustc/df4ca44d3fbc9301ee17f30f4d474e6ae4b05252/library/alloc/src/boxed.rs:2468:9
[INFO] [stdout]   11:     0x5735bc70f1e9 - test::test_main::{{closure}}::hcf7c055ce117aa81
[INFO] [stdout]                                at /rustc/df4ca44d3fbc9301ee17f30f4d474e6ae4b05252/library/test/src/lib.rs:133:21
[INFO] [stdout]   12:     0x5735bc75ec68 - <alloc::boxed::Box<F,A> as core::ops::function::Fn<Args>>::call::h1d66c6bbd60c9692
[INFO] [stdout]                                at /rustc/df4ca44d3fbc9301ee17f30f4d474e6ae4b05252/library/alloc/src/boxed.rs:2468:9
[INFO] [stdout]   13:     0x5735bc75ec68 - std::panicking::rust_panic_with_hook::h2ff17fe8f26dfcf8
[INFO] [stdout]                                at /rustc/df4ca44d3fbc9301ee17f30f4d474e6ae4b05252/library/std/src/panicking.rs:809:13
[INFO] [stdout]   14:     0x5735bc75ea2a - std::panicking::begin_panic_handler::{{closure}}::h4fad77951c07e101
[INFO] [stdout]                                at /rustc/df4ca44d3fbc9301ee17f30f4d474e6ae4b05252/library/std/src/panicking.rs:674:13
[INFO] [stdout]   15:     0x5735bc75d5b9 - std::sys::backtrace::__rust_end_short_backtrace::hb1a25b3da5d0ea08
[INFO] [stdout]                                at /rustc/df4ca44d3fbc9301ee17f30f4d474e6ae4b05252/library/std/src/sys/backtrace.rs:170:18
[INFO] [stdout]   16:     0x5735bc75e6bc - rust_begin_unwind
[INFO] [stdout]                                at /rustc/df4ca44d3fbc9301ee17f30f4d474e6ae4b05252/library/std/src/panicking.rs:665:5
[INFO] [stdout]   17:     0x5735bc782ae0 - core::panicking::panic_fmt::ha9db07b529f9b256
[INFO] [stdout]                                at /rustc/df4ca44d3fbc9301ee17f30f4d474e6ae4b05252/library/core/src/panicking.rs:75:14
[INFO] [stdout]   18:     0x5735bc782e86 - core::result::unwrap_failed::h5e8218e4d4338b8a
[INFO] [stdout]                                at /rustc/df4ca44d3fbc9301ee17f30f4d474e6ae4b05252/library/core/src/result.rs:1698:5
[INFO] [stdout]   19:     0x5735bc6c42f7 - core::result::Result<T,E>::unwrap::hd7b70f0c1c093e72
[INFO] [stdout]                                at /rustc/df4ca44d3fbc9301ee17f30f4d474e6ae4b05252/library/core/src/result.rs:1103:23
[INFO] [stdout]   20:     0x5735bc6c42f7 - ord_lmdb_zero::test_helpers::create_env::h9efcd1c14296036c
[INFO] [stdout]                                at /opt/rustwide/workdir/src/test_helpers.rs:20:13
[INFO] [stdout]   21:     0x5735bc6d4704 - ord_lmdb_zero::cursor::test::get_multiple_with_one_item::hce24366b6a5329b2
[INFO] [stdout]                                at /opt/rustwide/workdir/src/cursor.rs:1561:19
[INFO] [stdout]   22:     0x5735bc6d46d7 - ord_lmdb_zero::cursor::test::get_multiple_with_one_item::{{closure}}::h39f728867793ef35
[INFO] [stdout]                                at /opt/rustwide/workdir/src/cursor.rs:1560:36
[INFO] [stdout]   23:     0x5735bc6c1176 - core::ops::function::FnOnce::call_once::h81a2d1b7c43ef70b
[INFO] [stdout]                                at /rustc/df4ca44d3fbc9301ee17f30f4d474e6ae4b05252/library/core/src/ops/function.rs:250:5
[INFO] [stdout]   24:     0x5735bc713abb - core::ops::function::FnOnce::call_once::h22c3ba5715e93f05
[INFO] [stdout]                                at /rustc/df4ca44d3fbc9301ee17f30f4d474e6ae4b05252/library/core/src/ops/function.rs:250:5
[INFO] [stdout]   25:     0x5735bc713abb - test::__rust_begin_short_backtrace::h8e82d8113d0da17f
[INFO] [stdout]                                at /rustc/df4ca44d3fbc9301ee17f30f4d474e6ae4b05252/library/test/src/lib.rs:621:18
[INFO] [stdout]   26:     0x5735bc713437 - test::run_test_in_process::{{closure}}::h33235f4f20b7b7c7
[INFO] [stdout]                                at /rustc/df4ca44d3fbc9301ee17f30f4d474e6ae4b05252/library/test/src/lib.rs:644:60
[INFO] [stdout]   27:     0x5735bc713437 - <core::panic::unwind_safe::AssertUnwindSafe<F> as core::ops::function::FnOnce<()>>::call_once::hb5043206310c586f
[INFO] [stdout]                                at /rustc/df4ca44d3fbc9301ee17f30f4d474e6ae4b05252/library/core/src/panic/unwind_safe.rs:272:9
[INFO] [stdout]   28:     0x5735bc713437 - std::panicking::try::do_call::h9ad4731a60ab23e2
[INFO] [stdout]                                at /rustc/df4ca44d3fbc9301ee17f30f4d474e6ae4b05252/library/std/src/panicking.rs:557:40
[INFO] [stdout]   29:     0x5735bc713437 - std::panicking::try::h3824d23db772a716
[INFO] [stdout]                                at /rustc/df4ca44d3fbc9301ee17f30f4d474e6ae4b05252/library/std/src/panicking.rs:520:19
[INFO] [stdout]   30:     0x5735bc713437 - std::panic::catch_unwind::h5afd514605fde46b
[INFO] [stdout]                                at /rustc/df4ca44d3fbc9301ee17f30f4d474e6ae4b05252/library/std/src/panic.rs:358:14
[INFO] [stdout]   31:     0x5735bc713437 - test::run_test_in_process::h0d5cbfa7067d1720
[INFO] [stdout]                                at /rustc/df4ca44d3fbc9301ee17f30f4d474e6ae4b05252/library/test/src/lib.rs:644:27
[INFO] [stdout]   32:     0x5735bc713437 - test::run_test::{{closure}}::h708eb8872708115d
[INFO] [stdout]                                at /rustc/df4ca44d3fbc9301ee17f30f4d474e6ae4b05252/library/test/src/lib.rs:565:43
[INFO] [stdout]   33:     0x5735bc6d6b54 - test::run_test::{{closure}}::h392c51cee94713ab
[INFO] [stdout]                                at /rustc/df4ca44d3fbc9301ee17f30f4d474e6ae4b05252/library/test/src/lib.rs:595:41
[INFO] [stdout]   34:     0x5735bc6d6b54 - std::sys::backtrace::__rust_begin_short_backtrace::h2f40290710935a8b
[INFO] [stdout]                                at /rustc/df4ca44d3fbc9301ee17f30f4d474e6ae4b05252/library/std/src/sys/backtrace.rs:154:18
[INFO] [stdout]   35:     0x5735bc6da2fe - std::thread::Builder::spawn_unchecked_::{{closure}}::{{closure}}::h3fd968d89053a903
[INFO] [stdout]                                at /rustc/df4ca44d3fbc9301ee17f30f4d474e6ae4b05252/library/std/src/thread/mod.rs:541:17
[INFO] [stdout]   36:     0x5735bc6da2fe - <core::panic::unwind_safe::AssertUnwindSafe<F> as core::ops::function::FnOnce<()>>::call_once::h743f637ba4229880
[INFO] [stdout]                                at /rustc/df4ca44d3fbc9301ee17f30f4d474e6ae4b05252/library/core/src/panic/unwind_safe.rs:272:9
[INFO] [stdout]   37:     0x5735bc6da2fe - std::panicking::try::do_call::h07440897322525a6
[INFO] [stdout]                                at /rustc/df4ca44d3fbc9301ee17f30f4d474e6ae4b05252/library/std/src/panicking.rs:557:40
[INFO] [stdout]   38:     0x5735bc6da2fe - std::panicking::try::he5a2e00188156637
[INFO] [stdout]                                at /rustc/df4ca44d3fbc9301ee17f30f4d474e6ae4b05252/library/std/src/panicking.rs:520:19
[INFO] [stdout]   39:     0x5735bc6da2fe - std::panic::catch_unwind::hbaf3cae49b3c6433
[INFO] [stdout]                                at /rustc/df4ca44d3fbc9301ee17f30f4d474e6ae4b05252/library/std/src/panic.rs:358:14
[INFO] [stdout]   40:     0x5735bc6da2fe - std::thread::Builder::spawn_unchecked_::{{closure}}::h8e141ea224820bce
[INFO] [stdout]                                at /rustc/df4ca44d3fbc9301ee17f30f4d474e6ae4b05252/library/std/src/thread/mod.rs:540:30
[INFO] [stdout]   41:     0x5735bc6da2fe - core::ops::function::FnOnce::call_once{{vtable.shim}}::h90d312fedd7b8ea8
[INFO] [stdout]                                at /rustc/df4ca44d3fbc9301ee17f30f4d474e6ae4b05252/library/core/src/ops/function.rs:250:5
[INFO] [stdout]   42:     0x5735bc76346b - <alloc::boxed::Box<F,A> as core::ops::function::FnOnce<Args>>::call_once::h69aa08ddb6adb8b6
[INFO] [stdout]                                at /rustc/df4ca44d3fbc9301ee17f30f4d474e6ae4b05252/library/alloc/src/boxed.rs:2454:9
[INFO] [stdout]   43:     0x5735bc76346b - <alloc::boxed::Box<F,A> as core::ops::function::FnOnce<Args>>::call_once::h5aa36efdb79c806f
[INFO] [stdout]                                at /rustc/df4ca44d3fbc9301ee17f30f4d474e6ae4b05252/library/alloc/src/boxed.rs:2454:9
[INFO] [stdout]   44:     0x5735bc76346b - std::sys::pal::unix::thread::Thread::new::thread_start::h6cd80a1b4be5158d
[INFO] [stdout]                                at /rustc/df4ca44d3fbc9301ee17f30f4d474e6ae4b05252/library/std/src/sys/pal/unix/thread.rs:105:17
[INFO] [stdout]   45:     0x70d4b2f25ac3 - <unknown>
[INFO] [stdout]   46:     0x70d4b2fb6a04 - clone
[INFO] [stdout]   47:                0x0 - <unknown>
[INFO] [stdout] 
[INFO] [stdout] 
[INFO] [stdout] failures:
[INFO] [stdout]     cursor::test::get_multiple_with_one_item
[INFO] [stdout]     dbi::test::borrow_raw_allows_sharing
[INFO] [stdout]     dbi::test::disown_allows_sharing
[INFO] [stdout]     env::test::borrow_raw_doesnt_take_ownership
[INFO] [stdout] 
[INFO] [stdout] test result: FAILED. 0 passed; 4 failed; 0 ignored; 0 measured; 0 filtered out; finished in 0.02s
[INFO] [stdout] 
[INFO] running `Command { std: "docker" "inspect" "5fffbc204d5a3066ed4d74b81dab193882d71cfc5f75b3b6cefaa51baf27bb29", kill_on_drop: false }`
[INFO] running `Command { std: "docker" "rm" "-f" "5fffbc204d5a3066ed4d74b81dab193882d71cfc5f75b3b6cefaa51baf27bb29", kill_on_drop: false }`
[INFO] [stdout] 5fffbc204d5a3066ed4d74b81dab193882d71cfc5f75b3b6cefaa51baf27bb29
