[INFO] fetching crate oracle_procmacro 0.1.2...
[INFO] testing oracle_procmacro-0.1.2 against nightly-2024-10-28+rustflags=-Zrandomize-layout for randomize-layout
[INFO] extracting crate oracle_procmacro 0.1.2 into /workspace/builds/worker-3-tc2/source
[INFO] validating manifest of crates.io crate oracle_procmacro 0.1.2 on toolchain nightly-2024-10-28
[INFO] running `Command { std: CARGO_HOME="/workspace/cargo-home" RUSTUP_HOME="/workspace/rustup-home" "/workspace/cargo-home/bin/cargo" "+nightly-2024-10-28" "metadata" "--manifest-path" "Cargo.toml" "--no-deps", kill_on_drop: false }`
[INFO] started tweaking crates.io crate oracle_procmacro 0.1.2
[INFO] finished tweaking crates.io crate oracle_procmacro 0.1.2
[INFO] tweaked toml for crates.io crate oracle_procmacro 0.1.2 written to /workspace/builds/worker-3-tc2/source/Cargo.toml
[INFO] running `Command { std: CARGO_HOME="/workspace/cargo-home" RUSTUP_HOME="/workspace/rustup-home" "/workspace/cargo-home/bin/cargo" "+nightly-2024-10-28" "generate-lockfile" "--manifest-path" "Cargo.toml", kill_on_drop: false }`
[INFO] [stderr]     Updating crates.io index
[INFO] [stderr]      Locking 10 packages to latest compatible versions
[INFO] [stderr]       Adding darling v0.13.4 (available: v0.20.10)
[INFO] [stderr]       Adding syn v1.0.109 (available: v2.0.86)
[INFO] running `Command { std: CARGO_HOME="/workspace/cargo-home" RUSTUP_HOME="/workspace/rustup-home" "/workspace/cargo-home/bin/cargo" "+nightly-2024-10-28" "fetch" "--manifest-path" "Cargo.toml", kill_on_drop: false }`
[INFO] running `Command { std: "docker" "create" "-v" "/var/lib/crater-agent-workspace/builds/worker-3-tc2/target:/opt/rustwide/target:rw,Z" "-v" "/var/lib/crater-agent-workspace/builds/worker-3-tc2/source:/opt/rustwide/workdir:ro,Z" "-v" "/var/lib/crater-agent-workspace/cargo-home:/opt/rustwide/cargo-home:ro,Z" "-v" "/var/lib/crater-agent-workspace/rustup-home:/opt/rustwide/rustup-home:ro,Z" "-e" "SOURCE_DIR=/opt/rustwide/workdir" "-e" "CARGO_TARGET_DIR=/opt/rustwide/target" "-e" "CARGO_HOME=/opt/rustwide/cargo-home" "-e" "RUSTUP_HOME=/opt/rustwide/rustup-home" "-w" "/opt/rustwide/workdir" "-m" "1610612736" "--user" "0:0" "--network" "none" "ghcr.io/rust-lang/crates-build-env/linux@sha256:4a844ea9eb2546a2d2c7022eacef16ef2e8229c7fbb2c7d4d55a9ceca922f72d" "/opt/rustwide/cargo-home/bin/cargo" "+nightly-2024-10-28" "metadata" "--no-deps" "--format-version=1", kill_on_drop: false }`
[INFO] [stdout] 79a9a42c4fba45d4d4b6848e77076ecbad778e91a470e23641eedbc5e3fd99a9
[INFO] running `Command { std: "docker" "start" "-a" "79a9a42c4fba45d4d4b6848e77076ecbad778e91a470e23641eedbc5e3fd99a9", kill_on_drop: false }`
[INFO] running `Command { std: "docker" "inspect" "79a9a42c4fba45d4d4b6848e77076ecbad778e91a470e23641eedbc5e3fd99a9", kill_on_drop: false }`
[INFO] running `Command { std: "docker" "rm" "-f" "79a9a42c4fba45d4d4b6848e77076ecbad778e91a470e23641eedbc5e3fd99a9", kill_on_drop: false }`
[INFO] [stdout] 79a9a42c4fba45d4d4b6848e77076ecbad778e91a470e23641eedbc5e3fd99a9
[INFO] running `Command { std: "docker" "create" "-v" "/var/lib/crater-agent-workspace/builds/worker-3-tc2/target:/opt/rustwide/target:rw,Z" "-v" "/var/lib/crater-agent-workspace/builds/worker-3-tc2/source:/opt/rustwide/workdir:ro,Z" "-v" "/var/lib/crater-agent-workspace/cargo-home:/opt/rustwide/cargo-home:ro,Z" "-v" "/var/lib/crater-agent-workspace/rustup-home:/opt/rustwide/rustup-home:ro,Z" "-e" "SOURCE_DIR=/opt/rustwide/workdir" "-e" "CARGO_TARGET_DIR=/opt/rustwide/target" "-e" "CARGO_INCREMENTAL=0" "-e" "RUST_BACKTRACE=full" "-e" "RUSTFLAGS=--cap-lints=forbid -Zrandomize-layout" "-e" "RUSTDOCFLAGS=--cap-lints=forbid" "-e" "CARGO_HOME=/opt/rustwide/cargo-home" "-e" "RUSTUP_HOME=/opt/rustwide/rustup-home" "-w" "/opt/rustwide/workdir" "-m" "1610612736" "--user" "0:0" "--network" "none" "ghcr.io/rust-lang/crates-build-env/linux@sha256:4a844ea9eb2546a2d2c7022eacef16ef2e8229c7fbb2c7d4d55a9ceca922f72d" "/opt/rustwide/cargo-home/bin/cargo" "+nightly-2024-10-28" "build" "--frozen" "--message-format=json", kill_on_drop: false }`
[INFO] [stdout] 533fc5f947c336e1e8a8b88a6272220054df8e22585126ba3c3f1b633856bb27
[INFO] running `Command { std: "docker" "start" "-a" "533fc5f947c336e1e8a8b88a6272220054df8e22585126ba3c3f1b633856bb27", kill_on_drop: false }`
[INFO] [stderr]    Compiling syn v1.0.109
[INFO] [stderr]    Compiling ident_case v1.0.1
[INFO] [stderr]    Compiling strsim v0.10.0
[INFO] [stderr]    Compiling fnv v1.0.7
[INFO] [stderr]    Compiling darling_core v0.13.4
[INFO] [stderr]    Compiling darling_macro v0.13.4
[INFO] [stderr]    Compiling darling v0.13.4
[INFO] [stderr]    Compiling oracle_procmacro v0.1.2 (/opt/rustwide/workdir)
[INFO] [stderr]     Finished `dev` profile [unoptimized + debuginfo] target(s) in 4.04s
[INFO] running `Command { std: "docker" "inspect" "533fc5f947c336e1e8a8b88a6272220054df8e22585126ba3c3f1b633856bb27", kill_on_drop: false }`
[INFO] running `Command { std: "docker" "rm" "-f" "533fc5f947c336e1e8a8b88a6272220054df8e22585126ba3c3f1b633856bb27", kill_on_drop: false }`
[INFO] [stdout] 533fc5f947c336e1e8a8b88a6272220054df8e22585126ba3c3f1b633856bb27
[INFO] running `Command { std: "docker" "create" "-v" "/var/lib/crater-agent-workspace/builds/worker-3-tc2/target:/opt/rustwide/target:rw,Z" "-v" "/var/lib/crater-agent-workspace/builds/worker-3-tc2/source:/opt/rustwide/workdir:ro,Z" "-v" "/var/lib/crater-agent-workspace/cargo-home:/opt/rustwide/cargo-home:ro,Z" "-v" "/var/lib/crater-agent-workspace/rustup-home:/opt/rustwide/rustup-home:ro,Z" "-e" "SOURCE_DIR=/opt/rustwide/workdir" "-e" "CARGO_TARGET_DIR=/opt/rustwide/target" "-e" "CARGO_INCREMENTAL=0" "-e" "RUST_BACKTRACE=full" "-e" "RUSTFLAGS=--cap-lints=forbid -Zrandomize-layout" "-e" "RUSTDOCFLAGS=--cap-lints=forbid" "-e" "CARGO_HOME=/opt/rustwide/cargo-home" "-e" "RUSTUP_HOME=/opt/rustwide/rustup-home" "-w" "/opt/rustwide/workdir" "-m" "1610612736" "--user" "0:0" "--network" "none" "ghcr.io/rust-lang/crates-build-env/linux@sha256:4a844ea9eb2546a2d2c7022eacef16ef2e8229c7fbb2c7d4d55a9ceca922f72d" "/opt/rustwide/cargo-home/bin/cargo" "+nightly-2024-10-28" "test" "--frozen" "--no-run" "--message-format=json", kill_on_drop: false }`
[INFO] [stdout] 307df86d268e85c67d21f5ea43d0e476383595a59a5b39b152dedb3800979e28
[INFO] running `Command { std: "docker" "start" "-a" "307df86d268e85c67d21f5ea43d0e476383595a59a5b39b152dedb3800979e28", kill_on_drop: false }`
[INFO] [stderr]    Compiling oracle_procmacro v0.1.2 (/opt/rustwide/workdir)
[INFO] [stderr]     Finished `test` profile [unoptimized + debuginfo] target(s) in 0.26s
[INFO] running `Command { std: "docker" "inspect" "307df86d268e85c67d21f5ea43d0e476383595a59a5b39b152dedb3800979e28", kill_on_drop: false }`
[INFO] running `Command { std: "docker" "rm" "-f" "307df86d268e85c67d21f5ea43d0e476383595a59a5b39b152dedb3800979e28", kill_on_drop: false }`
[INFO] [stdout] 307df86d268e85c67d21f5ea43d0e476383595a59a5b39b152dedb3800979e28
[INFO] running `Command { std: "docker" "create" "-v" "/var/lib/crater-agent-workspace/builds/worker-3-tc2/target:/opt/rustwide/target:rw,Z" "-v" "/var/lib/crater-agent-workspace/builds/worker-3-tc2/source:/opt/rustwide/workdir:ro,Z" "-v" "/var/lib/crater-agent-workspace/cargo-home:/opt/rustwide/cargo-home:ro,Z" "-v" "/var/lib/crater-agent-workspace/rustup-home:/opt/rustwide/rustup-home:ro,Z" "-e" "SOURCE_DIR=/opt/rustwide/workdir" "-e" "CARGO_TARGET_DIR=/opt/rustwide/target" "-e" "CARGO_INCREMENTAL=0" "-e" "RUST_BACKTRACE=full" "-e" "RUSTFLAGS=--cap-lints=forbid -Zrandomize-layout" "-e" "RUSTDOCFLAGS=--cap-lints=forbid" "-e" "CARGO_HOME=/opt/rustwide/cargo-home" "-e" "RUSTUP_HOME=/opt/rustwide/rustup-home" "-w" "/opt/rustwide/workdir" "-m" "1610612736" "--user" "0:0" "--network" "none" "ghcr.io/rust-lang/crates-build-env/linux@sha256:4a844ea9eb2546a2d2c7022eacef16ef2e8229c7fbb2c7d4d55a9ceca922f72d" "/opt/rustwide/cargo-home/bin/cargo" "+nightly-2024-10-28" "test" "--frozen", kill_on_drop: false }`
[INFO] [stdout] ff0d4b1bd18e01b65f13b6bddb8f516af928a681cb43b699efcf7dfc420015ed
[INFO] running `Command { std: "docker" "start" "-a" "ff0d4b1bd18e01b65f13b6bddb8f516af928a681cb43b699efcf7dfc420015ed", kill_on_drop: false }`
[INFO] [stderr]     Finished `test` profile [unoptimized + debuginfo] target(s) in 0.01s
[INFO] [stderr]      Running unittests src/lib.rs (/opt/rustwide/target/debug/deps/oracle_procmacro-be018d012724d990)
[INFO] [stdout] 
[INFO] [stdout] running 0 tests
[INFO] [stdout] 
[INFO] [stdout] test result: ok. 0 passed; 0 failed; 0 ignored; 0 measured; 0 filtered out; finished in 0.00s
[INFO] [stdout] 
[INFO] [stderr]    Doc-tests oracle_procmacro
[INFO] [stdout] 
[INFO] [stdout] running 4 tests
[INFO] [stdout] test src/../docs/row_value.md - derive_row_value (line 25) ... FAILED
[INFO] [stdout] test src/../docs/row_value.md - derive_row_value (line 52) ... FAILED
[INFO] [stdout] test src/../docs/row_value.md - derive_row_value (line 11) ... FAILED
[INFO] [stdout] test src/../docs/row_value.md - derive_row_value (line 88) ... FAILED
[INFO] [stdout] 
[INFO] [stdout] failures:
[INFO] [stdout] 
[INFO] [stdout] ---- src/../docs/row_value.md - derive_row_value (line 25) stdout ----
[INFO] [stdout] error[E0432]: unresolved import `oracle`
[INFO] [stdout]  --> src/../docs/row_value.md:26:5
[INFO] [stdout]   |
[INFO] [stdout] 3 | use oracle::{Result, Row, RowValue, SqlValue};
[INFO] [stdout]   |     ^^^^^^ use of undeclared crate or module `oracle`
[INFO] [stdout] 
[INFO] [stdout] error: aborting due to 1 previous error
[INFO] [stdout] 
[INFO] [stdout] For more information about this error, try `rustc --explain E0432`.
[INFO] [stdout] Couldn't compile the test.
[INFO] [stdout] ---- src/../docs/row_value.md - derive_row_value (line 52) stdout ----
[INFO] [stdout] error[E0432]: unresolved import `oracle`
[INFO] [stdout]  --> src/../docs/row_value.md:53:5
[INFO] [stdout]   |
[INFO] [stdout] 3 | use oracle::Error;
[INFO] [stdout]   |     ^^^^^^ use of undeclared crate or module `oracle`
[INFO] [stdout] 
[INFO] [stdout] error[E0432]: unresolved import `oracle`
[INFO] [stdout]  --> src/../docs/row_value.md:54:5
[INFO] [stdout]   |
[INFO] [stdout] 4 | use oracle::Result;
[INFO] [stdout]   |     ^^^^^^ use of undeclared crate or module `oracle`
[INFO] [stdout] 
[INFO] [stdout] error[E0432]: unresolved import `oracle`
[INFO] [stdout]  --> src/../docs/row_value.md:55:5
[INFO] [stdout]   |
[INFO] [stdout] 5 | use oracle::RowValue;
[INFO] [stdout]   |     ^^^^^^ use of undeclared crate or module `oracle`
[INFO] [stdout] 
[INFO] [stdout] error[E0433]: failed to resolve: use of undeclared crate or module `oracle`
[INFO] [stdout]  --> src/../docs/row_value.md:57:5
[INFO] [stdout]   |
[INFO] [stdout] 7 | use oracle::sql_type::FromSql;
[INFO] [stdout]   |     ^^^^^^ use of undeclared crate or module `oracle`
[INFO] [stdout] 
[INFO] [stdout] error[E0432]: unresolved import `oracle`
[INFO] [stdout]  --> src/../docs/row_value.md:56:5
[INFO] [stdout]   |
[INFO] [stdout] 6 | use oracle::SqlValue;
[INFO] [stdout]   |     ^^^^^^ use of undeclared crate or module `oracle`
[INFO] [stdout] 
[INFO] [stdout] error: aborting due to 5 previous errors
[INFO] [stdout] 
[INFO] [stdout] Some errors have detailed explanations: E0432, E0433.
[INFO] [stdout] For more information about an error, try `rustc --explain E0432`.
[INFO] [stdout] Couldn't compile the test.
[INFO] [stdout] ---- src/../docs/row_value.md - derive_row_value (line 11) stdout ----
[INFO] [stdout] error[E0432]: unresolved import `oracle`
[INFO] [stdout]  --> src/../docs/row_value.md:12:5
[INFO] [stdout]   |
[INFO] [stdout] 3 | use oracle::RowValue;
[INFO] [stdout]   |     ^^^^^^ use of undeclared crate or module `oracle`
[INFO] [stdout] 
[INFO] [stdout] error: cannot find attribute `row_value` in this scope
[INFO] [stdout]  --> src/../docs/row_value.md:18:7
[INFO] [stdout]   |
[INFO] [stdout] 9 |     #[row_value(rename = "manager")]
[INFO] [stdout]   |       ^^^^^^^^^
[INFO] [stdout] 
[INFO] [stdout] error: aborting due to 2 previous errors
[INFO] [stdout] 
[INFO] [stdout] For more information about this error, try `rustc --explain E0432`.
[INFO] [stdout] Couldn't compile the test.
[INFO] [stdout] ---- src/../docs/row_value.md - derive_row_value (line 88) stdout ----
[INFO] [stdout] error[E0432]: unresolved import `uuid`
[INFO] [stdout]  --> src/../docs/row_value.md:89:5
[INFO] [stdout]   |
[INFO] [stdout] 3 | use uuid::Uuid;
[INFO] [stdout]   |     ^^^^ use of undeclared crate or module `uuid`
[INFO] [stdout] 
[INFO] [stdout] error[E0432]: unresolved import `oracle`
[INFO] [stdout]  --> src/../docs/row_value.md:91:5
[INFO] [stdout]   |
[INFO] [stdout] 5 | use oracle::{Error, Result, Row, RowValue};
[INFO] [stdout]   |     ^^^^^^ use of undeclared crate or module `oracle`
[INFO] [stdout] 
[INFO] [stdout] error: cannot find attribute `row_value` in this scope
[INFO] [stdout]   --> src/../docs/row_value.md:102:7
[INFO] [stdout]    |
[INFO] [stdout] 16 |     #[row_value(with = "oracle_column_to_uuid")]
[INFO] [stdout]    |       ^^^^^^^^^
[INFO] [stdout] 
[INFO] [stdout] error: aborting due to 3 previous errors
[INFO] [stdout] 
[INFO] [stdout] For more information about this error, try `rustc --explain E0432`.
[INFO] [stdout] Couldn't compile the test.
[INFO] [stdout] 
[INFO] [stdout] failures:
[INFO] [stdout]     src/../docs/row_value.md - derive_row_value (line 11)
[INFO] [stdout]     src/../docs/row_value.md - derive_row_value (line 25)
[INFO] [stdout]     src/../docs/row_value.md - derive_row_value (line 52)
[INFO] [stdout]     src/../docs/row_value.md - derive_row_value (line 88)
[INFO] [stdout] 
[INFO] [stdout] test result: FAILED. 0 passed; 4 failed; 0 ignored; 0 measured; 0 filtered out; finished in 0.05s
[INFO] [stdout] 
[INFO] [stderr] error: doctest failed, to rerun pass `--doc`
[INFO] running `Command { std: "docker" "inspect" "ff0d4b1bd18e01b65f13b6bddb8f516af928a681cb43b699efcf7dfc420015ed", kill_on_drop: false }`
[INFO] running `Command { std: "docker" "rm" "-f" "ff0d4b1bd18e01b65f13b6bddb8f516af928a681cb43b699efcf7dfc420015ed", kill_on_drop: false }`
[INFO] [stdout] ff0d4b1bd18e01b65f13b6bddb8f516af928a681cb43b699efcf7dfc420015ed
