[INFO] fetching crate opti_solve 0.1.1...
[INFO] testing opti_solve-0.1.1 against nightly-2024-10-28+rustflags=-Zrandomize-layout for randomize-layout
[INFO] extracting crate opti_solve 0.1.1 into /workspace/builds/worker-1-tc2/source
[INFO] validating manifest of crates.io crate opti_solve 0.1.1 on toolchain nightly-2024-10-28
[INFO] running `Command { std: CARGO_HOME="/workspace/cargo-home" RUSTUP_HOME="/workspace/rustup-home" "/workspace/cargo-home/bin/cargo" "+nightly-2024-10-28" "metadata" "--manifest-path" "Cargo.toml" "--no-deps", kill_on_drop: false }`
[INFO] started tweaking crates.io crate opti_solve 0.1.1
[INFO] finished tweaking crates.io crate opti_solve 0.1.1
[INFO] tweaked toml for crates.io crate opti_solve 0.1.1 written to /workspace/builds/worker-1-tc2/source/Cargo.toml
[INFO] running `Command { std: CARGO_HOME="/workspace/cargo-home" RUSTUP_HOME="/workspace/rustup-home" "/workspace/cargo-home/bin/cargo" "+nightly-2024-10-28" "generate-lockfile" "--manifest-path" "Cargo.toml", kill_on_drop: false }`
[INFO] [stderr]     Updating crates.io index
[INFO] [stderr]      Locking 97 packages to latest compatible versions
[INFO] [stderr]       Adding pyo3 v0.19.2 (available: v0.22.5)
[INFO] running `Command { std: CARGO_HOME="/workspace/cargo-home" RUSTUP_HOME="/workspace/rustup-home" "/workspace/cargo-home/bin/cargo" "+nightly-2024-10-28" "fetch" "--manifest-path" "Cargo.toml", kill_on_drop: false }`
[INFO] running `Command { std: "docker" "create" "-v" "/var/lib/crater-agent-workspace/builds/worker-1-tc2/target:/opt/rustwide/target:rw,Z" "-v" "/var/lib/crater-agent-workspace/builds/worker-1-tc2/source:/opt/rustwide/workdir:ro,Z" "-v" "/var/lib/crater-agent-workspace/cargo-home:/opt/rustwide/cargo-home:ro,Z" "-v" "/var/lib/crater-agent-workspace/rustup-home:/opt/rustwide/rustup-home:ro,Z" "-e" "SOURCE_DIR=/opt/rustwide/workdir" "-e" "CARGO_TARGET_DIR=/opt/rustwide/target" "-e" "CARGO_HOME=/opt/rustwide/cargo-home" "-e" "RUSTUP_HOME=/opt/rustwide/rustup-home" "-w" "/opt/rustwide/workdir" "-m" "1610612736" "--user" "0:0" "--network" "none" "ghcr.io/rust-lang/crates-build-env/linux@sha256:4a844ea9eb2546a2d2c7022eacef16ef2e8229c7fbb2c7d4d55a9ceca922f72d" "/opt/rustwide/cargo-home/bin/cargo" "+nightly-2024-10-28" "metadata" "--no-deps" "--format-version=1", kill_on_drop: false }`
[INFO] [stdout] db7d1871cb22ab07bf21bcc7275a3bb1affb05b0516d08c07c4186bac529bd9a
[INFO] running `Command { std: "docker" "start" "-a" "db7d1871cb22ab07bf21bcc7275a3bb1affb05b0516d08c07c4186bac529bd9a", kill_on_drop: false }`
[INFO] running `Command { std: "docker" "inspect" "db7d1871cb22ab07bf21bcc7275a3bb1affb05b0516d08c07c4186bac529bd9a", kill_on_drop: false }`
[INFO] running `Command { std: "docker" "rm" "-f" "db7d1871cb22ab07bf21bcc7275a3bb1affb05b0516d08c07c4186bac529bd9a", kill_on_drop: false }`
[INFO] [stdout] db7d1871cb22ab07bf21bcc7275a3bb1affb05b0516d08c07c4186bac529bd9a
[INFO] running `Command { std: "docker" "create" "-v" "/var/lib/crater-agent-workspace/builds/worker-1-tc2/target:/opt/rustwide/target:rw,Z" "-v" "/var/lib/crater-agent-workspace/builds/worker-1-tc2/source:/opt/rustwide/workdir:ro,Z" "-v" "/var/lib/crater-agent-workspace/cargo-home:/opt/rustwide/cargo-home:ro,Z" "-v" "/var/lib/crater-agent-workspace/rustup-home:/opt/rustwide/rustup-home:ro,Z" "-e" "SOURCE_DIR=/opt/rustwide/workdir" "-e" "CARGO_TARGET_DIR=/opt/rustwide/target" "-e" "CARGO_INCREMENTAL=0" "-e" "RUST_BACKTRACE=full" "-e" "RUSTFLAGS=--cap-lints=forbid -Zrandomize-layout" "-e" "RUSTDOCFLAGS=--cap-lints=forbid" "-e" "CARGO_HOME=/opt/rustwide/cargo-home" "-e" "RUSTUP_HOME=/opt/rustwide/rustup-home" "-w" "/opt/rustwide/workdir" "-m" "1610612736" "--user" "0:0" "--network" "none" "ghcr.io/rust-lang/crates-build-env/linux@sha256:4a844ea9eb2546a2d2c7022eacef16ef2e8229c7fbb2c7d4d55a9ceca922f72d" "/opt/rustwide/cargo-home/bin/cargo" "+nightly-2024-10-28" "build" "--frozen" "--message-format=json", kill_on_drop: false }`
[INFO] [stdout] 7a9966a50daf6cd810fba770221f46051302c0722f16737c37a6ac554f33dab5
[INFO] running `Command { std: "docker" "start" "-a" "7a9966a50daf6cd810fba770221f46051302c0722f16737c37a6ac554f33dab5", kill_on_drop: false }`
[INFO] [stderr]    Compiling target-lexicon v0.12.16
[INFO] [stderr]    Compiling once_cell v1.20.2
[INFO] [stderr]    Compiling num-traits v0.2.19
[INFO] [stderr]    Compiling crossbeam-utils v0.8.20
[INFO] [stderr]    Compiling syn v1.0.109
[INFO] [stderr]    Compiling getrandom v0.2.15
[INFO] [stderr]    Compiling serde v1.0.214
[INFO] [stderr]    Compiling memoffset v0.9.1
[INFO] [stderr]    Compiling rust_decimal v1.36.0
[INFO] [stderr]    Compiling rand_core v0.6.4
[INFO] [stderr]    Compiling rayon-core v1.12.1
[INFO] [stderr]    Compiling rand_chacha v0.3.1
[INFO] [stderr]    Compiling arrayvec v0.7.6
[INFO] [stderr]    Compiling indoc v1.0.9
[INFO] [stderr]    Compiling rand v0.8.5
[INFO] [stderr]    Compiling unindent v0.1.11
[INFO] [stderr]    Compiling pyo3-build-config v0.19.2
[INFO] [stderr]    Compiling crossbeam-epoch v0.9.18
[INFO] [stderr]    Compiling either v1.13.0
[INFO] [stderr]    Compiling array-init v2.1.0
[INFO] [stderr]    Compiling num-integer v0.1.46
[INFO] [stderr]    Compiling crossbeam-deque v0.8.5
[INFO] [stderr]    Compiling send_wrapper v0.6.0
[INFO] [stderr]    Compiling num-bigint v0.4.6
[INFO] [stderr]    Compiling num-complex v0.4.6
[INFO] [stderr]    Compiling rayon v1.10.0
[INFO] [stderr]    Compiling pyo3-ffi v0.19.2
[INFO] [stderr]    Compiling pyo3 v0.19.2
[INFO] [stderr]    Compiling pyo3-macros-backend v0.19.2
[INFO] [stderr]    Compiling pyo3-macros v0.19.2
[INFO] [stderr]    Compiling opti_solve v0.1.1 (/opt/rustwide/workdir)
[INFO] [stdout] warning: non-local `impl` definition, `impl` blocks should be written at the same level as their item
[INFO] [stdout]    --> src/particle_swarm_optimization.rs:750:1
[INFO] [stdout]     |
[INFO] [stdout] 750 | #[pymethods]
[INFO] [stdout]     | -^^^^^^^^^^^
[INFO] [stdout]     | |
[INFO] [stdout]     | `PyClassImplCollector` is not local
[INFO] [stdout]     | `PyClassNewTextSignature` is not local
[INFO] [stdout]     | move the `impl` block outside of this function `trampoline` and up 4 bodies
[INFO] [stdout] 751 | impl PSO {
[INFO] [stdout]     |      ---
[INFO] [stdout]     |      |
[INFO] [stdout]     |      `PSO` is not local
[INFO] [stdout]     |      `PSO` is not local
[INFO] [stdout]     |
[INFO] [stdout]     = note: the attribute macro `pymethods` defines the non-local `impl`, and may need to be changed
[INFO] [stdout]     = note: the attribute macro `pymethods` may come from an old version of the `pyo3_macros` crate, try updating your dependency with `cargo update -p pyo3_macros`
[INFO] [stdout]     = note: an `impl` is never scoped, even when it is nested inside an item, as it may impact type checking outside of that item, which can be the case if neither the trait or the self type are at the same nesting level as the `impl`
[INFO] [stdout]     = note: `#[warn(non_local_definitions)]` on by default
[INFO] [stdout]     = note: this warning originates in the attribute macro `pymethods` (in Nightly builds, run with -Z macro-backtrace for more info)
[INFO] [stdout] 
[INFO] [stdout] 
[INFO] [stderr]     Finished `dev` profile [unoptimized + debuginfo] target(s) in 16.53s
[INFO] running `Command { std: "docker" "inspect" "7a9966a50daf6cd810fba770221f46051302c0722f16737c37a6ac554f33dab5", kill_on_drop: false }`
[INFO] running `Command { std: "docker" "rm" "-f" "7a9966a50daf6cd810fba770221f46051302c0722f16737c37a6ac554f33dab5", kill_on_drop: false }`
[INFO] [stdout] 7a9966a50daf6cd810fba770221f46051302c0722f16737c37a6ac554f33dab5
[INFO] running `Command { std: "docker" "create" "-v" "/var/lib/crater-agent-workspace/builds/worker-1-tc2/target:/opt/rustwide/target:rw,Z" "-v" "/var/lib/crater-agent-workspace/builds/worker-1-tc2/source:/opt/rustwide/workdir:ro,Z" "-v" "/var/lib/crater-agent-workspace/cargo-home:/opt/rustwide/cargo-home:ro,Z" "-v" "/var/lib/crater-agent-workspace/rustup-home:/opt/rustwide/rustup-home:ro,Z" "-e" "SOURCE_DIR=/opt/rustwide/workdir" "-e" "CARGO_TARGET_DIR=/opt/rustwide/target" "-e" "CARGO_INCREMENTAL=0" "-e" "RUST_BACKTRACE=full" "-e" "RUSTFLAGS=--cap-lints=forbid -Zrandomize-layout" "-e" "RUSTDOCFLAGS=--cap-lints=forbid" "-e" "CARGO_HOME=/opt/rustwide/cargo-home" "-e" "RUSTUP_HOME=/opt/rustwide/rustup-home" "-w" "/opt/rustwide/workdir" "-m" "1610612736" "--user" "0:0" "--network" "none" "ghcr.io/rust-lang/crates-build-env/linux@sha256:4a844ea9eb2546a2d2c7022eacef16ef2e8229c7fbb2c7d4d55a9ceca922f72d" "/opt/rustwide/cargo-home/bin/cargo" "+nightly-2024-10-28" "test" "--frozen" "--no-run" "--message-format=json", kill_on_drop: false }`
[INFO] [stdout] d2333eca4baf4f7b4e53b3f93f32d1d1855c02ffe5c82fcba93b7c709e1e4897
[INFO] running `Command { std: "docker" "start" "-a" "d2333eca4baf4f7b4e53b3f93f32d1d1855c02ffe5c82fcba93b7c709e1e4897", kill_on_drop: false }`
[INFO] [stderr]    Compiling opti_solve v0.1.1 (/opt/rustwide/workdir)
[INFO] [stdout] warning: non-local `impl` definition, `impl` blocks should be written at the same level as their item
[INFO] [stdout]    --> src/particle_swarm_optimization.rs:750:1
[INFO] [stdout]     |
[INFO] [stdout] 750 | #[pymethods]
[INFO] [stdout]     | -^^^^^^^^^^^
[INFO] [stdout]     | |
[INFO] [stdout]     | `PyClassImplCollector` is not local
[INFO] [stdout]     | `PyClassNewTextSignature` is not local
[INFO] [stdout]     | move the `impl` block outside of this function `trampoline` and up 4 bodies
[INFO] [stdout] 751 | impl PSO {
[INFO] [stdout]     |      ---
[INFO] [stdout]     |      |
[INFO] [stdout]     |      `PSO` is not local
[INFO] [stdout]     |      `PSO` is not local
[INFO] [stdout]     |
[INFO] [stdout]     = note: the attribute macro `pymethods` defines the non-local `impl`, and may need to be changed
[INFO] [stdout]     = note: the attribute macro `pymethods` may come from an old version of the `pyo3_macros` crate, try updating your dependency with `cargo update -p pyo3_macros`
[INFO] [stdout]     = note: an `impl` is never scoped, even when it is nested inside an item, as it may impact type checking outside of that item, which can be the case if neither the trait or the self type are at the same nesting level as the `impl`
[INFO] [stdout]     = note: `#[warn(non_local_definitions)]` on by default
[INFO] [stdout]     = note: this warning originates in the attribute macro `pymethods` (in Nightly builds, run with -Z macro-backtrace for more info)
[INFO] [stdout] 
[INFO] [stdout] 
[INFO] [stdout] warning: non-local `impl` definition, `impl` blocks should be written at the same level as their item
[INFO] [stdout]    --> src/particle_swarm_optimization.rs:750:1
[INFO] [stdout]     |
[INFO] [stdout] 750 | #[pymethods]
[INFO] [stdout]     | -^^^^^^^^^^^
[INFO] [stdout]     | |
[INFO] [stdout]     | `PyClassImplCollector` is not local
[INFO] [stdout]     | `PyClassNewTextSignature` is not local
[INFO] [stdout]     | move the `impl` block outside of this function `trampoline` and up 4 bodies
[INFO] [stdout] 751 | impl PSO {
[INFO] [stdout]     |      ---
[INFO] [stdout]     |      |
[INFO] [stdout]     |      `PSO` is not local
[INFO] [stdout]     |      `PSO` is not local
[INFO] [stdout]     |
[INFO] [stdout]     = note: the attribute macro `pymethods` defines the non-local `impl`, and may need to be changed
[INFO] [stdout]     = note: the attribute macro `pymethods` may come from an old version of the `pyo3_macros` crate, try updating your dependency with `cargo update -p pyo3_macros`
[INFO] [stdout]     = note: an `impl` is never scoped, even when it is nested inside an item, as it may impact type checking outside of that item, which can be the case if neither the trait or the self type are at the same nesting level as the `impl`
[INFO] [stdout]     = note: `#[warn(non_local_definitions)]` on by default
[INFO] [stdout]     = note: this warning originates in the attribute macro `pymethods` (in Nightly builds, run with -Z macro-backtrace for more info)
[INFO] [stdout] 
[INFO] [stdout] 
[INFO] [stderr]     Finished `test` profile [unoptimized + debuginfo] target(s) in 2.51s
[INFO] running `Command { std: "docker" "inspect" "d2333eca4baf4f7b4e53b3f93f32d1d1855c02ffe5c82fcba93b7c709e1e4897", kill_on_drop: false }`
[INFO] running `Command { std: "docker" "rm" "-f" "d2333eca4baf4f7b4e53b3f93f32d1d1855c02ffe5c82fcba93b7c709e1e4897", kill_on_drop: false }`
[INFO] [stdout] d2333eca4baf4f7b4e53b3f93f32d1d1855c02ffe5c82fcba93b7c709e1e4897
[INFO] running `Command { std: "docker" "create" "-v" "/var/lib/crater-agent-workspace/builds/worker-1-tc2/target:/opt/rustwide/target:rw,Z" "-v" "/var/lib/crater-agent-workspace/builds/worker-1-tc2/source:/opt/rustwide/workdir:ro,Z" "-v" "/var/lib/crater-agent-workspace/cargo-home:/opt/rustwide/cargo-home:ro,Z" "-v" "/var/lib/crater-agent-workspace/rustup-home:/opt/rustwide/rustup-home:ro,Z" "-e" "SOURCE_DIR=/opt/rustwide/workdir" "-e" "CARGO_TARGET_DIR=/opt/rustwide/target" "-e" "CARGO_INCREMENTAL=0" "-e" "RUST_BACKTRACE=full" "-e" "RUSTFLAGS=--cap-lints=forbid -Zrandomize-layout" "-e" "RUSTDOCFLAGS=--cap-lints=forbid" "-e" "CARGO_HOME=/opt/rustwide/cargo-home" "-e" "RUSTUP_HOME=/opt/rustwide/rustup-home" "-w" "/opt/rustwide/workdir" "-m" "1610612736" "--user" "0:0" "--network" "none" "ghcr.io/rust-lang/crates-build-env/linux@sha256:4a844ea9eb2546a2d2c7022eacef16ef2e8229c7fbb2c7d4d55a9ceca922f72d" "/opt/rustwide/cargo-home/bin/cargo" "+nightly-2024-10-28" "test" "--frozen", kill_on_drop: false }`
[INFO] [stdout] c7e63a8439322dcc82761cedb90c4c5b85fa834cb388e0643b35014f01b1b4e9
[INFO] running `Command { std: "docker" "start" "-a" "c7e63a8439322dcc82761cedb90c4c5b85fa834cb388e0643b35014f01b1b4e9", kill_on_drop: false }`
[INFO] [stderr] warning: non-local `impl` definition, `impl` blocks should be written at the same level as their item
[INFO] [stderr]    --> src/particle_swarm_optimization.rs:750:1
[INFO] [stderr]     |
[INFO] [stderr] 750 | #[pymethods]
[INFO] [stderr]     | -^^^^^^^^^^^
[INFO] [stderr]     | |
[INFO] [stderr]     | `PyClassImplCollector` is not local
[INFO] [stderr]     | `PyClassNewTextSignature` is not local
[INFO] [stderr]     | move the `impl` block outside of this function `trampoline` and up 4 bodies
[INFO] [stderr] 751 | impl PSO {
[INFO] [stderr]     |      ---
[INFO] [stderr]     |      |
[INFO] [stderr]     |      `PSO` is not local
[INFO] [stderr]     |      `PSO` is not local
[INFO] [stderr]     |
[INFO] [stderr]     = note: the attribute macro `pymethods` defines the non-local `impl`, and may need to be changed
[INFO] [stderr]     = note: the attribute macro `pymethods` may come from an old version of the `pyo3_macros` crate, try updating your dependency with `cargo update -p pyo3_macros`
[INFO] [stderr]     = note: an `impl` is never scoped, even when it is nested inside an item, as it may impact type checking outside of that item, which can be the case if neither the trait or the self type are at the same nesting level as the `impl`
[INFO] [stderr]     = note: `#[warn(non_local_definitions)]` on by default
[INFO] [stderr]     = note: this warning originates in the attribute macro `pymethods` (in Nightly builds, run with -Z macro-backtrace for more info)
[INFO] [stderr] 
[INFO] [stderr] warning: `opti_solve` (lib) generated 1 warning
[INFO] [stderr] warning: `opti_solve` (lib test) generated 1 warning (1 duplicate)
[INFO] [stderr]     Finished `test` profile [unoptimized + debuginfo] target(s) in 0.09s
[INFO] [stderr]      Running unittests src/lib.rs (/opt/rustwide/target/debug/deps/opti_solve-e8ce0831796ddd5f)
[INFO] [stdout] 
[INFO] [stdout] running 4 tests
[INFO] [stdout] test tests::test ... ok
[INFO] [stdout] test particle_swarm_optimization::tests::bencher_par ... ok
[INFO] [stdout] test particle_swarm_optimization::tests::bencher ... ok
[INFO] [stdout] test particle_swarm_optimization::tests::it_works has been running for over 60 seconds
[INFO] [stdout] test particle_swarm_optimization::tests::it_works ... ok
[INFO] [stdout] 
[INFO] [stdout] test result: ok. 4 passed; 0 failed; 0 ignored; 0 measured; 0 filtered out; finished in 166.85s
[INFO] [stdout] 
[INFO] [stderr]    Doc-tests opti_solve
[INFO] [stdout] 
[INFO] [stdout] running 1 test
[INFO] [stdout] test src/particle_swarm_optimization.rs - particle_swarm_optimization::PSO (line 28) ... FAILED
[INFO] [stdout] 
[INFO] [stdout] failures:
[INFO] [stdout] 
[INFO] [stdout] ---- src/particle_swarm_optimization.rs - particle_swarm_optimization::PSO (line 28) stdout ----
[INFO] [stdout] error[E0432]: unresolved import `your_crate`
[INFO] [stdout]  --> src/particle_swarm_optimization.rs:29:5
[INFO] [stdout]   |
[INFO] [stdout] 3 | use your_crate::PSO;
[INFO] [stdout]   |     ^^^^^^^^^^ use of undeclared crate or module `your_crate`
[INFO] [stdout] 
[INFO] [stdout] error: aborting due to 1 previous error
[INFO] [stdout] 
[INFO] [stdout] For more information about this error, try `rustc --explain E0432`.
[INFO] [stdout] Couldn't compile the test.
[INFO] [stdout] 
[INFO] [stdout] failures:
[INFO] [stdout]     src/particle_swarm_optimization.rs - particle_swarm_optimization::PSO (line 28)
[INFO] [stdout] 
[INFO] [stdout] test result: FAILED. 0 passed; 1 failed; 0 ignored; 0 measured; 0 filtered out; finished in 0.12s
[INFO] [stdout] 
[INFO] [stderr] error: doctest failed, to rerun pass `--doc`
[INFO] running `Command { std: "docker" "inspect" "c7e63a8439322dcc82761cedb90c4c5b85fa834cb388e0643b35014f01b1b4e9", kill_on_drop: false }`
[INFO] running `Command { std: "docker" "rm" "-f" "c7e63a8439322dcc82761cedb90c4c5b85fa834cb388e0643b35014f01b1b4e9", kill_on_drop: false }`
[INFO] [stdout] c7e63a8439322dcc82761cedb90c4c5b85fa834cb388e0643b35014f01b1b4e9
