[INFO] fetching crate opt_solver 0.1.1...
[INFO] testing opt_solver-0.1.1 against nightly-2024-10-28+rustflags=-Zrandomize-layout for randomize-layout
[INFO] extracting crate opt_solver 0.1.1 into /workspace/builds/worker-1-tc2/source
[INFO] validating manifest of crates.io crate opt_solver 0.1.1 on toolchain nightly-2024-10-28
[INFO] running `Command { std: CARGO_HOME="/workspace/cargo-home" RUSTUP_HOME="/workspace/rustup-home" "/workspace/cargo-home/bin/cargo" "+nightly-2024-10-28" "metadata" "--manifest-path" "Cargo.toml" "--no-deps", kill_on_drop: false }`
[INFO] started tweaking crates.io crate opt_solver 0.1.1
[INFO] finished tweaking crates.io crate opt_solver 0.1.1
[INFO] tweaked toml for crates.io crate opt_solver 0.1.1 written to /workspace/builds/worker-1-tc2/source/Cargo.toml
[INFO] running `Command { std: CARGO_HOME="/workspace/cargo-home" RUSTUP_HOME="/workspace/rustup-home" "/workspace/cargo-home/bin/cargo" "+nightly-2024-10-28" "generate-lockfile" "--manifest-path" "Cargo.toml", kill_on_drop: false }`
[INFO] [stderr]     Updating crates.io index
[INFO] [stderr]      Locking 96 packages to latest compatible versions
[INFO] [stderr]       Adding pyo3 v0.19.2 (available: v0.22.5)
[INFO] running `Command { std: CARGO_HOME="/workspace/cargo-home" RUSTUP_HOME="/workspace/rustup-home" "/workspace/cargo-home/bin/cargo" "+nightly-2024-10-28" "fetch" "--manifest-path" "Cargo.toml", kill_on_drop: false }`
[INFO] running `Command { std: "docker" "create" "-v" "/var/lib/crater-agent-workspace/builds/worker-1-tc2/target:/opt/rustwide/target:rw,Z" "-v" "/var/lib/crater-agent-workspace/builds/worker-1-tc2/source:/opt/rustwide/workdir:ro,Z" "-v" "/var/lib/crater-agent-workspace/cargo-home:/opt/rustwide/cargo-home:ro,Z" "-v" "/var/lib/crater-agent-workspace/rustup-home:/opt/rustwide/rustup-home:ro,Z" "-e" "SOURCE_DIR=/opt/rustwide/workdir" "-e" "CARGO_TARGET_DIR=/opt/rustwide/target" "-e" "CARGO_HOME=/opt/rustwide/cargo-home" "-e" "RUSTUP_HOME=/opt/rustwide/rustup-home" "-w" "/opt/rustwide/workdir" "-m" "1610612736" "--user" "0:0" "--network" "none" "ghcr.io/rust-lang/crates-build-env/linux@sha256:4a844ea9eb2546a2d2c7022eacef16ef2e8229c7fbb2c7d4d55a9ceca922f72d" "/opt/rustwide/cargo-home/bin/cargo" "+nightly-2024-10-28" "metadata" "--no-deps" "--format-version=1", kill_on_drop: false }`
[INFO] [stdout] c32809233d39d8b3d71a24e3c822aa87516482b2fe63b6b10758613619116ef2
[INFO] running `Command { std: "docker" "start" "-a" "c32809233d39d8b3d71a24e3c822aa87516482b2fe63b6b10758613619116ef2", kill_on_drop: false }`
[INFO] running `Command { std: "docker" "inspect" "c32809233d39d8b3d71a24e3c822aa87516482b2fe63b6b10758613619116ef2", kill_on_drop: false }`
[INFO] running `Command { std: "docker" "rm" "-f" "c32809233d39d8b3d71a24e3c822aa87516482b2fe63b6b10758613619116ef2", kill_on_drop: false }`
[INFO] [stdout] c32809233d39d8b3d71a24e3c822aa87516482b2fe63b6b10758613619116ef2
[INFO] running `Command { std: "docker" "create" "-v" "/var/lib/crater-agent-workspace/builds/worker-1-tc2/target:/opt/rustwide/target:rw,Z" "-v" "/var/lib/crater-agent-workspace/builds/worker-1-tc2/source:/opt/rustwide/workdir:ro,Z" "-v" "/var/lib/crater-agent-workspace/cargo-home:/opt/rustwide/cargo-home:ro,Z" "-v" "/var/lib/crater-agent-workspace/rustup-home:/opt/rustwide/rustup-home:ro,Z" "-e" "SOURCE_DIR=/opt/rustwide/workdir" "-e" "CARGO_TARGET_DIR=/opt/rustwide/target" "-e" "CARGO_INCREMENTAL=0" "-e" "RUST_BACKTRACE=full" "-e" "RUSTFLAGS=--cap-lints=forbid -Zrandomize-layout" "-e" "RUSTDOCFLAGS=--cap-lints=forbid" "-e" "CARGO_HOME=/opt/rustwide/cargo-home" "-e" "RUSTUP_HOME=/opt/rustwide/rustup-home" "-w" "/opt/rustwide/workdir" "-m" "1610612736" "--user" "0:0" "--network" "none" "ghcr.io/rust-lang/crates-build-env/linux@sha256:4a844ea9eb2546a2d2c7022eacef16ef2e8229c7fbb2c7d4d55a9ceca922f72d" "/opt/rustwide/cargo-home/bin/cargo" "+nightly-2024-10-28" "build" "--frozen" "--message-format=json", kill_on_drop: false }`
[INFO] [stdout] 431e5342fbef5c899498e881c94cc38ee6fbac4af9ea7bd6811c1a4b8377930c
[INFO] running `Command { std: "docker" "start" "-a" "431e5342fbef5c899498e881c94cc38ee6fbac4af9ea7bd6811c1a4b8377930c", kill_on_drop: false }`
[INFO] [stderr]    Compiling target-lexicon v0.12.16
[INFO] [stderr]    Compiling once_cell v1.20.2
[INFO] [stderr]    Compiling serde v1.0.214
[INFO] [stderr]    Compiling memoffset v0.9.1
[INFO] [stderr]    Compiling rust_decimal v1.36.0
[INFO] [stderr]    Compiling zerocopy-derive v0.7.35
[INFO] [stderr]    Compiling arrayvec v0.7.6
[INFO] [stderr]    Compiling indoc v1.0.9
[INFO] [stderr]    Compiling syn v1.0.109
[INFO] [stderr]    Compiling unindent v0.1.11
[INFO] [stderr]    Compiling either v1.13.0
[INFO] [stderr]    Compiling num-integer v0.1.46
[INFO] [stderr]    Compiling array-init v2.1.0
[INFO] [stderr]    Compiling rayon v1.10.0
[INFO] [stderr]    Compiling pyo3-build-config v0.19.2
[INFO] [stderr]    Compiling zerocopy v0.7.35
[INFO] [stderr]    Compiling ppv-lite86 v0.2.20
[INFO] [stderr]    Compiling rand_chacha v0.3.1
[INFO] [stderr]    Compiling pyo3-ffi v0.19.2
[INFO] [stderr]    Compiling pyo3 v0.19.2
[INFO] [stderr]    Compiling rand v0.8.5
[INFO] [stderr]    Compiling num-bigint v0.4.6
[INFO] [stderr]    Compiling num-complex v0.4.6
[INFO] [stderr]    Compiling pyo3-macros-backend v0.19.2
[INFO] [stderr]    Compiling pyo3-macros v0.19.2
[INFO] [stderr]    Compiling opt_solver v0.1.1 (/opt/rustwide/workdir)
[INFO] [stdout] warning: non-local `impl` definition, `impl` blocks should be written at the same level as their item
[INFO] [stdout]   --> src/particle_swarm_optimization/mod.rs:88:1
[INFO] [stdout]    |
[INFO] [stdout] 88 | #[pymethods]
[INFO] [stdout]    | -^^^^^^^^^^^
[INFO] [stdout]    | |
[INFO] [stdout]    | `PyClassImplCollector` is not local
[INFO] [stdout]    | `PyClassNewTextSignature` is not local
[INFO] [stdout]    | move the `impl` block outside of this function `trampoline` and up 4 bodies
[INFO] [stdout] 89 | impl PSO {
[INFO] [stdout]    |      ---
[INFO] [stdout]    |      |
[INFO] [stdout]    |      `PSO` is not local
[INFO] [stdout]    |      `PSO` is not local
[INFO] [stdout]    |
[INFO] [stdout]    = note: the attribute macro `pymethods` defines the non-local `impl`, and may need to be changed
[INFO] [stdout]    = note: the attribute macro `pymethods` may come from an old version of the `pyo3_macros` crate, try updating your dependency with `cargo update -p pyo3_macros`
[INFO] [stdout]    = note: an `impl` is never scoped, even when it is nested inside an item, as it may impact type checking outside of that item, which can be the case if neither the trait or the self type are at the same nesting level as the `impl`
[INFO] [stdout]    = note: `#[warn(non_local_definitions)]` on by default
[INFO] [stdout]    = note: this warning originates in the attribute macro `pymethods` (in Nightly builds, run with -Z macro-backtrace for more info)
[INFO] [stdout] 
[INFO] [stdout] 
[INFO] [stderr]     Finished `dev` profile [unoptimized + debuginfo] target(s) in 8.53s
[INFO] running `Command { std: "docker" "inspect" "431e5342fbef5c899498e881c94cc38ee6fbac4af9ea7bd6811c1a4b8377930c", kill_on_drop: false }`
[INFO] running `Command { std: "docker" "rm" "-f" "431e5342fbef5c899498e881c94cc38ee6fbac4af9ea7bd6811c1a4b8377930c", kill_on_drop: false }`
[INFO] [stdout] 431e5342fbef5c899498e881c94cc38ee6fbac4af9ea7bd6811c1a4b8377930c
[INFO] running `Command { std: "docker" "create" "-v" "/var/lib/crater-agent-workspace/builds/worker-1-tc2/target:/opt/rustwide/target:rw,Z" "-v" "/var/lib/crater-agent-workspace/builds/worker-1-tc2/source:/opt/rustwide/workdir:ro,Z" "-v" "/var/lib/crater-agent-workspace/cargo-home:/opt/rustwide/cargo-home:ro,Z" "-v" "/var/lib/crater-agent-workspace/rustup-home:/opt/rustwide/rustup-home:ro,Z" "-e" "SOURCE_DIR=/opt/rustwide/workdir" "-e" "CARGO_TARGET_DIR=/opt/rustwide/target" "-e" "CARGO_INCREMENTAL=0" "-e" "RUST_BACKTRACE=full" "-e" "RUSTFLAGS=--cap-lints=forbid -Zrandomize-layout" "-e" "RUSTDOCFLAGS=--cap-lints=forbid" "-e" "CARGO_HOME=/opt/rustwide/cargo-home" "-e" "RUSTUP_HOME=/opt/rustwide/rustup-home" "-w" "/opt/rustwide/workdir" "-m" "1610612736" "--user" "0:0" "--network" "none" "ghcr.io/rust-lang/crates-build-env/linux@sha256:4a844ea9eb2546a2d2c7022eacef16ef2e8229c7fbb2c7d4d55a9ceca922f72d" "/opt/rustwide/cargo-home/bin/cargo" "+nightly-2024-10-28" "test" "--frozen" "--no-run" "--message-format=json", kill_on_drop: false }`
[INFO] [stdout] b747e1a97bd07c5d3ef653f640aea2298d7a19eac1213d5c290975519ab1de02
[INFO] running `Command { std: "docker" "start" "-a" "b747e1a97bd07c5d3ef653f640aea2298d7a19eac1213d5c290975519ab1de02", kill_on_drop: false }`
[INFO] [stdout] warning: non-local `impl` definition, `impl` blocks should be written at the same level as their item
[INFO] [stdout]   --> src/particle_swarm_optimization/mod.rs:88:1
[INFO] [stdout]    |
[INFO] [stdout] 88 | #[pymethods]
[INFO] [stdout]    | -^^^^^^^^^^^
[INFO] [stdout]    | |
[INFO] [stdout]    | `PyClassImplCollector` is not local
[INFO] [stdout]    | `PyClassNewTextSignature` is not local
[INFO] [stdout]    | move the `impl` block outside of this function `trampoline` and up 4 bodies
[INFO] [stdout] 89 | impl PSO {
[INFO] [stdout]    |      ---
[INFO] [stdout]    |      |
[INFO] [stdout]    |      `PSO` is not local
[INFO] [stdout]    |      `PSO` is not local
[INFO] [stdout]    |
[INFO] [stdout]    = note: the attribute macro `pymethods` defines the non-local `impl`, and may need to be changed
[INFO] [stdout]    = note: the attribute macro `pymethods` may come from an old version of the `pyo3_macros` crate, try updating your dependency with `cargo update -p pyo3_macros`
[INFO] [stdout]    = note: an `impl` is never scoped, even when it is nested inside an item, as it may impact type checking outside of that item, which can be the case if neither the trait or the self type are at the same nesting level as the `impl`
[INFO] [stdout]    = note: `#[warn(non_local_definitions)]` on by default
[INFO] [stdout]    = note: this warning originates in the attribute macro `pymethods` (in Nightly builds, run with -Z macro-backtrace for more info)
[INFO] [stdout] 
[INFO] [stdout] 
[INFO] [stderr]    Compiling opt_solver v0.1.1 (/opt/rustwide/workdir)
[INFO] [stdout] warning: non-local `impl` definition, `impl` blocks should be written at the same level as their item
[INFO] [stdout]   --> src/particle_swarm_optimization/mod.rs:88:1
[INFO] [stdout]    |
[INFO] [stdout] 88 | #[pymethods]
[INFO] [stdout]    | -^^^^^^^^^^^
[INFO] [stdout]    | |
[INFO] [stdout]    | `PyClassImplCollector` is not local
[INFO] [stdout]    | `PyClassNewTextSignature` is not local
[INFO] [stdout]    | move the `impl` block outside of this function `trampoline` and up 4 bodies
[INFO] [stdout] 89 | impl PSO {
[INFO] [stdout]    |      ---
[INFO] [stdout]    |      |
[INFO] [stdout]    |      `PSO` is not local
[INFO] [stdout]    |      `PSO` is not local
[INFO] [stdout]    |
[INFO] [stdout]    = note: the attribute macro `pymethods` defines the non-local `impl`, and may need to be changed
[INFO] [stdout]    = note: the attribute macro `pymethods` may come from an old version of the `pyo3_macros` crate, try updating your dependency with `cargo update -p pyo3_macros`
[INFO] [stdout]    = note: an `impl` is never scoped, even when it is nested inside an item, as it may impact type checking outside of that item, which can be the case if neither the trait or the self type are at the same nesting level as the `impl`
[INFO] [stdout]    = note: `#[warn(non_local_definitions)]` on by default
[INFO] [stdout]    = note: this warning originates in the attribute macro `pymethods` (in Nightly builds, run with -Z macro-backtrace for more info)
[INFO] [stdout] 
[INFO] [stdout] 
[INFO] [stderr]     Finished `test` profile [unoptimized + debuginfo] target(s) in 2.78s
[INFO] running `Command { std: "docker" "inspect" "b747e1a97bd07c5d3ef653f640aea2298d7a19eac1213d5c290975519ab1de02", kill_on_drop: false }`
[INFO] running `Command { std: "docker" "rm" "-f" "b747e1a97bd07c5d3ef653f640aea2298d7a19eac1213d5c290975519ab1de02", kill_on_drop: false }`
[INFO] [stdout] b747e1a97bd07c5d3ef653f640aea2298d7a19eac1213d5c290975519ab1de02
[INFO] running `Command { std: "docker" "create" "-v" "/var/lib/crater-agent-workspace/builds/worker-1-tc2/target:/opt/rustwide/target:rw,Z" "-v" "/var/lib/crater-agent-workspace/builds/worker-1-tc2/source:/opt/rustwide/workdir:ro,Z" "-v" "/var/lib/crater-agent-workspace/cargo-home:/opt/rustwide/cargo-home:ro,Z" "-v" "/var/lib/crater-agent-workspace/rustup-home:/opt/rustwide/rustup-home:ro,Z" "-e" "SOURCE_DIR=/opt/rustwide/workdir" "-e" "CARGO_TARGET_DIR=/opt/rustwide/target" "-e" "CARGO_INCREMENTAL=0" "-e" "RUST_BACKTRACE=full" "-e" "RUSTFLAGS=--cap-lints=forbid -Zrandomize-layout" "-e" "RUSTDOCFLAGS=--cap-lints=forbid" "-e" "CARGO_HOME=/opt/rustwide/cargo-home" "-e" "RUSTUP_HOME=/opt/rustwide/rustup-home" "-w" "/opt/rustwide/workdir" "-m" "1610612736" "--user" "0:0" "--network" "none" "ghcr.io/rust-lang/crates-build-env/linux@sha256:4a844ea9eb2546a2d2c7022eacef16ef2e8229c7fbb2c7d4d55a9ceca922f72d" "/opt/rustwide/cargo-home/bin/cargo" "+nightly-2024-10-28" "test" "--frozen", kill_on_drop: false }`
[INFO] [stdout] 2bc526449f41336a05313f21c83348d2c1e506b6c1af8a2e8498c1fa41fc7357
[INFO] running `Command { std: "docker" "start" "-a" "2bc526449f41336a05313f21c83348d2c1e506b6c1af8a2e8498c1fa41fc7357", kill_on_drop: false }`
[INFO] [stderr] warning: non-local `impl` definition, `impl` blocks should be written at the same level as their item
[INFO] [stderr]   --> src/particle_swarm_optimization/mod.rs:88:1
[INFO] [stderr]    |
[INFO] [stderr] 88 | #[pymethods]
[INFO] [stderr]    | -^^^^^^^^^^^
[INFO] [stderr]    | |
[INFO] [stderr]    | `PyClassImplCollector` is not local
[INFO] [stderr]    | `PyClassNewTextSignature` is not local
[INFO] [stderr]    | move the `impl` block outside of this function `trampoline` and up 4 bodies
[INFO] [stderr] 89 | impl PSO {
[INFO] [stderr]    |      ---
[INFO] [stderr]    |      |
[INFO] [stderr]    |      `PSO` is not local
[INFO] [stderr]    |      `PSO` is not local
[INFO] [stderr]    |
[INFO] [stderr]    = note: the attribute macro `pymethods` defines the non-local `impl`, and may need to be changed
[INFO] [stderr]    = note: the attribute macro `pymethods` may come from an old version of the `pyo3_macros` crate, try updating your dependency with `cargo update -p pyo3_macros`
[INFO] [stderr]    = note: an `impl` is never scoped, even when it is nested inside an item, as it may impact type checking outside of that item, which can be the case if neither the trait or the self type are at the same nesting level as the `impl`
[INFO] [stderr]    = note: `#[warn(non_local_definitions)]` on by default
[INFO] [stderr]    = note: this warning originates in the attribute macro `pymethods` (in Nightly builds, run with -Z macro-backtrace for more info)
[INFO] [stderr] 
[INFO] [stderr] warning: `opt_solver` (lib) generated 1 warning
[INFO] [stderr] warning: `opt_solver` (lib test) generated 1 warning (1 duplicate)
[INFO] [stderr]     Finished `test` profile [unoptimized + debuginfo] target(s) in 0.09s
[INFO] [stderr]      Running unittests src/lib.rs (/opt/rustwide/target/debug/deps/opt_solver-2dd86a0a0166559f)
[INFO] [stdout] 
[INFO] [stdout] running 4 tests
[INFO] [stdout] test tests::test ... ok
[INFO] [stdout] test particle_swarm_optimization::tests::bencher_par ... ok
[INFO] [stdout] test particle_swarm_optimization::tests::bencher has been running for over 60 seconds
[INFO] [stdout] test particle_swarm_optimization::tests::it_works has been running for over 60 seconds
[INFO] [stdout] test particle_swarm_optimization::tests::bencher ... ok
[INFO] [stdout] test particle_swarm_optimization::tests::it_works ... ok
[INFO] [stdout] 
[INFO] [stdout] test result: ok. 4 passed; 0 failed; 0 ignored; 0 measured; 0 filtered out; finished in 107.75s
[INFO] [stdout] 
[INFO] [stderr]    Doc-tests opt_solver
[INFO] [stdout] 
[INFO] [stdout] running 1 test
[INFO] [stdout] test src/particle_swarm_optimization/PSO.md - particle_swarm_optimization::PSO (line 27) ... FAILED
[INFO] [stdout] 
[INFO] [stdout] failures:
[INFO] [stdout] 
[INFO] [stdout] ---- src/particle_swarm_optimization/PSO.md - particle_swarm_optimization::PSO (line 27) stdout ----
[INFO] [stdout] error[E0432]: unresolved import `your_crate`
[INFO] [stdout]  --> src/particle_swarm_optimization/PSO.md:28:5
[INFO] [stdout]   |
[INFO] [stdout] 3 | use your_crate::PSO;
[INFO] [stdout]   |     ^^^^^^^^^^ use of undeclared crate or module `your_crate`
[INFO] [stdout] 
[INFO] [stdout] error: aborting due to 1 previous error
[INFO] [stdout] 
[INFO] [stdout] For more information about this error, try `rustc --explain E0432`.
[INFO] [stdout] Couldn't compile the test.
[INFO] [stdout] 
[INFO] [stdout] failures:
[INFO] [stdout]     src/particle_swarm_optimization/PSO.md - particle_swarm_optimization::PSO (line 27)
[INFO] [stdout] 
[INFO] [stdout] test result: FAILED. 0 passed; 1 failed; 0 ignored; 0 measured; 0 filtered out; finished in 0.06s
[INFO] [stdout] 
[INFO] [stderr] error: doctest failed, to rerun pass `--doc`
[INFO] running `Command { std: "docker" "inspect" "2bc526449f41336a05313f21c83348d2c1e506b6c1af8a2e8498c1fa41fc7357", kill_on_drop: false }`
[INFO] running `Command { std: "docker" "rm" "-f" "2bc526449f41336a05313f21c83348d2c1e506b6c1af8a2e8498c1fa41fc7357", kill_on_drop: false }`
[INFO] [stdout] 2bc526449f41336a05313f21c83348d2c1e506b6c1af8a2e8498c1fa41fc7357
