[INFO] fetching crate opsview 0.1.6...
[INFO] testing opsview-0.1.6 against nightly-2024-10-28+rustflags=-Zrandomize-layout for randomize-layout
[INFO] extracting crate opsview 0.1.6 into /workspace/builds/worker-4-tc2/source
[INFO] validating manifest of crates.io crate opsview 0.1.6 on toolchain nightly-2024-10-28
[INFO] running `Command { std: CARGO_HOME="/workspace/cargo-home" RUSTUP_HOME="/workspace/rustup-home" "/workspace/cargo-home/bin/cargo" "+nightly-2024-10-28" "metadata" "--manifest-path" "Cargo.toml" "--no-deps", kill_on_drop: false }`
[INFO] removed /workspace/builds/worker-4-tc2/source/rust-toolchain.toml
[INFO] started tweaking crates.io crate opsview 0.1.6
[INFO] finished tweaking crates.io crate opsview 0.1.6
[INFO] tweaked toml for crates.io crate opsview 0.1.6 written to /workspace/builds/worker-4-tc2/source/Cargo.toml
[INFO] running `Command { std: CARGO_HOME="/workspace/cargo-home" RUSTUP_HOME="/workspace/rustup-home" "/workspace/cargo-home/bin/cargo" "+nightly-2024-10-28" "generate-lockfile" "--manifest-path" "Cargo.toml", kill_on_drop: false }`
[INFO] [stderr]     Blocking waiting for file lock on package cache
[INFO] [stderr]     Updating crates.io index
[INFO] [stderr]      Locking 244 packages to latest compatible versions
[INFO] running `Command { std: CARGO_HOME="/workspace/cargo-home" RUSTUP_HOME="/workspace/rustup-home" "/workspace/cargo-home/bin/cargo" "+nightly-2024-10-28" "fetch" "--manifest-path" "Cargo.toml", kill_on_drop: false }`
[INFO] running `Command { std: "docker" "create" "-v" "/var/lib/crater-agent-workspace/builds/worker-4-tc2/target:/opt/rustwide/target:rw,Z" "-v" "/var/lib/crater-agent-workspace/builds/worker-4-tc2/source:/opt/rustwide/workdir:ro,Z" "-v" "/var/lib/crater-agent-workspace/cargo-home:/opt/rustwide/cargo-home:ro,Z" "-v" "/var/lib/crater-agent-workspace/rustup-home:/opt/rustwide/rustup-home:ro,Z" "-e" "SOURCE_DIR=/opt/rustwide/workdir" "-e" "CARGO_TARGET_DIR=/opt/rustwide/target" "-e" "CARGO_HOME=/opt/rustwide/cargo-home" "-e" "RUSTUP_HOME=/opt/rustwide/rustup-home" "-w" "/opt/rustwide/workdir" "-m" "1610612736" "--user" "0:0" "--network" "none" "ghcr.io/rust-lang/crates-build-env/linux@sha256:4a844ea9eb2546a2d2c7022eacef16ef2e8229c7fbb2c7d4d55a9ceca922f72d" "/opt/rustwide/cargo-home/bin/cargo" "+nightly-2024-10-28" "metadata" "--no-deps" "--format-version=1", kill_on_drop: false }`
[INFO] [stdout] ba71f498e3bc85d4bb276c14226f0b5584a2699ced7baea2c621a92f2b46405c
[INFO] running `Command { std: "docker" "start" "-a" "ba71f498e3bc85d4bb276c14226f0b5584a2699ced7baea2c621a92f2b46405c", kill_on_drop: false }`
[INFO] running `Command { std: "docker" "inspect" "ba71f498e3bc85d4bb276c14226f0b5584a2699ced7baea2c621a92f2b46405c", kill_on_drop: false }`
[INFO] running `Command { std: "docker" "rm" "-f" "ba71f498e3bc85d4bb276c14226f0b5584a2699ced7baea2c621a92f2b46405c", kill_on_drop: false }`
[INFO] [stdout] ba71f498e3bc85d4bb276c14226f0b5584a2699ced7baea2c621a92f2b46405c
[INFO] running `Command { std: "docker" "create" "-v" "/var/lib/crater-agent-workspace/builds/worker-4-tc2/target:/opt/rustwide/target:rw,Z" "-v" "/var/lib/crater-agent-workspace/builds/worker-4-tc2/source:/opt/rustwide/workdir:ro,Z" "-v" "/var/lib/crater-agent-workspace/cargo-home:/opt/rustwide/cargo-home:ro,Z" "-v" "/var/lib/crater-agent-workspace/rustup-home:/opt/rustwide/rustup-home:ro,Z" "-e" "SOURCE_DIR=/opt/rustwide/workdir" "-e" "CARGO_TARGET_DIR=/opt/rustwide/target" "-e" "CARGO_INCREMENTAL=0" "-e" "RUST_BACKTRACE=full" "-e" "RUSTFLAGS=--cap-lints=forbid -Zrandomize-layout" "-e" "RUSTDOCFLAGS=--cap-lints=forbid" "-e" "CARGO_HOME=/opt/rustwide/cargo-home" "-e" "RUSTUP_HOME=/opt/rustwide/rustup-home" "-w" "/opt/rustwide/workdir" "-m" "1610612736" "--user" "0:0" "--network" "none" "ghcr.io/rust-lang/crates-build-env/linux@sha256:4a844ea9eb2546a2d2c7022eacef16ef2e8229c7fbb2c7d4d55a9ceca922f72d" "/opt/rustwide/cargo-home/bin/cargo" "+nightly-2024-10-28" "build" "--frozen" "--message-format=json", kill_on_drop: false }`
[INFO] [stdout] 11b3b119593996b8af4116b4e5096400ae932656183719b45efc7e199e018192
[INFO] running `Command { std: "docker" "start" "-a" "11b3b119593996b8af4116b4e5096400ae932656183719b45efc7e199e018192", kill_on_drop: false }`
[INFO] [stderr]    Compiling futures-channel v0.3.31
[INFO] [stderr]    Compiling atomic-waker v1.1.2
[INFO] [stderr]    Compiling num-traits v0.2.19
[INFO] [stderr]    Compiling tokio-macros v2.4.0
[INFO] [stderr]    Compiling futures-macro v0.3.31
[INFO] [stderr]    Compiling rust_decimal v1.36.0
[INFO] [stderr]    Compiling arrayvec v0.7.6
[INFO] [stderr]    Compiling sync_wrapper v1.0.1
[INFO] [stderr]    Compiling rand v0.8.5
[INFO] [stderr]    Compiling futures-util v0.3.31
[INFO] [stderr]    Compiling tokio v1.41.0
[INFO] [stderr]    Compiling decimal-percentage v0.1.4
[INFO] [stderr]    Compiling http-body-util v0.1.2
[INFO] [stderr]    Compiling futures-executor v0.3.31
[INFO] [stderr]    Compiling futures v0.3.31
[INFO] [stderr]    Compiling tokio-util v0.7.12
[INFO] [stderr]    Compiling tokio-native-tls v0.3.1
[INFO] [stderr]    Compiling h2 v0.4.6
[INFO] [stderr]    Compiling hyper v1.5.0
[INFO] [stderr]    Compiling hyper-util v0.1.10
[INFO] [stderr]    Compiling hyper-tls v0.6.0
[INFO] [stderr]    Compiling reqwest v0.12.9
[INFO] [stderr]    Compiling opsview v0.1.6 (/opt/rustwide/workdir)
[INFO] [stderr]     Finished `dev` profile [unoptimized + debuginfo] target(s) in 14.71s
[INFO] running `Command { std: "docker" "inspect" "11b3b119593996b8af4116b4e5096400ae932656183719b45efc7e199e018192", kill_on_drop: false }`
[INFO] running `Command { std: "docker" "rm" "-f" "11b3b119593996b8af4116b4e5096400ae932656183719b45efc7e199e018192", kill_on_drop: false }`
[INFO] [stdout] 11b3b119593996b8af4116b4e5096400ae932656183719b45efc7e199e018192
[INFO] running `Command { std: "docker" "create" "-v" "/var/lib/crater-agent-workspace/builds/worker-4-tc2/target:/opt/rustwide/target:rw,Z" "-v" "/var/lib/crater-agent-workspace/builds/worker-4-tc2/source:/opt/rustwide/workdir:ro,Z" "-v" "/var/lib/crater-agent-workspace/cargo-home:/opt/rustwide/cargo-home:ro,Z" "-v" "/var/lib/crater-agent-workspace/rustup-home:/opt/rustwide/rustup-home:ro,Z" "-e" "SOURCE_DIR=/opt/rustwide/workdir" "-e" "CARGO_TARGET_DIR=/opt/rustwide/target" "-e" "CARGO_INCREMENTAL=0" "-e" "RUST_BACKTRACE=full" "-e" "RUSTFLAGS=--cap-lints=forbid -Zrandomize-layout" "-e" "RUSTDOCFLAGS=--cap-lints=forbid" "-e" "CARGO_HOME=/opt/rustwide/cargo-home" "-e" "RUSTUP_HOME=/opt/rustwide/rustup-home" "-w" "/opt/rustwide/workdir" "-m" "1610612736" "--user" "0:0" "--network" "none" "ghcr.io/rust-lang/crates-build-env/linux@sha256:4a844ea9eb2546a2d2c7022eacef16ef2e8229c7fbb2c7d4d55a9ceca922f72d" "/opt/rustwide/cargo-home/bin/cargo" "+nightly-2024-10-28" "test" "--frozen" "--no-run" "--message-format=json", kill_on_drop: false }`
[INFO] [stdout] a0e44a9fc35be341dfe4b2c77beeac258137f1081ff20ea2d8528eba909bd2d7
[INFO] running `Command { std: "docker" "start" "-a" "a0e44a9fc35be341dfe4b2c77beeac258137f1081ff20ea2d8528eba909bd2d7", kill_on_drop: false }`
[INFO] [stderr]    Compiling parking_lot_core v0.9.10
[INFO] [stderr]    Compiling serde_json v1.0.132
[INFO] [stderr]    Compiling anstyle v1.0.9
[INFO] [stderr]    Compiling rust_decimal v1.36.0
[INFO] [stderr]    Compiling ciborium v0.2.2
[INFO] [stderr]    Compiling plotters v0.3.7
[INFO] [stderr]    Compiling float-cmp v0.9.0
[INFO] [stderr]    Compiling is-terminal v0.4.13
[INFO] [stderr]    Compiling yansi v1.0.1
[INFO] [stderr]    Compiling similar v2.6.0
[INFO] [stderr]    Compiling difflib v0.4.0
[INFO] [stderr]    Compiling clap_builder v4.5.20
[INFO] [stderr]    Compiling parking_lot v0.12.3
[INFO] [stderr]    Compiling predicates v3.1.2
[INFO] [stderr]    Compiling pretty_assertions v1.4.1
[INFO] [stderr]    Compiling tokio v1.41.0
[INFO] [stderr]    Compiling decimal-percentage v0.1.4
[INFO] [stderr]    Compiling tinytemplate v1.2.1
[INFO] [stderr]    Compiling assert-json-diff v2.0.2
[INFO] [stderr]    Compiling clap v4.5.20
[INFO] [stderr]    Compiling tokio-util v0.7.12
[INFO] [stderr]    Compiling tokio-native-tls v0.3.1
[INFO] [stderr]    Compiling criterion v0.5.1
[INFO] [stderr]    Compiling h2 v0.4.6
[INFO] [stderr]    Compiling hyper v1.5.0
[INFO] [stderr]    Compiling hyper-util v0.1.10
[INFO] [stderr]    Compiling hyper-tls v0.6.0
[INFO] [stderr]    Compiling mockito v1.5.0
[INFO] [stderr]    Compiling reqwest v0.12.9
[INFO] [stderr]    Compiling opsview v0.1.6 (/opt/rustwide/workdir)
[INFO] [stderr]     Finished `test` profile [unoptimized + debuginfo] target(s) in 17.99s
[INFO] running `Command { std: "docker" "inspect" "a0e44a9fc35be341dfe4b2c77beeac258137f1081ff20ea2d8528eba909bd2d7", kill_on_drop: false }`
[INFO] running `Command { std: "docker" "rm" "-f" "a0e44a9fc35be341dfe4b2c77beeac258137f1081ff20ea2d8528eba909bd2d7", kill_on_drop: false }`
[INFO] [stdout] a0e44a9fc35be341dfe4b2c77beeac258137f1081ff20ea2d8528eba909bd2d7
[INFO] running `Command { std: "docker" "create" "-v" "/var/lib/crater-agent-workspace/builds/worker-4-tc2/target:/opt/rustwide/target:rw,Z" "-v" "/var/lib/crater-agent-workspace/builds/worker-4-tc2/source:/opt/rustwide/workdir:ro,Z" "-v" "/var/lib/crater-agent-workspace/cargo-home:/opt/rustwide/cargo-home:ro,Z" "-v" "/var/lib/crater-agent-workspace/rustup-home:/opt/rustwide/rustup-home:ro,Z" "-e" "SOURCE_DIR=/opt/rustwide/workdir" "-e" "CARGO_TARGET_DIR=/opt/rustwide/target" "-e" "CARGO_INCREMENTAL=0" "-e" "RUST_BACKTRACE=full" "-e" "RUSTFLAGS=--cap-lints=forbid -Zrandomize-layout" "-e" "RUSTDOCFLAGS=--cap-lints=forbid" "-e" "CARGO_HOME=/opt/rustwide/cargo-home" "-e" "RUSTUP_HOME=/opt/rustwide/rustup-home" "-w" "/opt/rustwide/workdir" "-m" "1610612736" "--user" "0:0" "--network" "none" "ghcr.io/rust-lang/crates-build-env/linux@sha256:4a844ea9eb2546a2d2c7022eacef16ef2e8229c7fbb2c7d4d55a9ceca922f72d" "/opt/rustwide/cargo-home/bin/cargo" "+nightly-2024-10-28" "test" "--frozen", kill_on_drop: false }`
[INFO] [stdout] 58ce16ed5dbc8e3e827b8307efc794e254f3d0724bf290b371bda7d1fa125fc6
[INFO] running `Command { std: "docker" "start" "-a" "58ce16ed5dbc8e3e827b8307efc794e254f3d0724bf290b371bda7d1fa125fc6", kill_on_drop: false }`
[INFO] [stderr]     Finished `test` profile [unoptimized + debuginfo] target(s) in 0.19s
[INFO] [stderr]      Running unittests src/lib.rs (/opt/rustwide/target/debug/deps/opsview-128f5af912f972fd)
[INFO] [stdout] 
[INFO] [stdout] running 151 tests
[INFO] [stdout] test client::opsviewclient::print_tests::print_all_bsmcomponent_configs ... ignored
[INFO] [stdout] test client::opsviewclient::print_tests::print_all_bsmservice_configs ... ignored
[INFO] [stdout] test client::opsviewclient::print_tests::print_all_contact_configs ... ignored
[INFO] [stdout] test client::opsviewclient::print_tests::print_all_hashtag_configs ... ignored
[INFO] [stdout] test client::opsviewclient::print_tests::print_all_host_configs ... ignored
[INFO] [stdout] test client::opsviewclient::print_tests::print_all_hostcheckcommand_configs ... ignored
[INFO] [stdout] test client::opsviewclient::print_tests::print_all_hostgroup_configs ... ignored
[INFO] [stdout] test client::opsviewclient::print_tests::print_all_hosticon_configs ... ignored
[INFO] [stdout] test client::opsviewclient::print_tests::print_all_hosttemplate_configs ... ignored
[INFO] [stdout] test client::opsviewclient::print_tests::print_all_monitoringcluster_configs ... ignored
[INFO] [stdout] test client::opsviewclient::print_tests::print_all_netflowcollector_configs ... ignored
[INFO] [stdout] test client::opsviewclient::print_tests::print_all_netflowsource_configs ... ignored
[INFO] [stdout] test client::opsviewclient::print_tests::print_all_notificationmethod_configs ... ignored
[INFO] [stdout] test client::opsviewclient::print_tests::print_all_plugin_configs ... ignored
[INFO] [stdout] test client::opsviewclient::print_tests::print_all_role_configs ... ignored
[INFO] [stdout] test client::opsviewclient::print_tests::print_all_servicecheck_configs ... ignored
[INFO] [stdout] test client::opsviewclient::print_tests::print_all_servicegroup_configs ... ignored
[INFO] [stdout] test client::opsviewclient::print_tests::print_all_sharednotificationprofile_configs ... ignored
[INFO] [stdout] test client::opsviewclient::print_tests::print_all_tenancy_configs ... ignored
[INFO] [stdout] test client::opsviewclient::print_tests::print_all_timeperiod_configs ... ignored
[INFO] [stdout] test client::opsviewclient::print_tests::print_all_variable_configs ... ignored
[INFO] [stdout] test client::opsviewclient::print_tests::test_get_object_id_by_key ... ignored
[INFO] [stdout] test config::bsmcomponent::tests::test_default ... ok
[INFO] [stdout] test config::bsmservice::tests::test_default ... ok
[INFO] [stdout] test config::checktype::tests::test_deserialize_active_check_type ... ok
[INFO] [stdout] test config::checktype::tests::test_deserialize_passive_check_typ ... ok
[INFO] [stdout] test config::checktype::tests::test_deserialize_snmp_polling_check_type ... ok
[INFO] [stdout] test config::checktype::tests::test_deserialize_snmp_trap_check_type ... ok
[INFO] [stdout] test config::checktype::tests::test_serialize_active_plugin_check_type ... ok
[INFO] [stdout] test config::checktype::tests::test_serialize_passive_check_type ... ok
[INFO] [stdout] test config::checktype::tests::test_serialize_snmp_polling_check_type ... ok
[INFO] [stdout] test config::checktype::tests::test_serialize_snmp_trap_check_type ... ok
[INFO] [stdout] test config::contact::tests::test_default ... ok
[INFO] [stdout] test config::contact::tests::test_build_fails_on_invalid_name ... ok
[INFO] [stdout] test config::contactlink::tests::test_default ... ok
[INFO] [stdout] test config::fontawesomeicon::tests::test_to_api ... ok
[INFO] [stdout] test config::fontawesomeicon::tests::test_display ... ok
[INFO] [stdout] test config::fontawesomeicon::tests::test_from_kebab_case ... ok
[INFO] [stdout] test config::fontawesomeicon::tests::test_deserialize_and_serialize ... ok
[INFO] [stdout] test config::hashtag::tests::test_default ... ok
[INFO] [stdout] test config::bsmservice::tests::test_minimal ... ok
[INFO] [stdout] test config::bsmservice::tests::test_is_valid_bsmservice_name ... ok
[INFO] [stdout] test config::compare::tests::test_compare_config_object_maps ... ok
[INFO] [stdout] test config::hashtag::tests::test_build ... ok
[INFO] [stdout] test config::hashtag::tests::test_minimal ... ok
[INFO] [stdout] test config::host::tests::test_is_valid_ip_or_hostname_fails ... ok
[INFO] [stdout] test config::contactlink::tests::test_minimal_fails_with_invalid_names ... ok
[INFO] [stdout] test config::contactlink::tests::test_minimal ... ok
[INFO] [stdout] test config::host::tests::test_build_fails_on_invalid_name ... ok
[INFO] [stdout] test config::host::tests::test_default ... ok
[INFO] [stdout] test config::host::tests::test_valid_ip_or_hostname_succeeds ... ok
[INFO] [stdout] test config::hostcheckcommand::tests::test_default ... ok
[INFO] [stdout] test config::hostcheckcommand::tests::test_is_valid_hostcheckcommand_name ... ok
[INFO] [stdout] test config::hostcheckcommand::tests::test_minimal ... ok
[INFO] [stdout] test config::hostgroup::tests::test_default ... ok
[INFO] [stdout] test config::bsmcomponent::tests::test_minimal ... ok
[INFO] [stdout] test config::bsmcomponent::tests::test_is_valid_bsmcomponent_name ... ok
[INFO] [stdout] test config::contact::tests::test_minimal_succeeds_on_valid_name ... ok
[INFO] [stdout] test config::contact::tests::test_minimal_fails_on_invalid_name ... ok
[INFO] [stdout] test config::contact::tests::test_minimal ... ok
[INFO] [stdout] test config::hosticon::tests::test_default ... ok
[INFO] [stdout] test config::hosticon::tests::test_minimal ... ok
[INFO] [stdout] test config::hosticon::tests::test_is_valid_host_icon ... ok
[INFO] [stdout] test config::hosttemplate::tests::test_default ... ok
[INFO] [stdout] test config::hosttemplate::tests::test_thin_from_full_host_template ... ok
[INFO] [stdout] test config::managementurl::tests::test_minimal ... ok
[INFO] [stdout] test config::managementurl::tests::test_default ... ok
[INFO] [stdout] test config::monitoringcluster::tests::test_default ... ok
[INFO] [stdout] test config::monitoringserver::tests::test_default ... ok
[INFO] [stdout] test config::monitoringcluster::tests::test_minimal ... ok
[INFO] [stdout] test config::netaudit::tests::test_default ... ok
[INFO] [stdout] test config::monitoringcluster::tests::test_monitoringcluster_name_regex ... ok
[INFO] [stdout] test config::monitoringserver::tests::test_minimal ... ok
[INFO] [stdout] test config::netaudit::tests::test_deserialize_rancid_connection_type ... ok
[INFO] [stdout] test config::netaudit::tests::test_serialize_rancid_connection_type ... ok
[INFO] [stdout] test config::netflowcollector::tests::test_default ... ok
[INFO] [stdout] test config::netflowcollector::tests::test_minimal ... ok
[INFO] [stdout] test config::netflowsource::tests::test_build_and_serialize_netflow_source ... ok
[INFO] [stdout] test config::netflowsource::tests::test_default ... ok
[INFO] [stdout] test config::netflowsource::tests::test_deserialize_netflow_source ... ok
[INFO] [stdout] test config::netflowsource::tests::test_invalid_ip_fails ... ok
[INFO] [stdout] test config::host::tests::test_minimal_fails_on_invalid_name ... ok
[INFO] [stdout] test config::netflowsource::tests::test_minimal ... ok
[INFO] [stdout] test config::notificationmethod::tests::test_default ... ok
[INFO] [stdout] test config::notificationprofile::tests::test_default ... ok
[INFO] [stdout] test config::plugin::tests::test_default ... ok
[INFO] [stdout] test config::notificationmethod::tests::test_minimal ... ok
[INFO] [stdout] test config::plugin::tests::test_minimal ... ok
[INFO] [stdout] test config::role::tests::test_default ... ok
[INFO] [stdout] test config::host::tests::test_minimal ... ok
[INFO] [stdout] test config::host::tests::test_minimal_succeeds_on_valid_name ... ok
[INFO] [stdout] test config::servicecheck::tests::test_default ... ok
[INFO] [stdout] test config::hostgroup::tests::test_is_valid_hostgroup_name ... ok
[INFO] [stdout] test config::hostgroup::tests::test_minimal ... ok
[INFO] [stdout] test config::servicegroup::tests::test_default ... ok
[INFO] [stdout] test config::host::tests::test_invalid_notification_options ... ok
[INFO] [stdout] test config::sharednotificationprofile::tests::test_default ... ok
[INFO] [stdout] test config::host::tests::test_build_with_invalid_ip_fails ... ok
[INFO] [stdout] test config::host::tests::test_build ... ok
[INFO] [stdout] test config::host::tests::test_valid_notification_options ... ok
[INFO] [stdout] test config::snmpinterfaces::tests::test_invalid_name_for_index_0 ... ok
[INFO] [stdout] test config::snmptraprules::tests::test_minimal ... ok
[INFO] [stdout] test config::host::tests::test_snmpv3_password_length_constraints ... ok
[INFO] [stdout] test config::tenancy::tests::test_tenancy_default ... ok
[INFO] [stdout] test config::snmptraprules::tests::test_default ... ok
[INFO] [stdout] test config::netaudit::tests::test_minimal ... ok
[INFO] [stdout] test config::timeperiod::tests::test_is_valid_timeperiod_name ... ok
[INFO] [stdout] test config::timeperiod::tests::test_timeperiod_default ... ok
[INFO] [stdout] test config::timeperiod::tests::test_timeperiod_minimal ... ok
[INFO] [stdout] test config::hosttemplate::tests::test_minimal ... ok
[INFO] [stdout] test config::timezone::tests::test_timezone_builder ... ok
[INFO] [stdout] test config::timezone::tests::test_timezone_builder_missing_name ... ok
[INFO] [stdout] test config::timezone::tests::test_timezone_builder_missing_ref ... ok
[INFO] [stdout] test config::timezone::tests::test_timezone_default ... ok
[INFO] [stdout] test config::bsmcomponent::tests::test_is_valid_pct_and_ratio ... ok
[INFO] [stdout] test config::timezone::tests::test_timezone_unique_name ... ok
[INFO] [stdout] test config::role::tests::test_add_access ... ok
[INFO] [stdout] test config::timezone::tests::test_timezone_minimal ... ok
[INFO] [stdout] test config::variable::tests::test_build_fails_with_arg_but_no_label ... ok
[INFO] [stdout] test config::variable::tests::test_build_fails_with_empty_label_for_non_empty_arg ... ok
[INFO] [stdout] test config::role::tests::test_minimal ... ok
[INFO] [stdout] test config::variable::tests::test_build_fails_with_secured_but_empty_arg_and_label ... ok
[INFO] [stdout] test config::variable::tests::test_build_fails_with_secured_but_empty_label ... ok
[INFO] [stdout] test config::variable::tests::test_build_fails_without_name ... ok
[INFO] [stdout] test config::variable::tests::test_build_fails_with_secured_but_no_arg ... ok
[INFO] [stdout] test config::role::tests::test_validated_role_name ... ok
[INFO] [stdout] test config::contactlink::tests::test_build_fails_with_invalid_name ... ok
[INFO] [stdout] test config::variable::tests::test_default ... ok
[INFO] [stdout] test instance::tests::test_refresh ... ignored
[INFO] [stdout] test util::tests::test_is_invalid_rancid_password ... ok
[INFO] [stdout] test util::tests::test_is_invalid_rancid_username ... ok
[INFO] [stdout] test util::tests::test_invalid_other_addresses_fails ... ok
[INFO] [stdout] test config::variable::tests::test_minimal ... ok
[INFO] [stdout] test config::servicecheck::tests::test_minimal ... ok
[INFO] [stdout] test util::tests::test_is_valid_rancid_password ... ok
[INFO] [stdout] test util::tests::test_is_valid_rancid_username ... ok
[INFO] [stdout] test util::tests::test_valid_other_addresses_succeeds ... ok
[INFO] [stdout] test util::tests::test_is_valid_variable_name ... ok
[INFO] [stdout] test config::notificationprofile::tests::test_minimal ... ok
[INFO] [stdout] test config::sharednotificationprofile::tests::test_minimal ... ok
[INFO] [stdout] test util::tests::test_is_valid_notification_profile_name ... ok
[INFO] [stdout] test config::servicegroup::tests::test_minimal ... ok
[INFO] [stdout] test config::variable::tests::test_build_with_only_name ... ok
[INFO] [stdout] test config::variable::tests::test_build_with_valid_data ... ok
[INFO] [stdout] test config::tenancy::tests::test_is_valid_tenancy_name ... ok
[INFO] [stdout] test config::tenancy::tests::test_tenancy_builder ... ok
[INFO] [stdout] test config::tenancy::tests::test_tenancy_unique_name ... ok
[INFO] [stdout] test util::tests::test_is_valid_notification_command ... ok
[INFO] [stdout] test config::tenancy::tests::test_tenancy_minimal ... ok
[INFO] [stdout] test config::timeperiod::tests::test_invalid_timeperiods ... ok
[INFO] [stdout] test config::timeperiod::tests::test_valid_timeperiods ... ok
[INFO] [stdout] 
[INFO] [stdout] test result: ok. 128 passed; 0 failed; 23 ignored; 0 measured; 0 filtered out; finished in 0.03s
[INFO] [stdout] 
[INFO] [stderr]      Running tests/api_responses.rs (/opt/rustwide/target/debug/deps/api_responses-84f1bc34d3dc5074)
[INFO] [stdout] 
[INFO] [stdout] running 0 tests
[INFO] [stdout] 
[INFO] [stdout] test result: ok. 0 passed; 0 failed; 0 ignored; 0 measured; 0 filtered out; finished in 0.00s
[INFO] [stdout] 
[INFO] [stderr]      Running tests/config_test.rs (/opt/rustwide/target/debug/deps/config_test-b0aaba14a609b11f)
[INFO] [stdout] 
[INFO] [stdout] running 1 test
[INFO] [stdout] test test_bsmcomponent ... ok
[INFO] [stdout] 
[INFO] [stdout] test result: ok. 1 passed; 0 failed; 0 ignored; 0 measured; 0 filtered out; finished in 0.04s
[INFO] [stdout] 
[INFO] [stderr]      Running tests/opsviewclient_mock_test.rs (/opt/rustwide/target/debug/deps/opsviewclient_mock_test-6c35c3c4790b3512)
[INFO] [stdout] 
[INFO] [stdout] running 28 tests
[INFO] [stdout] test test_get_all_bsmservice_configs_mock ... ok
[INFO] [stdout] test test_get_all_role_configs_mock ... ok
[INFO] [stdout] test test_get_all_bsmcomponent_configs_mock ... ok
[INFO] [stdout] test test_get_all_contact_configs_mock ... ok
[INFO] [stdout] test test_get_all_host_configs_mock ... ok
[INFO] [stdout] test test_get_all_monitoringcluster_configs_mock ... ok
[INFO] [stdout] test test_get_all_hostcheckcommand_configs_mock ... ok
[INFO] [stdout] test test_get_all_host_configs_with_snmpinterfaces_mock ... ok
[INFO] [stdout] test test_get_all_hostgroup_configs_mock ... ok
[INFO] [stdout] test test_get_all_host_configs_with_empty_snmpinterfaces_mock ... ok
[INFO] [stdout] test test_get_all_plugin_configs_mock ... ok
[INFO] [stdout] test test_get_all_hashtag_configs_mock ... ok
[INFO] [stdout] test test_get_all_notificationmethod_configs_mock ... ok
[INFO] [stdout] test test_get_all_hosttemplate_configs_mock ... ok
[INFO] [stdout] test test_get_all_hosticon_configs_mock ... ok
[INFO] [stdout] test test_get_all_servicecheck_configs_mock ... ok
[INFO] [stdout] test test_get_contact_config_mock ... ok
[INFO] [stdout] test test_get_all_sharednotificationprofile_configs_mock ... ok
[INFO] [stdout] test test_get_all_tenancy_configs_mock ... ok
[INFO] [stdout] test test_get_all_servicegroup_configs_mock ... ok
[INFO] [stdout] test test_get_all_timeperiod_configs_mock ... ok
[INFO] [stdout] test test_get_notificationmethod_config_mock ... ok
[INFO] [stdout] test test_get_bsmservice_config_mock ... ok
[INFO] [stdout] test test_get_role_config_mock ... ok
[INFO] [stdout] test test_get_sharednotificationprofile_config_mock ... ok
[INFO] [stdout] test test_get_all_variable_configs_mock ... ok
[INFO] [stdout] test test_get_monitoringcluster_config_mock ... ok
[INFO] [stdout] test test_get_host_config_mock ... ok
[INFO] [stdout] 
[INFO] [stdout] test result: ok. 28 passed; 0 failed; 0 ignored; 0 measured; 0 filtered out; finished in 1.29s
[INFO] [stdout] 
[INFO] [stderr]      Running tests/opsviewclient_test.rs (/opt/rustwide/target/debug/deps/opsviewclient_test-0fc8f7004c26dc7b)
[INFO] [stdout] 
[INFO] [stdout] running 20 tests
[INFO] [stdout] test test_changes_to_apply ... ignored
[INFO] [stdout] test test_create_and_delete_contact ... ignored
[INFO] [stdout] test test_create_and_delete_new_host_with_deps ... ignored
[INFO] [stdout] test test_create_and_remove_bsmcomponent ... ignored
[INFO] [stdout] test test_get_all_bsmcomponent_configs ... ignored
[INFO] [stdout] test test_get_all_contact_configs ... ignored
[INFO] [stdout] test test_get_all_host_configs ... ignored
[INFO] [stdout] test test_get_all_hosticon_configs ... ignored
[INFO] [stdout] test test_get_all_hosttemplate_configs ... ignored
[INFO] [stdout] test test_get_host_by_id ... ignored
[INFO] [stdout] test test_get_single_host ... ignored
[INFO] [stdout] test test_get_single_host_with_params ... ignored
[INFO] [stdout] test test_get_specific_host_with_cols_params ... ignored
[INFO] [stdout] test test_get_specific_host_with_snmpinterfaces_params ... ignored
[INFO] [stdout] test test_host_exists_by_id ... ignored
[INFO] [stdout] test test_host_exists_by_name ... ignored
[INFO] [stdout] test test_invalid_name ... ignored
[INFO] [stdout] test test_last_update ... ignored
[INFO] [stdout] test test_put_and_delete_single_hashtag ... ignored
[INFO] [stdout] test test_update_persistent_method ... ignored
[INFO] [stdout] 
[INFO] [stdout] test result: ok. 0 passed; 0 failed; 20 ignored; 0 measured; 0 filtered out; finished in 0.00s
[INFO] [stdout] 
[INFO] [stderr]    Doc-tests opsview
[INFO] [stdout] 
[INFO] [stdout] running 47 tests
[INFO] [stdout] test src/client/opsviewclient.rs - client::opsviewclient::OpsviewClient::get_object_config (line 519) - compile ... ok
[INFO] [stdout] test src/client/opsviewclient.rs - client::opsviewclient::OpsviewClient::builder (line 119) ... ok
[INFO] [stdout] test src/client/opsviewclient.rs - client::opsviewclient::OpsviewClient::get_host_config (line 1309) ... ok
[INFO] [stdout] test src/client/opsviewclient.rs - client::opsviewclient::OpsviewClient::get_bsmcomponent_config (line 1145) ... ok
[INFO] [stdout] test src/client/opsviewclient.rs - client::opsviewclient::OpsviewClient::get_hashtag_config (line 1269) ... ok
[INFO] [stdout] test src/client/opsviewclient.rs - client::opsviewclient::OpsviewClient::put_object_config (line 1934) ... ok
[INFO] [stdout] test src/client/opsviewclient.rs - client::opsviewclient::OpsviewClient::changes_to_apply (line 360) ... ok
[INFO] [stdout] test src/client/opsviewclient.rs - client::opsviewclient::OpsviewClient::new (line 169) ... ok
[INFO] [stdout] test src/client/opsviewclient.rs - client::opsviewclient::OpsviewClient::get_host_config_by_id (line 1348) ... ok
[INFO] [stdout] test src/client/opsviewclient.rs - client::opsviewclient::OpsviewClient::get_bsmservice_config (line 1185) ... ok
[INFO] [stdout] test src/client/opsviewclient.rs - client::opsviewclient::OpsviewClient::get_contact_config (line 1225) ... ok
[INFO] [stdout] test src/config/contact.rs - config::contact::Contact (line 12) ... ok
[INFO] [stdout] test src/config/host.rs - config::host::Host::snmpinterfaces (line 284) ... ok
[INFO] [stdout] test src/config/compare.rs - config::compare::compare_config_ref_maps (line 83) ... ok
[INFO] [stdout] test src/config/contactlink.rs - config::contactlink::ContactLink (line 16) ... ok
[INFO] [stdout] test src/config/notificationmethod.rs - config::notificationmethod::NotificationMethod (line 12) ... ok
[INFO] [stdout] test src/config/notificationprofile.rs - config::notificationprofile::NotificationProfileBuilder (line 385) ... ok
[INFO] [stdout] test src/config/plugin.rs - config::plugin::Plugin (line 11) ... ok
[INFO] [stdout] test src/config/hostgroup.rs - config::hostgroup::HostGroupBuilder (line 178) ... FAILED
[INFO] [stdout] test src/config/hosttemplate.rs - config::hosttemplate::HostTemplate (line 15) ... ok
[INFO] [stdout] test src/config/monitoringcluster.rs - config::monitoringcluster::MonitoringCluster (line 12) ... ok
[INFO] [stdout] test src/config/netflowcollector.rs - config::netflowcollector::NetflowCollector (line 11) ... ok
[INFO] [stdout] test src/config/hosticon.rs - config::hosticon::HostIcon (line 10) ... ok
[INFO] [stdout] test src/config/host.rs - config::host::HostBuilder (line 620) ... ok
[INFO] [stdout] test src/config/netaudit.rs - config::netaudit::RancidVendor (line 24) ... ok
[INFO] [stdout] test src/config/snmptraprules.rs - config::snmptraprules::SNMPTrapRule (line 10) ... ok
[INFO] [stdout] test src/config/sharednotificationprofile.rs - config::sharednotificationprofile::SharedNotificationProfileBuilder (line 394) ... ok
[INFO] [stdout] test src/config/servicegroup.rs - config::servicegroup::ServiceGroup (line 14) ... ok
[INFO] [stdout] test src/config/netflowsource.rs - config::netflowsource::NetflowSource (line 27) ... ok
[INFO] [stdout] test src/config/bsmcomponent.rs - config::bsmcomponent::BSMComponent (line 27) ... ok
[INFO] [stdout] test src/config/tenancy.rs - config::tenancy::TenancyBuilder (line 154) ... ok
[INFO] [stdout] test src/config/monitoringserver.rs - config::monitoringserver::MonitoringServer (line 10) ... ok
[INFO] [stdout] test src/config/hashtag.rs - config::hashtag::Hashtag (line 20) ... ok
[INFO] [stdout] test src/lib.rs - (line 9) - compile ... ok
[INFO] [stdout] test src/config/timezone.rs - config::timezone::TimeZoneBuilder (line 56) ... ok
[INFO] [stdout] test src/config/timeperiod.rs - config::timeperiod::TimePeriod (line 33) ... ok
[INFO] [stdout] test src/prelude.rs - prelude::Persistent::exists (line 180) ... ok
[INFO] [stdout] test src/prelude.rs - prelude::Persistent::fetch (line 225) ... ok
[INFO] [stdout] test src/config/compare.rs - config::compare::compare_config_object_maps (line 21) ... ok
[INFO] [stdout] test src/prelude.rs - prelude::Persistent::fetch (line 247) ... ok
[INFO] [stdout] test src/config/servicecheck.rs - config::servicecheck::ServiceCheck (line 14) ... ok
[INFO] [stdout] test src/config/role.rs - config::role::RoleBuilder (line 290) ... ok
[INFO] [stdout] test src/config/managementurl.rs - config::managementurl::ManagementURL (line 12) ... ok
[INFO] [stdout] test src/prelude.rs - prelude::Persistent::remove (line 291) ... ok
[INFO] [stdout] test src/config/hostcheckcommand.rs - config::hostcheckcommand::HostCheckCommandBuilder (line 172) ... ok
[INFO] [stdout] test src/config/bsmservice.rs - config::bsmservice::BSMService (line 14) ... ok
[INFO] [stdout] test src/config/variable.rs - config::variable::VariableBuilder (line 282) ... ok
[INFO] [stdout] 
[INFO] [stdout] failures:
[INFO] [stdout] 
[INFO] [stdout] ---- src/config/hostgroup.rs - config::hostgroup::HostGroupBuilder (line 178) stdout ----
[INFO] [stdout] error: linking with `cc` failed: exit status: 1
[INFO] [stdout]   |
[INFO] [stdout]   = note: LC_ALL="C" PATH="/opt/rustwide/rustup-home/toolchains/nightly-2024-10-28-x86_64-unknown-linux-gnu/lib/rustlib/x86_64-unknown-linux-gnu/bin:/opt/rustwide/rustup-home/toolchains/nightly-2024-10-28-x86_64-unknown-linux-gnu/lib/rustlib/x86_64-unknown-linux-gnu/bin/self-contained:/opt/rustwide/cargo-home/bin:/usr/local/sbin:/usr/local/bin:/usr/sbin:/usr/bin:/sbin:/bin" VSLANG="1033" "cc" "-m64" "/tmp/rustcOwrQcD/symbols.o" "/tmp/rustdoctest9wrXWc/rust_out.rust_out.16b4434b3f29390-cgu.0.rcgu.o" "/tmp/rustdoctest9wrXWc/rust_out.433cx8cl382ppljrnwzuxa40f.rcgu.o" "-Wl,--as-needed" "-Wl,-Bstatic" "/opt/rustwide/target/debug/deps/libopsview-c9b448b577e51fd5.rlib" "/opt/rustwide/target/debug/deps/libthiserror-5ba6625fae222d45.rlib" "/opt/rustwide/target/debug/deps/libdecimal_percentage-3a797c6eeca20482.rlib" "/opt/rustwide/target/debug/deps/librust_decimal-c1af46a6842633c2.rlib" "/opt/rustwide/target/debug/deps/libarrayvec-03b8fe8f3551bacb.rlib" "/opt/rustwide/target/debug/deps/libnum_traits-f4156d1e802a5c62.rlib" "/opt/rustwide/target/debug/deps/libstrum-9a89ff84b27897d2.rlib" "/opt/rustwide/target/debug/deps/libregex-e2f88c391915fb65.rlib" "/opt/rustwide/target/debug/deps/libregex_automata-9a62ad214a6aa684.rlib" "/opt/rustwide/target/debug/deps/libaho_corasick-417a2760a2457731.rlib" "/opt/rustwide/target/debug/deps/libregex_syntax-eddb13b0f2ea78f9.rlib" "/opt/rustwide/target/debug/deps/liblazy_static-7af2f34f8b124b26.rlib" "/opt/rustwide/target/debug/deps/libreqwest-15cc51aa63ece71f.rlib" "/opt/rustwide/target/debug/deps/librustls_pemfile-642792cee8028172.rlib" "/opt/rustwide/target/debug/deps/librustls_pki_types-9be9a33ba3c69774.rlib" "/opt/rustwide/target/debug/deps/libserde_urlencoded-fd4101624b75e284.rlib" "/opt/rustwide/target/debug/deps/libbase64-c167c3eb3ecc322f.rlib" "/opt/rustwide/target/debug/deps/libipnet-f8f4f35acfc01e80.rlib" "/opt/rustwide/target/debug/deps/libhyper_tls-40d7a4e659bb9c1e.rlib" "/opt/rustwide/target/debug/deps/libtokio_native_tls-d8ead6b5f5c2d890.rlib" "/opt/rustwide/target/debug/deps/libmime-34c62d26cca01717.rlib" "/opt/rustwide/target/debug/deps/libencoding_rs-87763af8bd0f20d8.rlib" "/opt/rustwide/target/debug/deps/libserde_json-678e068081f3dc8b.rlib" "/opt/rustwide/target/debug/deps/libryu-2ae7af5af0bb88e0.rlib" "/opt/rustwide/target/debug/deps/libserde-ec4fdd022dcc2132.rlib" "/opt/rustwide/target/debug/deps/libnative_tls-7c8a3abdfaab14e8.rlib" "/opt/rustwide/target/debug/deps/libopenssl_probe-7a88c39453af999d.rlib" "/opt/rustwide/target/debug/deps/libopenssl-56831c4f74a529b4.rlib" "/opt/rustwide/target/debug/deps/libbitflags-37f44213647a4ace.rlib" "/opt/rustwide/target/debug/deps/libforeign_types-635c4831cecdaa17.rlib" "/opt/rustwide/target/debug/deps/libforeign_types_shared-451e418c5f5a784d.rlib" "/opt/rustwide/target/debug/deps/libopenssl_sys-6658094b3c4da1d3.rlib" "/opt/rustwide/target/debug/deps/libhyper_util-567875f5f3b6ae3a.rlib" "/opt/rustwide/target/debug/deps/libtower_service-44dbed632a843492.rlib" "/opt/rustwide/target/debug/deps/libhyper-0c443bbdda1eba4a.rlib" "/opt/rustwide/target/debug/deps/libwant-e685d7a406130720.rlib" "/opt/rustwide/target/debug/deps/libtry_lock-c81c639303c73d15.rlib" "/opt/rustwide/target/debug/deps/libhttparse-51f001110b5a7f34.rlib" "/opt/rustwide/target/debug/deps/libh2-f223b9dc9c5f3c1f.rlib" "/opt/rustwide/target/debug/deps/libtracing-bfddd9c3cfd3791c.rlib" "/opt/rustwide/target/debug/deps/libtracing_core-7c30351e8178d82b.rlib" "/opt/rustwide/target/debug/deps/libonce_cell-6dc575c335e8f5a1.rlib" "/opt/rustwide/target/debug/deps/libindexmap-dc95a38cbf6415fa.rlib" "/opt/rustwide/target/debug/deps/libequivalent-9e89cbd86631a94f.rlib" "/opt/rustwide/target/debug/deps/libhashbrown-29cea3b674da82b3.rlib" "/opt/rustwide/target/debug/deps/libatomic_waker-139ffb07fa982694.rlib" "/opt/rustwide/target/debug/deps/libtokio_util-43d4cae0655bb149.rlib" "/opt/rustwide/target/debug/deps/libhttpdate-cec10d4fe91818dd.rlib" "/opt/rustwide/target/debug/deps/libtokio-fc153f47c402bd19.rlib" "/opt/rustwide/target/debug/deps/libsocket2-94d402ae640d2535.rlib" "/opt/rustwide/target/debug/deps/libmio-b327f5bccc20d3a1.rlib" "/opt/rustwide/target/debug/deps/libparking_lot-547e218269fae300.rlib" "/opt/rustwide/target/debug/deps/libparking_lot_core-bb70e0940f84194f.rlib" "/opt/rustwide/target/debug/deps/liblibc-663f09ba3db1840e.rlib" "/opt/rustwide/target/debug/deps/libcfg_if-57bf25c23e31efdb.rlib" "/opt/rustwide/target/debug/deps/libsmallvec-2bf71e8326cc0d46.rlib" "/opt/rustwide/target/debug/deps/liblock_api-e2cb0d427dfba242.rlib" "/opt/rustwide/target/debug/deps/libscopeguard-003ee3b9b09cebdb.rlib" "/opt/rustwide/target/debug/deps/libhttp_body_util-132517bf0ed8dfe8.rlib" "/opt/rustwide/target/debug/deps/libfutures_util-41ef48cd6368560a.rlib" "/opt/rustwide/target/debug/deps/libmemchr-c7ff0286392b94eb.rlib" "/opt/rustwide/target/debug/deps/libfutures_io-124a01bb0b35f096.rlib" "/opt/rustwide/target/debug/deps/libslab-d637e80c635d9ae6.rlib" "/opt/rustwide/target/debug/deps/libfutures_channel-1411bf70963dfe9b.rlib" "/opt/rustwide/target/debug/deps/libfutures_sink-96446479240e3330.rlib" "/opt/rustwide/target/debug/deps/libfutures_task-6b7e7a881f61604a.rlib" "/opt/rustwide/target/debug/deps/libpin_utils-76c2785263cdb1c1.rlib" "/opt/rustwide/target/debug/deps/libpin_project_lite-2633596a5f246a3b.rlib" "/opt/rustwide/target/debug/deps/libhttp_body-6f948388504fd55b.rlib" "/opt/rustwide/target/debug/deps/liblog-b6b1a89bf87ced53.rlib" "/opt/rustwide/target/debug/deps/libfutures_core-3267ce8fda4a14eb.rlib" "/opt/rustwide/target/debug/deps/liburl-3ecc82cacc8bd093.rlib" "/opt/rustwide/target/debug/deps/libidna-077fbd60ed77fff8.rlib" "/opt/rustwide/target/debug/deps/libunicode_normalization-9ddc68976d8cc053.rlib" "/opt/rustwide/target/debug/deps/libtinyvec-51759a03d8e7a380.rlib" "/opt/rustwide/target/debug/deps/libtinyvec_macros-66661c55905090ec.rlib" "/opt/rustwide/target/debug/deps/libunicode_bidi-7cad909d6a4c23f7.rlib" "/opt/rustwide/target/debug/deps/libform_urlencoded-07a2dedb236e9598.rlib" "/opt/rustwide/target/debug/deps/libpercent_encoding-a400589552762a21.rlib" "/opt/rustwide/target/debug/deps/libhttp-d299e842755e0015.rlib" "/opt/rustwide/target/debug/deps/libitoa-add5260810035b6e.rlib" "/opt/rustwide/target/debug/deps/libbytes-6a4c7ea0a880895d.rlib" "/opt/rustwide/target/debug/deps/libfnv-574dedeaa4c89e1d.rlib" "/opt/rustwide/rustup-home/toolchains/nightly-2024-10-28-x86_64-unknown-linux-gnu/lib/rustlib/x86_64-unknown-linux-gnu/lib/libstd-fb8c387236db3c10.rlib" "/opt/rustwide/rustup-home/toolchains/nightly-2024-10-28-x86_64-unknown-linux-gnu/lib/rustlib/x86_64-unknown-linux-gnu/lib/libpanic_unwind-b251837809b2f64b.rlib" "/opt/rustwide/rustup-home/toolchains/nightly-2024-10-28-x86_64-unknown-linux-gnu/lib/rustlib/x86_64-unknown-linux-gnu/lib/libobject-cbef83eaa4e01f04.rlib" "/opt/rustwide/rustup-home/toolchains/nightly-2024-10-28-x86_64-unknown-linux-gnu/lib/rustlib/x86_64-unknown-linux-gnu/lib/libmemchr-12a772286de2fca7.rlib" "/opt/rustwide/rustup-home/toolchains/nightly-2024-10-28-x86_64-unknown-linux-gnu/lib/rustlib/x86_64-unknown-linux-gnu/lib/libaddr2line-023bbe5ada7abfc3.rlib" "/opt/rustwide/rustup-home/toolchains/nightly-2024-10-28-x86_64-unknown-linux-gnu/lib/rustlib/x86_64-unknown-linux-gnu/lib/libgimli-de2bcdf10ec69c2b.rlib" "/opt/rustwide/rustup-home/toolchains/nightly-2024-10-28-x86_64-unknown-linux-gnu/lib/rustlib/x86_64-unknown-linux-gnu/lib/librustc_demangle-8e1754df350800fd.rlib" "/opt/rustwide/rustup-home/toolchains/nightly-2024-10-28-x86_64-unknown-linux-gnu/lib/rustlib/x86_64-unknown-linux-gnu/lib/libstd_detect-06c2ab7b9c32e037.rlib" "/opt/rustwide/rustup-home/toolchains/nightly-2024-10-28-x86_64-unknown-linux-gnu/lib/rustlib/x86_64-unknown-linux-gnu/lib/libhashbrown-51d2621fc57a281b.rlib" "/opt/rustwide/rustup-home/toolchains/nightly-2024-10-28-x86_64-unknown-linux-gnu/lib/rustlib/x86_64-unknown-linux-gnu/lib/librustc_std_workspace_alloc-54a930408793772f.rlib" "/opt/rustwide/rustup-home/toolchains/nightly-2024-10-28-x86_64-unknown-linux-gnu/lib/rustlib/x86_64-unknown-linux-gnu/lib/libminiz_oxide-0c7d01cba400dcb2.rlib" "/opt/rustwide/rustup-home/toolchains/nightly-2024-10-28-x86_64-unknown-linux-gnu/lib/rustlib/x86_64-unknown-linux-gnu/lib/libadler-b9f84d69e331b75b.rlib" "/opt/rustwide/rustup-home/toolchains/nightly-2024-10-28-x86_64-unknown-linux-gnu/lib/rustlib/x86_64-unknown-linux-gnu/lib/libunwind-eec95493246aae39.rlib" "/opt/rustwide/rustup-home/toolchains/nightly-2024-10-28-x86_64-unknown-linux-gnu/lib/rustlib/x86_64-unknown-linux-gnu/lib/libcfg_if-6f6676c475e08ab0.rlib" "/opt/rustwide/rustup-home/toolchains/nightly-2024-10-28-x86_64-unknown-linux-gnu/lib/rustlib/x86_64-unknown-linux-gnu/lib/liblibc-799d520624f8b2e0.rlib" "/opt/rustwide/rustup-home/toolchains/nightly-2024-10-28-x86_64-unknown-linux-gnu/lib/rustlib/x86_64-unknown-linux-gnu/lib/liballoc-fcf93d4842acd9a9.rlib" "/opt/rustwide/rustup-home/toolchains/nightly-2024-10-28-x86_64-unknown-linux-gnu/lib/rustlib/x86_64-unknown-linux-gnu/lib/librustc_std_workspace_core-395a38b8e0851c9b.rlib" "/opt/rustwide/rustup-home/toolchains/nightly-2024-10-28-x86_64-unknown-linux-gnu/lib/rustlib/x86_64-unknown-linux-gnu/lib/libcore-d453bab70303062c.rlib" "/opt/rustwide/rustup-home/toolchains/nightly-2024-10-28-x86_64-unknown-linux-gnu/lib/rustlib/x86_64-unknown-linux-gnu/lib/libcompiler_builtins-0e6386368b0a24e8.rlib" "-Wl,-Bdynamic" "-lssl" "-lcrypto" "-lgcc_s" "-lutil" "-lrt" "-lpthread" "-lm" "-ldl" "-lc" "-B/opt/rustwide/rustup-home/toolchains/nightly-2024-10-28-x86_64-unknown-linux-gnu/lib/rustlib/x86_64-unknown-linux-gnu/bin/gcc-ld" "-fuse-ld=lld" "-Wl,--eh-frame-hdr" "-Wl,-z,noexecstack" "-L" "/opt/rustwide/rustup-home/toolchains/nightly-2024-10-28-x86_64-unknown-linux-gnu/lib/rustlib/x86_64-unknown-linux-gnu/lib" "-o" "/tmp/rustdoctest9wrXWc/rust_out" "-Wl,--gc-sections" "-pie" "-Wl,-z,relro,-z,now" "-nodefaultlibs"
[INFO] [stdout]   = note: collect2: fatal error: ld terminated with signal 9 [Killed]
[INFO] [stdout]           compilation terminated.
[INFO] [stdout]           
[INFO] [stdout] 
[INFO] [stdout] error: aborting due to 1 previous error
[INFO] [stdout] 
[INFO] [stdout] Couldn't compile the test.
[INFO] [stdout] 
[INFO] [stdout] failures:
[INFO] [stdout]     src/config/hostgroup.rs - config::hostgroup::HostGroupBuilder (line 178)
[INFO] [stdout] 
[INFO] [stdout] test result: FAILED. 46 passed; 1 failed; 0 ignored; 0 measured; 0 filtered out; finished in 14.71s
[INFO] [stdout] 
[INFO] [stderr] error: doctest failed, to rerun pass `--doc`
[INFO] running `Command { std: "docker" "inspect" "58ce16ed5dbc8e3e827b8307efc794e254f3d0724bf290b371bda7d1fa125fc6", kill_on_drop: false }`
[INFO] running `Command { std: "docker" "rm" "-f" "58ce16ed5dbc8e3e827b8307efc794e254f3d0724bf290b371bda7d1fa125fc6", kill_on_drop: false }`
[INFO] [stdout] 58ce16ed5dbc8e3e827b8307efc794e254f3d0724bf290b371bda7d1fa125fc6
