[INFO] fetching crate opentelemetry-otlp 0.26.0...
[INFO] testing opentelemetry-otlp-0.26.0 against nightly-2024-10-28 for randomize-layout
[INFO] extracting crate opentelemetry-otlp 0.26.0 into /workspace/builds/worker-2-tc1/source
[INFO] validating manifest of crates.io crate opentelemetry-otlp 0.26.0 on toolchain nightly-2024-10-28
[INFO] running `Command { std: CARGO_HOME="/workspace/cargo-home" RUSTUP_HOME="/workspace/rustup-home" "/workspace/cargo-home/bin/cargo" "+nightly-2024-10-28" "metadata" "--manifest-path" "Cargo.toml" "--no-deps", kill_on_drop: false }`
[INFO] started tweaking crates.io crate opentelemetry-otlp 0.26.0
[INFO] removed 0 missing tests
[INFO] finished tweaking crates.io crate opentelemetry-otlp 0.26.0
[INFO] tweaked toml for crates.io crate opentelemetry-otlp 0.26.0 written to /workspace/builds/worker-2-tc1/source/Cargo.toml
[INFO] running `Command { std: CARGO_HOME="/workspace/cargo-home" RUSTUP_HOME="/workspace/rustup-home" "/workspace/cargo-home/bin/cargo" "+nightly-2024-10-28" "generate-lockfile" "--manifest-path" "Cargo.toml", kill_on_drop: false }`
[INFO] [stderr]     Updating crates.io index
[INFO] [stderr]      Locking 178 packages to latest compatible versions
[INFO] running `Command { std: CARGO_HOME="/workspace/cargo-home" RUSTUP_HOME="/workspace/rustup-home" "/workspace/cargo-home/bin/cargo" "+nightly-2024-10-28" "fetch" "--manifest-path" "Cargo.toml", kill_on_drop: false }`
[INFO] [stderr]  Downloading crates ...
[INFO] [stderr]   Downloaded opentelemetry-http v0.26.0
[INFO] [stderr]   Downloaded temp-env v0.3.6
[INFO] [stderr]   Downloaded opentelemetry-proto v0.26.1
[INFO] running `Command { std: "docker" "create" "-v" "/var/lib/crater-agent-workspace/builds/worker-2-tc1/target:/opt/rustwide/target:rw,Z" "-v" "/var/lib/crater-agent-workspace/builds/worker-2-tc1/source:/opt/rustwide/workdir:ro,Z" "-v" "/var/lib/crater-agent-workspace/cargo-home:/opt/rustwide/cargo-home:ro,Z" "-v" "/var/lib/crater-agent-workspace/rustup-home:/opt/rustwide/rustup-home:ro,Z" "-e" "SOURCE_DIR=/opt/rustwide/workdir" "-e" "CARGO_TARGET_DIR=/opt/rustwide/target" "-e" "CARGO_HOME=/opt/rustwide/cargo-home" "-e" "RUSTUP_HOME=/opt/rustwide/rustup-home" "-w" "/opt/rustwide/workdir" "-m" "1610612736" "--user" "0:0" "--network" "none" "ghcr.io/rust-lang/crates-build-env/linux@sha256:4a844ea9eb2546a2d2c7022eacef16ef2e8229c7fbb2c7d4d55a9ceca922f72d" "/opt/rustwide/cargo-home/bin/cargo" "+nightly-2024-10-28" "metadata" "--no-deps" "--format-version=1", kill_on_drop: false }`
[INFO] [stdout] 269ecebc0615b051cee54cfeb1b0cca8846d65f81833e63481369b9a338d5795
[INFO] running `Command { std: "docker" "start" "-a" "269ecebc0615b051cee54cfeb1b0cca8846d65f81833e63481369b9a338d5795", kill_on_drop: false }`
[INFO] running `Command { std: "docker" "inspect" "269ecebc0615b051cee54cfeb1b0cca8846d65f81833e63481369b9a338d5795", kill_on_drop: false }`
[INFO] running `Command { std: "docker" "rm" "-f" "269ecebc0615b051cee54cfeb1b0cca8846d65f81833e63481369b9a338d5795", kill_on_drop: false }`
[INFO] [stdout] 269ecebc0615b051cee54cfeb1b0cca8846d65f81833e63481369b9a338d5795
[INFO] running `Command { std: "docker" "create" "-v" "/var/lib/crater-agent-workspace/builds/worker-2-tc1/target:/opt/rustwide/target:rw,Z" "-v" "/var/lib/crater-agent-workspace/builds/worker-2-tc1/source:/opt/rustwide/workdir:ro,Z" "-v" "/var/lib/crater-agent-workspace/cargo-home:/opt/rustwide/cargo-home:ro,Z" "-v" "/var/lib/crater-agent-workspace/rustup-home:/opt/rustwide/rustup-home:ro,Z" "-e" "SOURCE_DIR=/opt/rustwide/workdir" "-e" "CARGO_TARGET_DIR=/opt/rustwide/target" "-e" "CARGO_INCREMENTAL=0" "-e" "RUST_BACKTRACE=full" "-e" "RUSTFLAGS=--cap-lints=forbid" "-e" "RUSTDOCFLAGS=--cap-lints=forbid" "-e" "CARGO_HOME=/opt/rustwide/cargo-home" "-e" "RUSTUP_HOME=/opt/rustwide/rustup-home" "-w" "/opt/rustwide/workdir" "-m" "1610612736" "--user" "0:0" "--network" "none" "ghcr.io/rust-lang/crates-build-env/linux@sha256:4a844ea9eb2546a2d2c7022eacef16ef2e8229c7fbb2c7d4d55a9ceca922f72d" "/opt/rustwide/cargo-home/bin/cargo" "+nightly-2024-10-28" "build" "--frozen" "--message-format=json", kill_on_drop: false }`
[INFO] [stdout] f62175651f0fc378716ed48a0cc7b1cae7644778c4ab9591bb21de85b27ddcd1
[INFO] running `Command { std: "docker" "start" "-a" "f62175651f0fc378716ed48a0cc7b1cae7644778c4ab9591bb21de85b27ddcd1", kill_on_drop: false }`
[INFO] [stderr]    Compiling pin-project-lite v0.2.15
[INFO] [stderr]    Compiling futures-core v0.3.31
[INFO] [stderr]    Compiling bytes v1.8.0
[INFO] [stderr]    Compiling futures-sink v0.3.31
[INFO] [stderr]    Compiling libc v0.2.161
[INFO] [stderr]    Compiling slab v0.4.9
[INFO] [stderr]    Compiling futures-task v0.3.31
[INFO] [stderr]    Compiling syn v2.0.86
[INFO] [stderr]    Compiling pin-utils v0.1.0
[INFO] [stderr]    Compiling once_cell v1.20.2
[INFO] [stderr]    Compiling fnv v1.0.7
[INFO] [stderr]    Compiling byteorder v1.5.0
[INFO] [stderr]    Compiling tower-service v0.3.3
[INFO] [stderr]    Compiling hashbrown v0.15.0
[INFO] [stderr]    Compiling equivalent v1.0.1
[INFO] [stderr]    Compiling tracing-core v0.1.32
[INFO] [stderr]    Compiling httparse v1.9.5
[INFO] [stderr]    Compiling serde v1.0.214
[INFO] [stderr]    Compiling futures-channel v0.3.31
[INFO] [stderr]    Compiling try-lock v0.2.5
[INFO] [stderr]    Compiling http v1.1.0
[INFO] [stderr]    Compiling atomic-waker v1.1.2
[INFO] [stderr]    Compiling rustversion v1.0.18
[INFO] [stderr]    Compiling tower-layer v0.3.3
[INFO] [stderr]    Compiling socket2 v0.5.7
[INFO] [stderr]    Compiling mio v1.0.2
[INFO] [stderr]    Compiling getrandom v0.2.15
[INFO] [stderr]    Compiling indexmap v2.6.0
[INFO] [stderr]    Compiling rand_core v0.6.4
[INFO] [stderr]    Compiling want v0.3.1
[INFO] [stderr]    Compiling indexmap v1.9.3
[INFO] [stderr]    Compiling memchr v2.7.4
[INFO] [stderr]    Compiling http-body v1.0.1
[INFO] [stderr]    Compiling thiserror v1.0.66
[INFO] [stderr]    Compiling httpdate v1.0.3
[INFO] [stderr]    Compiling smallvec v1.13.2
[INFO] [stderr]    Compiling itertools v0.13.0
[INFO] [stderr]    Compiling sync_wrapper v0.1.2
[INFO] [stderr]    Compiling hashbrown v0.12.3
[INFO] [stderr]    Compiling mime v0.3.17
[INFO] [stderr]    Compiling percent-encoding v2.3.1
[INFO] [stderr]    Compiling sync_wrapper v1.0.1
[INFO] [stderr]    Compiling matchit v0.7.3
[INFO] [stderr]    Compiling base64 v0.22.1
[INFO] [stderr]    Compiling glob v0.3.1
[INFO] [stderr]    Compiling serde_json v1.0.132
[INFO] [stderr]    Compiling futures-macro v0.3.31
[INFO] [stderr]    Compiling tokio-macros v2.4.0
[INFO] [stderr]    Compiling zerocopy-derive v0.7.35
[INFO] [stderr]    Compiling tracing-attributes v0.1.27
[INFO] [stderr]    Compiling async-trait v0.1.83
[INFO] [stderr]    Compiling thiserror-impl v1.0.66
[INFO] [stderr]    Compiling pin-project-internal v1.1.7
[INFO] [stderr]    Compiling futures-util v0.3.31
[INFO] [stderr]    Compiling tokio v1.41.0
[INFO] [stderr]    Compiling zerocopy v0.7.35
[INFO] [stderr]    Compiling async-stream-impl v0.3.6
[INFO] [stderr]    Compiling tracing v0.1.40
[INFO] [stderr]    Compiling prost-derive v0.13.3
[INFO] [stderr]    Compiling pin-project v1.1.7
[INFO] [stderr]    Compiling opentelemetry v0.26.0
[INFO] [stderr]    Compiling async-stream v0.3.6
[INFO] [stderr]    Compiling ppv-lite86 v0.2.20
[INFO] [stderr]    Compiling rand_chacha v0.3.1
[INFO] [stderr]    Compiling rand v0.8.5
[INFO] [stderr]    Compiling prost v0.13.3
[INFO] [stderr]    Compiling http-body-util v0.1.2
[INFO] [stderr]    Compiling tower v0.5.1
[INFO] [stderr]    Compiling futures-executor v0.3.31
[INFO] [stderr]    Compiling opentelemetry_sdk v0.26.0
[INFO] [stderr]    Compiling axum-core v0.4.5
[INFO] [stderr]    Compiling tokio-util v0.7.12
[INFO] [stderr]    Compiling tokio-stream v0.1.16
[INFO] [stderr]    Compiling h2 v0.4.6
[INFO] [stderr]    Compiling tower v0.4.13
[INFO] [stderr]    Compiling axum v0.7.7
[INFO] [stderr]    Compiling hyper v1.5.0
[INFO] [stderr]    Compiling hyper-util v0.1.10
[INFO] [stderr]    Compiling hyper-timeout v0.5.1
[INFO] [stderr]    Compiling tonic v0.12.3
[INFO] [stderr]    Compiling opentelemetry-proto v0.26.1
[INFO] [stderr]    Compiling opentelemetry-otlp v0.26.0 (/opt/rustwide/workdir)
[INFO] [stderr]     Finished `dev` profile [unoptimized + debuginfo] target(s) in 37.54s
[INFO] running `Command { std: "docker" "inspect" "f62175651f0fc378716ed48a0cc7b1cae7644778c4ab9591bb21de85b27ddcd1", kill_on_drop: false }`
[INFO] running `Command { std: "docker" "rm" "-f" "f62175651f0fc378716ed48a0cc7b1cae7644778c4ab9591bb21de85b27ddcd1", kill_on_drop: false }`
[INFO] [stdout] f62175651f0fc378716ed48a0cc7b1cae7644778c4ab9591bb21de85b27ddcd1
[INFO] running `Command { std: "docker" "create" "-v" "/var/lib/crater-agent-workspace/builds/worker-2-tc1/target:/opt/rustwide/target:rw,Z" "-v" "/var/lib/crater-agent-workspace/builds/worker-2-tc1/source:/opt/rustwide/workdir:ro,Z" "-v" "/var/lib/crater-agent-workspace/cargo-home:/opt/rustwide/cargo-home:ro,Z" "-v" "/var/lib/crater-agent-workspace/rustup-home:/opt/rustwide/rustup-home:ro,Z" "-e" "SOURCE_DIR=/opt/rustwide/workdir" "-e" "CARGO_TARGET_DIR=/opt/rustwide/target" "-e" "CARGO_INCREMENTAL=0" "-e" "RUST_BACKTRACE=full" "-e" "RUSTFLAGS=--cap-lints=forbid" "-e" "RUSTDOCFLAGS=--cap-lints=forbid" "-e" "CARGO_HOME=/opt/rustwide/cargo-home" "-e" "RUSTUP_HOME=/opt/rustwide/rustup-home" "-w" "/opt/rustwide/workdir" "-m" "1610612736" "--user" "0:0" "--network" "none" "ghcr.io/rust-lang/crates-build-env/linux@sha256:4a844ea9eb2546a2d2c7022eacef16ef2e8229c7fbb2c7d4d55a9ceca922f72d" "/opt/rustwide/cargo-home/bin/cargo" "+nightly-2024-10-28" "test" "--frozen" "--no-run" "--message-format=json", kill_on_drop: false }`
[INFO] [stdout] d185622ae52f1c9d78d924bdeafa9eef6139d3e6f0db77ee7d7f422473e81167
[INFO] running `Command { std: "docker" "start" "-a" "d185622ae52f1c9d78d924bdeafa9eef6139d3e6f0db77ee7d7f422473e81167", kill_on_drop: false }`
[INFO] [stderr]    Compiling tokio v1.41.0
[INFO] [stderr]    Compiling lock_api v0.4.12
[INFO] [stderr]    Compiling parking_lot_core v0.9.10
[INFO] [stderr]    Compiling scopeguard v1.2.0
[INFO] [stderr]    Compiling parking_lot v0.12.3
[INFO] [stderr]    Compiling temp-env v0.3.6
[INFO] [stderr]    Compiling tokio-util v0.7.12
[INFO] [stderr]    Compiling tokio-stream v0.1.16
[INFO] [stderr]    Compiling h2 v0.4.6
[INFO] [stderr]    Compiling tower v0.4.13
[INFO] [stderr]    Compiling hyper v1.5.0
[INFO] [stderr]    Compiling hyper-util v0.1.10
[INFO] [stderr]    Compiling hyper-timeout v0.5.1
[INFO] [stderr]    Compiling tonic v0.12.3
[INFO] [stderr]    Compiling opentelemetry-proto v0.26.1
[INFO] [stderr]    Compiling opentelemetry-otlp v0.26.0 (/opt/rustwide/workdir)
[INFO] [stderr]     Finished `test` profile [unoptimized + debuginfo] target(s) in 21.78s
[INFO] running `Command { std: "docker" "inspect" "d185622ae52f1c9d78d924bdeafa9eef6139d3e6f0db77ee7d7f422473e81167", kill_on_drop: false }`
[INFO] running `Command { std: "docker" "rm" "-f" "d185622ae52f1c9d78d924bdeafa9eef6139d3e6f0db77ee7d7f422473e81167", kill_on_drop: false }`
[INFO] [stdout] d185622ae52f1c9d78d924bdeafa9eef6139d3e6f0db77ee7d7f422473e81167
[INFO] running `Command { std: "docker" "create" "-v" "/var/lib/crater-agent-workspace/builds/worker-2-tc1/target:/opt/rustwide/target:rw,Z" "-v" "/var/lib/crater-agent-workspace/builds/worker-2-tc1/source:/opt/rustwide/workdir:ro,Z" "-v" "/var/lib/crater-agent-workspace/cargo-home:/opt/rustwide/cargo-home:ro,Z" "-v" "/var/lib/crater-agent-workspace/rustup-home:/opt/rustwide/rustup-home:ro,Z" "-e" "SOURCE_DIR=/opt/rustwide/workdir" "-e" "CARGO_TARGET_DIR=/opt/rustwide/target" "-e" "CARGO_INCREMENTAL=0" "-e" "RUST_BACKTRACE=full" "-e" "RUSTFLAGS=--cap-lints=forbid" "-e" "RUSTDOCFLAGS=--cap-lints=forbid" "-e" "CARGO_HOME=/opt/rustwide/cargo-home" "-e" "RUSTUP_HOME=/opt/rustwide/rustup-home" "-w" "/opt/rustwide/workdir" "-m" "1610612736" "--user" "0:0" "--network" "none" "ghcr.io/rust-lang/crates-build-env/linux@sha256:4a844ea9eb2546a2d2c7022eacef16ef2e8229c7fbb2c7d4d55a9ceca922f72d" "/opt/rustwide/cargo-home/bin/cargo" "+nightly-2024-10-28" "test" "--frozen", kill_on_drop: false }`
[INFO] [stdout] 3bd5f8f6c35c48f176ee16d61e9ed7903a37824ba1b6c780d1bbb88554a54a9b
[INFO] running `Command { std: "docker" "start" "-a" "3bd5f8f6c35c48f176ee16d61e9ed7903a37824ba1b6c780d1bbb88554a54a9b", kill_on_drop: false }`
[INFO] [stderr]     Finished `test` profile [unoptimized + debuginfo] target(s) in 0.21s
[INFO] [stderr]      Running unittests src/lib.rs (/opt/rustwide/target/debug/deps/opentelemetry_otlp-4fe293a0a68271ab)
[INFO] [stdout] 
[INFO] [stdout] running 9 tests
[INFO] [stdout] test exporter::tests::test_default_protocol ... ok
[INFO] [stdout] test exporter::tests::test_default_tonic_endpoint ... ok
[INFO] [stdout] test exporter::tests::test_url_decode ... ok
[INFO] [stdout] test exporter::tests::test_parse_header_string ... ok
[INFO] [stdout] test exporter::tonic::tests::test_convert_compression ... ok
[INFO] [stdout] test exporter::tonic::tests::test_merge_metadata_with_headers_from_env ... ok
[INFO] [stdout] test exporter::tonic::tests::test_with_metadata ... ok
[INFO] [stdout] test exporter::tonic::tests::test_parse_headers_from_env ... ok
[INFO] [stdout] test exporter::tests::test_parse_header_key_value_string ... ok
[INFO] [stdout] 
[INFO] [stdout] test result: ok. 9 passed; 0 failed; 0 ignored; 0 measured; 0 filtered out; finished in 0.00s
[INFO] [stdout] 
[INFO] [stderr]    Doc-tests opentelemetry_otlp
[INFO] [stdout] 
[INFO] [stdout] running 7 tests
[INFO] [stdout] test src/exporter/tonic/mod.rs - exporter::tonic::TonicExporterBuilder (line 97) - compile ... ok
[INFO] [stdout] test src/lib.rs - new_pipeline (line 299) - compile ... ok
[INFO] [stdout] test src/span.rs - span::OtlpTracePipeline (line 52) - compile ... ok
[INFO] [stdout] test src/lib.rs - (line 31) - compile ... ok
[INFO] [stdout] test src/lib.rs - (line 125) - compile ... FAILED
[INFO] [stdout] test src/lib.rs - (line 69) - compile ... FAILED
[INFO] [stdout] test src/exporter/mod.rs - exporter::WithExportConfig (line 172) ... ok
[INFO] [stdout] 
[INFO] [stdout] failures:
[INFO] [stdout] 
[INFO] [stdout] ---- src/lib.rs - (line 125) stdout ----
[INFO] [stdout] error[E0425]: cannot find value `Tokio` in module `opentelemetry_sdk::runtime`
[INFO] [stdout]   --> src/lib.rs:163:52
[INFO] [stdout]    |
[INFO] [stdout] 40 |         .install_batch(opentelemetry_sdk::runtime::Tokio)?;
[INFO] [stdout]    |                                                    ^^^^^ not found in `opentelemetry_sdk::runtime`
[INFO] [stdout]    |
[INFO] [stdout] note: found an item that was configured out
[INFO] [stdout]   --> /opt/rustwide/cargo-home/registry/src/index.crates.io-6f17d22bba15001f/opentelemetry_sdk-0.26.0/src/runtime.rs:50:12
[INFO] [stdout]    |
[INFO] [stdout] 50 | pub struct Tokio;
[INFO] [stdout]    |            ^^^^^
[INFO] [stdout] note: the item is gated behind the `rt-tokio` feature
[INFO] [stdout]   --> /opt/rustwide/cargo-home/registry/src/index.crates.io-6f17d22bba15001f/opentelemetry_sdk-0.26.0/src/runtime.rs:47:7
[INFO] [stdout]    |
[INFO] [stdout] 47 | #[cfg(feature = "rt-tokio")]
[INFO] [stdout]    |       ^^^^^^^^^^^^^^^^^^^^
[INFO] [stdout] 
[INFO] [stdout] error[E0425]: cannot find value `Tokio` in module `opentelemetry_sdk::runtime`
[INFO] [stdout]   --> src/lib.rs:178:46
[INFO] [stdout]    |
[INFO] [stdout] 55 |         .metrics(opentelemetry_sdk::runtime::Tokio)
[INFO] [stdout]    |                                              ^^^^^ not found in `opentelemetry_sdk::runtime`
[INFO] [stdout]    |
[INFO] [stdout] note: found an item that was configured out
[INFO] [stdout]   --> /opt/rustwide/cargo-home/registry/src/index.crates.io-6f17d22bba15001f/opentelemetry_sdk-0.26.0/src/runtime.rs:50:12
[INFO] [stdout]    |
[INFO] [stdout] 50 | pub struct Tokio;
[INFO] [stdout]    |            ^^^^^
[INFO] [stdout] note: the item is gated behind the `rt-tokio` feature
[INFO] [stdout]   --> /opt/rustwide/cargo-home/registry/src/index.crates.io-6f17d22bba15001f/opentelemetry_sdk-0.26.0/src/runtime.rs:47:7
[INFO] [stdout]    |
[INFO] [stdout] 47 | #[cfg(feature = "rt-tokio")]
[INFO] [stdout]    |       ^^^^^^^^^^^^^^^^^^^^
[INFO] [stdout] 
[INFO] [stdout] warning: use of deprecated function `opentelemetry_sdk::trace::config`: Use Config::default() instead
[INFO] [stdout]   --> src/lib.rs:155:20
[INFO] [stdout]    |
[INFO] [stdout] 32 |             trace::config()
[INFO] [stdout]    |                    ^^^^^^
[INFO] [stdout]    |
[INFO] [stdout]    = note: `#[warn(deprecated)]` on by default
[INFO] [stdout] 
[INFO] [stdout] error: aborting due to 2 previous errors; 1 warning emitted
[INFO] [stdout] 
[INFO] [stdout] For more information about this error, try `rustc --explain E0425`.
[INFO] [stdout] Couldn't compile the test.
[INFO] [stdout] ---- src/lib.rs - (line 69) stdout ----
[INFO] [stdout] error[E0425]: cannot find value `AsyncStd` in module `opentelemetry_sdk::runtime`
[INFO] [stdout]    --> src/lib.rs:77:48
[INFO] [stdout]     |
[INFO] [stdout] 11  |     .install_batch(opentelemetry_sdk::runtime::AsyncStd)?;
[INFO] [stdout]     |                                                ^^^^^^^^ not found in `opentelemetry_sdk::runtime`
[INFO] [stdout]     |
[INFO] [stdout] note: found an item that was configured out
[INFO] [stdout]    --> /opt/rustwide/cargo-home/registry/src/index.crates.io-6f17d22bba15001f/opentelemetry_sdk-0.26.0/src/runtime.rs:114:12
[INFO] [stdout]     |
[INFO] [stdout] 114 | pub struct AsyncStd;
[INFO] [stdout]     |            ^^^^^^^^
[INFO] [stdout] note: the item is gated behind the `rt-async-std` feature
[INFO] [stdout]    --> /opt/rustwide/cargo-home/registry/src/index.crates.io-6f17d22bba15001f/opentelemetry_sdk-0.26.0/src/runtime.rs:111:7
[INFO] [stdout]     |
[INFO] [stdout] 111 | #[cfg(feature = "rt-async-std")]
[INFO] [stdout]     |       ^^^^^^^^^^^^^^^^^^^^^^^^
[INFO] [stdout] 
[INFO] [stdout] error: aborting due to 1 previous error
[INFO] [stdout] 
[INFO] [stdout] For more information about this error, try `rustc --explain E0425`.
[INFO] [stdout] Couldn't compile the test.
[INFO] [stdout] 
[INFO] [stdout] failures:
[INFO] [stdout]     src/lib.rs - (line 125)
[INFO] [stdout]     src/lib.rs - (line 69)
[INFO] [stdout] 
[INFO] [stdout] test result: FAILED. 5 passed; 2 failed; 0 ignored; 0 measured; 0 filtered out; finished in 0.69s
[INFO] [stdout] 
[INFO] [stderr] error: doctest failed, to rerun pass `--doc`
[INFO] running `Command { std: "docker" "inspect" "3bd5f8f6c35c48f176ee16d61e9ed7903a37824ba1b6c780d1bbb88554a54a9b", kill_on_drop: false }`
[INFO] running `Command { std: "docker" "rm" "-f" "3bd5f8f6c35c48f176ee16d61e9ed7903a37824ba1b6c780d1bbb88554a54a9b", kill_on_drop: false }`
[INFO] [stdout] 3bd5f8f6c35c48f176ee16d61e9ed7903a37824ba1b6c780d1bbb88554a54a9b
