[INFO] fetching crate opentalk-types-common 0.21.0...
[INFO] testing opentalk-types-common-0.21.0 against nightly-2024-10-28 for randomize-layout
[INFO] extracting crate opentalk-types-common 0.21.0 into /workspace/builds/worker-5-tc1/source
[INFO] validating manifest of crates.io crate opentalk-types-common 0.21.0 on toolchain nightly-2024-10-28
[INFO] running `Command { std: CARGO_HOME="/workspace/cargo-home" RUSTUP_HOME="/workspace/rustup-home" "/workspace/cargo-home/bin/cargo" "+nightly-2024-10-28" "metadata" "--manifest-path" "Cargo.toml" "--no-deps", kill_on_drop: false }`
[INFO] started tweaking crates.io crate opentalk-types-common 0.21.0
[INFO] finished tweaking crates.io crate opentalk-types-common 0.21.0
[INFO] tweaked toml for crates.io crate opentalk-types-common 0.21.0 written to /workspace/builds/worker-5-tc1/source/Cargo.toml
[INFO] running `Command { std: CARGO_HOME="/workspace/cargo-home" RUSTUP_HOME="/workspace/rustup-home" "/workspace/cargo-home/bin/cargo" "+nightly-2024-10-28" "generate-lockfile" "--manifest-path" "Cargo.toml", kill_on_drop: false }`
[INFO] [stderr]     Updating crates.io index
[INFO] [stderr]      Locking 220 packages to latest compatible versions
[INFO] [stderr]       Adding chrono-tz v0.9.0 (available: v0.10.0)
[INFO] [stderr]       Adding kustos-shared v0.21.0 (available: v0.25.0)
[INFO] [stderr]       Adding opentalk-client-shared v0.21.0 (available: v0.25.0)
[INFO] [stderr]       Adding opentalk-kustos-prefix v0.21.0 (available: v0.25.0)
[INFO] [stderr]       Adding opentalk-types-common v0.21.0 (available: v0.25.0)
[INFO] [stderr]       Adding utoipa v4.2.3 (available: v5.1.3)
[INFO] running `Command { std: CARGO_HOME="/workspace/cargo-home" RUSTUP_HOME="/workspace/rustup-home" "/workspace/cargo-home/bin/cargo" "+nightly-2024-10-28" "fetch" "--manifest-path" "Cargo.toml", kill_on_drop: false }`
[INFO] [stderr]  Downloading crates ...
[INFO] [stderr]   Downloaded redis-args v0.17.0
[INFO] [stderr]   Downloaded opentalk-kustos-prefix-impl v0.21.0
[INFO] [stderr]   Downloaded http-request-derive-macros v0.1.3
[INFO] [stderr]   Downloaded opentalk-client-shared v0.21.0
[INFO] [stderr]   Downloaded opentalk-diesel-newtype-impl v0.13.0
[INFO] [stderr]   Downloaded kustos-shared v0.21.0
[INFO] [stderr]   Downloaded opentalk-diesel-newtype v0.13.0
[INFO] [stderr]   Downloaded actix-web-httpauth v0.8.2
[INFO] [stderr]   Downloaded http-request-derive v0.3.2
[INFO] [stderr]   Downloaded redis v0.27.5
[INFO] [stderr]   Downloaded opentalk-types-common v0.21.0
[INFO] [stderr]   Downloaded opentalk-kustos-prefix v0.21.0
[INFO] [stderr]   Downloaded redis-args-impl v0.17.0
[INFO] running `Command { std: "docker" "create" "-v" "/var/lib/crater-agent-workspace/builds/worker-5-tc1/target:/opt/rustwide/target:rw,Z" "-v" "/var/lib/crater-agent-workspace/builds/worker-5-tc1/source:/opt/rustwide/workdir:ro,Z" "-v" "/var/lib/crater-agent-workspace/cargo-home:/opt/rustwide/cargo-home:ro,Z" "-v" "/var/lib/crater-agent-workspace/rustup-home:/opt/rustwide/rustup-home:ro,Z" "-e" "SOURCE_DIR=/opt/rustwide/workdir" "-e" "CARGO_TARGET_DIR=/opt/rustwide/target" "-e" "CARGO_HOME=/opt/rustwide/cargo-home" "-e" "RUSTUP_HOME=/opt/rustwide/rustup-home" "-w" "/opt/rustwide/workdir" "-m" "1610612736" "--user" "0:0" "--network" "none" "ghcr.io/rust-lang/crates-build-env/linux@sha256:4a844ea9eb2546a2d2c7022eacef16ef2e8229c7fbb2c7d4d55a9ceca922f72d" "/opt/rustwide/cargo-home/bin/cargo" "+nightly-2024-10-28" "metadata" "--no-deps" "--format-version=1", kill_on_drop: false }`
[INFO] [stdout] a6f0cf81b326c65d5241ad974e83c25db6e23ac83fe93a840f03b8c24fdffcfa
[INFO] running `Command { std: "docker" "start" "-a" "a6f0cf81b326c65d5241ad974e83c25db6e23ac83fe93a840f03b8c24fdffcfa", kill_on_drop: false }`
[INFO] running `Command { std: "docker" "inspect" "a6f0cf81b326c65d5241ad974e83c25db6e23ac83fe93a840f03b8c24fdffcfa", kill_on_drop: false }`
[INFO] running `Command { std: "docker" "rm" "-f" "a6f0cf81b326c65d5241ad974e83c25db6e23ac83fe93a840f03b8c24fdffcfa", kill_on_drop: false }`
[INFO] [stdout] a6f0cf81b326c65d5241ad974e83c25db6e23ac83fe93a840f03b8c24fdffcfa
[INFO] running `Command { std: "docker" "create" "-v" "/var/lib/crater-agent-workspace/builds/worker-5-tc1/target:/opt/rustwide/target:rw,Z" "-v" "/var/lib/crater-agent-workspace/builds/worker-5-tc1/source:/opt/rustwide/workdir:ro,Z" "-v" "/var/lib/crater-agent-workspace/cargo-home:/opt/rustwide/cargo-home:ro,Z" "-v" "/var/lib/crater-agent-workspace/rustup-home:/opt/rustwide/rustup-home:ro,Z" "-e" "SOURCE_DIR=/opt/rustwide/workdir" "-e" "CARGO_TARGET_DIR=/opt/rustwide/target" "-e" "CARGO_INCREMENTAL=0" "-e" "RUST_BACKTRACE=full" "-e" "RUSTFLAGS=--cap-lints=forbid" "-e" "RUSTDOCFLAGS=--cap-lints=forbid" "-e" "CARGO_HOME=/opt/rustwide/cargo-home" "-e" "RUSTUP_HOME=/opt/rustwide/rustup-home" "-w" "/opt/rustwide/workdir" "-m" "1610612736" "--user" "0:0" "--network" "none" "ghcr.io/rust-lang/crates-build-env/linux@sha256:4a844ea9eb2546a2d2c7022eacef16ef2e8229c7fbb2c7d4d55a9ceca922f72d" "/opt/rustwide/cargo-home/bin/cargo" "+nightly-2024-10-28" "build" "--frozen" "--message-format=json", kill_on_drop: false }`
[INFO] [stdout] ad7c8f6052a701da72b87d054ecf09acb7866a262310dc0eac86252c97e244a2
[INFO] running `Command { std: "docker" "start" "-a" "ad7c8f6052a701da72b87d054ecf09acb7866a262310dc0eac86252c97e244a2", kill_on_drop: false }`
[INFO] [stderr]    Compiling siphasher v0.3.11
[INFO] [stderr]    Compiling regex-syntax v0.8.5
[INFO] [stderr]    Compiling rand_core v0.6.4
[INFO] [stderr]    Compiling iana-time-zone v0.1.61
[INFO] [stderr]    Compiling unicode-bidi v0.3.17
[INFO] [stderr]    Compiling uuid v1.11.0
[INFO] [stderr]    Compiling num-traits v0.2.19
[INFO] [stderr]    Compiling tinyvec v1.8.0
[INFO] [stderr]    Compiling itertools v0.13.0
[INFO] [stderr]    Compiling email_address v0.2.9
[INFO] [stderr]    Compiling syn v2.0.86
[INFO] [stderr]    Compiling rand v0.8.5
[INFO] [stderr]    Compiling phf_shared v0.11.2
[INFO] [stderr]    Compiling phf v0.11.2
[INFO] [stderr]    Compiling phf_generator v0.11.2
[INFO] [stderr]    Compiling phf_codegen v0.11.2
[INFO] [stderr]    Compiling unicode-normalization v0.1.24
[INFO] [stderr]    Compiling chrono v0.4.38
[INFO] [stderr]    Compiling regex-automata v0.4.8
[INFO] [stderr]    Compiling idna v0.5.0
[INFO] [stderr]    Compiling url v2.5.2
[INFO] [stderr]    Compiling regex v1.11.1
[INFO] [stderr]    Compiling parse-zoneinfo v0.3.1
[INFO] [stderr]    Compiling chrono-tz-build v0.3.0
[INFO] [stderr]    Compiling chrono-tz v0.9.0
[INFO] [stderr]    Compiling strum_macros v0.26.4
[INFO] [stderr]    Compiling derive_more-impl v1.0.0
[INFO] [stderr]    Compiling snafu-derive v0.8.5
[INFO] [stderr]    Compiling snafu v0.8.5
[INFO] [stderr]    Compiling strum v0.26.3
[INFO] [stderr]    Compiling derive_more v1.0.0
[INFO] [stderr]    Compiling opentalk-types-common v0.21.0 (/opt/rustwide/workdir)
[INFO] [stderr]     Finished `dev` profile [unoptimized + debuginfo] target(s) in 11.03s
[INFO] running `Command { std: "docker" "inspect" "ad7c8f6052a701da72b87d054ecf09acb7866a262310dc0eac86252c97e244a2", kill_on_drop: false }`
[INFO] running `Command { std: "docker" "rm" "-f" "ad7c8f6052a701da72b87d054ecf09acb7866a262310dc0eac86252c97e244a2", kill_on_drop: false }`
[INFO] [stdout] ad7c8f6052a701da72b87d054ecf09acb7866a262310dc0eac86252c97e244a2
[INFO] running `Command { std: "docker" "create" "-v" "/var/lib/crater-agent-workspace/builds/worker-5-tc1/target:/opt/rustwide/target:rw,Z" "-v" "/var/lib/crater-agent-workspace/builds/worker-5-tc1/source:/opt/rustwide/workdir:ro,Z" "-v" "/var/lib/crater-agent-workspace/cargo-home:/opt/rustwide/cargo-home:ro,Z" "-v" "/var/lib/crater-agent-workspace/rustup-home:/opt/rustwide/rustup-home:ro,Z" "-e" "SOURCE_DIR=/opt/rustwide/workdir" "-e" "CARGO_TARGET_DIR=/opt/rustwide/target" "-e" "CARGO_INCREMENTAL=0" "-e" "RUST_BACKTRACE=full" "-e" "RUSTFLAGS=--cap-lints=forbid" "-e" "RUSTDOCFLAGS=--cap-lints=forbid" "-e" "CARGO_HOME=/opt/rustwide/cargo-home" "-e" "RUSTUP_HOME=/opt/rustwide/rustup-home" "-w" "/opt/rustwide/workdir" "-m" "1610612736" "--user" "0:0" "--network" "none" "ghcr.io/rust-lang/crates-build-env/linux@sha256:4a844ea9eb2546a2d2c7022eacef16ef2e8229c7fbb2c7d4d55a9ceca922f72d" "/opt/rustwide/cargo-home/bin/cargo" "+nightly-2024-10-28" "test" "--frozen" "--no-run" "--message-format=json", kill_on_drop: false }`
[INFO] [stdout] f4cfc9d6926d70ae8c50a3582e96416a4e6d8299f5eedd675cadda20d692fad2
[INFO] running `Command { std: "docker" "start" "-a" "f4cfc9d6926d70ae8c50a3582e96416a4e6d8299f5eedd675cadda20d692fad2", kill_on_drop: false }`
[INFO] [stderr]    Compiling serde v1.0.214
[INFO] [stderr]    Compiling strsim v0.11.1
[INFO] [stderr]    Compiling fnv v1.0.7
[INFO] [stderr]    Compiling ident_case v1.0.1
[INFO] [stderr]    Compiling yansi v1.0.1
[INFO] [stderr]    Compiling serde_derive v1.0.214
[INFO] [stderr]    Compiling chrono-tz v0.9.0
[INFO] [stderr]    Compiling darling_core v0.20.10
[INFO] [stderr]    Compiling pretty_assertions v1.4.1
[INFO] [stderr]    Compiling darling_macro v0.20.10
[INFO] [stderr]    Compiling darling v0.20.10
[INFO] [stderr]    Compiling serde_with_macros v3.11.0
[INFO] [stderr]    Compiling chrono v0.4.38
[INFO] [stderr]    Compiling url v2.5.2
[INFO] [stderr]    Compiling email_address v0.2.9
[INFO] [stderr]    Compiling uuid v1.11.0
[INFO] [stderr]    Compiling serde_with v3.11.0
[INFO] [stderr]    Compiling serde_json v1.0.132
[INFO] [stderr]    Compiling opentalk-types-common v0.21.0
[INFO] [stderr]    Compiling opentalk-types-common v0.21.0 (/opt/rustwide/workdir)
[INFO] [stderr]     Finished `test` profile [unoptimized + debuginfo] target(s) in 13.68s
[INFO] running `Command { std: "docker" "inspect" "f4cfc9d6926d70ae8c50a3582e96416a4e6d8299f5eedd675cadda20d692fad2", kill_on_drop: false }`
[INFO] running `Command { std: "docker" "rm" "-f" "f4cfc9d6926d70ae8c50a3582e96416a4e6d8299f5eedd675cadda20d692fad2", kill_on_drop: false }`
[INFO] [stdout] f4cfc9d6926d70ae8c50a3582e96416a4e6d8299f5eedd675cadda20d692fad2
[INFO] running `Command { std: "docker" "create" "-v" "/var/lib/crater-agent-workspace/builds/worker-5-tc1/target:/opt/rustwide/target:rw,Z" "-v" "/var/lib/crater-agent-workspace/builds/worker-5-tc1/source:/opt/rustwide/workdir:ro,Z" "-v" "/var/lib/crater-agent-workspace/cargo-home:/opt/rustwide/cargo-home:ro,Z" "-v" "/var/lib/crater-agent-workspace/rustup-home:/opt/rustwide/rustup-home:ro,Z" "-e" "SOURCE_DIR=/opt/rustwide/workdir" "-e" "CARGO_TARGET_DIR=/opt/rustwide/target" "-e" "CARGO_INCREMENTAL=0" "-e" "RUST_BACKTRACE=full" "-e" "RUSTFLAGS=--cap-lints=forbid" "-e" "RUSTDOCFLAGS=--cap-lints=forbid" "-e" "CARGO_HOME=/opt/rustwide/cargo-home" "-e" "RUSTUP_HOME=/opt/rustwide/rustup-home" "-w" "/opt/rustwide/workdir" "-m" "1610612736" "--user" "0:0" "--network" "none" "ghcr.io/rust-lang/crates-build-env/linux@sha256:4a844ea9eb2546a2d2c7022eacef16ef2e8229c7fbb2c7d4d55a9ceca922f72d" "/opt/rustwide/cargo-home/bin/cargo" "+nightly-2024-10-28" "test" "--frozen", kill_on_drop: false }`
[INFO] [stdout] 006e419c8b6c24cddfb2300b11a93425da0c4fe1695740f1a4d307e6d290f69b
[INFO] running `Command { std: "docker" "start" "-a" "006e419c8b6c24cddfb2300b11a93425da0c4fe1695740f1a4d307e6d290f69b", kill_on_drop: false }`
[INFO] [stderr]     Finished `test` profile [unoptimized + debuginfo] target(s) in 0.17s
[INFO] [stderr]      Running unittests src/lib.rs (/opt/rustwide/target/debug/deps/opentalk_types_common-1bc8ca36dea689b0)
[INFO] [stdout] 
[INFO] [stdout] running 13 tests
[INFO] [stdout] test events::event_description::tests::parse ... ok
[INFO] [stdout] test events::event_description::tests::parse_invalid ... ok
[INFO] [stdout] test events::event_title::tests::parse ... ok
[INFO] [stdout] test call_in::numeric_id::tests::from_str ... ok
[INFO] [stdout] test assets::file_extension::tests::file_extension_to_string_with_leading_dot ... ok
[INFO] [stdout] test features::feature_id::tests::parse_invalid ... ok
[INFO] [stdout] test features::feature_id::tests::parse ... ok
[INFO] [stdout] test modules::module_id::tests::parse ... ok
[INFO] [stdout] test rooms::room_password::tests::parse ... ok
[INFO] [stdout] test rooms::room_password::tests::parse_invalid ... ok
[INFO] [stdout] test modules::module_id::tests::parse_invalid ... ok
[INFO] [stdout] test events::event_title::tests::parse_invalid ... ok
[INFO] [stdout] test time::timestamp::tests::to_string_for_filename ... ok
[INFO] [stderr]    Doc-tests opentalk_types_common
[INFO] [stdout] 
[INFO] [stdout] test result: ok. 13 passed; 0 failed; 0 ignored; 0 measured; 0 filtered out; finished in 0.01s
[INFO] [stdout] 
[INFO] [stdout] 
[INFO] [stdout] running 10 tests
[INFO] [stdout] test src/macros/sql_enum.rs - macros::sql_enum::sql_enum (line 17) ... ignored
[INFO] [stdout] test src/assets/file_extension.rs - assets::file_extension::FileExtension::to_string_with_leading_dot (line 40) ... FAILED
[INFO] [stdout] test src/macros/maybe_put_behind_feature.rs - macros::maybe_put_behind_feature::maybe_put_meta_behind_feature (line 63) ... FAILED
[INFO] [stdout] test src/macros/maybe_put_behind_feature.rs - macros::maybe_put_behind_feature::maybe_put_behind_feature (line 9) ... FAILED
[INFO] [stdout] test src/collections/one_or_many_btree_set.rs - collections::one_or_many_btree_set::OneOrManyBTreeSet (line 18) ... FAILED
[INFO] [stdout] test src/macros/maybe_put_behind_feature.rs - macros::maybe_put_behind_feature::maybe_put_behind_feature (line 32) ... ok
[INFO] [stdout] test src/collections/one_or_many_vec.rs - collections::one_or_many_vec::OneOrManyVec (line 16) ... FAILED
[INFO] [stdout] test src/macros/maybe_put_behind_feature.rs - macros::maybe_put_behind_feature::maybe_put_behind_feature (line 22) ... ok
[INFO] [stdout] test src/macros/maybe_put_behind_feature.rs - macros::maybe_put_behind_feature::maybe_put_meta_behind_feature (line 79) ... ok
[INFO] [stdout] test src/macros/maybe_put_behind_feature.rs - macros::maybe_put_behind_feature::maybe_put_meta_behind_feature (line 88) ... ok
[INFO] [stdout] 
[INFO] [stdout] failures:
[INFO] [stdout] 
[INFO] [stdout] ---- src/assets/file_extension.rs - assets::file_extension::FileExtension::to_string_with_leading_dot (line 40) stdout ----
[INFO] [stdout] error[E0464]: multiple candidates for `rlib` dependency `opentalk_types_common` found
[INFO] [stdout]  --> src/assets/file_extension.rs:40:1
[INFO] [stdout]   |
[INFO] [stdout] 3 | extern crate r#opentalk_types_common;
[INFO] [stdout]   | ^^^^^^^^^^^^^^^^^^^^^^^^^^^^^^^^^^^^^
[INFO] [stdout]   |
[INFO] [stdout]   = note: candidate #1: /opt/rustwide/target/debug/deps/libopentalk_types_common-8fa8b049f3f78e54.rlib
[INFO] [stdout]   = note: candidate #2: /opt/rustwide/target/debug/deps/libopentalk_types_common-b1881b5ffbe92801.rlib
[INFO] [stdout] 
[INFO] [stdout] error: aborting due to 1 previous error
[INFO] [stdout] 
[INFO] [stdout] For more information about this error, try `rustc --explain E0464`.
[INFO] [stdout] Couldn't compile the test.
[INFO] [stdout] ---- src/macros/maybe_put_behind_feature.rs - macros::maybe_put_behind_feature::maybe_put_meta_behind_feature (line 63) stdout ----
[INFO] [stdout] error[E0464]: multiple candidates for `rlib` dependency `opentalk_types_common` found
[INFO] [stdout]  --> src/macros/maybe_put_behind_feature.rs:63:1
[INFO] [stdout]   |
[INFO] [stdout] 3 | extern crate r#opentalk_types_common;
[INFO] [stdout]   | ^^^^^^^^^^^^^^^^^^^^^^^^^^^^^^^^^^^^^
[INFO] [stdout]   |
[INFO] [stdout]   = note: candidate #1: /opt/rustwide/target/debug/deps/libopentalk_types_common-8fa8b049f3f78e54.rlib
[INFO] [stdout]   = note: candidate #2: /opt/rustwide/target/debug/deps/libopentalk_types_common-b1881b5ffbe92801.rlib
[INFO] [stdout] 
[INFO] [stdout] error: aborting due to 1 previous error
[INFO] [stdout] 
[INFO] [stdout] For more information about this error, try `rustc --explain E0464`.
[INFO] [stdout] Couldn't compile the test.
[INFO] [stdout] ---- src/macros/maybe_put_behind_feature.rs - macros::maybe_put_behind_feature::maybe_put_behind_feature (line 9) stdout ----
[INFO] [stdout] error[E0464]: multiple candidates for `rlib` dependency `opentalk_types_common` found
[INFO] [stdout]  --> src/macros/maybe_put_behind_feature.rs:9:1
[INFO] [stdout]   |
[INFO] [stdout] 3 | extern crate r#opentalk_types_common;
[INFO] [stdout]   | ^^^^^^^^^^^^^^^^^^^^^^^^^^^^^^^^^^^^^
[INFO] [stdout]   |
[INFO] [stdout]   = note: candidate #1: /opt/rustwide/target/debug/deps/libopentalk_types_common-8fa8b049f3f78e54.rlib
[INFO] [stdout]   = note: candidate #2: /opt/rustwide/target/debug/deps/libopentalk_types_common-b1881b5ffbe92801.rlib
[INFO] [stdout] 
[INFO] [stdout] error: aborting due to 1 previous error
[INFO] [stdout] 
[INFO] [stdout] For more information about this error, try `rustc --explain E0464`.
[INFO] [stdout] Couldn't compile the test.
[INFO] [stdout] ---- src/collections/one_or_many_btree_set.rs - collections::one_or_many_btree_set::OneOrManyBTreeSet (line 18) stdout ----
[INFO] [stdout] error[E0464]: multiple candidates for `rlib` dependency `opentalk_types_common` found
[INFO] [stdout]  --> src/collections/one_or_many_btree_set.rs:18:1
[INFO] [stdout]   |
[INFO] [stdout] 3 | extern crate r#opentalk_types_common;
[INFO] [stdout]   | ^^^^^^^^^^^^^^^^^^^^^^^^^^^^^^^^^^^^^
[INFO] [stdout]   |
[INFO] [stdout]   = note: candidate #1: /opt/rustwide/target/debug/deps/libopentalk_types_common-8fa8b049f3f78e54.rlib
[INFO] [stdout]   = note: candidate #2: /opt/rustwide/target/debug/deps/libopentalk_types_common-b1881b5ffbe92801.rlib
[INFO] [stdout] 
[INFO] [stdout] error[E0599]: the method `unwrap` exists for enum `Result<Choice, Error>`, but its trait bounds were not satisfied
[INFO] [stdout]   --> src/collections/one_or_many_btree_set.rs:36:46
[INFO] [stdout]    |
[INFO] [stdout] 12 | struct Choice {
[INFO] [stdout]    | ------------- doesn't satisfy `Choice: Sized`
[INFO] [stdout] ...
[INFO] [stdout] 21 |     serde_json::from_value::<Choice>(single).unwrap(),
[INFO] [stdout]    |                                              ^^^^^^ method cannot be called on `Result<Choice, Error>` due to unsatisfied trait bounds
[INFO] [stdout]    |
[INFO] [stdout]    = note: the following trait bounds were not satisfied:
[INFO] [stdout]            `{type error}: Sized`
[INFO] [stdout]            which is required by `Choice: Sized`
[INFO] [stdout] 
[INFO] [stdout] error[E0599]: the method `unwrap` exists for enum `Result<Choice, Error>`, but its trait bounds were not satisfied
[INFO] [stdout]   --> src/collections/one_or_many_btree_set.rs:45:48
[INFO] [stdout]    |
[INFO] [stdout] 12 | struct Choice {
[INFO] [stdout]    | ------------- doesn't satisfy `Choice: Sized`
[INFO] [stdout] ...
[INFO] [stdout] 30 |     serde_json::from_value::<Choice>(multiple).unwrap(),
[INFO] [stdout]    |                                                ^^^^^^ method cannot be called on `Result<Choice, Error>` due to unsatisfied trait bounds
[INFO] [stdout]    |
[INFO] [stdout]    = note: the following trait bounds were not satisfied:
[INFO] [stdout]            `{type error}: Sized`
[INFO] [stdout]            which is required by `Choice: Sized`
[INFO] [stdout] 
[INFO] [stdout] error: aborting due to 3 previous errors
[INFO] [stdout] 
[INFO] [stdout] Some errors have detailed explanations: E0464, E0599.
[INFO] [stdout] For more information about an error, try `rustc --explain E0464`.
[INFO] [stdout] Couldn't compile the test.
[INFO] [stdout] ---- src/collections/one_or_many_vec.rs - collections::one_or_many_vec::OneOrManyVec (line 16) stdout ----
[INFO] [stdout] error[E0464]: multiple candidates for `rlib` dependency `opentalk_types_common` found
[INFO] [stdout]  --> src/collections/one_or_many_vec.rs:16:1
[INFO] [stdout]   |
[INFO] [stdout] 3 | extern crate r#opentalk_types_common;
[INFO] [stdout]   | ^^^^^^^^^^^^^^^^^^^^^^^^^^^^^^^^^^^^^
[INFO] [stdout]   |
[INFO] [stdout]   = note: candidate #1: /opt/rustwide/target/debug/deps/libopentalk_types_common-8fa8b049f3f78e54.rlib
[INFO] [stdout]   = note: candidate #2: /opt/rustwide/target/debug/deps/libopentalk_types_common-b1881b5ffbe92801.rlib
[INFO] [stdout] 
[INFO] [stdout] error[E0599]: the method `unwrap` exists for enum `Result<Choice, Error>`, but its trait bounds were not satisfied
[INFO] [stdout]   --> src/collections/one_or_many_vec.rs:32:46
[INFO] [stdout]    |
[INFO] [stdout] 10 | struct Choice {
[INFO] [stdout]    | ------------- doesn't satisfy `Choice: Sized`
[INFO] [stdout] ...
[INFO] [stdout] 19 |     serde_json::from_value::<Choice>(single).unwrap(),
[INFO] [stdout]    |                                              ^^^^^^ method cannot be called on `Result<Choice, Error>` due to unsatisfied trait bounds
[INFO] [stdout]    |
[INFO] [stdout]    = note: the following trait bounds were not satisfied:
[INFO] [stdout]            `{type error}: Sized`
[INFO] [stdout]            which is required by `Choice: Sized`
[INFO] [stdout] 
[INFO] [stdout] error[E0599]: the method `unwrap` exists for enum `Result<Choice, Error>`, but its trait bounds were not satisfied
[INFO] [stdout]   --> src/collections/one_or_many_vec.rs:41:48
[INFO] [stdout]    |
[INFO] [stdout] 10 | struct Choice {
[INFO] [stdout]    | ------------- doesn't satisfy `Choice: Sized`
[INFO] [stdout] ...
[INFO] [stdout] 28 |     serde_json::from_value::<Choice>(multiple).unwrap(),
[INFO] [stdout]    |                                                ^^^^^^ method cannot be called on `Result<Choice, Error>` due to unsatisfied trait bounds
[INFO] [stdout]    |
[INFO] [stdout]    = note: the following trait bounds were not satisfied:
[INFO] [stdout]            `{type error}: Sized`
[INFO] [stdout]            which is required by `Choice: Sized`
[INFO] [stdout] 
[INFO] [stdout] error: aborting due to 3 previous errors
[INFO] [stdout] 
[INFO] [stdout] Some errors have detailed explanations: E0464, E0599.
[INFO] [stdout] For more information about an error, try `rustc --explain E0464`.
[INFO] [stdout] Couldn't compile the test.
[INFO] [stdout] 
[INFO] [stdout] failures:
[INFO] [stdout]     src/assets/file_extension.rs - assets::file_extension::FileExtension::to_string_with_leading_dot (line 40)
[INFO] [stdout]     src/collections/one_or_many_btree_set.rs - collections::one_or_many_btree_set::OneOrManyBTreeSet (line 18)
[INFO] [stdout]     src/collections/one_or_many_vec.rs - collections::one_or_many_vec::OneOrManyVec (line 16)
[INFO] [stdout]     src/macros/maybe_put_behind_feature.rs - macros::maybe_put_behind_feature::maybe_put_behind_feature (line 9)
[INFO] [stdout]     src/macros/maybe_put_behind_feature.rs - macros::maybe_put_behind_feature::maybe_put_meta_behind_feature (line 63)
[INFO] [stdout] 
[INFO] [stdout] test result: FAILED. 4 passed; 5 failed; 1 ignored; 0 measured; 0 filtered out; finished in 0.26s
[INFO] [stdout] 
[INFO] [stderr] error: doctest failed, to rerun pass `--doc`
[INFO] running `Command { std: "docker" "inspect" "006e419c8b6c24cddfb2300b11a93425da0c4fe1695740f1a4d307e6d290f69b", kill_on_drop: false }`
[INFO] running `Command { std: "docker" "rm" "-f" "006e419c8b6c24cddfb2300b11a93425da0c4fe1695740f1a4d307e6d290f69b", kill_on_drop: false }`
[INFO] [stdout] 006e419c8b6c24cddfb2300b11a93425da0c4fe1695740f1a4d307e6d290f69b
