[INFO] fetching crate opendal 0.50.1...
[INFO] testing opendal-0.50.1 against nightly-2024-10-28 for randomize-layout
[INFO] extracting crate opendal 0.50.1 into /workspace/builds/worker-7-tc1/source
[INFO] validating manifest of crates.io crate opendal 0.50.1 on toolchain nightly-2024-10-28
[INFO] running `Command { std: CARGO_HOME="/workspace/cargo-home" RUSTUP_HOME="/workspace/rustup-home" "/workspace/cargo-home/bin/cargo" "+nightly-2024-10-28" "metadata" "--manifest-path" "Cargo.toml" "--no-deps", kill_on_drop: false }`
[INFO] started tweaking crates.io crate opendal 0.50.1
[INFO] finished tweaking crates.io crate opendal 0.50.1
[INFO] tweaked toml for crates.io crate opendal 0.50.1 written to /workspace/builds/worker-7-tc1/source/Cargo.toml
[INFO] running `Command { std: CARGO_HOME="/workspace/cargo-home" RUSTUP_HOME="/workspace/rustup-home" "/workspace/cargo-home/bin/cargo" "+nightly-2024-10-28" "generate-lockfile" "--manifest-path" "Cargo.toml", kill_on_drop: false }`
[INFO] [stderr]     Updating crates.io index
[INFO] [stderr]     Blocking waiting for file lock on package cache
[INFO] [stderr]      Locking 802 packages to latest compatible versions
[INFO] [stderr]       Adding arrayvec v0.7.4 (available: v0.7.6)
[INFO] [stderr]       Adding atomic_lib v0.39.1 (available: v0.40.0)
[INFO] [stderr]       Adding cedar-policy v2.4.2 (available: v2.5.0)
[INFO] [stderr]       Adding cedar-policy-core v2.4.2 (available: v2.5.0)
[INFO] [stderr]       Adding cedar-policy-validator v2.4.2 (available: v2.5.0)
[INFO] [stderr]       Adding governor v0.6.3 (available: v0.7.0)
[INFO] [stderr]       Adding quick-xml v0.36.2 (available: v0.37.0)
[INFO] [stderr]       Adding rocksdb v0.21.0 (available: v0.22.0)
[INFO] [stderr]       Adding triomphe v0.1.11 (available: v0.1.14)
[INFO] running `Command { std: CARGO_HOME="/workspace/cargo-home" RUSTUP_HOME="/workspace/rustup-home" "/workspace/cargo-home/bin/cargo" "+nightly-2024-10-28" "fetch" "--manifest-path" "Cargo.toml", kill_on_drop: false }`
[INFO] [stderr]     Blocking waiting for file lock on package cache
[INFO] [stderr]  Downloading crates ...
[INFO] [stderr]   Downloaded surrealdb v2.0.4
[INFO] [stderr]   Downloaded surrealdb-derive v0.12.0
[INFO] [stderr]   Downloaded serde-content v0.1.0
[INFO] [stderr]   Downloaded storekey v0.5.0
[INFO] [stderr]   Downloaded surrealdb-core v2.0.4
[INFO] [stderr]   Downloaded wasmtimer v0.2.1
[INFO] [stderr]   Downloaded backon v1.2.0
[INFO] [stderr]   Downloaded async-backtrace v0.2.7
[INFO] [stderr]   Downloaded compio-runtime v0.5.1
[INFO] [stderr]   Downloaded compio-signal v0.3.0
[INFO] [stderr]   Downloaded compio v0.12.0
[INFO] [stderr]   Downloaded etcd-client v0.14.0
[INFO] [stderr]   Downloaded fastrace-macro v0.7.4
[INFO] [stderr]   Downloaded minstant v0.1.7
[INFO] [stderr]   Downloaded rtrb v0.3.1
[INFO] [stderr]   Downloaded fastrace v0.7.4
[INFO] [stderr]   Downloaded thrift_codec v0.3.2
[INFO] [stderr]   Downloaded fastrace-jaeger v0.7.4
[INFO] [stderr]   Downloaded foundationdb-gen v0.9.1
[INFO] [stderr]   Downloaded redis v0.27.5
[INFO] [stderr]   Downloaded foundationdb-macros v0.3.1
[INFO] [stderr]   Downloaded foundationdb-sys v0.9.1
[INFO] [stderr]   Downloaded foundationdb v0.9.1
[INFO] [stderr]   Downloaded dns-lookup v2.0.4
[INFO] [stderr]   Downloaded g2gen v1.1.0
[INFO] [stderr]   Downloaded g2poly v1.1.0
[INFO] [stderr]   Downloaded g2p v1.1.0
[INFO] [stderr]   Downloaded hdfs-native v0.10.1
[INFO] [stderr]   Downloaded hdfs-sys v0.3.0
[INFO] [stderr]   Downloaded hdrs v0.3.2
[INFO] [stderr]   Downloaded hrana-client-proto v0.2.1
[INFO] [stderr]   Downloaded libtest-mimic v0.8.1
[INFO] [stderr]   Downloaded mongodb-internal-macros v3.1.0
[INFO] [stderr]   Downloaded mongodb v3.1.0
[INFO] [stderr]   Downloaded monoio v0.2.4
[INFO] [stderr]   Downloaded concurrent_arena v0.1.10
[INFO] [stderr]   Downloaded ssh_format v0.14.1
[INFO] [stderr]   Downloaded openssh-sftp-protocol v0.24.0
[INFO] [stderr]   Downloaded openssh-sftp-client-lowlevel v0.7.0
[INFO] [stderr]   Downloaded openssh v0.11.2
[INFO] [stderr]   Downloaded vec-strings v0.4.8
[INFO] [stderr]   Downloaded openssh-sftp-protocol-error v0.1.0
[INFO] [stderr]   Downloaded openssh-sftp-error v0.5.0
[INFO] [stderr]   Downloaded tokio-io-utility v0.7.6
[INFO] [stderr]   Downloaded openssh-sftp-client v0.15.1
[INFO] [stderr]   Downloaded zigzag v0.1.0
[INFO] [stderr]   Downloaded persy v1.5.2
[INFO] [stderr]   Downloaded probe v0.5.1
[INFO] [stderr]   Downloaded redb v2.2.0
[INFO] [stderr]   Downloaded tokio-retry2 v0.5.6
[INFO] [stderr]   Downloaded async-compat v0.2.4
[INFO] [stderr]   Downloaded async-sleep v0.4.1
[INFO] [stderr]   Downloaded bb8 v0.8.6
[INFO] [stderr]   Downloaded rust-nebula v0.0.2
[INFO] [stderr]   Downloaded snowflaked v1.0.3
[INFO] [stderr]   Downloaded rustc_lexer v0.1.0
[INFO] [stderr]   Downloaded cedar-policy-core v2.4.2
[INFO] [stderr]   Downloaded unicode-security v0.1.2
[INFO] [stderr]   Downloaded try_map v0.3.1
[INFO] [stderr]   Downloaded rust-stemmers v1.2.0
[INFO] [stderr]   Downloaded cedar-policy-validator v2.4.2
[INFO] [stderr]   Downloaded cedar-policy v2.4.2
[INFO] [stderr]   Downloaded dmp v0.2.0
[INFO] [stderr]   Downloaded any_ascii v0.3.2
[INFO] [stderr]   Downloaded lexicmp v0.1.0
[INFO] [stderr]   Downloaded linfa-linalg v0.1.0
[INFO] [stderr]   Downloaded quick_cache v0.5.2
[INFO] [stderr]   Downloaded reblessive v0.4.1
[INFO] [stderr]   Downloaded revision-derive v0.10.0
[INFO] [stderr]   Downloaded revision v0.10.0
[INFO] [stderr]   Downloaded atomic_lib v0.39.1
[INFO] [stderr]   Downloaded await-tree v0.2.1
[INFO] [stderr]   Downloaded reflink-copy v0.1.19
[INFO] [stderr]   Downloaded compio-dispatcher v0.4.0
[INFO] [stderr]   Downloaded compio-fs v0.5.1
[INFO] [stderr]   Downloaded compio-io v0.4.1
[INFO] [stderr]   Downloaded compio-net v0.5.1
[INFO] [stderr]   Downloaded compio-buf v0.5.0
[INFO] [stderr]   Downloaded io-uring v0.7.1
[INFO] [stderr]   Downloaded compio-driver v0.5.1
[INFO] [stderr]   Downloaded compio-log v0.1.0
[INFO] [stderr]   Downloaded metrics v0.24.0
[INFO] [stderr]   Downloaded rustc_version_runtime v0.3.0
[INFO] [stderr]   Downloaded awaitable v0.4.0
[INFO] [stderr]   Downloaded derive_destructure2 v0.1.3
[INFO] [stderr]   Downloaded awaitable-error v0.1.0
[INFO] [stderr]   Downloaded ssh_format_error v0.1.0
[INFO] [stderr]   Downloaded opentelemetry-proto v0.26.1
[INFO] [stderr]   Downloaded opentelemetry-otlp v0.26.0
[INFO] [stderr]   Downloaded prometheus-client v0.22.3
[INFO] [stderr]   Downloaded suppaftp v6.0.4
[INFO] [stderr]   Downloaded trice v0.4.0
[INFO] running `Command { std: "docker" "create" "-v" "/var/lib/crater-agent-workspace/builds/worker-7-tc1/target:/opt/rustwide/target:rw,Z" "-v" "/var/lib/crater-agent-workspace/builds/worker-7-tc1/source:/opt/rustwide/workdir:ro,Z" "-v" "/var/lib/crater-agent-workspace/cargo-home:/opt/rustwide/cargo-home:ro,Z" "-v" "/var/lib/crater-agent-workspace/rustup-home:/opt/rustwide/rustup-home:ro,Z" "-e" "SOURCE_DIR=/opt/rustwide/workdir" "-e" "CARGO_TARGET_DIR=/opt/rustwide/target" "-e" "CARGO_HOME=/opt/rustwide/cargo-home" "-e" "RUSTUP_HOME=/opt/rustwide/rustup-home" "-w" "/opt/rustwide/workdir" "-m" "1610612736" "--user" "0:0" "--network" "none" "ghcr.io/rust-lang/crates-build-env/linux@sha256:4a844ea9eb2546a2d2c7022eacef16ef2e8229c7fbb2c7d4d55a9ceca922f72d" "/opt/rustwide/cargo-home/bin/cargo" "+nightly-2024-10-28" "metadata" "--no-deps" "--format-version=1", kill_on_drop: false }`
[INFO] [stdout] 5436fb6547900d7854bd52140fd55aa4827dcb33eb55de3854a00a1be3951f9b
[INFO] running `Command { std: "docker" "start" "-a" "5436fb6547900d7854bd52140fd55aa4827dcb33eb55de3854a00a1be3951f9b", kill_on_drop: false }`
[INFO] running `Command { std: "docker" "inspect" "5436fb6547900d7854bd52140fd55aa4827dcb33eb55de3854a00a1be3951f9b", kill_on_drop: false }`
[INFO] running `Command { std: "docker" "rm" "-f" "5436fb6547900d7854bd52140fd55aa4827dcb33eb55de3854a00a1be3951f9b", kill_on_drop: false }`
[INFO] [stdout] 5436fb6547900d7854bd52140fd55aa4827dcb33eb55de3854a00a1be3951f9b
[INFO] running `Command { std: "docker" "create" "-v" "/var/lib/crater-agent-workspace/builds/worker-7-tc1/target:/opt/rustwide/target:rw,Z" "-v" "/var/lib/crater-agent-workspace/builds/worker-7-tc1/source:/opt/rustwide/workdir:ro,Z" "-v" "/var/lib/crater-agent-workspace/cargo-home:/opt/rustwide/cargo-home:ro,Z" "-v" "/var/lib/crater-agent-workspace/rustup-home:/opt/rustwide/rustup-home:ro,Z" "-e" "SOURCE_DIR=/opt/rustwide/workdir" "-e" "CARGO_TARGET_DIR=/opt/rustwide/target" "-e" "CARGO_INCREMENTAL=0" "-e" "RUST_BACKTRACE=full" "-e" "RUSTFLAGS=--cap-lints=forbid" "-e" "RUSTDOCFLAGS=--cap-lints=forbid" "-e" "CARGO_HOME=/opt/rustwide/cargo-home" "-e" "RUSTUP_HOME=/opt/rustwide/rustup-home" "-w" "/opt/rustwide/workdir" "-m" "1610612736" "--user" "0:0" "--network" "none" "ghcr.io/rust-lang/crates-build-env/linux@sha256:4a844ea9eb2546a2d2c7022eacef16ef2e8229c7fbb2c7d4d55a9ceca922f72d" "/opt/rustwide/cargo-home/bin/cargo" "+nightly-2024-10-28" "build" "--frozen" "--message-format=json", kill_on_drop: false }`
[INFO] [stdout] 55a4ca749b07af65f8ba7380dcac1cc31c3555cd8483085179257ad7153549a0
[INFO] running `Command { std: "docker" "start" "-a" "55a4ca749b07af65f8ba7380dcac1cc31c3555cd8483085179257ad7153549a0", kill_on_drop: false }`
[INFO] [stderr]    Compiling shlex v1.3.0
[INFO] [stderr]    Compiling memchr v2.7.4
[INFO] [stderr]    Compiling futures-channel v0.3.31
[INFO] [stderr]    Compiling syn v2.0.86
[INFO] [stderr]    Compiling socket2 v0.5.7
[INFO] [stderr]    Compiling mio v1.0.2
[INFO] [stderr]    Compiling getrandom v0.2.15
[INFO] [stderr]    Compiling futures-io v0.3.31
[INFO] [stderr]    Compiling cc v1.1.31
[INFO] [stderr]    Compiling rustls-pki-types v1.10.0
[INFO] [stderr]    Compiling http v1.1.0
[INFO] [stderr]    Compiling httparse v1.9.5
[INFO] [stderr]    Compiling tokio v1.41.0
[INFO] [stderr]    Compiling untrusted v0.9.0
[INFO] [stderr]    Compiling spin v0.9.8
[INFO] [stderr]    Compiling try-lock v0.2.5
[INFO] [stderr]    Compiling rustls v0.23.16
[INFO] [stderr]    Compiling http-body v1.0.1
[INFO] [stderr]    Compiling want v0.3.1
[INFO] [stderr]    Compiling tracing-core v0.1.32
[INFO] [stderr]    Compiling smallvec v1.13.2
[INFO] [stderr]    Compiling zeroize v1.8.1
[INFO] [stderr]    Compiling num-traits v0.2.19
[INFO] [stderr]    Compiling tower-service v0.3.3
[INFO] [stderr]    Compiling crypto-common v0.1.6
[INFO] [stderr]    Compiling webpki-roots v0.26.6
[INFO] [stderr]    Compiling url v2.5.2
[INFO] [stderr]    Compiling digest v0.10.7
[INFO] [stderr]    Compiling rustls-pemfile v2.2.0
[INFO] [stderr]    Compiling tracing v0.1.40
[INFO] [stderr]    Compiling sync_wrapper v1.0.1
[INFO] [stderr]    Compiling ring v0.17.8
[INFO] [stderr]    Compiling ipnet v2.10.1
[INFO] [stderr]    Compiling log v0.4.22
[INFO] [stderr]    Compiling base64 v0.22.1
[INFO] [stderr]    Compiling md-5 v0.10.6
[INFO] [stderr]    Compiling flagset v0.4.6
[INFO] [stderr]    Compiling chrono v0.4.38
[INFO] [stderr]    Compiling futures-macro v0.3.31
[INFO] [stderr]    Compiling serde_derive v1.0.214
[INFO] [stderr]    Compiling async-trait v0.1.83
[INFO] [stderr]    Compiling tokio-util v0.7.12
[INFO] [stderr]    Compiling backon v1.2.0
[INFO] [stderr]    Compiling futures-util v0.3.31
[INFO] [stderr]    Compiling rustls-webpki v0.102.8
[INFO] [stderr]    Compiling serde v1.0.214
[INFO] [stderr]    Compiling hyper v1.5.0
[INFO] [stderr]    Compiling http-body-util v0.1.2
[INFO] [stderr]    Compiling futures v0.3.31
[INFO] [stderr]    Compiling hyper-util v0.1.10
[INFO] [stderr]    Compiling serde_urlencoded v0.7.1
[INFO] [stderr]    Compiling serde_json v1.0.132
[INFO] [stderr]    Compiling uuid v1.11.0
[INFO] [stderr]    Compiling quick-xml v0.36.2
[INFO] [stderr]    Compiling tokio-rustls v0.26.0
[INFO] [stderr]    Compiling hyper-rustls v0.27.3
[INFO] [stderr]    Compiling reqwest v0.12.9
[INFO] [stderr]    Compiling opendal v0.50.1 (/opt/rustwide/workdir)
[INFO] [stderr]     Finished `dev` profile [unoptimized + debuginfo] target(s) in 29.85s
[INFO] running `Command { std: "docker" "inspect" "55a4ca749b07af65f8ba7380dcac1cc31c3555cd8483085179257ad7153549a0", kill_on_drop: false }`
[INFO] running `Command { std: "docker" "rm" "-f" "55a4ca749b07af65f8ba7380dcac1cc31c3555cd8483085179257ad7153549a0", kill_on_drop: false }`
[INFO] [stdout] 55a4ca749b07af65f8ba7380dcac1cc31c3555cd8483085179257ad7153549a0
[INFO] running `Command { std: "docker" "create" "-v" "/var/lib/crater-agent-workspace/builds/worker-7-tc1/target:/opt/rustwide/target:rw,Z" "-v" "/var/lib/crater-agent-workspace/builds/worker-7-tc1/source:/opt/rustwide/workdir:ro,Z" "-v" "/var/lib/crater-agent-workspace/cargo-home:/opt/rustwide/cargo-home:ro,Z" "-v" "/var/lib/crater-agent-workspace/rustup-home:/opt/rustwide/rustup-home:ro,Z" "-e" "SOURCE_DIR=/opt/rustwide/workdir" "-e" "CARGO_TARGET_DIR=/opt/rustwide/target" "-e" "CARGO_INCREMENTAL=0" "-e" "RUST_BACKTRACE=full" "-e" "RUSTFLAGS=--cap-lints=forbid" "-e" "RUSTDOCFLAGS=--cap-lints=forbid" "-e" "CARGO_HOME=/opt/rustwide/cargo-home" "-e" "RUSTUP_HOME=/opt/rustwide/rustup-home" "-w" "/opt/rustwide/workdir" "-m" "1610612736" "--user" "0:0" "--network" "none" "ghcr.io/rust-lang/crates-build-env/linux@sha256:4a844ea9eb2546a2d2c7022eacef16ef2e8229c7fbb2c7d4d55a9ceca922f72d" "/opt/rustwide/cargo-home/bin/cargo" "+nightly-2024-10-28" "test" "--frozen" "--no-run" "--message-format=json", kill_on_drop: false }`
[INFO] [stdout] e1b699ab82935c00dcccd09d32037a86f9ff6fa0dc1c17d9c5559b0d395f4320
[INFO] running `Command { std: "docker" "start" "-a" "e1b699ab82935c00dcccd09d32037a86f9ff6fa0dc1c17d9c5559b0d395f4320", kill_on_drop: false }`
[INFO] [stderr]    Compiling syn v2.0.86
[INFO] [stderr]    Compiling serde v1.0.214
[INFO] [stderr]    Compiling hashbrown v0.15.0
[INFO] [stderr]    Compiling equivalent v1.0.1
[INFO] [stderr]    Compiling atomic-waker v1.1.2
[INFO] [stderr]    Compiling either v1.13.0
[INFO] [stderr]    Compiling syn v1.0.109
[INFO] [stderr]    Compiling httpdate v1.0.3
[INFO] [stderr]    Compiling tower-layer v0.3.3
[INFO] [stderr]    Compiling ring v0.17.8
[INFO] [stderr]    Compiling num-traits v0.2.19
[INFO] [stderr]    Compiling indexmap v1.9.3
[INFO] [stderr]    Compiling utf8parse v0.2.2
[INFO] [stderr]    Compiling itertools v0.13.0
[INFO] [stderr]    Compiling anstyle-parse v0.2.6
[INFO] [stderr]    Compiling lock_api v0.4.12
[INFO] [stderr]    Compiling colorchoice v1.0.3
[INFO] [stderr]    Compiling sync_wrapper v0.1.2
[INFO] [stderr]    Compiling is_terminal_polyfill v1.70.1
[INFO] [stderr]    Compiling anstyle-query v1.1.2
[INFO] [stderr]    Compiling parking_lot_core v0.9.10
[INFO] [stderr]    Compiling anstyle v1.0.9
[INFO] [stderr]    Compiling hashbrown v0.12.3
[INFO] [stderr]    Compiling indexmap v2.6.0
[INFO] [stderr]    Compiling anstream v0.6.17
[INFO] [stderr]    Compiling rustls-webpki v0.102.8
[INFO] [stderr]    Compiling proc-macro-error-attr2 v2.0.0
[INFO] [stderr]    Compiling clap_lex v0.7.2
[INFO] [stderr]    Compiling scopeguard v1.2.0
[INFO] [stderr]    Compiling strsim v0.11.1
[INFO] [stderr]    Compiling matchit v0.7.3
[INFO] [stderr]    Compiling rustls v0.23.16
[INFO] [stderr]    Compiling clap_builder v4.5.20
[INFO] [stderr]    Compiling half v2.4.1
[INFO] [stderr]    Compiling plotters-backend v0.3.7
[INFO] [stderr]    Compiling ciborium-io v0.2.2
[INFO] [stderr]    Compiling web-time v1.1.0
[INFO] [stderr]    Compiling plotters-svg v0.3.7
[INFO] [stderr]    Compiling parking_lot v0.12.3
[INFO] [stderr]    Compiling ciborium-ll v0.2.2
[INFO] [stderr]    Compiling itertools v0.10.5
[INFO] [stderr]    Compiling rtrb v0.3.1
[INFO] [stderr]    Compiling same-file v1.0.6
[INFO] [stderr]    Compiling cast v0.3.0
[INFO] [stderr]    Compiling walkdir v2.5.0
[INFO] [stderr]    Compiling chrono v0.4.38
[INFO] [stderr]    Compiling rayon v1.10.0
[INFO] [stderr]    Compiling proc-macro-error2 v2.0.1
[INFO] [stderr]    Compiling plotters v0.3.7
[INFO] [stderr]    Compiling criterion-plot v0.5.0
[INFO] [stderr]    Compiling is-terminal v0.4.13
[INFO] [stderr]    Compiling diff v0.1.13
[INFO] [stderr]    Compiling anes v0.1.6
[INFO] [stderr]    Compiling oorandom v11.1.4
[INFO] [stderr]    Compiling escape8259 v0.5.3
[INFO] [stderr]    Compiling yansi v1.0.1
[INFO] [stderr]    Compiling sha2 v0.10.8
[INFO] [stderr]    Compiling size v0.4.1
[INFO] [stderr]    Compiling dotenvy v0.15.7
[INFO] [stderr]    Compiling trackable_derive v1.0.0
[INFO] [stderr]    Compiling ctor v0.1.26
[INFO] [stderr]    Compiling pretty_assertions v1.4.1
[INFO] [stderr]    Compiling trackable v1.3.0
[INFO] [stderr]    Compiling futures-macro v0.3.31
[INFO] [stderr]    Compiling tokio-macros v2.4.0
[INFO] [stderr]    Compiling serde_derive v1.0.214
[INFO] [stderr]    Compiling tracing-attributes v0.1.27
[INFO] [stderr]    Compiling zerocopy-derive v0.7.35
[INFO] [stderr]    Compiling async-trait v0.1.83
[INFO] [stderr]    Compiling tokio v1.41.0
[INFO] [stderr]    Compiling futures-util v0.3.31
[INFO] [stderr]    Compiling zerocopy v0.7.35
[INFO] [stderr]    Compiling pin-project-internal v1.1.7
[INFO] [stderr]    Compiling tracing v0.1.40
[INFO] [stderr]    Compiling ppv-lite86 v0.2.20
[INFO] [stderr]    Compiling thiserror-impl v1.0.66
[INFO] [stderr]    Compiling prost-derive v0.13.3
[INFO] [stderr]    Compiling rand_chacha v0.3.1
[INFO] [stderr]    Compiling pin-project v1.1.7
[INFO] [stderr]    Compiling async-stream-impl v0.3.6
[INFO] [stderr]    Compiling rand v0.8.5
[INFO] [stderr]    Compiling thiserror v1.0.66
[INFO] [stderr]    Compiling opentelemetry v0.26.0
[INFO] [stderr]    Compiling async-stream v0.3.6
[INFO] [stderr]    Compiling clap_derive v4.5.18
[INFO] [stderr]    Compiling prost v0.13.3
[INFO] [stderr]    Compiling minstant v0.1.7
[INFO] [stderr]    Compiling fastrace-macro v0.7.4
[INFO] [stderr]    Compiling tracing-subscriber v0.3.18
[INFO] [stderr]    Compiling thrift_codec v0.3.2
[INFO] [stderr]    Compiling http-body-util v0.1.2
[INFO] [stderr]    Compiling tower v0.5.1
[INFO] [stderr]    Compiling axum-core v0.4.5
[INFO] [stderr]    Compiling futures-executor v0.3.31
[INFO] [stderr]    Compiling futures v0.3.31
[INFO] [stderr]    Compiling fastrace v0.7.4
[INFO] [stderr]    Compiling clap v4.5.20
[INFO] [stderr]    Compiling libtest-mimic v0.8.1
[INFO] [stderr]    Compiling fastrace-jaeger v0.7.4
[INFO] [stderr]    Compiling tokio-util v0.7.12
[INFO] [stderr]    Compiling tokio-rustls v0.26.0
[INFO] [stderr]    Compiling tokio-stream v0.1.16
[INFO] [stderr]    Compiling backon v1.2.0
[INFO] [stderr]    Compiling h2 v0.4.6
[INFO] [stderr]    Compiling tower v0.4.13
[INFO] [stderr]    Compiling serde_json v1.0.132
[INFO] [stderr]    Compiling serde_urlencoded v0.7.1
[INFO] [stderr]    Compiling ciborium v0.2.2
[INFO] [stderr]    Compiling quick-xml v0.36.2
[INFO] [stderr]    Compiling uuid v1.11.0
[INFO] [stderr]    Compiling axum v0.7.7
[INFO] [stderr]    Compiling opentelemetry_sdk v0.26.0
[INFO] [stderr]    Compiling tinytemplate v1.2.1
[INFO] [stderr]    Compiling criterion v0.5.1
[INFO] [stderr]    Compiling tracing-opentelemetry v0.27.0
[INFO] [stderr]    Compiling hyper v1.5.0
[INFO] [stderr]    Compiling hyper-util v0.1.10
[INFO] [stderr]    Compiling hyper-timeout v0.5.1
[INFO] [stderr]    Compiling hyper-rustls v0.27.3
[INFO] [stderr]    Compiling tonic v0.12.3
[INFO] [stderr]    Compiling reqwest v0.12.9
[INFO] [stderr]    Compiling opendal v0.50.1 (/opt/rustwide/workdir)
[INFO] [stderr]    Compiling opentelemetry-proto v0.26.1
[INFO] [stderr]    Compiling opentelemetry-otlp v0.26.0
[INFO] [stderr]     Finished `test` profile [unoptimized + debuginfo] target(s) in 2m 02s
[INFO] running `Command { std: "docker" "inspect" "e1b699ab82935c00dcccd09d32037a86f9ff6fa0dc1c17d9c5559b0d395f4320", kill_on_drop: false }`
[INFO] running `Command { std: "docker" "rm" "-f" "e1b699ab82935c00dcccd09d32037a86f9ff6fa0dc1c17d9c5559b0d395f4320", kill_on_drop: false }`
[INFO] [stdout] e1b699ab82935c00dcccd09d32037a86f9ff6fa0dc1c17d9c5559b0d395f4320
[INFO] running `Command { std: "docker" "create" "-v" "/var/lib/crater-agent-workspace/builds/worker-7-tc1/target:/opt/rustwide/target:rw,Z" "-v" "/var/lib/crater-agent-workspace/builds/worker-7-tc1/source:/opt/rustwide/workdir:ro,Z" "-v" "/var/lib/crater-agent-workspace/cargo-home:/opt/rustwide/cargo-home:ro,Z" "-v" "/var/lib/crater-agent-workspace/rustup-home:/opt/rustwide/rustup-home:ro,Z" "-e" "SOURCE_DIR=/opt/rustwide/workdir" "-e" "CARGO_TARGET_DIR=/opt/rustwide/target" "-e" "CARGO_INCREMENTAL=0" "-e" "RUST_BACKTRACE=full" "-e" "RUSTFLAGS=--cap-lints=forbid" "-e" "RUSTDOCFLAGS=--cap-lints=forbid" "-e" "CARGO_HOME=/opt/rustwide/cargo-home" "-e" "RUSTUP_HOME=/opt/rustwide/rustup-home" "-w" "/opt/rustwide/workdir" "-m" "1610612736" "--user" "0:0" "--network" "none" "ghcr.io/rust-lang/crates-build-env/linux@sha256:4a844ea9eb2546a2d2c7022eacef16ef2e8229c7fbb2c7d4d55a9ceca922f72d" "/opt/rustwide/cargo-home/bin/cargo" "+nightly-2024-10-28" "test" "--frozen", kill_on_drop: false }`
[INFO] [stdout] b4e66c7ce39c0ca569d6df4caa30f9601fd794ab6de57415d34877c8b1a84e52
[INFO] running `Command { std: "docker" "start" "-a" "b4e66c7ce39c0ca569d6df4caa30f9601fd794ab6de57415d34877c8b1a84e52", kill_on_drop: false }`
[INFO] [stderr]     Finished `test` profile [unoptimized + debuginfo] target(s) in 0.76s
[INFO] [stderr]      Running unittests src/lib.rs (/opt/rustwide/target/debug/deps/opendal-81b50da4797a6f2c)
[INFO] [stdout] 
[INFO] [stdout] running 101 tests
[INFO] [stdout] test layers::complete::tests::test_create_dir ... ok
[INFO] [stdout] test layers::complete::tests::test_list ... ok
[INFO] [stdout] test layers::complete::tests::test_delete ... ok
[INFO] [stdout] test layers::complete::tests::test_read ... ok
[INFO] [stdout] test layers::complete::tests::test_writer ... ok
[INFO] [stdout] test layers::complete::tests::test_rename ... ok
[INFO] [stdout] test layers::complete::tests::test_presign ... ok
[INFO] [stdout] test layers::complete::tests::test_stat ... ok
[INFO] [stdout] test layers::complete::tests::test_copy ... ok
[INFO] [stdout] test layers::observe::tests::test_path_label_value ... ok
[INFO] [stdout] test layers::retry::tests::test_retry_write_fail_on_close ... ok
[INFO] [stdout] test layers::timeout::tests::test_io_timeout ... ok
[INFO] [stdout] test layers::timeout::tests::test_operation_timeout ... ok
[INFO] [stdout] test layers::timeout::tests::test_list_timeout ... ok
[INFO] [stdout] test layers::timeout::tests::test_list_timeout_raw ... ok
[INFO] [stdout] test raw::http_util::bytes_content_range::tests::test_bytes_content_range_from_str ... ok
[INFO] [stdout] test raw::http_util::bytes_content_range::tests::test_bytes_content_range_to_string ... ok
[INFO] [stdout] test raw::http_util::bytes_range::tests::test_bytes_range_from_range_bounds ... ok
[INFO] [stdout] test raw::http_util::bytes_content_range::tests::test_bytes_content_range_to_header ... ok
[INFO] [stdout] test raw::http_util::bytes_range::tests::test_bytes_range_from_str ... ok
[INFO] [stdout] test raw::http_util::bytes_range::tests::test_bytes_range_to_string ... ok
[INFO] [stdout] test raw::http_util::bytes_range::tests::test_bytes_range_to_header ... ok
[INFO] [stdout] test raw::http_util::header::tests::test_format_authorization_by_basic ... ok
[INFO] [stdout] test raw::http_util::header::tests::test_format_authorization_by_bearer ... ok
[INFO] [stdout] test raw::http_util::header::tests::test_format_content_md5 ... ok
[INFO] [stdout] test raw::http_util::multipart::tests::test_multipart_formdata_basic ... ok
[INFO] [stdout] test raw::http_util::multipart::tests::test_multipart_mixed_azblob_batch_delete ... ok
[INFO] [stdout] test raw::http_util::multipart::tests::test_multipart_mixed_gcs_batch_metadata ... ok
[INFO] [stdout] test raw::http_util::uri::tests::test_percent_decode_path ... ok
[INFO] [stdout] test raw::http_util::multipart::tests::test_multipart_formdata_s3_form_upload ... ok
[INFO] [stdout] test raw::http_util::uri::tests::test_percent_encode_path ... ok
[INFO] [stdout] test raw::oio::buf::pooled_buf::tests::test_pooled_buf ... ok
[INFO] [stdout] test raw::http_util::multipart::tests::test_multipart_mixed_gcs_batch_metadata_response ... ok
[INFO] [stdout] test raw::oio::list::flat_list::tests::test_blocking_list ... ok
[INFO] [stdout] test raw::oio::list::hierarchy_list::tests::test_blocking_list ... ok
[INFO] [stdout] test raw::layer::tests::test_layer ... ok
[INFO] [stdout] test layers::retry::tests::test_retry_batch ... ok
[INFO] [stdout] test raw::futures_util::tests::test_concurrent_futures ... ok
[INFO] [stdout] test raw::path::tests::test_build_abs_path ... ok
[INFO] [stdout] test raw::path::tests::test_build_rel_path ... ok
[INFO] [stdout] test raw::path::tests::test_build_rooted_abs_path ... ok
[INFO] [stdout] test raw::path::tests::test_get_basename ... ok
[INFO] [stdout] test raw::path::tests::test_get_parent ... ok
[INFO] [stdout] test raw::path::tests::test_normalize_path ... ok
[INFO] [stdout] test raw::path::tests::test_normalize_root ... ok
[INFO] [stdout] test raw::path::tests::test_validate_path ... ok
[INFO] [stdout] test raw::rps::tests::test_presigned_request_convert ... ok
[INFO] [stdout] test raw::serde_util::tests::test_config_deserializer ... ok
[INFO] [stdout] test raw::serde_util::tests::test_part_config_deserializer ... ok
[INFO] [stdout] test services::memory::backend::tests::test_accessor_metadata_name ... ok
[INFO] [stdout] test services::memory::backend::tests::test_blocking_scan ... ok
[INFO] [stdout] test tests::assert_size ... ok
[INFO] [stdout] test tests::test_trait ... ok
[INFO] [stdout] test types::buffer::tests::fuzz_buffer_advance ... ok
[INFO] [stdout] test types::buffer::tests::fuzz_buffer_iter ... ok
[INFO] [stdout] test types::buffer::tests::fuzz_buffer_truncate ... ok
[INFO] [stdout] test types::buffer::tests::test_buffer_advance ... ok
[INFO] [stdout] test types::buffer::tests::test_buffer_truncate ... ok
[INFO] [stdout] test types::buffer::tests::test_contiguous_buffer ... ok
[INFO] [stdout] test types::buffer::tests::test_empty_non_contiguous_buffer ... ok
[INFO] [stdout] test types::buffer::tests::test_non_contiguous_buffer_with_empty_chunks ... ok
[INFO] [stdout] test types::buffer::tests::test_non_contiguous_buffer_with_next ... ok
[INFO] [stdout] test types::context::read::tests::test_next_blocking_reader ... ok
[INFO] [stdout] test types::context::read::tests::test_next_reader ... ok
[INFO] [stdout] test types::context::read::tests::test_next_reader_without_size ... ok
[INFO] [stdout] test types::context::write::tests::test_exact_buf_writer_short_write ... ok
[INFO] [stdout] test types::context::write::tests::test_fuzz_exact_buf_writer ... ok
[INFO] [stdout] test types::context::write::tests::test_inexact_buf_writer_combine_small ... ok
[INFO] [stdout] test types::context::write::tests::test_inexact_buf_writer_large_write ... ok
[INFO] [stdout] test types::context::write::tests::test_inexact_buf_writer_queue_remaining ... ok
[INFO] [stdout] test types::error::tests::test_error_debug ... ok
[INFO] [stdout] test types::error::tests::test_error_display ... ok
[INFO] [stdout] test layers::retry::tests::test_retry_list ... ok
[INFO] [stdout] test types::read::buffer_stream::tests::test_buffer_stream ... ok
[INFO] [stdout] test types::read::buffer_stream::tests::test_trait ... ok
[INFO] [stdout] test types::read::futures_async_reader::tests::test_futures_async_buf_read ... ok
[INFO] [stdout] test types::read::futures_async_reader::tests::test_futures_async_read ... ok
[INFO] [stdout] test types::read::futures_async_reader::tests::test_futures_async_read_with_concurrent ... ok
[INFO] [stdout] test types::read::futures_async_reader::tests::test_trait ... ok
[INFO] [stdout] test types::read::futures_bytes_stream::tests::test_futures_bytes_stream ... ok
[INFO] [stdout] test types::read::futures_bytes_stream::tests::test_futures_bytes_stream_with_concurrent ... ok
[INFO] [stdout] test types::read::futures_bytes_stream::tests::test_trait ... ok
[INFO] [stdout] test types::read::reader::tests::test_fetch ... ok
[INFO] [stdout] test raw::oio::write::multipart_write::tests::test_multipart_upload_writer_with_concurrent_errors ... ok
[INFO] [stdout] test types::execute::executors::tokio_executor::tests::test_tokio_executor ... ok
[INFO] [stdout] test layers::retry::tests::test_retry_read ... ok
[INFO] [stdout] test types::read::reader::tests::test_reader_read_into ... ok
[INFO] [stdout] test types::read::reader::tests::test_merge_ranges ... ok
[INFO] [stdout] test types::read::reader::tests::test_trait ... ok
[INFO] [stdout] test types::write::buffer_sink::tests::test_trait ... ok
[INFO] [stdout] test types::write::futures_async_writer::tests::test_trait ... ok
[INFO] [stdout] test types::write::futures_bytes_sink::tests::test_trait ... ok
[INFO] [stdout] test types::read::reader::tests::test_reader_read ... ok
[INFO] [stdout] test types::write::writer::tests::test_writer_write_from ... ok
[INFO] [stdout] test types::write::writer::tests::test_writer_write ... ok
[INFO] [stdout] test types::read::reader::tests::test_reader_read_with_concurrent ... ok
[INFO] [stdout] test raw::oio::write::position_write::tests::test_position_writer_with_concurrent_errors ... ok
[INFO] [stdout] test raw::futures_util::tests::test_concurrent_tasks ... ok
[INFO] [stdout] test raw::oio::write::block_write::tests::test_block_writer_with_concurrent_errors ... ok
[INFO] [stdout] test raw::oio::write::range_write::tests::test_range_writer_with_concurrent_errors ... ok
[INFO] [stdout] test types::read::reader::tests::test_reader_read_with_chunk ... ok
[INFO] [stdout] 
[INFO] [stdout] test result: ok. 101 passed; 0 failed; 0 ignored; 0 measured; 0 filtered out; finished in 18.59s
[INFO] [stdout] 
[INFO] [stderr]    Doc-tests opendal
[INFO] [stdout] 
[INFO] [stdout] running 153 tests
[INFO] [stdout] test src/layers/retry.rs - layers::retry::RetryLayer::new (line 147) - compile ... ok
[INFO] [stdout] test src/layers/retry.rs - layers::retry::RetryLayer (line 51) - compile ... ok
[INFO] [stdout] test src/layers/logging.rs - layers::logging::LoggingLayer (line 45) - compile ... ok
[INFO] [stdout] test src/layers/logging.rs - layers::logging::LoggingLayer (line 80) - compile ... ok
[INFO] [stdout] test src/layers/concurrent_limit.rs - layers::concurrent_limit::ConcurrentLimitLayer (line 36) - compile ... ok
[INFO] [stdout] test src/layers/retry.rs - layers::retry::RetryLayer (line 94) - compile ... ok
[INFO] [stdout] test src/layers/retry.rs - layers::retry::RetryLayer (line 74) - compile ... ok
[INFO] [stdout] test src/raw/adapters/mod.rs - raw::adapters (line 30) ... ignored
[INFO] [stdout] test src/raw/adapters/mod.rs - raw::adapters (line 38) ... ignored
[INFO] [stdout] test src/layers/immutable_index.rs - layers::immutable_index::ImmutableIndexLayer (line 32) - compile ... ok
[INFO] [stdout] test src/layers/timeout.rs - layers::timeout::TimeoutLayer (line 80) - compile ... ok
[INFO] [stdout] test src/layers/timeout.rs - layers::timeout::TimeoutLayer (line 54) - compile ... ok
[INFO] [stdout] test src/lib.rs - (line 66) - compile ... FAILED
[INFO] [stdout] test src/layers/retry.rs - layers::retry::RetryLayer::with_notify (line 164) - compile ... ok
[INFO] [stdout] test src/services/memory/backend.rs - services::memory::backend::MemoryBuilder (line 56) - compile ... ok
[INFO] [stdout] test src/lib.rs - (line 99) - compile ... FAILED
[INFO] [stdout] test src/types/buffer.rs - types::buffer::Buffer (line 70) ... ok
[INFO] [stdout] test src/lib.rs - (line 43) - compile ... FAILED
[INFO] [stdout] test src/types/blocking_write/blocking_writer.rs - types::blocking_write::blocking_writer::BlockingWriter::write (line 54) ... ok
[INFO] [stdout] test src/types/builder.rs - types::builder::Configurator (line 102) ... FAILED
[INFO] [stdout] test src/types/buffer.rs - types::buffer::Buffer (line 83) ... ok
[INFO] [stdout] test src/types/entry.rs - types::entry::Entry (line 31) - compile ... ok
[INFO] [stdout] test src/types/buffer.rs - types::buffer::Buffer (line 56) ... ok
[INFO] [stdout] test src/raw/layer.rs - raw::layer::Layer (line 45) ... ok
[INFO] [stdout] test src/types/builder.rs - types::builder::Builder (line 37) ... FAILED
[INFO] [stdout] test src/types/operator/blocking_operator.rs - types::operator::blocking_operator::BlockingOperator (line 53) ... ignored
[INFO] [stdout] test src/types/entry.rs - types::entry::Entry::into_parts (line 161) - compile ... ok
[INFO] [stdout] test src/types/buffer.rs - types::buffer::Buffer (line 99) ... ok
[INFO] [stdout] test src/types/entry.rs - types::entry::Entry::metadata (line 113) - compile ... ok
[INFO] [stdout] test src/types/builder.rs - types::builder::Configurator (line 82) ... ok
[INFO] [stdout] test src/types/operator/blocking_operator.rs - types::operator::blocking_operator::BlockingOperator (line 32) - compile ... FAILED
[INFO] [stdout] test src/types/operator/blocking_operator.rs - types::operator::blocking_operator::BlockingOperator::create_dir (line 334) - compile ... ok
[INFO] [stdout] test src/types/operator/blocking_operator.rs - types::operator::blocking_operator::BlockingOperator::delete (line 748) - compile ... ok
[INFO] [stdout] test src/types/operator/blocking_operator.rs - types::operator::blocking_operator::BlockingOperator::delete_with (line 771) - compile ... ok
[INFO] [stdout] test src/types/operator/blocking_operator.rs - types::operator::blocking_operator::BlockingOperator::exists (line 274) - compile ... ok
[INFO] [stdout] test src/types/operator/blocking_operator.rs - types::operator::blocking_operator::BlockingOperator::list (line 920) - compile ... ok
[INFO] [stdout] test src/types/operator/blocking_operator.rs - types::operator::blocking_operator::BlockingOperator::is_exist (line 298) - compile ... ok
[INFO] [stdout] test src/types/operator/blocking_operator.rs - types::operator::blocking_operator::BlockingOperator::list_with (line 969) - compile ... ok
[INFO] [stdout] test src/types/operator/blocking_operator.rs - types::operator::blocking_operator::BlockingOperator::list_with (line 993) - compile ... ok
[INFO] [stdout] test src/types/list.rs - types::list::StatTask (line 87) ... ok
[INFO] [stdout] test src/types/operator/blocking_operator.rs - types::operator::blocking_operator::BlockingOperator::copy (line 516) ... ok
[INFO] [stdout] test src/types/operator/blocking_operator.rs - types::operator::blocking_operator::BlockingOperator::info (line 117) ... ok
[INFO] [stdout] test src/types/operator/blocking_operator.rs - types::operator::blocking_operator::BlockingOperator::lister (line 1057) - compile ... ok
[INFO] [stdout] test src/types/error.rs - types::error (line 22) ... ok
[INFO] [stdout] test src/types/operator/blocking_operator.rs - types::operator::blocking_operator::BlockingOperator::reader (line 428) - compile ... ok
[INFO] [stdout] test src/types/operator/blocking_operator.rs - types::operator::blocking_operator::BlockingOperator::lister_with (line 1095) - compile ... ok
[INFO] [stdout] test src/types/operator/blocking_operator.rs - types::operator::blocking_operator::BlockingOperator::read (line 369) - compile ... ok
[INFO] [stdout] test src/types/operator/blocking_operator.rs - types::operator::blocking_operator::BlockingOperator::lister_with (line 1126) - compile ... ok
[INFO] [stdout] test src/types/operator/blocking_operator.rs - types::operator::blocking_operator::BlockingOperator::read_with (line 389) - compile ... ok
[INFO] [stdout] test src/types/operator/blocking_operator.rs - types::operator::blocking_operator::BlockingOperator::reader_with (line 445) - compile ... ok
[INFO] [stdout] test src/types/operator/blocking_operator.rs - types::operator::blocking_operator::BlockingOperator::lister_with (line 1153) - compile ... ok
[INFO] [stdout] test src/types/operator/blocking_operator.rs - types::operator::blocking_operator::BlockingOperator::write (line 489) - compile ... ok
[INFO] [stdout] test src/types/operator/blocking_operator.rs - types::operator::blocking_operator::BlockingOperator::write_with (line 628) - compile ... ok
[INFO] [stdout] test src/types/operator/blocking_operator.rs - types::operator::blocking_operator::BlockingOperator::remove (line 831) ... ok
[INFO] [stdout] test src/types/operator/blocking_operator.rs - types::operator::blocking_operator::BlockingOperator::writer (line 678) - compile ... ok
[INFO] [stdout] test src/types/operator/blocking_operator.rs - types::operator::blocking_operator::BlockingOperator::remove_all (line 854) ... ok
[INFO] [stdout] test src/types/operator/blocking_operator.rs - types::operator::blocking_operator::BlockingOperator::rename (line 573) ... ok
[INFO] [stdout] test src/types/operator/blocking_operator.rs - types::operator::blocking_operator::BlockingOperator::stat_with (line 237) ... ok
[INFO] [stdout] test src/types/operator/blocking_operator.rs - types::operator::blocking_operator::BlockingOperator::writer_with (line 701) - compile ... ok
[INFO] [stdout] test src/types/operator/blocking_operator.rs - types::operator::blocking_operator::BlockingOperator::remove_via (line 808) ... ok
[INFO] [stdout] test src/types/operator/blocking_operator.rs - types::operator::blocking_operator::BlockingOperator::stat (line 172) ... ok
[INFO] [stdout] test src/types/operator/builder.rs - types::operator::builder::Operator (line 29) ... FAILED
[INFO] [stdout] test src/types/operator/builder.rs - types::operator::builder::Operator::new (line 53) ... FAILED
[INFO] [stdout] test src/types/operator/builder.rs - types::operator::builder::Operator::from_iter (line 106) ... FAILED
[INFO] [stdout] test src/types/operator/builder.rs - types::operator::builder::Operator::layer (line 396) - compile ... FAILED
[INFO] [stdout] test src/types/operator/builder.rs - types::operator::builder::OperatorBuilder<A>::layer (line 490) - compile ... FAILED
[INFO] [stdout] test src/types/operator/builder.rs - types::operator::builder::Operator::via_iter (line 143) ... ok
[INFO] [stdout] test src/types/operator/builder.rs - types::operator::builder::Operator::via_map (line 358) ... ok
[INFO] [stdout] test src/types/operator/builder.rs - types::operator::builder::Operator::from_config (line 77) ... ok
[INFO] [stdout] test src/types/operator/builder.rs - types::operator::builder::Operator::from_map (line 320) ... FAILED
[INFO] [stdout] test src/types/operator/operator.rs - types::operator::operator::Operator::copy (line 771) - compile ... ok
[INFO] [stdout] test src/types/operator/operator.rs - types::operator::operator::Operator (line 45) ... FAILED
[INFO] [stdout] test src/types/operator/builder.rs - types::operator::builder::OperatorBuilder (line 433) ... FAILED
[INFO] [stdout] test src/types/operator/operator.rs - types::operator::operator::Operator::check (line 155) ... ok
[INFO] [stdout] test src/types/operator/operator.rs - types::operator::operator::Operator::list (line 1541) - compile ... ok
[INFO] [stdout] test src/types/operator/operator.rs - types::operator::operator::Operator::list (line 1571) - compile ... ok
[INFO] [stdout] test src/types/operator/operator.rs - types::operator::operator::Operator::create_dir (line 401) ... ok
[INFO] [stdout] test src/types/operator/operator.rs - types::operator::operator::Operator::list_with (line 1619) - compile ... ok
[INFO] [stdout] test src/types/operator/operator.rs - types::operator::operator::Operator::delete_with (line 1337) ... ok
[INFO] [stdout] test src/types/operator/operator.rs - types::operator::operator::Operator::delete (line 1316) ... ok
[INFO] [stdout] test src/types/operator/operator.rs - types::operator::operator::Operator::exists (line 337) ... ok
[INFO] [stdout] test src/types/operator/operator.rs - types::operator::operator::Operator::list_with (line 1638) - compile ... ok
[INFO] [stdout] test src/types/operator/operator.rs - types::operator::operator::Operator::list_with (line 1661) - compile ... ok
[INFO] [stdout] test src/types/operator/operator.rs - types::operator::operator::Operator::list_with (line 1724) - compile ... ok
[INFO] [stdout] test src/types/operator/operator.rs - types::operator::operator::Operator::info (line 127) ... ok
[INFO] [stdout] test src/types/operator/operator.rs - types::operator::operator::Operator::is_exist (line 363) ... ok
[INFO] [stdout] test src/types/operator/operator.rs - types::operator::operator::Operator::list_with (line 1698) - compile ... ok
[INFO] [stdout] test src/types/operator/operator.rs - types::operator::operator::Operator::lister (line 1780) - compile ... ok
[INFO] [stdout] test src/types/operator/operator.rs - types::operator::operator::Operator::lister_with (line 1822) - compile ... ok
[INFO] [stdout] test src/types/operator/operator.rs - types::operator::operator::Operator::lister_with (line 1900) - compile ... ok
[INFO] [stdout] test src/types/operator/operator.rs - types::operator::operator::Operator::lister_with (line 1841) - compile ... ok
[INFO] [stdout] test src/types/operator/operator.rs - types::operator::operator::Operator::lister_with (line 1864) - compile ... ok
[INFO] [stdout] test src/types/operator/operator.rs - types::operator::operator::Operator::presign_read_with (line 2083) - compile ... ok
[INFO] [stdout] test src/types/operator/operator.rs - types::operator::operator::Operator::presign_read_with (line 2102) - compile ... ok
[INFO] [stdout] test src/types/operator/operator.rs - types::operator::operator::Operator::presign_read_with (line 2121) - compile ... ok
[INFO] [stdout] test src/types/operator/operator.rs - types::operator::operator::Operator::lister_with (line 1925) - compile ... ok
[INFO] [stdout] test src/types/operator/operator.rs - types::operator::operator::Operator::presign_read (line 2045) - compile ... ok
[INFO] [stdout] test src/types/operator/operator.rs - types::operator::operator::Operator::presign_stat_with (line 2003) - compile ... ok
[INFO] [stdout] test src/types/operator/operator.rs - types::operator::operator::Operator::presign_stat (line 1974) - compile ... ok
[INFO] [stdout] test src/types/operator/operator.rs - types::operator::operator::Operator::presign_write (line 2166) - compile ... ok
[INFO] [stdout] test src/types/operator/operator.rs - types::operator::operator::Operator::presign_write_with (line 2201) - compile ... ok
[INFO] [stdout] test src/types/operator/operator.rs - types::operator::operator::Operator::presign_write_with (line 2225) - compile ... ok
[INFO] [stdout] test src/types/operator/operator.rs - types::operator::operator::Operator::read (line 443) - compile ... ok
[INFO] [stdout] test src/types/operator/operator.rs - types::operator::operator::Operator::read_with (line 481) - compile ... ok
[INFO] [stdout] test src/types/operator/operator.rs - types::operator::operator::Operator::read_with (line 500) - compile ... ok
[INFO] [stdout] test src/types/operator/operator.rs - types::operator::operator::Operator::read_with (line 518) - compile ... ok
[INFO] [stdout] test src/types/operator/operator.rs - types::operator::operator::Operator::presign_write_with (line 2249) - compile ... ok
[INFO] [stdout] test src/types/operator/operator.rs - types::operator::operator::Operator::reader (line 618) - compile ... ok
[INFO] [stdout] test src/types/operator/operator.rs - types::operator::operator::Operator::read_with (line 538) - compile ... ok
[INFO] [stdout] test src/types/operator/operator.rs - types::operator::operator::Operator::read_with (line 554) - compile ... ok
[INFO] [stdout] test src/types/operator/operator.rs - types::operator::operator::Operator::read_with (line 568) - compile ... ok
[INFO] [stdout] test src/types/operator/operator.rs - types::operator::operator::Operator::reader_with (line 654) - compile ... ok
[INFO] [stdout] test src/types/operator/operator.rs - types::operator::operator::Operator::reader_with (line 685) - compile ... ok
[INFO] [stdout] test src/types/operator/operator.rs - types::operator::operator::Operator::reader_with (line 670) - compile ... ok
[INFO] [stdout] test src/types/operator/operator.rs - types::operator::operator::Operator::stat_with (line 233) - compile ... ok
[INFO] [stdout] test src/types/operator/operator.rs - types::operator::operator::Operator::rename (line 828) - compile ... ok
[INFO] [stdout] test src/types/operator/operator.rs - types::operator::operator::Operator::stat_with (line 252) - compile ... ok
[INFO] [stdout] test src/types/operator/operator.rs - types::operator::operator::Operator::write (line 743) - compile ... ok
[INFO] [stdout] test src/types/operator/operator.rs - types::operator::operator::Operator::remove (line 1369) ... ok
[INFO] [stdout] test src/types/operator/operator.rs - types::operator::operator::Operator::stat (line 193) ... ok
[INFO] [stdout] test src/types/operator/operator.rs - types::operator::operator::Operator::remove_via (line 1397) ... ok
[INFO] [stdout] test src/types/operator/operator.rs - types::operator::operator::Operator::remove_all (line 1451) ... ok
[INFO] [stdout] test src/types/operator/operator.rs - types::operator::operator::Operator::write_with (line 1245) - compile ... ok
[INFO] [stdout] test src/types/operator/operator.rs - types::operator::operator::Operator::stat_with (line 273) ... ok
[INFO] [stdout] test src/types/operator/operator.rs - types::operator::operator::Operator::writer (line 900) - compile ... ok
[INFO] [stdout] test src/types/operator/operator.rs - types::operator::operator::Operator::write_with (line 1159) ... ok
[INFO] [stdout] test src/types/operator/operator.rs - types::operator::operator::Operator::writer_with (line 1044) - compile ... ok
[INFO] [stdout] test src/types/operator/operator.rs - types::operator::operator::Operator::write_with (line 1177) ... ok
[INFO] [stdout] test src/types/operator/operator.rs - types::operator::operator::Operator::write_with (line 1198) ... ok
[INFO] [stdout] test src/types/operator/operator.rs - types::operator::operator::Operator::writer_with (line 1019) - compile ... ok
[INFO] [stdout] test src/types/operator/operator.rs - types::operator::operator::Operator::write_with (line 1259) ... ok
[INFO] [stdout] test src/types/operator/operator.rs - types::operator::operator::Operator::write_with (line 1219) ... ok
[INFO] [stdout] test src/types/operator/operator.rs - types::operator::operator::Operator::writer_with (line 930) - compile ... ok
[INFO] [stdout] test src/types/operator/operator.rs - types::operator::operator::Operator::writer_with (line 997) - compile ... ok
[INFO] [stdout] test src/types/operator/operator.rs - types::operator::operator::Operator::writer_with (line 1067) ... ok
[INFO] [stdout] test src/types/operator/operator.rs - types::operator::operator::Operator::writer_with (line 964) - compile ... ok
[INFO] [stdout] test src/types/read/reader.rs - types::read::reader::Reader (line 56) ... ok
[INFO] [stdout] test src/types/operator/operator.rs - types::operator::operator::Operator::writer_with (line 1088) ... ok
[INFO] [stdout] test src/types/scheme.rs - types::scheme::Scheme::enabled (line 192) - compile ... ok
[INFO] [stdout] test src/types/read/reader.rs - types::read::reader::Reader::into_futures_async_read (line 218) ... ok
[INFO] [stdout] test src/types/read/reader.rs - types::read::reader::Reader (line 43) ... ok
[INFO] [stdout] test src/types/read/reader.rs - types::read::reader::Reader::into_bytes_stream (line 278) ... ok
[INFO] [stdout] test src/types/read/reader.rs - types::read::reader::Reader (line 75) ... ok
[INFO] [stdout] test src/types/read/reader.rs - types::read::reader::Reader::into_bytes_stream (line 302) ... ok
[INFO] [stdout] test src/types/read/reader.rs - types::read::reader::Reader::into_futures_async_read (line 242) ... ok
[INFO] [stdout] test src/types/write/writer.rs - types::write::writer::Writer (line 41) ... ok
[INFO] [stdout] test src/types/write/writer.rs - types::write::writer::Writer (line 56) ... ok
[INFO] [stdout] test src/types/write/writer.rs - types::write::writer::Writer (line 72) ... ok
[INFO] [stdout] test src/types/write/writer.rs - types::write::writer::Writer::into_futures_async_write (line 196) ... ok
[INFO] [stdout] test src/types/write/writer.rs - types::write::writer::Writer::into_bytes_sink (line 251) ... ok
[INFO] [stdout] test src/types/write/writer.rs - types::write::writer::Writer::into_bytes_sink (line 271) ... ok
[INFO] [stdout] test src/types/write/writer.rs - types::write::writer::Writer::into_futures_async_write (line 215) ... ok
[INFO] [stdout] test src/types/write/writer.rs - types::write::writer::Writer::write (line 121) ... ok
[INFO] [stdout] 
[INFO] [stdout] failures:
[INFO] [stdout] 
[INFO] [stdout] ---- src/lib.rs - (line 66) stdout ----
[INFO] [stdout] error[E0433]: failed to resolve: could not find `S3` in `services`
[INFO] [stdout]   --> src/lib.rs:76:33
[INFO] [stdout]    |
[INFO] [stdout] 12 |     let mut builder = services::S3::default().bucket("test");
[INFO] [stdout]    |                                 ^^ could not find `S3` in `services`
[INFO] [stdout]    |
[INFO] [stdout] help: there is an enum variant `opendal::Scheme::S3`; try using the variant's enum
[INFO] [stdout]    |
[INFO] [stdout] 12 |     let mut builder = opendal::Scheme().bucket("test");
[INFO] [stdout]    |                       ~~~~~~~~~~~~~~~
[INFO] [stdout] 
[INFO] [stdout] error: aborting due to 1 previous error
[INFO] [stdout] 
[INFO] [stdout] For more information about this error, try `rustc --explain E0433`.
[INFO] [stdout] Couldn't compile the test.
[INFO] [stdout] ---- src/lib.rs - (line 99) stdout ----
[INFO] [stdout] error[E0433]: failed to resolve: could not find `S3` in `services`
[INFO] [stdout]   --> src/lib.rs:109:33
[INFO] [stdout]    |
[INFO] [stdout] 12 |     let mut builder = services::S3::default().bucket("test");
[INFO] [stdout]    |                                 ^^ could not find `S3` in `services`
[INFO] [stdout]    |
[INFO] [stdout] help: there is an enum variant `opendal::Scheme::S3`; try using the variant's enum
[INFO] [stdout]    |
[INFO] [stdout] 12 |     let mut builder = opendal::Scheme().bucket("test");
[INFO] [stdout]    |                       ~~~~~~~~~~~~~~~
[INFO] [stdout] 
[INFO] [stdout] error: aborting due to 1 previous error
[INFO] [stdout] 
[INFO] [stdout] For more information about this error, try `rustc --explain E0433`.
[INFO] [stdout] Couldn't compile the test.
[INFO] [stdout] ---- src/lib.rs - (line 43) stdout ----
[INFO] [stdout] error[E0433]: failed to resolve: could not find `S3` in `services`
[INFO] [stdout]   --> src/lib.rs:51:33
[INFO] [stdout]    |
[INFO] [stdout] 10 |     let mut builder = services::S3::default().bucket("test");
[INFO] [stdout]    |                                 ^^ could not find `S3` in `services`
[INFO] [stdout]    |
[INFO] [stdout] help: there is an enum variant `opendal::Scheme::S3`; try using the variant's enum
[INFO] [stdout]    |
[INFO] [stdout] 10 |     let mut builder = opendal::Scheme().bucket("test");
[INFO] [stdout]    |                       ~~~~~~~~~~~~~~~
[INFO] [stdout] 
[INFO] [stdout] error: aborting due to 1 previous error
[INFO] [stdout] 
[INFO] [stdout] For more information about this error, try `rustc --explain E0433`.
[INFO] [stdout] Couldn't compile the test.
[INFO] [stdout] ---- src/types/builder.rs - types::builder::Configurator (line 102) stdout ----
[INFO] [stdout] error[E0599]: no method named `into_builder` found for struct `S3Config` in the current scope
[INFO] [stdout]   --> src/types/builder.rs:117:23
[INFO] [stdout]    |
[INFO] [stdout] 18 |     let builder = cfg.into_builder();
[INFO] [stdout]    |                       ^^^^^^^^^^^^ method not found in `S3Config`
[INFO] [stdout] 
[INFO] [stdout] error: aborting due to 1 previous error
[INFO] [stdout] 
[INFO] [stdout] For more information about this error, try `rustc --explain E0599`.
[INFO] [stdout] Couldn't compile the test.
[INFO] [stdout] ---- src/types/builder.rs - types::builder::Builder (line 37) stdout ----
[INFO] [stdout] error[E0432]: unresolved import `opendal::services::Fs`
[INFO] [stdout]  --> src/types/builder.rs:40:5
[INFO] [stdout]   |
[INFO] [stdout] 6 | use opendal::services::Fs;
[INFO] [stdout]   |     ^^^^^^^^^^^^^^^^^^^^^ no `Fs` in `services`
[INFO] [stdout]   |
[INFO] [stdout] help: a similar name exists in the module (notice the capitalization difference)
[INFO] [stdout]   |
[INFO] [stdout] 6 | use opendal::services::fs;
[INFO] [stdout]   |                        ~~
[INFO] [stdout] help: consider importing this variant instead
[INFO] [stdout]   |
[INFO] [stdout] 6 | use opendal::Scheme::Fs;
[INFO] [stdout]   |     ~~~~~~~~~~~~~~~~~~~
[INFO] [stdout] 
[INFO] [stdout] error: aborting due to 1 previous error
[INFO] [stdout] 
[INFO] [stdout] For more information about this error, try `rustc --explain E0432`.
[INFO] [stdout] Couldn't compile the test.
[INFO] [stdout] ---- src/types/operator/blocking_operator.rs - types::operator::blocking_operator::BlockingOperator (line 32) stdout ----
[INFO] [stdout] error[E0432]: unresolved import `opendal::services::Fs`
[INFO] [stdout]  --> src/types/operator/blocking_operator.rs:35:5
[INFO] [stdout]   |
[INFO] [stdout] 5 | use opendal::services::Fs;
[INFO] [stdout]   |     ^^^^^^^^^^^^^^^^^^^^^ no `Fs` in `services`
[INFO] [stdout]   |
[INFO] [stdout] help: a similar name exists in the module (notice the capitalization difference)
[INFO] [stdout]   |
[INFO] [stdout] 5 | use opendal::services::fs;
[INFO] [stdout]   |                        ~~
[INFO] [stdout] help: consider importing this variant instead
[INFO] [stdout]   |
[INFO] [stdout] 5 | use opendal::Scheme::Fs;
[INFO] [stdout]   |     ~~~~~~~~~~~~~~~~~~~
[INFO] [stdout] 
[INFO] [stdout] error: aborting due to 1 previous error
[INFO] [stdout] 
[INFO] [stdout] For more information about this error, try `rustc --explain E0432`.
[INFO] [stdout] Couldn't compile the test.
[INFO] [stdout] ---- src/types/operator/builder.rs - types::operator::builder::Operator (line 29) stdout ----
[INFO] [stdout] error[E0432]: unresolved import `opendal::services::Fs`
[INFO] [stdout]  --> src/types/operator/builder.rs:32:5
[INFO] [stdout]   |
[INFO] [stdout] 6 | use opendal::services::Fs;
[INFO] [stdout]   |     ^^^^^^^^^^^^^^^^^^^^^ no `Fs` in `services`
[INFO] [stdout]   |
[INFO] [stdout] help: a similar name exists in the module (notice the capitalization difference)
[INFO] [stdout]   |
[INFO] [stdout] 6 | use opendal::services::fs;
[INFO] [stdout]   |                        ~~
[INFO] [stdout] help: consider importing this variant instead
[INFO] [stdout]   |
[INFO] [stdout] 6 | use opendal::Scheme::Fs;
[INFO] [stdout]   |     ~~~~~~~~~~~~~~~~~~~
[INFO] [stdout] 
[INFO] [stdout] error: aborting due to 1 previous error
[INFO] [stdout] 
[INFO] [stdout] For more information about this error, try `rustc --explain E0432`.
[INFO] [stdout] Couldn't compile the test.
[INFO] [stdout] ---- src/types/operator/builder.rs - types::operator::builder::Operator::new (line 53) stdout ----
[INFO] [stdout] error[E0432]: unresolved import `opendal::services::Fs`
[INFO] [stdout]  --> src/types/operator/builder.rs:56:5
[INFO] [stdout]   |
[INFO] [stdout] 6 | use opendal::services::Fs;
[INFO] [stdout]   |     ^^^^^^^^^^^^^^^^^^^^^ no `Fs` in `services`
[INFO] [stdout]   |
[INFO] [stdout] help: a similar name exists in the module (notice the capitalization difference)
[INFO] [stdout]   |
[INFO] [stdout] 6 | use opendal::services::fs;
[INFO] [stdout]   |                        ~~
[INFO] [stdout] help: consider importing this variant instead
[INFO] [stdout]   |
[INFO] [stdout] 6 | use opendal::Scheme::Fs;
[INFO] [stdout]   |     ~~~~~~~~~~~~~~~~~~~
[INFO] [stdout] 
[INFO] [stdout] error: aborting due to 1 previous error
[INFO] [stdout] 
[INFO] [stdout] For more information about this error, try `rustc --explain E0432`.
[INFO] [stdout] Couldn't compile the test.
[INFO] [stdout] ---- src/types/operator/builder.rs - types::operator::builder::Operator::from_iter (line 106) stdout ----
[INFO] [stdout] error[E0432]: unresolved import `opendal::services::Fs`
[INFO] [stdout]  --> src/types/operator/builder.rs:111:5
[INFO] [stdout]   |
[INFO] [stdout] 8 | use opendal::services::Fs;
[INFO] [stdout]   |     ^^^^^^^^^^^^^^^^^^^^^ no `Fs` in `services`
[INFO] [stdout]   |
[INFO] [stdout] help: a similar name exists in the module (notice the capitalization difference)
[INFO] [stdout]   |
[INFO] [stdout] 8 | use opendal::services::fs;
[INFO] [stdout]   |                        ~~
[INFO] [stdout] help: consider importing this variant instead
[INFO] [stdout]   |
[INFO] [stdout] 8 | use opendal::Scheme::Fs;
[INFO] [stdout]   |     ~~~~~~~~~~~~~~~~~~~
[INFO] [stdout] 
[INFO] [stdout] error: aborting due to 1 previous error
[INFO] [stdout] 
[INFO] [stdout] For more information about this error, try `rustc --explain E0432`.
[INFO] [stdout] Couldn't compile the test.
[INFO] [stdout] ---- src/types/operator/builder.rs - types::operator::builder::Operator::layer (line 396) stdout ----
[INFO] [stdout] error[E0432]: unresolved import `opendal::services::Fs`
[INFO] [stdout]  --> src/types/operator/builder.rs:401:5
[INFO] [stdout]   |
[INFO] [stdout] 8 | use opendal::services::Fs;
[INFO] [stdout]   |     ^^^^^^^^^^^^^^^^^^^^^ no `Fs` in `services`
[INFO] [stdout]   |
[INFO] [stdout] help: a similar name exists in the module (notice the capitalization difference)
[INFO] [stdout]   |
[INFO] [stdout] 8 | use opendal::services::fs;
[INFO] [stdout]   |                        ~~
[INFO] [stdout] help: consider importing this variant instead
[INFO] [stdout]   |
[INFO] [stdout] 8 | use opendal::Scheme::Fs;
[INFO] [stdout]   |     ~~~~~~~~~~~~~~~~~~~
[INFO] [stdout] 
[INFO] [stdout] error: aborting due to 1 previous error
[INFO] [stdout] 
[INFO] [stdout] For more information about this error, try `rustc --explain E0432`.
[INFO] [stdout] Couldn't compile the test.
[INFO] [stdout] ---- src/types/operator/builder.rs - types::operator::builder::OperatorBuilder<A>::layer (line 490) stdout ----
[INFO] [stdout] error[E0432]: unresolved import `opendal::services::Fs`
[INFO] [stdout]  --> src/types/operator/builder.rs:495:5
[INFO] [stdout]   |
[INFO] [stdout] 8 | use opendal::services::Fs;
[INFO] [stdout]   |     ^^^^^^^^^^^^^^^^^^^^^ no `Fs` in `services`
[INFO] [stdout]   |
[INFO] [stdout] help: a similar name exists in the module (notice the capitalization difference)
[INFO] [stdout]   |
[INFO] [stdout] 8 | use opendal::services::fs;
[INFO] [stdout]   |                        ~~
[INFO] [stdout] help: consider importing this variant instead
[INFO] [stdout]   |
[INFO] [stdout] 8 | use opendal::Scheme::Fs;
[INFO] [stdout]   |     ~~~~~~~~~~~~~~~~~~~
[INFO] [stdout] 
[INFO] [stdout] error: aborting due to 1 previous error
[INFO] [stdout] 
[INFO] [stdout] For more information about this error, try `rustc --explain E0432`.
[INFO] [stdout] Couldn't compile the test.
[INFO] [stdout] ---- src/types/operator/builder.rs - types::operator::builder::Operator::from_map (line 320) stdout ----
[INFO] [stdout] error[E0432]: unresolved import `opendal::services::Fs`
[INFO] [stdout]  --> src/types/operator/builder.rs:325:5
[INFO] [stdout]   |
[INFO] [stdout] 8 | use opendal::services::Fs;
[INFO] [stdout]   |     ^^^^^^^^^^^^^^^^^^^^^ no `Fs` in `services`
[INFO] [stdout]   |
[INFO] [stdout] help: a similar name exists in the module (notice the capitalization difference)
[INFO] [stdout]   |
[INFO] [stdout] 8 | use opendal::services::fs;
[INFO] [stdout]   |                        ~~
[INFO] [stdout] help: consider importing this variant instead
[INFO] [stdout]   |
[INFO] [stdout] 8 | use opendal::Scheme::Fs;
[INFO] [stdout]   |     ~~~~~~~~~~~~~~~~~~~
[INFO] [stdout] 
[INFO] [stdout] warning: use of deprecated associated function `opendal::types::operator::builder::<impl opendal::Operator>::from_map`: use from_iter instead
[INFO] [stdout]   --> src/types/operator/builder.rs:336:34
[INFO] [stdout]    |
[INFO] [stdout] 19 |     let op: Operator = Operator::from_map::<Fs>(map)?.finish();
[INFO] [stdout]    |                                  ^^^^^^^^
[INFO] [stdout]    |
[INFO] [stdout]    = note: `#[warn(deprecated)]` on by default
[INFO] [stdout] 
[INFO] [stdout] error: aborting due to 1 previous error; 1 warning emitted
[INFO] [stdout] 
[INFO] [stdout] For more information about this error, try `rustc --explain E0432`.
[INFO] [stdout] Couldn't compile the test.
[INFO] [stdout] ---- src/types/operator/operator.rs - types::operator::operator::Operator (line 45) stdout ----
[INFO] [stdout] error[E0432]: unresolved import `opendal::services::Fs`
[INFO] [stdout]  --> src/types/operator/operator.rs:48:5
[INFO] [stdout]   |
[INFO] [stdout] 6 | use opendal::services::Fs;
[INFO] [stdout]   |     ^^^^^^^^^^^^^^^^^^^^^ no `Fs` in `services`
[INFO] [stdout]   |
[INFO] [stdout] help: a similar name exists in the module (notice the capitalization difference)
[INFO] [stdout]   |
[INFO] [stdout] 6 | use opendal::services::fs;
[INFO] [stdout]   |                        ~~
[INFO] [stdout] help: consider importing this variant instead
[INFO] [stdout]   |
[INFO] [stdout] 6 | use opendal::Scheme::Fs;
[INFO] [stdout]   |     ~~~~~~~~~~~~~~~~~~~
[INFO] [stdout] 
[INFO] [stdout] error: aborting due to 1 previous error
[INFO] [stdout] 
[INFO] [stdout] For more information about this error, try `rustc --explain E0432`.
[INFO] [stdout] Couldn't compile the test.
[INFO] [stdout] ---- src/types/operator/builder.rs - types::operator::builder::OperatorBuilder (line 433) stdout ----
[INFO] [stdout] error[E0412]: cannot find type `S3` in module `services`
[INFO] [stdout]   --> src/types/operator/builder.rs:456:48
[INFO] [stdout]    |
[INFO] [stdout] 26 |         Scheme::S3 => init_service::<services::S3>(cfg)?,
[INFO] [stdout]    |                                                ^^ not found in `services`
[INFO] [stdout]    |
[INFO] [stdout] help: there is an enum variant `opendal::Scheme::S3`; try using the variant's enum
[INFO] [stdout]    |
[INFO] [stdout] 26 |         Scheme::S3 => init_service::<opendal::Scheme>(cfg)?,
[INFO] [stdout]    |                                      ~~~~~~~~~~~~~~~
[INFO] [stdout] 
[INFO] [stdout] error[E0412]: cannot find type `Fs` in module `services`
[INFO] [stdout]   --> src/types/operator/builder.rs:457:48
[INFO] [stdout]    |
[INFO] [stdout] 27 |         Scheme::Fs => init_service::<services::Fs>(cfg)?,
[INFO] [stdout]    |                                                ^^ not found in `services`
[INFO] [stdout]    |
[INFO] [stdout] help: there is an enum variant `opendal::Scheme::Fs`; try using the variant's enum
[INFO] [stdout]    |
[INFO] [stdout] 27 |         Scheme::Fs => init_service::<opendal::Scheme>(cfg)?,
[INFO] [stdout]    |                                      ~~~~~~~~~~~~~~~
[INFO] [stdout] 
[INFO] [stdout] warning: use of deprecated associated function `opendal::types::operator::builder::<impl opendal::Operator>::from_map`: use from_iter instead
[INFO] [stdout]   --> src/types/operator/builder.rs:446:24
[INFO] [stdout]    |
[INFO] [stdout] 16 |     let op = Operator::from_map::<B>(cfg)?
[INFO] [stdout]    |                        ^^^^^^^^
[INFO] [stdout]    |
[INFO] [stdout]    = note: `#[warn(deprecated)]` on by default
[INFO] [stdout] 
[INFO] [stdout] error: aborting due to 2 previous errors; 1 warning emitted
[INFO] [stdout] 
[INFO] [stdout] For more information about this error, try `rustc --explain E0412`.
[INFO] [stdout] Couldn't compile the test.
[INFO] [stdout] 
[INFO] [stdout] failures:
[INFO] [stdout]     src/lib.rs - (line 43)
[INFO] [stdout]     src/lib.rs - (line 66)
[INFO] [stdout]     src/lib.rs - (line 99)
[INFO] [stdout]     src/types/builder.rs - types::builder::Builder (line 37)
[INFO] [stdout]     src/types/builder.rs - types::builder::Configurator (line 102)
[INFO] [stdout]     src/types/operator/blocking_operator.rs - types::operator::blocking_operator::BlockingOperator (line 32)
[INFO] [stdout]     src/types/operator/builder.rs - types::operator::builder::Operator (line 29)
[INFO] [stdout]     src/types/operator/builder.rs - types::operator::builder::Operator::from_iter (line 106)
[INFO] [stdout]     src/types/operator/builder.rs - types::operator::builder::Operator::from_map (line 320)
[INFO] [stdout]     src/types/operator/builder.rs - types::operator::builder::Operator::layer (line 396)
[INFO] [stdout]     src/types/operator/builder.rs - types::operator::builder::Operator::new (line 53)
[INFO] [stdout]     src/types/operator/builder.rs - types::operator::builder::OperatorBuilder (line 433)
[INFO] [stdout]     src/types/operator/builder.rs - types::operator::builder::OperatorBuilder<A>::layer (line 490)
[INFO] [stdout]     src/types/operator/operator.rs - types::operator::operator::Operator (line 45)
[INFO] [stdout] 
[INFO] [stdout] test result: FAILED. 136 passed; 14 failed; 3 ignored; 0 measured; 0 filtered out; finished in 13.24s
[INFO] [stdout] 
[INFO] [stderr] error: doctest failed, to rerun pass `--doc`
[INFO] running `Command { std: "docker" "inspect" "b4e66c7ce39c0ca569d6df4caa30f9601fd794ab6de57415d34877c8b1a84e52", kill_on_drop: false }`
[INFO] running `Command { std: "docker" "rm" "-f" "b4e66c7ce39c0ca569d6df4caa30f9601fd794ab6de57415d34877c8b1a84e52", kill_on_drop: false }`
[INFO] [stdout] b4e66c7ce39c0ca569d6df4caa30f9601fd794ab6de57415d34877c8b1a84e52
