[INFO] fetching crate openconfiguration_derive 1.4.3...
[INFO] testing openconfiguration_derive-1.4.3 against nightly-2024-10-28 for randomize-layout
[INFO] extracting crate openconfiguration_derive 1.4.3 into /workspace/builds/worker-1-tc1/source
[INFO] validating manifest of crates.io crate openconfiguration_derive 1.4.3 on toolchain nightly-2024-10-28
[INFO] running `Command { std: CARGO_HOME="/workspace/cargo-home" RUSTUP_HOME="/workspace/rustup-home" "/workspace/cargo-home/bin/cargo" "+nightly-2024-10-28" "metadata" "--manifest-path" "Cargo.toml" "--no-deps", kill_on_drop: false }`
[INFO] started tweaking crates.io crate openconfiguration_derive 1.4.3
[INFO] finished tweaking crates.io crate openconfiguration_derive 1.4.3
[INFO] tweaked toml for crates.io crate openconfiguration_derive 1.4.3 written to /workspace/builds/worker-1-tc1/source/Cargo.toml
[INFO] running `Command { std: CARGO_HOME="/workspace/cargo-home" RUSTUP_HOME="/workspace/rustup-home" "/workspace/cargo-home/bin/cargo" "+nightly-2024-10-28" "generate-lockfile" "--manifest-path" "Cargo.toml", kill_on_drop: false }`
[INFO] [stderr]     Updating crates.io index
[INFO] [stderr]      Locking 4 packages to latest compatible versions
[INFO] running `Command { std: CARGO_HOME="/workspace/cargo-home" RUSTUP_HOME="/workspace/rustup-home" "/workspace/cargo-home/bin/cargo" "+nightly-2024-10-28" "fetch" "--manifest-path" "Cargo.toml", kill_on_drop: false }`
[INFO] running `Command { std: "docker" "create" "-v" "/var/lib/crater-agent-workspace/builds/worker-1-tc1/target:/opt/rustwide/target:rw,Z" "-v" "/var/lib/crater-agent-workspace/builds/worker-1-tc1/source:/opt/rustwide/workdir:ro,Z" "-v" "/var/lib/crater-agent-workspace/cargo-home:/opt/rustwide/cargo-home:ro,Z" "-v" "/var/lib/crater-agent-workspace/rustup-home:/opt/rustwide/rustup-home:ro,Z" "-e" "SOURCE_DIR=/opt/rustwide/workdir" "-e" "CARGO_TARGET_DIR=/opt/rustwide/target" "-e" "CARGO_HOME=/opt/rustwide/cargo-home" "-e" "RUSTUP_HOME=/opt/rustwide/rustup-home" "-w" "/opt/rustwide/workdir" "-m" "1610612736" "--user" "0:0" "--network" "none" "ghcr.io/rust-lang/crates-build-env/linux@sha256:4a844ea9eb2546a2d2c7022eacef16ef2e8229c7fbb2c7d4d55a9ceca922f72d" "/opt/rustwide/cargo-home/bin/cargo" "+nightly-2024-10-28" "metadata" "--no-deps" "--format-version=1", kill_on_drop: false }`
[INFO] [stdout] 725cf1b49cb906ae13adf12c0e3b717276fd8739c6ab0bd5a87d60c6e5cb919f
[INFO] running `Command { std: "docker" "start" "-a" "725cf1b49cb906ae13adf12c0e3b717276fd8739c6ab0bd5a87d60c6e5cb919f", kill_on_drop: false }`
[INFO] running `Command { std: "docker" "inspect" "725cf1b49cb906ae13adf12c0e3b717276fd8739c6ab0bd5a87d60c6e5cb919f", kill_on_drop: false }`
[INFO] running `Command { std: "docker" "rm" "-f" "725cf1b49cb906ae13adf12c0e3b717276fd8739c6ab0bd5a87d60c6e5cb919f", kill_on_drop: false }`
[INFO] [stdout] 725cf1b49cb906ae13adf12c0e3b717276fd8739c6ab0bd5a87d60c6e5cb919f
[INFO] running `Command { std: "docker" "create" "-v" "/var/lib/crater-agent-workspace/builds/worker-1-tc1/target:/opt/rustwide/target:rw,Z" "-v" "/var/lib/crater-agent-workspace/builds/worker-1-tc1/source:/opt/rustwide/workdir:ro,Z" "-v" "/var/lib/crater-agent-workspace/cargo-home:/opt/rustwide/cargo-home:ro,Z" "-v" "/var/lib/crater-agent-workspace/rustup-home:/opt/rustwide/rustup-home:ro,Z" "-e" "SOURCE_DIR=/opt/rustwide/workdir" "-e" "CARGO_TARGET_DIR=/opt/rustwide/target" "-e" "CARGO_INCREMENTAL=0" "-e" "RUST_BACKTRACE=full" "-e" "RUSTFLAGS=--cap-lints=forbid" "-e" "RUSTDOCFLAGS=--cap-lints=forbid" "-e" "CARGO_HOME=/opt/rustwide/cargo-home" "-e" "RUSTUP_HOME=/opt/rustwide/rustup-home" "-w" "/opt/rustwide/workdir" "-m" "1610612736" "--user" "0:0" "--network" "none" "ghcr.io/rust-lang/crates-build-env/linux@sha256:4a844ea9eb2546a2d2c7022eacef16ef2e8229c7fbb2c7d4d55a9ceca922f72d" "/opt/rustwide/cargo-home/bin/cargo" "+nightly-2024-10-28" "build" "--frozen" "--message-format=json", kill_on_drop: false }`
[INFO] [stdout] fa44cd5f4bf504b33193ecc9d92d0ab31b4e9e53837c5182db3dd740f74465ec
[INFO] running `Command { std: "docker" "start" "-a" "fa44cd5f4bf504b33193ecc9d92d0ab31b4e9e53837c5182db3dd740f74465ec", kill_on_drop: false }`
[INFO] [stderr]    Compiling syn v2.0.86
[INFO] [stderr]    Compiling openconfiguration_derive v1.4.3 (/opt/rustwide/workdir)
[INFO] [stderr]     Finished `dev` profile [unoptimized + debuginfo] target(s) in 1.48s
[INFO] running `Command { std: "docker" "inspect" "fa44cd5f4bf504b33193ecc9d92d0ab31b4e9e53837c5182db3dd740f74465ec", kill_on_drop: false }`
[INFO] running `Command { std: "docker" "rm" "-f" "fa44cd5f4bf504b33193ecc9d92d0ab31b4e9e53837c5182db3dd740f74465ec", kill_on_drop: false }`
[INFO] [stdout] fa44cd5f4bf504b33193ecc9d92d0ab31b4e9e53837c5182db3dd740f74465ec
[INFO] running `Command { std: "docker" "create" "-v" "/var/lib/crater-agent-workspace/builds/worker-1-tc1/target:/opt/rustwide/target:rw,Z" "-v" "/var/lib/crater-agent-workspace/builds/worker-1-tc1/source:/opt/rustwide/workdir:ro,Z" "-v" "/var/lib/crater-agent-workspace/cargo-home:/opt/rustwide/cargo-home:ro,Z" "-v" "/var/lib/crater-agent-workspace/rustup-home:/opt/rustwide/rustup-home:ro,Z" "-e" "SOURCE_DIR=/opt/rustwide/workdir" "-e" "CARGO_TARGET_DIR=/opt/rustwide/target" "-e" "CARGO_INCREMENTAL=0" "-e" "RUST_BACKTRACE=full" "-e" "RUSTFLAGS=--cap-lints=forbid" "-e" "RUSTDOCFLAGS=--cap-lints=forbid" "-e" "CARGO_HOME=/opt/rustwide/cargo-home" "-e" "RUSTUP_HOME=/opt/rustwide/rustup-home" "-w" "/opt/rustwide/workdir" "-m" "1610612736" "--user" "0:0" "--network" "none" "ghcr.io/rust-lang/crates-build-env/linux@sha256:4a844ea9eb2546a2d2c7022eacef16ef2e8229c7fbb2c7d4d55a9ceca922f72d" "/opt/rustwide/cargo-home/bin/cargo" "+nightly-2024-10-28" "test" "--frozen" "--no-run" "--message-format=json", kill_on_drop: false }`
[INFO] [stdout] 7fe6a3789a368cdb2610bc578d2cf019e48533c25782de6c5e1e702f9713d1da
[INFO] running `Command { std: "docker" "start" "-a" "7fe6a3789a368cdb2610bc578d2cf019e48533c25782de6c5e1e702f9713d1da", kill_on_drop: false }`
[INFO] [stderr]    Compiling openconfiguration_derive v1.4.3 (/opt/rustwide/workdir)
[INFO] [stderr]     Finished `test` profile [unoptimized + debuginfo] target(s) in 0.20s
[INFO] running `Command { std: "docker" "inspect" "7fe6a3789a368cdb2610bc578d2cf019e48533c25782de6c5e1e702f9713d1da", kill_on_drop: false }`
[INFO] running `Command { std: "docker" "rm" "-f" "7fe6a3789a368cdb2610bc578d2cf019e48533c25782de6c5e1e702f9713d1da", kill_on_drop: false }`
[INFO] [stdout] 7fe6a3789a368cdb2610bc578d2cf019e48533c25782de6c5e1e702f9713d1da
[INFO] running `Command { std: "docker" "create" "-v" "/var/lib/crater-agent-workspace/builds/worker-1-tc1/target:/opt/rustwide/target:rw,Z" "-v" "/var/lib/crater-agent-workspace/builds/worker-1-tc1/source:/opt/rustwide/workdir:ro,Z" "-v" "/var/lib/crater-agent-workspace/cargo-home:/opt/rustwide/cargo-home:ro,Z" "-v" "/var/lib/crater-agent-workspace/rustup-home:/opt/rustwide/rustup-home:ro,Z" "-e" "SOURCE_DIR=/opt/rustwide/workdir" "-e" "CARGO_TARGET_DIR=/opt/rustwide/target" "-e" "CARGO_INCREMENTAL=0" "-e" "RUST_BACKTRACE=full" "-e" "RUSTFLAGS=--cap-lints=forbid" "-e" "RUSTDOCFLAGS=--cap-lints=forbid" "-e" "CARGO_HOME=/opt/rustwide/cargo-home" "-e" "RUSTUP_HOME=/opt/rustwide/rustup-home" "-w" "/opt/rustwide/workdir" "-m" "1610612736" "--user" "0:0" "--network" "none" "ghcr.io/rust-lang/crates-build-env/linux@sha256:4a844ea9eb2546a2d2c7022eacef16ef2e8229c7fbb2c7d4d55a9ceca922f72d" "/opt/rustwide/cargo-home/bin/cargo" "+nightly-2024-10-28" "test" "--frozen", kill_on_drop: false }`
[INFO] [stdout] 2252c2eb9190f78cca49bdfb0946f9214dca67cefb825574629140d380417b68
[INFO] running `Command { std: "docker" "start" "-a" "2252c2eb9190f78cca49bdfb0946f9214dca67cefb825574629140d380417b68", kill_on_drop: false }`
[INFO] [stderr]     Finished `test` profile [unoptimized + debuginfo] target(s) in 0.01s
[INFO] [stderr]      Running unittests src/lib.rs (/opt/rustwide/target/debug/deps/openconfiguration_derive-90247f2820206c74)
[INFO] [stdout] 
[INFO] [stdout] running 0 tests
[INFO] [stdout] 
[INFO] [stdout] test result: ok. 0 passed; 0 failed; 0 ignored; 0 measured; 0 filtered out; finished in 0.00s
[INFO] [stdout] 
[INFO] [stderr]    Doc-tests openconfiguration_derive
[INFO] [stdout] 
[INFO] [stdout] running 1 test
[INFO] [stdout] test src/lib.rs - visitable_derive (line 11) ... FAILED
[INFO] [stdout] 
[INFO] [stdout] failures:
[INFO] [stdout] 
[INFO] [stdout] ---- src/lib.rs - visitable_derive (line 11) stdout ----
[INFO] [stdout] error[E0432]: unresolved import `crate::support`
[INFO] [stdout]  --> src/lib.rs:12:12
[INFO] [stdout]   |
[INFO] [stdout] 3 | use crate::support::Visitable;
[INFO] [stdout]   |            ^^^^^^^ could not find `support` in the crate root
[INFO] [stdout] 
[INFO] [stdout] error: cannot find attribute `visitable` in this scope
[INFO] [stdout]  --> src/lib.rs:16:6
[INFO] [stdout]   |
[INFO] [stdout] 7 |    #[visitable(visit_with = "visit_field")]
[INFO] [stdout]   |      ^^^^^^^^^ help: a built-in attribute with a similar name exists: `stable`
[INFO] [stdout] 
[INFO] [stdout] error[E0405]: cannot find trait `Visitor` in this scope
[INFO] [stdout]   --> src/lib.rs:20:54
[INFO] [stdout]    |
[INFO] [stdout] 11 | fn visit_field(field: &mut String, visitor: &mut dyn Visitor) {}
[INFO] [stdout]    |                                                      ^^^^^^^ not found in this scope
[INFO] [stdout] 
[INFO] [stdout] error: aborting due to 3 previous errors
[INFO] [stdout] 
[INFO] [stdout] Some errors have detailed explanations: E0405, E0432.
[INFO] [stdout] For more information about an error, try `rustc --explain E0405`.
[INFO] [stdout] Couldn't compile the test.
[INFO] [stdout] 
[INFO] [stdout] failures:
[INFO] [stdout]     src/lib.rs - visitable_derive (line 11)
[INFO] [stdout] 
[INFO] [stdout] test result: FAILED. 0 passed; 1 failed; 0 ignored; 0 measured; 0 filtered out; finished in 0.05s
[INFO] [stdout] 
[INFO] [stderr] error: doctest failed, to rerun pass `--doc`
[INFO] running `Command { std: "docker" "inspect" "2252c2eb9190f78cca49bdfb0946f9214dca67cefb825574629140d380417b68", kill_on_drop: false }`
[INFO] running `Command { std: "docker" "rm" "-f" "2252c2eb9190f78cca49bdfb0946f9214dca67cefb825574629140d380417b68", kill_on_drop: false }`
[INFO] [stdout] 2252c2eb9190f78cca49bdfb0946f9214dca67cefb825574629140d380417b68
