[INFO] fetching crate oox 0.1.0...
[INFO] testing oox-0.1.0 against nightly-2024-10-28 for randomize-layout
[INFO] extracting crate oox 0.1.0 into /workspace/builds/worker-0-tc1/source
[INFO] validating manifest of crates.io crate oox 0.1.0 on toolchain nightly-2024-10-28
[INFO] running `Command { std: CARGO_HOME="/workspace/cargo-home" RUSTUP_HOME="/workspace/rustup-home" "/workspace/cargo-home/bin/cargo" "+nightly-2024-10-28" "metadata" "--manifest-path" "Cargo.toml" "--no-deps", kill_on_drop: false }`
[INFO] started tweaking crates.io crate oox 0.1.0
[INFO] finished tweaking crates.io crate oox 0.1.0
[INFO] tweaked toml for crates.io crate oox 0.1.0 written to /workspace/builds/worker-0-tc1/source/Cargo.toml
[INFO] running `Command { std: CARGO_HOME="/workspace/cargo-home" RUSTUP_HOME="/workspace/rustup-home" "/workspace/cargo-home/bin/cargo" "+nightly-2024-10-28" "generate-lockfile" "--manifest-path" "Cargo.toml", kill_on_drop: false }`
[INFO] [stderr]     Updating crates.io index
[INFO] [stderr]      Locking 63 packages to latest compatible versions
[INFO] [stderr]       Adding quick-xml v0.17.2 (available: v0.37.0)
[INFO] [stderr]       Adding simple_logger v1.16.0 (available: v5.0.0)
[INFO] [stderr]       Adding strum v0.17.1 (available: v0.26.3)
[INFO] [stderr]       Adding strum_macros v0.17.1 (available: v0.26.4)
[INFO] [stderr]       Adding wasi v0.10.0+wasi-snapshot-preview1 (available: v0.10.2+wasi-snapshot-preview1)
[INFO] [stderr]       Adding zip v0.5.13 (available: v2.2.0)
[INFO] running `Command { std: CARGO_HOME="/workspace/cargo-home" RUSTUP_HOME="/workspace/rustup-home" "/workspace/cargo-home/bin/cargo" "+nightly-2024-10-28" "fetch" "--manifest-path" "Cargo.toml", kill_on_drop: false }`
[INFO] running `Command { std: "docker" "create" "-v" "/var/lib/crater-agent-workspace/builds/worker-0-tc1/target:/opt/rustwide/target:rw,Z" "-v" "/var/lib/crater-agent-workspace/builds/worker-0-tc1/source:/opt/rustwide/workdir:ro,Z" "-v" "/var/lib/crater-agent-workspace/cargo-home:/opt/rustwide/cargo-home:ro,Z" "-v" "/var/lib/crater-agent-workspace/rustup-home:/opt/rustwide/rustup-home:ro,Z" "-e" "SOURCE_DIR=/opt/rustwide/workdir" "-e" "CARGO_TARGET_DIR=/opt/rustwide/target" "-e" "CARGO_HOME=/opt/rustwide/cargo-home" "-e" "RUSTUP_HOME=/opt/rustwide/rustup-home" "-w" "/opt/rustwide/workdir" "-m" "1610612736" "--user" "0:0" "--network" "none" "ghcr.io/rust-lang/crates-build-env/linux@sha256:4a844ea9eb2546a2d2c7022eacef16ef2e8229c7fbb2c7d4d55a9ceca922f72d" "/opt/rustwide/cargo-home/bin/cargo" "+nightly-2024-10-28" "metadata" "--no-deps" "--format-version=1", kill_on_drop: false }`
[INFO] [stdout] 4bb8f72b9484813f88ee303e272d09f9fe6af46bfcd95d0e45ca5cb6469aa52d
[INFO] running `Command { std: "docker" "start" "-a" "4bb8f72b9484813f88ee303e272d09f9fe6af46bfcd95d0e45ca5cb6469aa52d", kill_on_drop: false }`
[INFO] running `Command { std: "docker" "inspect" "4bb8f72b9484813f88ee303e272d09f9fe6af46bfcd95d0e45ca5cb6469aa52d", kill_on_drop: false }`
[INFO] running `Command { std: "docker" "rm" "-f" "4bb8f72b9484813f88ee303e272d09f9fe6af46bfcd95d0e45ca5cb6469aa52d", kill_on_drop: false }`
[INFO] [stdout] 4bb8f72b9484813f88ee303e272d09f9fe6af46bfcd95d0e45ca5cb6469aa52d
[INFO] running `Command { std: "docker" "create" "-v" "/var/lib/crater-agent-workspace/builds/worker-0-tc1/target:/opt/rustwide/target:rw,Z" "-v" "/var/lib/crater-agent-workspace/builds/worker-0-tc1/source:/opt/rustwide/workdir:ro,Z" "-v" "/var/lib/crater-agent-workspace/cargo-home:/opt/rustwide/cargo-home:ro,Z" "-v" "/var/lib/crater-agent-workspace/rustup-home:/opt/rustwide/rustup-home:ro,Z" "-e" "SOURCE_DIR=/opt/rustwide/workdir" "-e" "CARGO_TARGET_DIR=/opt/rustwide/target" "-e" "CARGO_INCREMENTAL=0" "-e" "RUST_BACKTRACE=full" "-e" "RUSTFLAGS=--cap-lints=forbid" "-e" "RUSTDOCFLAGS=--cap-lints=forbid" "-e" "CARGO_HOME=/opt/rustwide/cargo-home" "-e" "RUSTUP_HOME=/opt/rustwide/rustup-home" "-w" "/opt/rustwide/workdir" "-m" "1610612736" "--user" "0:0" "--network" "none" "ghcr.io/rust-lang/crates-build-env/linux@sha256:4a844ea9eb2546a2d2c7022eacef16ef2e8229c7fbb2c7d4d55a9ceca922f72d" "/opt/rustwide/cargo-home/bin/cargo" "+nightly-2024-10-28" "build" "--frozen" "--message-format=json", kill_on_drop: false }`
[INFO] [stdout] 5039af6efea5d5d485c7cf28dd54820aaf91018d214515a1b9807a13c5384594
[INFO] running `Command { std: "docker" "start" "-a" "5039af6efea5d5d485c7cf28dd54820aaf91018d214515a1b9807a13c5384594", kill_on_drop: false }`
[INFO] [stderr]    Compiling proc-macro2 v1.0.89
[INFO] [stderr]    Compiling unicode-ident v1.0.13
[INFO] [stderr]    Compiling shlex v1.3.0
[INFO] [stderr]    Compiling libc v0.2.161
[INFO] [stderr]    Compiling pkg-config v0.3.31
[INFO] [stderr]    Compiling memchr v2.7.4
[INFO] [stderr]    Compiling cfg-if v1.0.0
[INFO] [stderr]    Compiling adler2 v2.0.0
[INFO] [stderr]    Compiling thiserror v1.0.66
[INFO] [stderr]    Compiling syn v1.0.109
[INFO] [stderr]    Compiling regex-syntax v0.8.5
[INFO] [stderr]    Compiling unicode-segmentation v1.12.0
[INFO] [stderr]    Compiling byteorder v1.5.0
[INFO] [stderr]    Compiling strum v0.17.1
[INFO] [stderr]    Compiling log v0.4.22
[INFO] [stderr]    Compiling crc32fast v1.4.2
[INFO] [stderr]    Compiling cc v1.1.31
[INFO] [stderr]    Compiling miniz_oxide v0.8.0
[INFO] [stderr]    Compiling heck v0.3.3
[INFO] [stderr]    Compiling flate2 v1.0.34
[INFO] [stderr]    Compiling aho-corasick v1.1.3
[INFO] [stderr]    Compiling quick-xml v0.17.2
[INFO] [stderr]    Compiling quote v1.0.37
[INFO] [stderr]    Compiling syn v2.0.86
[INFO] [stderr]    Compiling time v0.1.45
[INFO] [stderr]    Compiling bzip2-sys v0.1.11+1.0.8
[INFO] [stderr]    Compiling bzip2 v0.4.4
[INFO] [stderr]    Compiling regex-automata v0.4.8
[INFO] [stderr]    Compiling thiserror-impl v1.0.66
[INFO] [stderr]    Compiling strum_macros v0.17.1
[INFO] [stderr]    Compiling zip v0.5.13
[INFO] [stderr]    Compiling regex v1.11.1
[INFO] [stderr]    Compiling oox v0.1.0 (/opt/rustwide/workdir)
[INFO] [stderr]     Finished `dev` profile [unoptimized + debuginfo] target(s) in 6.79s
[INFO] [stderr] warning: the following packages contain code that will be rejected by a future version of Rust: quick-xml v0.17.2
[INFO] [stderr] note: to see what the problems were, use the option `--future-incompat-report`, or run `cargo report future-incompatibilities --id 1`
[INFO] running `Command { std: "docker" "inspect" "5039af6efea5d5d485c7cf28dd54820aaf91018d214515a1b9807a13c5384594", kill_on_drop: false }`
[INFO] running `Command { std: "docker" "rm" "-f" "5039af6efea5d5d485c7cf28dd54820aaf91018d214515a1b9807a13c5384594", kill_on_drop: false }`
[INFO] [stdout] 5039af6efea5d5d485c7cf28dd54820aaf91018d214515a1b9807a13c5384594
[INFO] running `Command { std: "docker" "create" "-v" "/var/lib/crater-agent-workspace/builds/worker-0-tc1/target:/opt/rustwide/target:rw,Z" "-v" "/var/lib/crater-agent-workspace/builds/worker-0-tc1/source:/opt/rustwide/workdir:ro,Z" "-v" "/var/lib/crater-agent-workspace/cargo-home:/opt/rustwide/cargo-home:ro,Z" "-v" "/var/lib/crater-agent-workspace/rustup-home:/opt/rustwide/rustup-home:ro,Z" "-e" "SOURCE_DIR=/opt/rustwide/workdir" "-e" "CARGO_TARGET_DIR=/opt/rustwide/target" "-e" "CARGO_INCREMENTAL=0" "-e" "RUST_BACKTRACE=full" "-e" "RUSTFLAGS=--cap-lints=forbid" "-e" "RUSTDOCFLAGS=--cap-lints=forbid" "-e" "CARGO_HOME=/opt/rustwide/cargo-home" "-e" "RUSTUP_HOME=/opt/rustwide/rustup-home" "-w" "/opt/rustwide/workdir" "-m" "1610612736" "--user" "0:0" "--network" "none" "ghcr.io/rust-lang/crates-build-env/linux@sha256:4a844ea9eb2546a2d2c7022eacef16ef2e8229c7fbb2c7d4d55a9ceca922f72d" "/opt/rustwide/cargo-home/bin/cargo" "+nightly-2024-10-28" "test" "--frozen" "--no-run" "--message-format=json", kill_on_drop: false }`
[INFO] [stdout] 0154b2db21a48da75f49d21ae3d3ef9b9fe84067fa665b8f4e73b07a546b78e1
[INFO] running `Command { std: "docker" "start" "-a" "0154b2db21a48da75f49d21ae3d3ef9b9fe84067fa665b8f4e73b07a546b78e1", kill_on_drop: false }`
[INFO] [stderr]    Compiling time-core v0.1.2
[INFO] [stderr]    Compiling powerfmt v0.2.0
[INFO] [stderr]    Compiling num-conv v0.1.0
[INFO] [stderr]    Compiling is-terminal v0.4.13
[INFO] [stderr]    Compiling lazy_static v1.5.0
[INFO] [stderr]    Compiling num_threads v0.1.7
[INFO] [stderr]    Compiling itoa v1.0.11
[INFO] [stderr]    Compiling colored v1.9.4
[INFO] [stderr]    Compiling time-macros v0.2.18
[INFO] [stderr]    Compiling deranged v0.3.11
[INFO] [stderr]    Compiling time v0.3.36
[INFO] [stderr]    Compiling simple_logger v1.16.0
[INFO] [stderr]    Compiling oox v0.1.0 (/opt/rustwide/workdir)
[INFO] [stderr]     Finished `test` profile [unoptimized + debuginfo] target(s) in 11.76s
[INFO] [stderr] warning: the following packages contain code that will be rejected by a future version of Rust: quick-xml v0.17.2
[INFO] [stderr] note: to see what the problems were, use the option `--future-incompat-report`, or run `cargo report future-incompatibilities --id 1`
[INFO] running `Command { std: "docker" "inspect" "0154b2db21a48da75f49d21ae3d3ef9b9fe84067fa665b8f4e73b07a546b78e1", kill_on_drop: false }`
[INFO] running `Command { std: "docker" "rm" "-f" "0154b2db21a48da75f49d21ae3d3ef9b9fe84067fa665b8f4e73b07a546b78e1", kill_on_drop: false }`
[INFO] [stdout] 0154b2db21a48da75f49d21ae3d3ef9b9fe84067fa665b8f4e73b07a546b78e1
[INFO] running `Command { std: "docker" "create" "-v" "/var/lib/crater-agent-workspace/builds/worker-0-tc1/target:/opt/rustwide/target:rw,Z" "-v" "/var/lib/crater-agent-workspace/builds/worker-0-tc1/source:/opt/rustwide/workdir:ro,Z" "-v" "/var/lib/crater-agent-workspace/cargo-home:/opt/rustwide/cargo-home:ro,Z" "-v" "/var/lib/crater-agent-workspace/rustup-home:/opt/rustwide/rustup-home:ro,Z" "-e" "SOURCE_DIR=/opt/rustwide/workdir" "-e" "CARGO_TARGET_DIR=/opt/rustwide/target" "-e" "CARGO_INCREMENTAL=0" "-e" "RUST_BACKTRACE=full" "-e" "RUSTFLAGS=--cap-lints=forbid" "-e" "RUSTDOCFLAGS=--cap-lints=forbid" "-e" "CARGO_HOME=/opt/rustwide/cargo-home" "-e" "RUSTUP_HOME=/opt/rustwide/rustup-home" "-w" "/opt/rustwide/workdir" "-m" "1610612736" "--user" "0:0" "--network" "none" "ghcr.io/rust-lang/crates-build-env/linux@sha256:4a844ea9eb2546a2d2c7022eacef16ef2e8229c7fbb2c7d4d55a9ceca922f72d" "/opt/rustwide/cargo-home/bin/cargo" "+nightly-2024-10-28" "test" "--frozen", kill_on_drop: false }`
[INFO] [stdout] f33363c91daa5b787ff58d6df2ae932930019a74c0f9177775b8db959bd004ec
[INFO] running `Command { std: "docker" "start" "-a" "f33363c91daa5b787ff58d6df2ae932930019a74c0f9177775b8db959bd004ec", kill_on_drop: false }`
[INFO] [stderr]     Finished `test` profile [unoptimized + debuginfo] target(s) in 0.06s
[INFO] [stderr] warning: the following packages contain code that will be rejected by a future version of Rust: quick-xml v0.17.2
[INFO] [stderr] note: to see what the problems were, use the option `--future-incompat-report`, or run `cargo report future-incompatibilities --id 1`
[INFO] [stderr]      Running unittests src/lib.rs (/opt/rustwide/target/debug/deps/oox-24fc74d036dcc562)
[INFO] [stdout] 
[INFO] [stdout] running 261 tests
[INFO] [stdout] test docx::package::tests::test_resolve_default_style ... ok
[INFO] [stdout] test docx::package::tests::test_size_of ... ignored
[INFO] [stdout] test docx::package::tests::test_resolve_style_inheritance ... ok
[INFO] [stdout] test docx::wml::document::tests::test_alt_chunk_from_xml ... ok
[INFO] [stdout] test docx::package::tests::test_resolve_paragraph_style ... ok
[INFO] [stdout] test docx::wml::document::tests::test_attr_from_xml ... ok
[INFO] [stdout] test docx::wml::document::tests::test_bdo_content_run_from_xml ... ok
[INFO] [stdout] test docx::wml::document::tests::test_background_from_xml ... ok
[INFO] [stdout] test docx::wml::document::tests::test_alt_chunk_pr_from_xml ... ok
[INFO] [stdout] test docx::package::tests::test_resolve_run_style ... ok
[INFO] [stdout] test docx::package::tests::test_resolve_footnote_separator_style ... ok
[INFO] [stdout] test docx::wml::document::tests::test_bookmark_from_xml ... ok
[INFO] [stdout] test docx::wml::document::tests::test_bookmark_range_from_xml ... ok
[INFO] [stdout] test docx::wml::document::tests::test_border_from_xml ... ok
[INFO] [stdout] test docx::wml::document::tests::test_br_from_xml ... ok
[INFO] [stdout] test docx::wml::document::tests::test_color_from_xml ... ok
[INFO] [stdout] test docx::wml::document::tests::test_cnf_from_xml ... ok
[INFO] [stdout] test docx::wml::document::tests::test_column_from_xml ... ok
[INFO] [stdout] test docx::wml::document::tests::test_control_from_xml ... ok
[INFO] [stdout] test docx::wml::document::tests::test_columns_from_xml ... ok
[INFO] [stdout] test docx::wml::document::tests::test_custom_xml_pr_from_xml ... ok
[INFO] [stdout] test docx::wml::document::tests::test_bottom_page_border_from_xml ... ok
[INFO] [stdout] test docx::wml::document::tests::test_east_asian_layout_from_xml ... ok
[INFO] [stdout] test docx::wml::document::tests::test_edn_props_from_xml ... ok
[INFO] [stdout] test docx::wml::document::tests::test_custom_xml_run_from_xml ... ok
[INFO] [stdout] test docx::wml::document::tests::test_data_binding_from_xml ... ok
[INFO] [stdout] test docx::wml::document::tests::test_doc_grid_from_xml ... ok
[INFO] [stdout] test docx::wml::document::tests::test_ff_check_box_from_xml ... ok
[INFO] [stdout] test docx::wml::document::tests::test_document_base_from_xml ... ok
[INFO] [stdout] test docx::wml::document::tests::test_ff_check_box_size_choice_from_xml ... ok
[INFO] [stdout] test docx::wml::document::tests::test_ff_status_text_from_xml ... ok
[INFO] [stdout] test docx::wml::document::tests::test_ff_help_text_from_xml ... ok
[INFO] [stdout] test docx::wml::document::tests::test_decimal_number_or_percent_from_str ... ok
[INFO] [stdout] test docx::wml::document::tests::test_drawing_from_xml ... ok
[INFO] [stdout] test docx::wml::document::tests::test_ff_ddlist_from_xml ... ok
[INFO] [stdout] test docx::wml::document::tests::test_custom_xml_block_from_xml ... ok
[INFO] [stdout] test docx::wml::document::tests::test_dir_content_run_from_xml ... ok
[INFO] [stdout] test docx::wml::document::tests::test_ff_text_input_from_xml ... ok
[INFO] [stdout] test docx::wml::document::tests::test_fld_char_from_xml ... ok
[INFO] [stdout] test docx::wml::document::tests::test_fonts_from_xml ... ok
[INFO] [stdout] test docx::wml::document::tests::test_ftn_edn_num_props_from_xml ... ok
[INFO] [stdout] test docx::wml::document::tests::test_frame_pr_from_xml ... ok
[INFO] [stdout] test docx::wml::document::tests::test_fit_text_from_xml ... ok
[INFO] [stdout] test docx::wml::document::tests::test_ftn_edn_ref_from_xml ... ok
[INFO] [stdout] test docx::wml::document::tests::test_ftn_props_from_xml ... ok
[INFO] [stdout] test docx::wml::document::tests::test_hdr_ftr_ref_from_xml ... ok
[INFO] [stdout] test docx::wml::document::tests::test_language_from_xml ... ok
[INFO] [stdout] test docx::wml::document::tests::test_hyperlink_from_xml ... ok
[INFO] [stdout] test docx::wml::document::tests::test_markup_from_xml ... ok
[INFO] [stdout] test docx::wml::document::tests::test_move_bookmark_from_xml ... ok
[INFO] [stdout] test docx::wml::document::tests::test_num_pr_from_xml ... ok
[INFO] [stdout] test docx::wml::document::tests::test_hps_measure_from_str ... ok
[INFO] [stdout] test docx::wml::document::tests::test_line_number_from_xml ... ok
[INFO] [stdout] test docx::wml::document::tests::test_body_from_xml ... ok
[INFO] [stdout] test docx::wml::document::tests::test_hps_measure_from_xml ... ok
[INFO] [stdout] test docx::wml::document::tests::test_object_link_from_xml ... ok
[INFO] [stdout] test docx::wml::document::tests::test_object_embed_from_xml ... ok
[INFO] [stdout] test docx::wml::document::tests::test_ind_from_xml ... ok
[INFO] [stdout] test docx::wml::document::tests::test_markup_range_from_xml ... ok
[INFO] [stdout] test docx::wml::document::tests::test_document_from_xml ... ok
[INFO] [stdout] test docx::wml::document::tests::test_measurement_or_percent_from_str ... ok
[INFO] [stdout] test docx::wml::document::tests::test_p_pr_base_from_xml ... ok
[INFO] [stdout] test docx::wml::document::tests::test_p_pr_change_from_xml ... ok
[INFO] [stdout] test docx::wml::document::tests::test_p_bdr_from_xml ... ok
[INFO] [stdout] test docx::wml::document::tests::test_p_pr_general_from_xml ... ok
[INFO] [stdout] test docx::wml::document::tests::test_num_fmt_from_xml ... ok
[INFO] [stdout] test docx::wml::document::tests::test_page_border_from_xml ... ok
[INFO] [stdout] test docx::wml::document::tests::test_p_tab_from_xml ... ok
[INFO] [stdout] test docx::wml::document::tests::test_page_borders_from_xml ... ok
[INFO] [stdout] test docx::wml::document::tests::test_page_number_from_xml ... ok
[INFO] [stdout] test docx::wml::document::tests::test_page_mar_from_xml ... ok
[INFO] [stdout] test docx::wml::document::tests::test_object_from_xml ... ok
[INFO] [stdout] test docx::wml::document::tests::test_paper_source_from_xml ... ok
[INFO] [stdout] test docx::wml::document::tests::test_page_sz_from_xml ... ok
[INFO] [stdout] test docx::wml::document::tests::test_para_r_pr_original_from_xml ... ok
[INFO] [stdout] test docx::wml::document::tests::test_para_r_change_from_xml ... ok
[INFO] [stdout] test docx::wml::document::tests::test_para_r_pr_track_changes_from_xml ... ok
[INFO] [stdout] test docx::wml::document::tests::test_pcontent_content_run_content_from_xml ... ok
[INFO] [stdout] test docx::wml::document::tests::test_para_r_pr_from_xml ... ok
[INFO] [stdout] test docx::wml::document::tests::test_parse_text_scale_percent ... ok
[INFO] [stdout] test docx::wml::document::tests::test_perm_from_xml ... ok
[INFO] [stdout] test docx::wml::document::tests::test_pcontent_subdocument_from_xml ... ok
[INFO] [stdout] test docx::wml::document::tests::test_perm_start_from_xml ... ok
[INFO] [stdout] test docx::wml::document::tests::test_placeholder_from_xml ... ok
[INFO] [stdout] test docx::wml::document::tests::test_p_pr_from_xml ... ok
[INFO] [stdout] test docx::wml::document::tests::test_r_from_xml ... ok
[INFO] [stdout] test docx::wml::document::tests::test_rel_from_xml ... ok
[INFO] [stdout] test docx::wml::document::tests::test_r_pr_base_run_style_from_xml ... ok
[INFO] [stdout] test docx::wml::document::tests::test_r_pr_from_xml ... ok
[INFO] [stdout] test docx::wml::document::tests::test_r_pr_original_from_xml ... ok
[INFO] [stdout] test docx::wml::document::tests::test_pcontent_hyperlink_from_xml ... ok
[INFO] [stdout] test docx::wml::document::tests::test_pcontent_simple_field_from_xml ... ok
[INFO] [stdout] test docx::wml::document::tests::test_proof_err_from_xml ... ok
[INFO] [stdout] test docx::wml::document::tests::test_r_pr_change_from_xml ... ok
[INFO] [stdout] test docx::wml::document::tests::test_ruby_content_choice_from_xml ... ok
[INFO] [stdout] test docx::wml::document::tests::test_p_from_xml ... ok
[INFO] [stdout] test docx::wml::document::tests::test_ruby_content_from_xml ... ok
[INFO] [stdout] test docx::wml::document::tests::test_ruby_pr_from_xml ... ok
[INFO] [stdout] test docx::wml::document::tests::test_run_track_change_from_xml ... ok
[INFO] [stdout] test docx::wml::document::tests::test_sdt_combo_box_from_xml ... ok
[INFO] [stdout] test docx::wml::document::tests::test_sdt_date_from_xml ... ok
[INFO] [stdout] test docx::wml::document::tests::test_sdt_block_from_xml ... ok
[INFO] [stdout] test docx::wml::document::tests::test_sdt_drop_down_list_from_xml ... ok
[INFO] [stdout] test docx::wml::document::tests::test_sdt_list_item_from_xml ... ok
[INFO] [stdout] test docx::wml::document::tests::test_sdt_text_from_xml ... ok
[INFO] [stdout] test docx::wml::document::tests::test_sect_pr_attributes_from_xml ... ok
[INFO] [stdout] test docx::wml::document::tests::test_sdt_pr_control_choice_from_xml ... ok
[INFO] [stdout] test docx::wml::document::tests::test_ruby_from_xml ... ok
[INFO] [stdout] test docx::wml::document::tests::test_sdt_content_run_from_xml ... ok
[INFO] [stdout] test docx::wml::document::tests::test_sdt_content_block_from_xml ... ok
[INFO] [stdout] test docx::wml::document::tests::test_sdt_run_from_xml ... ok
[INFO] [stdout] test docx::wml::document::tests::test_sdt_pr_from_xml ... ok
[INFO] [stdout] test docx::wml::document::tests::test_sdt_doc_part_from_xml ... ok
[INFO] [stdout] test docx::wml::document::tests::test_shd_from_xml ... ok
[INFO] [stdout] test docx::wml::document::tests::test_simple_field_from_xml ... ok
[INFO] [stdout] test docx::wml::document::tests::test_smart_tag_pr_from_xml ... ok
[INFO] [stdout] test docx::wml::document::tests::test_smart_tag_run_from_xml ... ok
[INFO] [stdout] test docx::wml::document::tests::test_sect_pr_base_from_xml ... ok
[INFO] [stdout] test docx::wml::document::tests::test_text_from_xml ... ok
[INFO] [stdout] test docx::wml::document::tests::test_tabs_from_xml ... ok
[INFO] [stdout] test docx::wml::document::tests::test_sect_pr_contents_from_xml ... ok
[INFO] [stdout] test docx::wml::document::tests::test_signed_hps_measure_from_str ... ok
[INFO] [stdout] test docx::wml::document::tests::test_signed_twips_measure_from_str ... ok
[INFO] [stdout] test docx::wml::document::tests::test_top_page_border_from_xml ... ok
[INFO] [stdout] test docx::wml::document::tests::test_sect_pr_change_from_xml ... ok
[INFO] [stdout] test docx::wml::document::tests::test_sect_pr_from_xml ... ok
[INFO] [stdout] test docx::wml::document::tests::test_signed_hps_measure_from_xml ... ok
[INFO] [stdout] test docx::wml::document::tests::test_track_change_from_xml ... ok
[INFO] [stdout] test docx::wml::document::tests::test_spacing_from_xml ... ok
[INFO] [stdout] test docx::wml::drawing::tests::test_effect_extent_from_xml ... ok
[INFO] [stdout] test docx::wml::drawing::tests::test_graphic_frame_from_xml ... ok
[INFO] [stdout] test docx::wml::drawing::tests::test_anchor_from_xml ... ok
[INFO] [stdout] test docx::wml::document::tests::test_sym_from_xml ... ok
[INFO] [stdout] test docx::wml::document::tests::test_std_end_pr_from_xml ... ok
[INFO] [stdout] test docx::wml::document::tests::test_signed_twips_measure_from_xml ... ok
[INFO] [stdout] test docx::wml::document::tests::test_tab_stop_from_xml ... ok
[INFO] [stdout] test docx::wml::drawing::tests::test_linked_textbox_information_from_xml ... ok
[INFO] [stdout] test docx::wml::document::tests::test_underline_from_xml ... ok
[INFO] [stdout] test docx::wml::drawing::tests::test_pos_h_with_align_from_xml ... ok
[INFO] [stdout] test docx::wml::drawing::tests::test_pos_h_with_offset_from_xml ... ok
[INFO] [stdout] test docx::wml::drawing::tests::test_inline_from_xml_element ... ok
[INFO] [stdout] test docx::wml::drawing::tests::test_pos_v_with_offset_from_xml ... ok
[INFO] [stdout] test docx::wml::drawing::tests::test_wordprocessing_canvas_from_xml ... ok
[INFO] [stdout] test docx::wml::drawing::tests::test_wordprocessing_content_part_from_xml ... ok
[INFO] [stdout] test docx::wml::drawing::tests::test_wordprocessing_group_from_xml ... ok
[INFO] [stdout] test docx::wml::drawing::tests::test_wrap_square_from_xml ... ok
[INFO] [stdout] test docx::wml::drawing::tests::test_wrap_top_bottom_from_xml ... ok
[INFO] [stdout] test docx::wml::drawing::tests::test_wrap_type_none_from_xml ... ok
[INFO] [stdout] test docx::wml::drawing::tests::test_wrap_type_square ... ok
[INFO] [stdout] test docx::wml::drawing::tests::test_wrap_type_through ... ok
[INFO] [stdout] test docx::wml::drawing::tests::test_wrap_through_from_xml ... ok
[INFO] [stdout] test docx::wml::drawing::tests::test_wrap_type_tight ... ok
[INFO] [stdout] test docx::wml::drawing::tests::test_pos_v_with_align_from_xml ... ok
[INFO] [stdout] test docx::wml::drawing::tests::test_wrap_tight_from_xml ... ok
[INFO] [stdout] test docx::wml::drawing::tests::test_wrap_path_from_xml ... ok
[INFO] [stdout] test docx::wml::drawing::tests::test_wrap_type_top_and_bottom ... ok
[INFO] [stdout] test docx::wml::numbering::tests::test_level_text_from_xml ... ok
[INFO] [stdout] test docx::wml::settings::tests::test_auto_caption_from_xml ... ok
[INFO] [stdout] test docx::wml::settings::tests::test_auto_captions_from_xml ... ok
[INFO] [stdout] test docx::wml::settings::tests::test_captions_from_xml ... ok
[INFO] [stdout] test docx::wml::settings::tests::test_compat_from_xml ... ok
[INFO] [stdout] test docx::wml::settings::tests::test_caption_from_xml ... ok
[INFO] [stdout] test docx::wml::settings::tests::test_doc_rsids_from_xml ... ok
[INFO] [stdout] test docx::wml::settings::tests::test_doc_var_from_xml ... ok
[INFO] [stdout] test docx::wml::settings::tests::test_edn_doc_props_from_xml ... ok
[INFO] [stdout] test docx::wml::settings::tests::test_doc_protect_from_xml ... ok
[INFO] [stdout] test docx::wml::numbering::tests::test_picture_from_xml ... ok
[INFO] [stdout] test docx::wml::settings::tests::test_ftn_doc_props_from_xml ... ok
[INFO] [stdout] test docx::wml::numbering::tests::test_num_lvl_from_xml ... ok
[INFO] [stdout] test docx::wml::settings::tests::test_doc_vars_from_xml ... ok
[INFO] [stdout] test docx::wml::settings::tests::test_ftn_edn_sep_ref_from_xml ... ok
[INFO] [stdout] test docx::wml::numbering::tests::test_lvl_from_xml ... ok
[INFO] [stdout] test docx::wml::settings::tests::test_odso_field_map_data_from_xml ... ok
[INFO] [stdout] test docx::wml::settings::tests::test_mail_merge_from_xml ... ok
[INFO] [stdout] test docx::wml::settings::tests::test_compat_setting_from_xml ... ok
[INFO] [stdout] test docx::wml::drawing::tests::test_txbx_content_from_xml ... ok
[INFO] [stdout] test docx::wml::settings::tests::test_odso_from_xml ... ok
[INFO] [stdout] test docx::wml::settings::tests::test_proof_from_xml ... ok
[INFO] [stdout] test docx::wml::settings::tests::test_password_from_xml ... ok
[INFO] [stdout] test docx::wml::settings::tests::test_color_scheme_mapping_from_xml ... ok
[INFO] [stdout] test docx::wml::settings::tests::test_save_through_xslt_from_xml ... ok
[INFO] [stdout] test docx::wml::footnotes::tests::test_ftn_edn_from_xml ... ok
[INFO] [stdout] test docx::wml::settings::tests::test_kinsoku_from_xml ... ok
[INFO] [stdout] test docx::wml::settings::tests::test_smart_tag_type_from_xml ... ok
[INFO] [stdout] test docx::wml::numbering::tests::test_num_from_xml ... ok
[INFO] [stdout] test docx::wml::settings::tests::test_settings_from_xml ... ok
[INFO] [stdout] test docx::wml::numbering::tests::test_abstract_num_from_xml ... ok
[INFO] [stdout] test docx::wml::styles::tests::test_latent_styles_from_xml ... ok
[INFO] [stdout] test docx::wml::styles::tests::test_lsd_exception_from_xml ... ok
[INFO] [stdout] test docx::wml::settings::tests::test_track_changes_view_from_xml ... ok
[INFO] [stdout] test docx::wml::settings::tests::test_write_propection_from_xml ... ok
[INFO] [stdout] test docx::wml::settings::tests::test_style_pane_filter_from_xml ... ok
[INFO] [stdout] test docx::wml::settings::tests::test_writing_style_from_xml ... ok
[INFO] [stdout] test docx::wml::settings::tests::test_reading_mode_ink_lock_down_from_xml ... ok
[INFO] [stdout] test docx::wml::drawing::tests::test_wordprocessing_shape_from_xml ... ok
[INFO] [stdout] test docx::wml::settings::tests::test_zoom_from_xml ... ok
[INFO] [stdout] test docx::wml::drawing::tests::test_textbox_info_from_xml ... ok
[INFO] [stdout] test docx::wml::footnotes::tests::test_footnotes_from_xml ... ok
[INFO] [stdout] test docx::wml::numbering::tests::test_numbering_from_xml ... ok
[INFO] [stdout] test docx::wml::styles::tests::test_doc_defaults_from_xml ... ok
[INFO] [stdout] test docx::wml::table::tests::test_cell_merge_track_change_from_xml ... ok
[INFO] [stdout] test docx::wml::table::tests::test_headers_from_xml ... ok
[INFO] [stdout] test docx::wml::table::tests::test_custom_xml_cell_from_xml ... ok
[INFO] [stdout] test docx::wml::styles::tests::test_tbl_style_pr_from_xml ... ok
[INFO] [stdout] test docx::wml::table::tests::test_tbl_borders_from_xml ... ok
[INFO] [stdout] test docx::wml::table::tests::test_tbl_grid_base_from_xml ... ok
[INFO] [stdout] test docx::wml::table::tests::test_std_content_cell_from_xml ... ok
[INFO] [stdout] test docx::wml::table::tests::test_height_from_xml ... ok
[INFO] [stdout] test docx::wml::table::tests::test_tbl_cell_mar_from_xml ... ok
[INFO] [stdout] test docx::wml::table::tests::test_tbl_grid_col_from_xml ... ok
[INFO] [stdout] test docx::wml::table::tests::test_tbl_grid_change_from_xml ... ok
[INFO] [stdout] test docx::wml::table::tests::test_tbl_p_pr_from_xml ... ok
[INFO] [stdout] test docx::wml::table::tests::test_tbl_look_from_xml ... ok
[INFO] [stdout] test docx::wml::table::tests::test_tbl_grid_from_xml ... ok
[INFO] [stdout] test docx::wml::table::tests::test_tbl_pr_base_from_xml ... ok
[INFO] [stdout] test docx::wml::table::tests::test_std_cell_from_xml ... ok
[INFO] [stdout] test docx::wml::table::tests::test_tbl_pr_change_from_xml ... ok
[INFO] [stdout] test docx::wml::table::tests::test_tbl_width_from_xml ... ok
[INFO] [stdout] test docx::wml::table::tests::test_tbl_pr_ex_from_xml ... ok
[INFO] [stdout] test docx::wml::table::tests::test_tbl_pr_ex_base_from_xml ... ok
[INFO] [stdout] test docx::wml::table::tests::test_tbl_pr_from_xml ... ok
[INFO] [stdout] test docx::wml::table::tests::test_custom_xml_row_from_xml ... ok
[INFO] [stdout] test docx::wml::table::tests::test_tc_from_xml ... ok
[INFO] [stdout] test docx::wml::table::tests::test_tc_pr_change_from_xml ... ok
[INFO] [stdout] test docx::wml::table::tests::test_tr_pr_base_from_xml ... ok
[INFO] [stdout] test docx::wml::table::tests::test_tbl_from_xml ... ok
[INFO] [stdout] test docx::wml::table::tests::test_tc_mar_from_xml ... ok
[INFO] [stdout] test docx::wml::table::tests::test_tc_borders_from_xml ... ok
[INFO] [stdout] test docx::wml::table::tests::test_std_row_from_xml ... ok
[INFO] [stdout] test docx::wml::styles::tests::test_style_from_xml ... ok
[INFO] [stdout] test docx::wml::table::tests::test_tbl_pr_ex_change_from_xml ... ok
[INFO] [stdout] test docx::wml::table::tests::test_tc_pr_from_xml ... ok
[INFO] [stdout] test pptx::pml::animation::tests::test_index_range_from_xml ... ok
[INFO] [stdout] test pptx::pml::animation::tests::test_tl_common_behavior_data_from_xml ... ok
[INFO] [stdout] test pptx::pml::animation::tests::test_tl_build_diagram_from_xml ... ok
[INFO] [stdout] test pptx::pml::animation::tests::test_tl_build_paragraph_from_xml ... ok
[INFO] [stdout] test docx::wml::table::tests::test_tr_pr_from_xml ... ok
[INFO] [stdout] test docx::wml::table::tests::test_row_from_xml ... ok
[INFO] [stdout] test docx::wml::table::tests::test_tc_pr_inner_from_xml ... ok
[INFO] [stdout] test docx::wml::table::tests::test_sdt_content_row_from_xml ... ok
[INFO] [stdout] test docx::wml::table::tests::test_tc_pr_base_from_xml ... ok
[INFO] [stdout] test docx::wml::table::tests::test_tr_pr_change_from_xml ... ok
[INFO] [stdout] test pptx::pml::animation::tests::test_tl_point_from_xml ... ok
[INFO] [stdout] test pptx::pml::animation::tests::test_tl_graphical_object_build_from_xml ... ok
[INFO] [stdout] test pptx::pml::animation::tests::test_tl_iterate_data_from_xml ... ok
[INFO] [stdout] test pptx::pml::animation::tests::test_tl_ole_build_chart_from_xml ... ok
[INFO] [stdout] test pptx::pml::animation::tests::test_tl_time_node_sequence_from_xml ... ok
[INFO] [stdout] test pptx::pml::animation::tests::test_tl_template_list_from_xml ... ok
[INFO] [stdout] test pptx::pml::animation::tests::test_tl_common_time_node_data_from_xml ... ok
[INFO] [stdout] test pptx::pml::animation::tests::test_tl_common_media_node_data_from_xml ... ok
[INFO] [stdout] test pptx::pml::animation::tests::test_tl_time_condition_from_xml ... ok
[INFO] [stdout] test pptx::pml::animation::tests::test_tl_time_condition_list_from_xml ... ok
[INFO] [stdout] test pptx::pml::animation::tests::test_tl_template_from_xml ... ok
[INFO] [stdout] test shared::drawingml::diagrams::tests::test_whole_e2o_formatting_from_xml ... ok
[INFO] [stdout] test pptx::pml::animation::tests::test_tl_time_node_list_from_xml ... ok
[INFO] [stdout] test shared::sharedtypes::tests::test_twips_measure_from_str ... ok
[INFO] [stdout] test shared::sharedtypes::tests::test_percentage_from_str ... ok
[INFO] [stdout] test shared::sharedtypes::tests::test_universal_measure_from_str ... ok
[INFO] [stdout] test shared::drawingml::diagrams::tests::test_background_formatting_from_xml ... ok
[INFO] [stdout] test docx::wml::styles::tests::test_styles_from_xml ... ok
[INFO] [stdout] test xml::tests::test_xml_parser ... FAILED
[INFO] [stdout] 
[INFO] [stdout] failures:
[INFO] [stdout] 
[INFO] [stdout] ---- xml::tests::test_xml_parser stdout ----
[INFO] [stdout] thread 'xml::tests::test_xml_parser' panicked at src/xml.rs:153:52:
[INFO] [stdout] Sample xml file not found: Os { code: 2, kind: NotFound, message: "No such file or directory" }
[INFO] [stdout] stack backtrace:
[INFO] [stdout]    0:     0x5bb6a57c7e9a - std::backtrace_rs::backtrace::libunwind::trace::h207520d6e9873551
[INFO] [stdout]                                at /rustc/df4ca44d3fbc9301ee17f30f4d474e6ae4b05252/library/std/src/../../backtrace/src/backtrace/libunwind.rs:116:5
[INFO] [stdout]    1:     0x5bb6a57c7e9a - std::backtrace_rs::backtrace::trace_unsynchronized::h2ed7433f370e3eca
[INFO] [stdout]                                at /rustc/df4ca44d3fbc9301ee17f30f4d474e6ae4b05252/library/std/src/../../backtrace/src/backtrace/mod.rs:66:5
[INFO] [stdout]    2:     0x5bb6a57c7e9a - std::sys::backtrace::_print_fmt::h916fac51166b18d7
[INFO] [stdout]                                at /rustc/df4ca44d3fbc9301ee17f30f4d474e6ae4b05252/library/std/src/sys/backtrace.rs:66:9
[INFO] [stdout]    3:     0x5bb6a57c7e9a - <std::sys::backtrace::BacktraceLock::print::DisplayBacktrace as core::fmt::Display>::fmt::ha0a4c9b8ce3802e6
[INFO] [stdout]                                at /rustc/df4ca44d3fbc9301ee17f30f4d474e6ae4b05252/library/std/src/sys/backtrace.rs:39:26
[INFO] [stdout]    4:     0x5bb6a57f0f43 - core::fmt::rt::Argument::fmt::h4cfc8587d52b3eb5
[INFO] [stdout]                                at /rustc/df4ca44d3fbc9301ee17f30f4d474e6ae4b05252/library/core/src/fmt/rt.rs:177:76
[INFO] [stdout]    5:     0x5bb6a57f0f43 - core::fmt::write::h522cc39e5b36ae9f
[INFO] [stdout]                                at /rustc/df4ca44d3fbc9301ee17f30f4d474e6ae4b05252/library/core/src/fmt/mod.rs:1190:21
[INFO] [stdout]    6:     0x5bb6a57c4963 - std::io::Write::write_fmt::h7d3c26752da97734
[INFO] [stdout]                                at /rustc/df4ca44d3fbc9301ee17f30f4d474e6ae4b05252/library/std/src/io/mod.rs:1839:15
[INFO] [stdout]    7:     0x5bb6a57c7ce2 - std::sys::backtrace::BacktraceLock::print::h4b9e00b29e9c0942
[INFO] [stdout]                                at /rustc/df4ca44d3fbc9301ee17f30f4d474e6ae4b05252/library/std/src/sys/backtrace.rs:42:9
[INFO] [stdout]    8:     0x5bb6a57c932a - std::panicking::default_hook::{{closure}}::hb59b88280d0324d9
[INFO] [stdout]                                at /rustc/df4ca44d3fbc9301ee17f30f4d474e6ae4b05252/library/std/src/panicking.rs:268:22
[INFO] [stdout]    9:     0x5bb6a57c9134 - std::panicking::default_hook::he1dd496665be4a29
[INFO] [stdout]                                at /rustc/df4ca44d3fbc9301ee17f30f4d474e6ae4b05252/library/std/src/panicking.rs:292:9
[INFO] [stdout]   10:     0x5bb6a54fa489 - <alloc::boxed::Box<F,A> as core::ops::function::Fn<Args>>::call::h4ff71de18744e1dc
[INFO] [stdout]                                at /rustc/df4ca44d3fbc9301ee17f30f4d474e6ae4b05252/library/alloc/src/boxed.rs:2468:9
[INFO] [stdout]   11:     0x5bb6a54fa489 - test::test_main::{{closure}}::hcf7c055ce117aa81
[INFO] [stdout]                                at /rustc/df4ca44d3fbc9301ee17f30f4d474e6ae4b05252/library/test/src/lib.rs:133:21
[INFO] [stdout]   12:     0x5bb6a57c9a28 - <alloc::boxed::Box<F,A> as core::ops::function::Fn<Args>>::call::h1d66c6bbd60c9692
[INFO] [stdout]                                at /rustc/df4ca44d3fbc9301ee17f30f4d474e6ae4b05252/library/alloc/src/boxed.rs:2468:9
[INFO] [stdout]   13:     0x5bb6a57c9a28 - std::panicking::rust_panic_with_hook::h2ff17fe8f26dfcf8
[INFO] [stdout]                                at /rustc/df4ca44d3fbc9301ee17f30f4d474e6ae4b05252/library/std/src/panicking.rs:809:13
[INFO] [stdout]   14:     0x5bb6a57c97ea - std::panicking::begin_panic_handler::{{closure}}::h4fad77951c07e101
[INFO] [stdout]                                at /rustc/df4ca44d3fbc9301ee17f30f4d474e6ae4b05252/library/std/src/panicking.rs:674:13
[INFO] [stdout]   15:     0x5bb6a57c8379 - std::sys::backtrace::__rust_end_short_backtrace::hb1a25b3da5d0ea08
[INFO] [stdout]                                at /rustc/df4ca44d3fbc9301ee17f30f4d474e6ae4b05252/library/std/src/sys/backtrace.rs:170:18
[INFO] [stdout]   16:     0x5bb6a57c947c - rust_begin_unwind
[INFO] [stdout]                                at /rustc/df4ca44d3fbc9301ee17f30f4d474e6ae4b05252/library/std/src/panicking.rs:665:5
[INFO] [stdout]   17:     0x5bb6a57ee940 - core::panicking::panic_fmt::ha9db07b529f9b256
[INFO] [stdout]                                at /rustc/df4ca44d3fbc9301ee17f30f4d474e6ae4b05252/library/core/src/panicking.rs:75:14
[INFO] [stdout]   18:     0x5bb6a57eedc6 - core::result::unwrap_failed::h5e8218e4d4338b8a
[INFO] [stdout]                                at /rustc/df4ca44d3fbc9301ee17f30f4d474e6ae4b05252/library/core/src/result.rs:1698:5
[INFO] [stdout]   19:     0x5bb6a52d571d - core::result::Result<T,E>::expect::h689de20cedcad5f6
[INFO] [stdout]                                at /rustc/df4ca44d3fbc9301ee17f30f4d474e6ae4b05252/library/core/src/result.rs:1060:23
[INFO] [stdout]   20:     0x5bb6a546fb46 - oox::xml::tests::test_xml_parser::hd1e3fe7b2186f4b5
[INFO] [stdout]                                at /opt/rustwide/workdir/src/xml.rs:153:24
[INFO] [stdout]   21:     0x5bb6a546fa57 - oox::xml::tests::test_xml_parser::{{closure}}::hd2b451c1c6d820ec
[INFO] [stdout]                                at /opt/rustwide/workdir/src/xml.rs:146:25
[INFO] [stdout]   22:     0x5bb6a530bd96 - core::ops::function::FnOnce::call_once::hbc4828b16d770dc5
[INFO] [stdout]                                at /rustc/df4ca44d3fbc9301ee17f30f4d474e6ae4b05252/library/core/src/ops/function.rs:250:5
[INFO] [stdout]   23:     0x5bb6a54fed5b - core::ops::function::FnOnce::call_once::h22c3ba5715e93f05
[INFO] [stdout]                                at /rustc/df4ca44d3fbc9301ee17f30f4d474e6ae4b05252/library/core/src/ops/function.rs:250:5
[INFO] [stdout]   24:     0x5bb6a54fed5b - test::__rust_begin_short_backtrace::h8e82d8113d0da17f
[INFO] [stdout]                                at /rustc/df4ca44d3fbc9301ee17f30f4d474e6ae4b05252/library/test/src/lib.rs:621:18
[INFO] [stdout]   25:     0x5bb6a54fe6d7 - test::run_test_in_process::{{closure}}::h33235f4f20b7b7c7
[INFO] [stdout]                                at /rustc/df4ca44d3fbc9301ee17f30f4d474e6ae4b05252/library/test/src/lib.rs:644:60
[INFO] [stdout]   26:     0x5bb6a54fe6d7 - <core::panic::unwind_safe::AssertUnwindSafe<F> as core::ops::function::FnOnce<()>>::call_once::hb5043206310c586f
[INFO] [stdout]                                at /rustc/df4ca44d3fbc9301ee17f30f4d474e6ae4b05252/library/core/src/panic/unwind_safe.rs:272:9
[INFO] [stdout]   27:     0x5bb6a54fe6d7 - std::panicking::try::do_call::h9ad4731a60ab23e2
[INFO] [stdout]                                at /rustc/df4ca44d3fbc9301ee17f30f4d474e6ae4b05252/library/std/src/panicking.rs:557:40
[INFO] [stdout]   28:     0x5bb6a54fe6d7 - std::panicking::try::h3824d23db772a716
[INFO] [stdout]                                at /rustc/df4ca44d3fbc9301ee17f30f4d474e6ae4b05252/library/std/src/panicking.rs:520:19
[INFO] [stdout]   29:     0x5bb6a54fe6d7 - std::panic::catch_unwind::h5afd514605fde46b
[INFO] [stdout]                                at /rustc/df4ca44d3fbc9301ee17f30f4d474e6ae4b05252/library/std/src/panic.rs:358:14
[INFO] [stdout]   30:     0x5bb6a54fe6d7 - test::run_test_in_process::h0d5cbfa7067d1720
[INFO] [stdout]                                at /rustc/df4ca44d3fbc9301ee17f30f4d474e6ae4b05252/library/test/src/lib.rs:644:27
[INFO] [stdout]   31:     0x5bb6a54fe6d7 - test::run_test::{{closure}}::h708eb8872708115d
[INFO] [stdout]                                at /rustc/df4ca44d3fbc9301ee17f30f4d474e6ae4b05252/library/test/src/lib.rs:565:43
[INFO] [stdout]   32:     0x5bb6a54c1df4 - test::run_test::{{closure}}::h392c51cee94713ab
[INFO] [stdout]                                at /rustc/df4ca44d3fbc9301ee17f30f4d474e6ae4b05252/library/test/src/lib.rs:595:41
[INFO] [stdout]   33:     0x5bb6a54c1df4 - std::sys::backtrace::__rust_begin_short_backtrace::h2f40290710935a8b
[INFO] [stdout]                                at /rustc/df4ca44d3fbc9301ee17f30f4d474e6ae4b05252/library/std/src/sys/backtrace.rs:154:18
[INFO] [stdout]   34:     0x5bb6a54c559e - std::thread::Builder::spawn_unchecked_::{{closure}}::{{closure}}::h3fd968d89053a903
[INFO] [stdout]                                at /rustc/df4ca44d3fbc9301ee17f30f4d474e6ae4b05252/library/std/src/thread/mod.rs:541:17
[INFO] [stdout]   35:     0x5bb6a54c559e - <core::panic::unwind_safe::AssertUnwindSafe<F> as core::ops::function::FnOnce<()>>::call_once::h743f637ba4229880
[INFO] [stdout]                                at /rustc/df4ca44d3fbc9301ee17f30f4d474e6ae4b05252/library/core/src/panic/unwind_safe.rs:272:9
[INFO] [stdout]   36:     0x5bb6a54c559e - std::panicking::try::do_call::h07440897322525a6
[INFO] [stdout]                                at /rustc/df4ca44d3fbc9301ee17f30f4d474e6ae4b05252/library/std/src/panicking.rs:557:40
[INFO] [stdout]   37:     0x5bb6a54c559e - std::panicking::try::he5a2e00188156637
[INFO] [stdout]                                at /rustc/df4ca44d3fbc9301ee17f30f4d474e6ae4b05252/library/std/src/panicking.rs:520:19
[INFO] [stdout]   38:     0x5bb6a54c559e - std::panic::catch_unwind::hbaf3cae49b3c6433
[INFO] [stdout]                                at /rustc/df4ca44d3fbc9301ee17f30f4d474e6ae4b05252/library/std/src/panic.rs:358:14
[INFO] [stdout]   39:     0x5bb6a54c559e - std::thread::Builder::spawn_unchecked_::{{closure}}::h8e141ea224820bce
[INFO] [stdout]                                at /rustc/df4ca44d3fbc9301ee17f30f4d474e6ae4b05252/library/std/src/thread/mod.rs:540:30
[INFO] [stdout]   40:     0x5bb6a54c559e - core::ops::function::FnOnce::call_once{{vtable.shim}}::h90d312fedd7b8ea8
[INFO] [stdout]                                at /rustc/df4ca44d3fbc9301ee17f30f4d474e6ae4b05252/library/core/src/ops/function.rs:250:5
[INFO] [stdout]   41:     0x5bb6a57cd82b - <alloc::boxed::Box<F,A> as core::ops::function::FnOnce<Args>>::call_once::h69aa08ddb6adb8b6
[INFO] [stdout]                                at /rustc/df4ca44d3fbc9301ee17f30f4d474e6ae4b05252/library/alloc/src/boxed.rs:2454:9
[INFO] [stdout]   42:     0x5bb6a57cd82b - <alloc::boxed::Box<F,A> as core::ops::function::FnOnce<Args>>::call_once::h5aa36efdb79c806f
[INFO] [stdout]                                at /rustc/df4ca44d3fbc9301ee17f30f4d474e6ae4b05252/library/alloc/src/boxed.rs:2454:9
[INFO] [stdout]   43:     0x5bb6a57cd82b - std::sys::pal::unix::thread::Thread::new::thread_start::h6cd80a1b4be5158d
[INFO] [stdout]                                at /rustc/df4ca44d3fbc9301ee17f30f4d474e6ae4b05252/library/std/src/sys/pal/unix/thread.rs:105:17
[INFO] [stdout]   44:     0x7ea0bbe88ac3 - <unknown>
[INFO] [stdout]   45:     0x7ea0bbf19a04 - clone
[INFO] [stdout]   46:                0x0 - <unknown>
[INFO] [stdout] 
[INFO] [stdout] 
[INFO] [stdout] failures:
[INFO] [stdout]     xml::tests::test_xml_parser
[INFO] [stdout] 
[INFO] [stdout] test result: FAILED. 259 passed; 1 failed; 1 ignored; 0 measured; 0 filtered out; finished in 0.15s
[INFO] [stdout] 
[INFO] [stderr] error: test failed, to rerun pass `--lib`
[INFO] running `Command { std: "docker" "inspect" "f33363c91daa5b787ff58d6df2ae932930019a74c0f9177775b8db959bd004ec", kill_on_drop: false }`
[INFO] running `Command { std: "docker" "rm" "-f" "f33363c91daa5b787ff58d6df2ae932930019a74c0f9177775b8db959bd004ec", kill_on_drop: false }`
[INFO] [stdout] f33363c91daa5b787ff58d6df2ae932930019a74c0f9177775b8db959bd004ec
