[INFO] fetching crate ood_persistence 0.3.1...
[INFO] testing ood_persistence-0.3.1 against nightly-2024-10-28 for randomize-layout
[INFO] extracting crate ood_persistence 0.3.1 into /workspace/builds/worker-2-tc1/source
[INFO] validating manifest of crates.io crate ood_persistence 0.3.1 on toolchain nightly-2024-10-28
[INFO] running `Command { std: CARGO_HOME="/workspace/cargo-home" RUSTUP_HOME="/workspace/rustup-home" "/workspace/cargo-home/bin/cargo" "+nightly-2024-10-28" "metadata" "--manifest-path" "Cargo.toml" "--no-deps", kill_on_drop: false }`
[INFO] removed /workspace/builds/worker-2-tc1/source/rust-toolchain.toml
[INFO] started tweaking crates.io crate ood_persistence 0.3.1
[INFO] removed 0 missing examples
[INFO] finished tweaking crates.io crate ood_persistence 0.3.1
[INFO] tweaked toml for crates.io crate ood_persistence 0.3.1 written to /workspace/builds/worker-2-tc1/source/Cargo.toml
[INFO] crate crates.io crate ood_persistence 0.3.1 already has a lockfile, it will not be regenerated
[INFO] running `Command { std: CARGO_HOME="/workspace/cargo-home" RUSTUP_HOME="/workspace/rustup-home" "/workspace/cargo-home/bin/cargo" "+nightly-2024-10-28" "fetch" "--manifest-path" "Cargo.toml", kill_on_drop: false }`
[INFO] [stderr]     Updating crates.io index
[INFO] [stderr]  Downloading crates ...
[INFO] [stderr]   Downloaded r2d2_postgres v0.18.1
[INFO] [stderr]   Downloaded r2d2_sqlite v0.19.0
[INFO] [stderr]   Downloaded const-random v0.1.13
[INFO] [stderr]   Downloaded const-random-macro v0.1.13
[INFO] [stderr]   Downloaded postgres-protocol v0.6.2
[INFO] [stderr]   Downloaded bb8 v0.7.1
[INFO] [stderr]   Downloaded postgres-types v0.2.2
[INFO] [stderr]   Downloaded bb8-postgres v0.7.0
[INFO] [stderr]   Downloaded derive_utils v0.11.2
[INFO] [stderr]   Downloaded ahash v0.2.19
[INFO] [stderr]   Downloaded mysql_common v0.20.2
[INFO] [stderr]   Downloaded mysql v18.2.0
[INFO] [stderr]   Downloaded lexical v4.2.1
[INFO] [stderr]   Downloaded rust_decimal v1.16.0
[INFO] [stderr]   Downloaded tokio-postgres v0.7.3
[INFO] [stderr]   Downloaded io-enum v0.2.6
[INFO] [stderr]   Downloaded postgres v0.19.2
[INFO] [stderr]   Downloaded rusqlite v0.26.1
[INFO] [stderr]   Downloaded object v0.27.0
[INFO] [stderr]   Downloaded r2d2_mysql v18.0.0
[INFO] [stderr]   Downloaded phf v0.10.0
[INFO] [stderr]   Downloaded lexical-core v0.6.8
[INFO] [stderr]   Downloaded libsqlite3-sys v0.23.1
[INFO] running `Command { std: "docker" "create" "-v" "/var/lib/crater-agent-workspace/builds/worker-2-tc1/target:/opt/rustwide/target:rw,Z" "-v" "/var/lib/crater-agent-workspace/builds/worker-2-tc1/source:/opt/rustwide/workdir:ro,Z" "-v" "/var/lib/crater-agent-workspace/cargo-home:/opt/rustwide/cargo-home:ro,Z" "-v" "/var/lib/crater-agent-workspace/rustup-home:/opt/rustwide/rustup-home:ro,Z" "-e" "SOURCE_DIR=/opt/rustwide/workdir" "-e" "CARGO_TARGET_DIR=/opt/rustwide/target" "-e" "CARGO_HOME=/opt/rustwide/cargo-home" "-e" "RUSTUP_HOME=/opt/rustwide/rustup-home" "-w" "/opt/rustwide/workdir" "-m" "1610612736" "--user" "0:0" "--network" "none" "ghcr.io/rust-lang/crates-build-env/linux@sha256:4a844ea9eb2546a2d2c7022eacef16ef2e8229c7fbb2c7d4d55a9ceca922f72d" "/opt/rustwide/cargo-home/bin/cargo" "+nightly-2024-10-28" "metadata" "--no-deps" "--format-version=1", kill_on_drop: false }`
[INFO] [stdout] 32e221dd11508e53db57d648e7f76bdf9ac214554e39572b5c44a8d472c895f9
[INFO] running `Command { std: "docker" "start" "-a" "32e221dd11508e53db57d648e7f76bdf9ac214554e39572b5c44a8d472c895f9", kill_on_drop: false }`
[INFO] running `Command { std: "docker" "inspect" "32e221dd11508e53db57d648e7f76bdf9ac214554e39572b5c44a8d472c895f9", kill_on_drop: false }`
[INFO] running `Command { std: "docker" "rm" "-f" "32e221dd11508e53db57d648e7f76bdf9ac214554e39572b5c44a8d472c895f9", kill_on_drop: false }`
[INFO] [stdout] 32e221dd11508e53db57d648e7f76bdf9ac214554e39572b5c44a8d472c895f9
[INFO] running `Command { std: "docker" "create" "-v" "/var/lib/crater-agent-workspace/builds/worker-2-tc1/target:/opt/rustwide/target:rw,Z" "-v" "/var/lib/crater-agent-workspace/builds/worker-2-tc1/source:/opt/rustwide/workdir:ro,Z" "-v" "/var/lib/crater-agent-workspace/cargo-home:/opt/rustwide/cargo-home:ro,Z" "-v" "/var/lib/crater-agent-workspace/rustup-home:/opt/rustwide/rustup-home:ro,Z" "-e" "SOURCE_DIR=/opt/rustwide/workdir" "-e" "CARGO_TARGET_DIR=/opt/rustwide/target" "-e" "CARGO_INCREMENTAL=0" "-e" "RUST_BACKTRACE=full" "-e" "RUSTFLAGS=--cap-lints=forbid" "-e" "RUSTDOCFLAGS=--cap-lints=forbid" "-e" "CARGO_HOME=/opt/rustwide/cargo-home" "-e" "RUSTUP_HOME=/opt/rustwide/rustup-home" "-w" "/opt/rustwide/workdir" "-m" "1610612736" "--user" "0:0" "--network" "none" "ghcr.io/rust-lang/crates-build-env/linux@sha256:4a844ea9eb2546a2d2c7022eacef16ef2e8229c7fbb2c7d4d55a9ceca922f72d" "/opt/rustwide/cargo-home/bin/cargo" "+nightly-2024-10-28" "build" "--frozen" "--message-format=json", kill_on_drop: false }`
[INFO] [stdout] 192cf67b717a500e50bb8c249a4c20ccffa4c91c58ee39ca0828cccc7aea11cb
[INFO] running `Command { std: "docker" "start" "-a" "192cf67b717a500e50bb8c249a4c20ccffa4c91c58ee39ca0828cccc7aea11cb", kill_on_drop: false }`
[INFO] [stderr]    Compiling ood_persistence v0.3.1 (/opt/rustwide/workdir)
[INFO] [stderr]     Finished `dev` profile [unoptimized + debuginfo] target(s) in 0.20s
[INFO] running `Command { std: "docker" "inspect" "192cf67b717a500e50bb8c249a4c20ccffa4c91c58ee39ca0828cccc7aea11cb", kill_on_drop: false }`
[INFO] running `Command { std: "docker" "rm" "-f" "192cf67b717a500e50bb8c249a4c20ccffa4c91c58ee39ca0828cccc7aea11cb", kill_on_drop: false }`
[INFO] [stdout] 192cf67b717a500e50bb8c249a4c20ccffa4c91c58ee39ca0828cccc7aea11cb
[INFO] running `Command { std: "docker" "create" "-v" "/var/lib/crater-agent-workspace/builds/worker-2-tc1/target:/opt/rustwide/target:rw,Z" "-v" "/var/lib/crater-agent-workspace/builds/worker-2-tc1/source:/opt/rustwide/workdir:ro,Z" "-v" "/var/lib/crater-agent-workspace/cargo-home:/opt/rustwide/cargo-home:ro,Z" "-v" "/var/lib/crater-agent-workspace/rustup-home:/opt/rustwide/rustup-home:ro,Z" "-e" "SOURCE_DIR=/opt/rustwide/workdir" "-e" "CARGO_TARGET_DIR=/opt/rustwide/target" "-e" "CARGO_INCREMENTAL=0" "-e" "RUST_BACKTRACE=full" "-e" "RUSTFLAGS=--cap-lints=forbid" "-e" "RUSTDOCFLAGS=--cap-lints=forbid" "-e" "CARGO_HOME=/opt/rustwide/cargo-home" "-e" "RUSTUP_HOME=/opt/rustwide/rustup-home" "-w" "/opt/rustwide/workdir" "-m" "1610612736" "--user" "0:0" "--network" "none" "ghcr.io/rust-lang/crates-build-env/linux@sha256:4a844ea9eb2546a2d2c7022eacef16ef2e8229c7fbb2c7d4d55a9ceca922f72d" "/opt/rustwide/cargo-home/bin/cargo" "+nightly-2024-10-28" "test" "--frozen" "--no-run" "--message-format=json", kill_on_drop: false }`
[INFO] [stdout] 90bdb0fbbcbfbf2405732ef8b65fb5643a7e386f164cf1ca3e60cac3acc44000
[INFO] running `Command { std: "docker" "start" "-a" "90bdb0fbbcbfbf2405732ef8b65fb5643a7e386f164cf1ca3e60cac3acc44000", kill_on_drop: false }`
[INFO] [stderr]    Compiling ood_persistence v0.3.1 (/opt/rustwide/workdir)
[INFO] [stderr]     Finished `test` profile [unoptimized + debuginfo] target(s) in 0.25s
[INFO] running `Command { std: "docker" "inspect" "90bdb0fbbcbfbf2405732ef8b65fb5643a7e386f164cf1ca3e60cac3acc44000", kill_on_drop: false }`
[INFO] running `Command { std: "docker" "rm" "-f" "90bdb0fbbcbfbf2405732ef8b65fb5643a7e386f164cf1ca3e60cac3acc44000", kill_on_drop: false }`
[INFO] [stdout] 90bdb0fbbcbfbf2405732ef8b65fb5643a7e386f164cf1ca3e60cac3acc44000
[INFO] running `Command { std: "docker" "create" "-v" "/var/lib/crater-agent-workspace/builds/worker-2-tc1/target:/opt/rustwide/target:rw,Z" "-v" "/var/lib/crater-agent-workspace/builds/worker-2-tc1/source:/opt/rustwide/workdir:ro,Z" "-v" "/var/lib/crater-agent-workspace/cargo-home:/opt/rustwide/cargo-home:ro,Z" "-v" "/var/lib/crater-agent-workspace/rustup-home:/opt/rustwide/rustup-home:ro,Z" "-e" "SOURCE_DIR=/opt/rustwide/workdir" "-e" "CARGO_TARGET_DIR=/opt/rustwide/target" "-e" "CARGO_INCREMENTAL=0" "-e" "RUST_BACKTRACE=full" "-e" "RUSTFLAGS=--cap-lints=forbid" "-e" "RUSTDOCFLAGS=--cap-lints=forbid" "-e" "CARGO_HOME=/opt/rustwide/cargo-home" "-e" "RUSTUP_HOME=/opt/rustwide/rustup-home" "-w" "/opt/rustwide/workdir" "-m" "1610612736" "--user" "0:0" "--network" "none" "ghcr.io/rust-lang/crates-build-env/linux@sha256:4a844ea9eb2546a2d2c7022eacef16ef2e8229c7fbb2c7d4d55a9ceca922f72d" "/opt/rustwide/cargo-home/bin/cargo" "+nightly-2024-10-28" "test" "--frozen", kill_on_drop: false }`
[INFO] [stdout] 040531dc43fcad9a6510c3821bcb342ec3552a8257bcb0303167c71d0b946587
[INFO] running `Command { std: "docker" "start" "-a" "040531dc43fcad9a6510c3821bcb342ec3552a8257bcb0303167c71d0b946587", kill_on_drop: false }`
[INFO] [stderr]     Finished `test` profile [unoptimized + debuginfo] target(s) in 0.06s
[INFO] [stderr]      Running unittests src/lib.rs (/opt/rustwide/target/debug/deps/ood_persistence-b4cc0e53a1fcbca6)
[INFO] [stdout] 
[INFO] [stdout] running 0 tests
[INFO] [stdout] 
[INFO] [stdout] test result: ok. 0 passed; 0 failed; 0 ignored; 0 measured; 0 filtered out; finished in 0.00s
[INFO] [stdout] 
[INFO] [stderr]    Doc-tests ood_persistence
[INFO] [stdout] 
[INFO] [stdout] running 1 test
[INFO] [stdout] test src/lib.rs - (line 28) ... FAILED
[INFO] [stdout] 
[INFO] [stdout] failures:
[INFO] [stdout] 
[INFO] [stdout] ---- src/lib.rs - (line 28) stdout ----
[INFO] [stdout] error[E0433]: failed to resolve: could not find `r2d2_postgres` in `ood_persistence`
[INFO] [stdout]   --> src/lib.rs:34:40
[INFO] [stdout]    |
[INFO] [stdout] 8  |     let persistence = ood_persistence::r2d2_postgres::new(&pool);
[INFO] [stdout]    |                                        ^^^^^^^^^^^^^ could not find `r2d2_postgres` in `ood_persistence`
[INFO] [stdout]    |
[INFO] [stdout] note: found an item that was configured out
[INFO] [stdout]   --> /opt/rustwide/workdir/src/lib.rs:97:9
[INFO] [stdout]    |
[INFO] [stdout] 97 | pub mod r2d2_postgres;
[INFO] [stdout]    |         ^^^^^^^^^^^^^
[INFO] [stdout] note: the item is gated behind the `r2d2_postgres` feature
[INFO] [stdout]   --> /opt/rustwide/workdir/src/lib.rs:96:7
[INFO] [stdout]    |
[INFO] [stdout] 96 | #[cfg(feature = "r2d2_postgres")]
[INFO] [stdout]    |       ^^^^^^^^^^^^^^^^^^^^^^^^^
[INFO] [stdout] 
[INFO] [stdout] error[E0425]: cannot find function `create_postgres_pool` in this scope
[INFO] [stdout]  --> src/lib.rs:32:16
[INFO] [stdout]   |
[INFO] [stdout] 6 |     let pool = create_postgres_pool();
[INFO] [stdout]   |                ^^^^^^^^^^^^^^^^^^^^ not found in this scope
[INFO] [stdout] 
[INFO] [stdout] error: aborting due to 2 previous errors
[INFO] [stdout] 
[INFO] [stdout] Some errors have detailed explanations: E0425, E0433.
[INFO] [stdout] For more information about an error, try `rustc --explain E0425`.
[INFO] [stdout] Couldn't compile the test.
[INFO] [stdout] 
[INFO] [stdout] failures:
[INFO] [stdout]     src/lib.rs - (line 28)
[INFO] [stdout] 
[INFO] [stdout] test result: FAILED. 0 passed; 1 failed; 0 ignored; 0 measured; 0 filtered out; finished in 0.08s
[INFO] [stdout] 
[INFO] [stderr] error: doctest failed, to rerun pass `--doc`
[INFO] running `Command { std: "docker" "inspect" "040531dc43fcad9a6510c3821bcb342ec3552a8257bcb0303167c71d0b946587", kill_on_drop: false }`
[INFO] running `Command { std: "docker" "rm" "-f" "040531dc43fcad9a6510c3821bcb342ec3552a8257bcb0303167c71d0b946587", kill_on_drop: false }`
[INFO] [stdout] 040531dc43fcad9a6510c3821bcb342ec3552a8257bcb0303167c71d0b946587
