[INFO] fetching crate ogk 2.0.0...
[INFO] testing ogk-2.0.0 against nightly-2024-10-28+rustflags=-Zrandomize-layout for randomize-layout
[INFO] extracting crate ogk 2.0.0 into /workspace/builds/worker-2-tc2/source
[INFO] validating manifest of crates.io crate ogk 2.0.0 on toolchain nightly-2024-10-28
[INFO] running `Command { std: CARGO_HOME="/workspace/cargo-home" RUSTUP_HOME="/workspace/rustup-home" "/workspace/cargo-home/bin/cargo" "+nightly-2024-10-28" "metadata" "--manifest-path" "Cargo.toml" "--no-deps", kill_on_drop: false }`
[INFO] started tweaking crates.io crate ogk 2.0.0
[INFO] finished tweaking crates.io crate ogk 2.0.0
[INFO] tweaked toml for crates.io crate ogk 2.0.0 written to /workspace/builds/worker-2-tc2/source/Cargo.toml
[INFO] crate crates.io crate ogk 2.0.0 already has a lockfile, it will not be regenerated
[INFO] running `Command { std: CARGO_HOME="/workspace/cargo-home" RUSTUP_HOME="/workspace/rustup-home" "/workspace/cargo-home/bin/cargo" "+nightly-2024-10-28" "fetch" "--manifest-path" "Cargo.toml", kill_on_drop: false }`
[INFO] running `Command { std: "docker" "create" "-v" "/var/lib/crater-agent-workspace/builds/worker-2-tc2/target:/opt/rustwide/target:rw,Z" "-v" "/var/lib/crater-agent-workspace/builds/worker-2-tc2/source:/opt/rustwide/workdir:ro,Z" "-v" "/var/lib/crater-agent-workspace/cargo-home:/opt/rustwide/cargo-home:ro,Z" "-v" "/var/lib/crater-agent-workspace/rustup-home:/opt/rustwide/rustup-home:ro,Z" "-e" "SOURCE_DIR=/opt/rustwide/workdir" "-e" "CARGO_TARGET_DIR=/opt/rustwide/target" "-e" "CARGO_HOME=/opt/rustwide/cargo-home" "-e" "RUSTUP_HOME=/opt/rustwide/rustup-home" "-w" "/opt/rustwide/workdir" "-m" "1610612736" "--user" "0:0" "--network" "none" "ghcr.io/rust-lang/crates-build-env/linux@sha256:4a844ea9eb2546a2d2c7022eacef16ef2e8229c7fbb2c7d4d55a9ceca922f72d" "/opt/rustwide/cargo-home/bin/cargo" "+nightly-2024-10-28" "metadata" "--no-deps" "--format-version=1", kill_on_drop: false }`
[INFO] [stdout] 76ebf56c46f8657cc4806a5c3f94583d33ac14fb9b3c76dcbbf35881323adbeb
[INFO] running `Command { std: "docker" "start" "-a" "76ebf56c46f8657cc4806a5c3f94583d33ac14fb9b3c76dcbbf35881323adbeb", kill_on_drop: false }`
[INFO] running `Command { std: "docker" "inspect" "76ebf56c46f8657cc4806a5c3f94583d33ac14fb9b3c76dcbbf35881323adbeb", kill_on_drop: false }`
[INFO] running `Command { std: "docker" "rm" "-f" "76ebf56c46f8657cc4806a5c3f94583d33ac14fb9b3c76dcbbf35881323adbeb", kill_on_drop: false }`
[INFO] [stdout] 76ebf56c46f8657cc4806a5c3f94583d33ac14fb9b3c76dcbbf35881323adbeb
[INFO] running `Command { std: "docker" "create" "-v" "/var/lib/crater-agent-workspace/builds/worker-2-tc2/target:/opt/rustwide/target:rw,Z" "-v" "/var/lib/crater-agent-workspace/builds/worker-2-tc2/source:/opt/rustwide/workdir:ro,Z" "-v" "/var/lib/crater-agent-workspace/cargo-home:/opt/rustwide/cargo-home:ro,Z" "-v" "/var/lib/crater-agent-workspace/rustup-home:/opt/rustwide/rustup-home:ro,Z" "-e" "SOURCE_DIR=/opt/rustwide/workdir" "-e" "CARGO_TARGET_DIR=/opt/rustwide/target" "-e" "CARGO_INCREMENTAL=0" "-e" "RUST_BACKTRACE=full" "-e" "RUSTFLAGS=--cap-lints=forbid -Zrandomize-layout" "-e" "RUSTDOCFLAGS=--cap-lints=forbid" "-e" "CARGO_HOME=/opt/rustwide/cargo-home" "-e" "RUSTUP_HOME=/opt/rustwide/rustup-home" "-w" "/opt/rustwide/workdir" "-m" "1610612736" "--user" "0:0" "--network" "none" "ghcr.io/rust-lang/crates-build-env/linux@sha256:4a844ea9eb2546a2d2c7022eacef16ef2e8229c7fbb2c7d4d55a9ceca922f72d" "/opt/rustwide/cargo-home/bin/cargo" "+nightly-2024-10-28" "build" "--frozen" "--message-format=json", kill_on_drop: false }`
[INFO] [stdout] b2fa8669976c1d9ee557258f8352faf9a1ad52ff76c8878da804378807430dc9
[INFO] running `Command { std: "docker" "start" "-a" "b2fa8669976c1d9ee557258f8352faf9a1ad52ff76c8878da804378807430dc9", kill_on_drop: false }`
[INFO] [stderr]    Compiling libc v0.2.154
[INFO] [stderr]    Compiling proc-macro2 v1.0.81
[INFO] [stderr]    Compiling unicode-ident v1.0.12
[INFO] [stderr]    Compiling pkg-config v0.3.24
[INFO] [stderr]    Compiling memchr v2.7.2
[INFO] [stderr]    Compiling bytes v1.6.0
[INFO] [stderr]    Compiling itoa v1.0.1
[INFO] [stderr]    Compiling syn v1.0.86
[INFO] [stderr]    Compiling version_check v0.9.4
[INFO] [stderr]    Compiling parking_lot_core v0.9.10
[INFO] [stderr]    Compiling log v0.4.21
[INFO] [stderr]    Compiling unicode-xid v0.2.2
[INFO] [stderr]    Compiling scopeguard v1.1.0
[INFO] [stderr]    Compiling serde v1.0.199
[INFO] [stderr]    Compiling smallvec v1.13.2
[INFO] [stderr]    Compiling lock_api v0.4.6
[INFO] [stderr]    Compiling futures-channel v0.3.21
[INFO] [stderr]    Compiling quote v1.0.36
[INFO] [stderr]    Compiling futures-util v0.3.21
[INFO] [stderr]    Compiling slab v0.4.5
[INFO] [stderr]    Compiling tinyvec v1.5.1
[INFO] [stderr]    Compiling jobserver v0.1.31
[INFO] [stderr]    Compiling syn v2.0.60
[INFO] [stderr]    Compiling signal-hook-registry v1.4.0
[INFO] [stderr]    Compiling mio v0.8.11
[INFO] [stderr]    Compiling cc v1.0.96
[INFO] [stderr]    Compiling parking_lot v0.12.2
[INFO] [stderr]    Compiling num_cpus v1.13.1
[INFO] [stderr]    Compiling socket2 v0.5.7
[INFO] [stderr]    Compiling typenum v1.15.0
[INFO] [stderr]    Compiling indexmap v2.2.6
[INFO] [stderr]    Compiling http v1.1.0
[INFO] [stderr]    Compiling tracing v0.1.40
[INFO] [stderr]    Compiling unicode-normalization v0.1.23
[INFO] [stderr]    Compiling generic-array v0.14.5
[INFO] [stderr]    Compiling unicode-bidi v0.3.15
[INFO] [stderr]    Compiling openssl v0.10.38
[INFO] [stderr]    Compiling httparse v1.8.0
[INFO] [stderr]    Compiling http-body v1.0.0
[INFO] [stderr]    Compiling miniz_oxide v0.4.4
[INFO] [stderr]    Compiling native-tls v0.2.11
[INFO] [stderr]    Compiling crc32fast v1.3.2
[INFO] [stderr]    Compiling openssl-sys v0.9.72
[INFO] [stderr]    Compiling libz-sys v1.1.3
[INFO] [stderr]    Compiling libssh2-sys v0.3.0
[INFO] [stderr]    Compiling ryu v1.0.9
[INFO] [stderr]    Compiling time-core v0.1.2
[INFO] [stderr]    Compiling num-conv v0.1.0
[INFO] [stderr]    Compiling powerfmt v0.2.0
[INFO] [stderr]    Compiling want v0.3.0
[INFO] [stderr]    Compiling deranged v0.3.11
[INFO] [stderr]    Compiling time-macros v0.2.18
[INFO] [stderr]    Compiling idna v0.5.0
[INFO] [stderr]    Compiling cookie v0.17.0
[INFO] [stderr]    Compiling num-traits v0.2.14
[INFO] [stderr]    Compiling tower-layer v0.3.2
[INFO] [stderr]    Compiling tower-service v0.3.1
[INFO] [stderr]    Compiling serde_json v1.0.116
[INFO] [stderr]    Compiling utf8parse v0.2.1
[INFO] [stderr]    Compiling adler v1.0.2
[INFO] [stderr]    Compiling anstyle-parse v0.2.3
[INFO] [stderr]    Compiling url v2.5.0
[INFO] [stderr]    Compiling inout v0.1.2
[INFO] [stderr]    Compiling crypto-common v0.1.3
[INFO] [stderr]    Compiling time v0.3.36
[INFO] [stderr]    Compiling libgit2-sys v0.16.2+1.7.2
[INFO] [stderr]    Compiling idna v0.3.0
[INFO] [stderr]    Compiling serde_derive v1.0.199
[INFO] [stderr]    Compiling tokio-macros v2.2.0
[INFO] [stderr]    Compiling futures-macro v0.3.21
[INFO] [stderr]    Compiling pin-project-internal v1.1.5
[INFO] [stderr]    Compiling tokio v1.37.0
[INFO] [stderr]    Compiling aho-corasick v0.7.18
[INFO] [stderr]    Compiling pin-project v1.1.5
[INFO] [stderr]    Compiling num-integer v0.1.44
[INFO] [stderr]    Compiling anstyle-query v1.0.2
[INFO] [stderr]    Compiling base64 v0.22.1
[INFO] [stderr]    Compiling portable-atomic v1.6.0
[INFO] [stderr]    Compiling regex-syntax v0.6.25
[INFO] [stderr]    Compiling psl-types v2.0.11
[INFO] [stderr]    Compiling colorchoice v1.0.0
[INFO] [stderr]    Compiling gcc v0.3.55
[INFO] [stderr]    Compiling encoding_rs v0.8.30
[INFO] [stderr]    Compiling anstyle v1.0.6
[INFO] [stderr]    Compiling publicsuffix v2.2.3
[INFO] [stderr]    Compiling anstream v0.6.13
[INFO] [stderr]    Compiling rust-crypto v0.2.36
[INFO] [stderr]    Compiling flate2 v1.0.22
[INFO] [stderr]    Compiling cipher v0.4.3
[INFO] [stderr]    Compiling http-body-util v0.1.1
[INFO] [stderr]    Compiling rand v0.4.6
[INFO] [stderr]    Compiling time v0.1.43
[INFO] [stderr]    Compiling regex v1.5.4
[INFO] [stderr]    Compiling terminal_size v0.1.17
[INFO] [stderr]    Compiling regex-automata v0.1.10
[INFO] [stderr]    Compiling unicode-width v0.1.9
[INFO] [stderr]    Compiling strsim v0.11.1
[INFO] [stderr]    Compiling heck v0.5.0
[INFO] [stderr]    Compiling option-ext v0.2.0
[INFO] [stderr]    Compiling byteorder v1.4.3
[INFO] [stderr]    Compiling async-trait v0.1.52
[INFO] [stderr]    Compiling winnow v0.6.7
[INFO] [stderr]    Compiling rustls-pki-types v1.5.0
[INFO] [stderr]    Compiling clap_lex v0.7.0
[INFO] [stderr]    Compiling rustls-pemfile v2.1.2
[INFO] [stderr]    Compiling clap_builder v4.5.2
[INFO] [stderr]    Compiling blowfish v0.9.1
[INFO] [stderr]    Compiling tokio-util v0.7.10
[INFO] [stderr]    Compiling tower v0.4.13
[INFO] [stderr]    Compiling h2 v0.4.4
[INFO] [stderr]    Compiling tokio-native-tls v0.3.0
[INFO] [stderr]    Compiling async-compression v0.4.9
[INFO] [stderr]    Compiling toml_datetime v0.6.5
[INFO] [stderr]    Compiling serde_spanned v0.6.5
[INFO] [stderr]    Compiling bstr v0.2.17
[INFO] [stderr]    Compiling toml_edit v0.22.12
[INFO] [stderr]    Compiling serde_urlencoded v0.7.1
[INFO] [stderr]    Compiling console v0.15.0
[INFO] [stderr]    Compiling cookie_store v0.20.0
[INFO] [stderr]    Compiling clap_derive v4.5.4
[INFO] [stderr]    Compiling dirs-sys v0.4.1
[INFO] [stderr]    Compiling rand v0.3.23
[INFO] [stderr]    Compiling futures-executor v0.3.21
[INFO] [stderr]    Compiling hyper v1.3.1
[INFO] [stderr]    Compiling getrandom v0.2.4
[INFO] [stderr]    Compiling csv-core v0.1.10
[INFO] [stderr]    Compiling subtle v2.5.0
[INFO] [stderr]    Compiling bitflags v2.5.0
[INFO] [stderr]    Compiling number_prefix v0.4.0
[INFO] [stderr]    Compiling zeroize v1.7.0
[INFO] [stderr]    Compiling rustc-serialize v0.3.25
[INFO] [stderr]    Compiling ipnet v2.3.1
[INFO] [stderr]    Compiling hyper-util v0.1.3
[INFO] [stderr]    Compiling itoa v0.4.8
[INFO] [stderr]    Compiling csv v1.1.6
[INFO] [stderr]    Compiling bcrypt v0.15.1
[INFO] [stderr]    Compiling clap v4.5.4
[INFO] [stderr]    Compiling indicatif v0.17.8
[INFO] [stderr]    Compiling hyper-tls v0.6.0
[INFO] [stderr]    Compiling futures v0.3.21
[INFO] [stderr]    Compiling chrono v0.4.19
[INFO] [stderr]    Compiling toml v0.8.12
[INFO] [stderr]    Compiling reqwest v0.12.4
[INFO] [stderr]    Compiling dirs v5.0.1
[INFO] [stderr]    Compiling dotenv v0.15.0
[INFO] [stderr]    Compiling git2 v0.18.3
[INFO] [stderr]    Compiling ogk v2.0.0 (/opt/rustwide/workdir)
[INFO] [stdout] warning: multiple fields are never read
[INFO] [stdout]   --> src/client.rs:27:9
[INFO] [stdout]    |
[INFO] [stdout] 26 | pub struct AuthResponseModelAndViewModelResultRtnV0 {
[INFO] [stdout]    |            ---------------------------------------- fields in this struct
[INFO] [stdout] 27 |     pub accesType: String,
[INFO] [stdout]    |         ^^^^^^^^^
[INFO] [stdout] 28 |     pub addr1: String,
[INFO] [stdout]    |         ^^^^^
[INFO] [stdout] 29 |     pub addr2: String,
[INFO] [stdout]    |         ^^^^^
[INFO] [stdout] 30 |     pub age: i32,
[INFO] [stdout]    |         ^^^
[INFO] [stdout] 31 |     pub agent: String,
[INFO] [stdout]    |         ^^^^^
[INFO] [stdout] 32 |     pub agentInfo: String,
[INFO] [stdout]    |         ^^^^^^^^^
[INFO] [stdout] 33 |     pub apoloId: String,
[INFO] [stdout]    |         ^^^^^^^
[INFO] [stdout] 34 |     pub birth: String,
[INFO] [stdout]    |         ^^^^^
[INFO] [stdout] 35 |     pub birthDe: String,
[INFO] [stdout]    |         ^^^^^^^
[INFO] [stdout] 36 |     pub bizrNo: String,
[INFO] [stdout]    |         ^^^^^^
[INFO] [stdout] 37 |     pub bizrNo1: String,
[INFO] [stdout]    |         ^^^^^^^
[INFO] [stdout] 38 |     pub bizrNo2: String,
[INFO] [stdout]    |         ^^^^^^^
[INFO] [stdout] 39 |     pub bizrNo3: String,
[INFO] [stdout]    |         ^^^^^^^
[INFO] [stdout] 40 |     pub changePwdYn: String,
[INFO] [stdout]    |         ^^^^^^^^^^^
[INFO] [stdout] 41 |     pub crt: String,
[INFO] [stdout]    |         ^^^
[INFO] [stdout]    |
[INFO] [stdout]    = note: `AuthResponseModelAndViewModelResultRtnV0` has a derived impl for the trait `Debug`, but this is intentionally ignored during dead code analysis
[INFO] [stdout]    = note: `#[warn(dead_code)]` on by default
[INFO] [stdout] 
[INFO] [stdout] 
[INFO] [stdout] warning: fields `error_code`, `mberSeCd`, `sysdate`, and `today` are never read
[INFO] [stdout]   --> src/client.rs:46:9
[INFO] [stdout]    |
[INFO] [stdout] 45 | pub struct AuthResponseModelAndViewModelResult {
[INFO] [stdout]    |            ----------------------------------- fields in this struct
[INFO] [stdout] 46 |     pub error_code: String,
[INFO] [stdout]    |         ^^^^^^^^^^
[INFO] [stdout] 47 |     pub error_msg: String,
[INFO] [stdout] 48 |     pub mberSeCd: String,
[INFO] [stdout]    |         ^^^^^^^^
[INFO] [stdout] 49 |     pub sysdate: String,
[INFO] [stdout]    |         ^^^^^^^
[INFO] [stdout] 50 |     pub today: String,
[INFO] [stdout]    |         ^^^^^
[INFO] [stdout]    |
[INFO] [stdout]    = note: `AuthResponseModelAndViewModelResult` has a derived impl for the trait `Debug`, but this is intentionally ignored during dead code analysis
[INFO] [stdout] 
[INFO] [stdout] 
[INFO] [stdout] warning: field `empty` is never read
[INFO] [stdout]   --> src/client.rs:60:9
[INFO] [stdout]    |
[INFO] [stdout] 59 | pub struct AuthResponseModelAndView {
[INFO] [stdout]    |            ------------------------ field in this struct
[INFO] [stdout] 60 |     pub empty: bool,
[INFO] [stdout]    |         ^^^^^
[INFO] [stdout]    |
[INFO] [stdout]    = note: `AuthResponseModelAndView` has a derived impl for the trait `Debug`, but this is intentionally ignored during dead code analysis
[INFO] [stdout] 
[INFO] [stdout] 
[INFO] [stderr]     Finished `dev` profile [unoptimized + debuginfo] target(s) in 1m 18s
[INFO] running `Command { std: "docker" "inspect" "b2fa8669976c1d9ee557258f8352faf9a1ad52ff76c8878da804378807430dc9", kill_on_drop: false }`
[INFO] running `Command { std: "docker" "rm" "-f" "b2fa8669976c1d9ee557258f8352faf9a1ad52ff76c8878da804378807430dc9", kill_on_drop: false }`
[INFO] [stdout] b2fa8669976c1d9ee557258f8352faf9a1ad52ff76c8878da804378807430dc9
[INFO] running `Command { std: "docker" "create" "-v" "/var/lib/crater-agent-workspace/builds/worker-2-tc2/target:/opt/rustwide/target:rw,Z" "-v" "/var/lib/crater-agent-workspace/builds/worker-2-tc2/source:/opt/rustwide/workdir:ro,Z" "-v" "/var/lib/crater-agent-workspace/cargo-home:/opt/rustwide/cargo-home:ro,Z" "-v" "/var/lib/crater-agent-workspace/rustup-home:/opt/rustwide/rustup-home:ro,Z" "-e" "SOURCE_DIR=/opt/rustwide/workdir" "-e" "CARGO_TARGET_DIR=/opt/rustwide/target" "-e" "CARGO_INCREMENTAL=0" "-e" "RUST_BACKTRACE=full" "-e" "RUSTFLAGS=--cap-lints=forbid -Zrandomize-layout" "-e" "RUSTDOCFLAGS=--cap-lints=forbid" "-e" "CARGO_HOME=/opt/rustwide/cargo-home" "-e" "RUSTUP_HOME=/opt/rustwide/rustup-home" "-w" "/opt/rustwide/workdir" "-m" "1610612736" "--user" "0:0" "--network" "none" "ghcr.io/rust-lang/crates-build-env/linux@sha256:4a844ea9eb2546a2d2c7022eacef16ef2e8229c7fbb2c7d4d55a9ceca922f72d" "/opt/rustwide/cargo-home/bin/cargo" "+nightly-2024-10-28" "test" "--frozen" "--no-run" "--message-format=json", kill_on_drop: false }`
[INFO] [stdout] 5a4551832d7b06ddda30cf2e772bdd12a9311a8b6720c3ceff7132038efe6818
[INFO] running `Command { std: "docker" "start" "-a" "5a4551832d7b06ddda30cf2e772bdd12a9311a8b6720c3ceff7132038efe6818", kill_on_drop: false }`
[INFO] [stderr]    Compiling ogk v2.0.0 (/opt/rustwide/workdir)
[INFO] [stdout] warning: multiple fields are never read
[INFO] [stdout]   --> src/client.rs:27:9
[INFO] [stdout]    |
[INFO] [stdout] 26 | pub struct AuthResponseModelAndViewModelResultRtnV0 {
[INFO] [stdout]    |            ---------------------------------------- fields in this struct
[INFO] [stdout] 27 |     pub accesType: String,
[INFO] [stdout]    |         ^^^^^^^^^
[INFO] [stdout] 28 |     pub addr1: String,
[INFO] [stdout]    |         ^^^^^
[INFO] [stdout] 29 |     pub addr2: String,
[INFO] [stdout]    |         ^^^^^
[INFO] [stdout] 30 |     pub age: i32,
[INFO] [stdout]    |         ^^^
[INFO] [stdout] 31 |     pub agent: String,
[INFO] [stdout]    |         ^^^^^
[INFO] [stdout] 32 |     pub agentInfo: String,
[INFO] [stdout]    |         ^^^^^^^^^
[INFO] [stdout] 33 |     pub apoloId: String,
[INFO] [stdout]    |         ^^^^^^^
[INFO] [stdout] 34 |     pub birth: String,
[INFO] [stdout]    |         ^^^^^
[INFO] [stdout] 35 |     pub birthDe: String,
[INFO] [stdout]    |         ^^^^^^^
[INFO] [stdout] 36 |     pub bizrNo: String,
[INFO] [stdout]    |         ^^^^^^
[INFO] [stdout] 37 |     pub bizrNo1: String,
[INFO] [stdout]    |         ^^^^^^^
[INFO] [stdout] 38 |     pub bizrNo2: String,
[INFO] [stdout]    |         ^^^^^^^
[INFO] [stdout] 39 |     pub bizrNo3: String,
[INFO] [stdout]    |         ^^^^^^^
[INFO] [stdout] 40 |     pub changePwdYn: String,
[INFO] [stdout]    |         ^^^^^^^^^^^
[INFO] [stdout] 41 |     pub crt: String,
[INFO] [stdout]    |         ^^^
[INFO] [stdout]    |
[INFO] [stdout]    = note: `AuthResponseModelAndViewModelResultRtnV0` has a derived impl for the trait `Debug`, but this is intentionally ignored during dead code analysis
[INFO] [stdout]    = note: `#[warn(dead_code)]` on by default
[INFO] [stdout] 
[INFO] [stdout] 
[INFO] [stdout] warning: fields `error_code`, `mberSeCd`, `sysdate`, and `today` are never read
[INFO] [stdout]   --> src/client.rs:46:9
[INFO] [stdout]    |
[INFO] [stdout] 45 | pub struct AuthResponseModelAndViewModelResult {
[INFO] [stdout]    |            ----------------------------------- fields in this struct
[INFO] [stdout] 46 |     pub error_code: String,
[INFO] [stdout]    |         ^^^^^^^^^^
[INFO] [stdout] 47 |     pub error_msg: String,
[INFO] [stdout] 48 |     pub mberSeCd: String,
[INFO] [stdout]    |         ^^^^^^^^
[INFO] [stdout] 49 |     pub sysdate: String,
[INFO] [stdout]    |         ^^^^^^^
[INFO] [stdout] 50 |     pub today: String,
[INFO] [stdout]    |         ^^^^^
[INFO] [stdout]    |
[INFO] [stdout]    = note: `AuthResponseModelAndViewModelResult` has a derived impl for the trait `Debug`, but this is intentionally ignored during dead code analysis
[INFO] [stdout] 
[INFO] [stdout] 
[INFO] [stdout] warning: field `empty` is never read
[INFO] [stdout]   --> src/client.rs:60:9
[INFO] [stdout]    |
[INFO] [stdout] 59 | pub struct AuthResponseModelAndView {
[INFO] [stdout]    |            ------------------------ field in this struct
[INFO] [stdout] 60 |     pub empty: bool,
[INFO] [stdout]    |         ^^^^^
[INFO] [stdout]    |
[INFO] [stdout]    = note: `AuthResponseModelAndView` has a derived impl for the trait `Debug`, but this is intentionally ignored during dead code analysis
[INFO] [stdout] 
[INFO] [stdout] 
[INFO] [stdout] warning: function `test_post` is never used
[INFO] [stdout]    --> src/database/supabase.rs:107:14
[INFO] [stdout]     |
[INFO] [stdout] 107 |     async fn test_post() {
[INFO] [stdout]     |              ^^^^^^^^^
[INFO] [stdout] 
[INFO] [stdout] 
[INFO] [stderr]     Finished `test` profile [unoptimized + debuginfo] target(s) in 3.35s
[INFO] running `Command { std: "docker" "inspect" "5a4551832d7b06ddda30cf2e772bdd12a9311a8b6720c3ceff7132038efe6818", kill_on_drop: false }`
[INFO] running `Command { std: "docker" "rm" "-f" "5a4551832d7b06ddda30cf2e772bdd12a9311a8b6720c3ceff7132038efe6818", kill_on_drop: false }`
[INFO] [stdout] 5a4551832d7b06ddda30cf2e772bdd12a9311a8b6720c3ceff7132038efe6818
[INFO] running `Command { std: "docker" "create" "-v" "/var/lib/crater-agent-workspace/builds/worker-2-tc2/target:/opt/rustwide/target:rw,Z" "-v" "/var/lib/crater-agent-workspace/builds/worker-2-tc2/source:/opt/rustwide/workdir:ro,Z" "-v" "/var/lib/crater-agent-workspace/cargo-home:/opt/rustwide/cargo-home:ro,Z" "-v" "/var/lib/crater-agent-workspace/rustup-home:/opt/rustwide/rustup-home:ro,Z" "-e" "SOURCE_DIR=/opt/rustwide/workdir" "-e" "CARGO_TARGET_DIR=/opt/rustwide/target" "-e" "CARGO_INCREMENTAL=0" "-e" "RUST_BACKTRACE=full" "-e" "RUSTFLAGS=--cap-lints=forbid -Zrandomize-layout" "-e" "RUSTDOCFLAGS=--cap-lints=forbid" "-e" "CARGO_HOME=/opt/rustwide/cargo-home" "-e" "RUSTUP_HOME=/opt/rustwide/rustup-home" "-w" "/opt/rustwide/workdir" "-m" "1610612736" "--user" "0:0" "--network" "none" "ghcr.io/rust-lang/crates-build-env/linux@sha256:4a844ea9eb2546a2d2c7022eacef16ef2e8229c7fbb2c7d4d55a9ceca922f72d" "/opt/rustwide/cargo-home/bin/cargo" "+nightly-2024-10-28" "test" "--frozen", kill_on_drop: false }`
[INFO] [stdout] d48e591ba2757a419468bc61b4894053d00b5379bd86afb664dbd0e5ff611f27
[INFO] running `Command { std: "docker" "start" "-a" "d48e591ba2757a419468bc61b4894053d00b5379bd86afb664dbd0e5ff611f27", kill_on_drop: false }`
[INFO] [stderr] warning: multiple fields are never read
[INFO] [stderr]   --> src/client.rs:27:9
[INFO] [stderr]    |
[INFO] [stderr] 26 | pub struct AuthResponseModelAndViewModelResultRtnV0 {
[INFO] [stderr]    |            ---------------------------------------- fields in this struct
[INFO] [stderr] 27 |     pub accesType: String,
[INFO] [stderr]    |         ^^^^^^^^^
[INFO] [stderr] 28 |     pub addr1: String,
[INFO] [stderr]    |         ^^^^^
[INFO] [stderr] 29 |     pub addr2: String,
[INFO] [stderr]    |         ^^^^^
[INFO] [stderr] 30 |     pub age: i32,
[INFO] [stderr]    |         ^^^
[INFO] [stderr] 31 |     pub agent: String,
[INFO] [stderr]    |         ^^^^^
[INFO] [stderr] 32 |     pub agentInfo: String,
[INFO] [stderr]    |         ^^^^^^^^^
[INFO] [stderr] 33 |     pub apoloId: String,
[INFO] [stderr]    |         ^^^^^^^
[INFO] [stderr] 34 |     pub birth: String,
[INFO] [stderr]    |         ^^^^^
[INFO] [stderr] 35 |     pub birthDe: String,
[INFO] [stderr]    |         ^^^^^^^
[INFO] [stderr] 36 |     pub bizrNo: String,
[INFO] [stderr]    |         ^^^^^^
[INFO] [stderr] 37 |     pub bizrNo1: String,
[INFO] [stderr]    |         ^^^^^^^
[INFO] [stderr] 38 |     pub bizrNo2: String,
[INFO] [stderr]    |         ^^^^^^^
[INFO] [stderr] 39 |     pub bizrNo3: String,
[INFO] [stderr]    |         ^^^^^^^
[INFO] [stderr] 40 |     pub changePwdYn: String,
[INFO] [stderr]    |         ^^^^^^^^^^^
[INFO] [stderr] 41 |     pub crt: String,
[INFO] [stderr]    |         ^^^
[INFO] [stderr]    |
[INFO] [stderr]    = note: `AuthResponseModelAndViewModelResultRtnV0` has a derived impl for the trait `Debug`, but this is intentionally ignored during dead code analysis
[INFO] [stderr]    = note: `#[warn(dead_code)]` on by default
[INFO] [stderr] 
[INFO] [stderr] warning: fields `error_code`, `mberSeCd`, `sysdate`, and `today` are never read
[INFO] [stderr]   --> src/client.rs:46:9
[INFO] [stderr]    |
[INFO] [stderr] 45 | pub struct AuthResponseModelAndViewModelResult {
[INFO] [stderr]    |            ----------------------------------- fields in this struct
[INFO] [stderr] 46 |     pub error_code: String,
[INFO] [stderr]    |         ^^^^^^^^^^
[INFO] [stderr] 47 |     pub error_msg: String,
[INFO] [stderr] 48 |     pub mberSeCd: String,
[INFO] [stderr]    |         ^^^^^^^^
[INFO] [stderr] 49 |     pub sysdate: String,
[INFO] [stderr]    |         ^^^^^^^
[INFO] [stderr] 50 |     pub today: String,
[INFO] [stderr]    |         ^^^^^
[INFO] [stderr]    |
[INFO] [stderr]    = note: `AuthResponseModelAndViewModelResult` has a derived impl for the trait `Debug`, but this is intentionally ignored during dead code analysis
[INFO] [stderr] 
[INFO] [stderr] warning: field `empty` is never read
[INFO] [stderr]   --> src/client.rs:60:9
[INFO] [stderr]    |
[INFO] [stderr] 59 | pub struct AuthResponseModelAndView {
[INFO] [stderr]    |            ------------------------ field in this struct
[INFO] [stderr] 60 |     pub empty: bool,
[INFO] [stderr]    |         ^^^^^
[INFO] [stderr]    |
[INFO] [stderr]    = note: `AuthResponseModelAndView` has a derived impl for the trait `Debug`, but this is intentionally ignored during dead code analysis
[INFO] [stderr] 
[INFO] [stderr] warning: function `test_post` is never used
[INFO] [stderr]    --> src/database/supabase.rs:107:14
[INFO] [stderr]     |
[INFO] [stderr] 107 |     async fn test_post() {
[INFO] [stderr]     |              ^^^^^^^^^
[INFO] [stderr] 
[INFO] [stderr] warning: `ogk` (bin "ogk" test) generated 4 warnings
[INFO] [stderr]     Finished `test` profile [unoptimized + debuginfo] target(s) in 0.26s
[INFO] [stderr]      Running unittests src/main.rs (/opt/rustwide/target/debug/deps/ogk-10388415e96a9981)
[INFO] [stdout] 
[INFO] [stdout] running 3 tests
[INFO] [stdout] test utils::slack::tests::test_send_webhook_message ... ok
[INFO] [stdout] test database::supabase::tests::test_get ... FAILED
[INFO] [stdout] test files::tests::test_sync_with_remote ... FAILED
[INFO] [stdout] 
[INFO] [stdout] failures:
[INFO] [stdout] 
[INFO] [stdout] ---- database::supabase::tests::test_get stdout ----
[INFO] [stdout] thread 'database::supabase::tests::test_get' panicked at src/database/supabase.rs:21:14:
[INFO] [stdout] supabase host 를 먼저 설정해주세요.
[INFO] [stdout] stack backtrace:
[INFO] [stdout]    0:     0x60d76ce6036a - std::backtrace_rs::backtrace::libunwind::trace::h207520d6e9873551
[INFO] [stdout]                                at /rustc/df4ca44d3fbc9301ee17f30f4d474e6ae4b05252/library/std/src/../../backtrace/src/backtrace/libunwind.rs:116:5
[INFO] [stdout]    1:     0x60d76ce6036a - std::backtrace_rs::backtrace::trace_unsynchronized::h2ed7433f370e3eca
[INFO] [stdout]                                at /rustc/df4ca44d3fbc9301ee17f30f4d474e6ae4b05252/library/std/src/../../backtrace/src/backtrace/mod.rs:66:5
[INFO] [stdout]    2:     0x60d76ce6036a - std::sys::backtrace::_print_fmt::h916fac51166b18d7
[INFO] [stdout]                                at /rustc/df4ca44d3fbc9301ee17f30f4d474e6ae4b05252/library/std/src/sys/backtrace.rs:66:9
[INFO] [stdout]    3:     0x60d76ce6036a - <std::sys::backtrace::BacktraceLock::print::DisplayBacktrace as core::fmt::Display>::fmt::ha0a4c9b8ce3802e6
[INFO] [stdout]                                at /rustc/df4ca44d3fbc9301ee17f30f4d474e6ae4b05252/library/std/src/sys/backtrace.rs:39:26
[INFO] [stdout]    4:     0x60d76ce8c243 - core::fmt::rt::Argument::fmt::h4cfc8587d52b3eb5
[INFO] [stdout]                                at /rustc/df4ca44d3fbc9301ee17f30f4d474e6ae4b05252/library/core/src/fmt/rt.rs:177:76
[INFO] [stdout]    5:     0x60d76ce8c243 - core::fmt::write::h522cc39e5b36ae9f
[INFO] [stdout]                                at /rustc/df4ca44d3fbc9301ee17f30f4d474e6ae4b05252/library/core/src/fmt/mod.rs:1190:21
[INFO] [stdout]    6:     0x60d76ce5c323 - std::io::Write::write_fmt::h7d3c26752da97734
[INFO] [stdout]                                at /rustc/df4ca44d3fbc9301ee17f30f4d474e6ae4b05252/library/std/src/io/mod.rs:1839:15
[INFO] [stdout]    7:     0x60d76ce601b2 - std::sys::backtrace::BacktraceLock::print::h4b9e00b29e9c0942
[INFO] [stdout]                                at /rustc/df4ca44d3fbc9301ee17f30f4d474e6ae4b05252/library/std/src/sys/backtrace.rs:42:9
[INFO] [stdout]    8:     0x60d76ce617fa - std::panicking::default_hook::{{closure}}::hb59b88280d0324d9
[INFO] [stdout]                                at /rustc/df4ca44d3fbc9301ee17f30f4d474e6ae4b05252/library/std/src/panicking.rs:268:22
[INFO] [stdout]    9:     0x60d76ce61604 - std::panicking::default_hook::he1dd496665be4a29
[INFO] [stdout]                                at /rustc/df4ca44d3fbc9301ee17f30f4d474e6ae4b05252/library/std/src/panicking.rs:292:9
[INFO] [stdout]   10:     0x60d76c8401d9 - <alloc::boxed::Box<F,A> as core::ops::function::Fn<Args>>::call::h4ff71de18744e1dc
[INFO] [stdout]                                at /rustc/df4ca44d3fbc9301ee17f30f4d474e6ae4b05252/library/alloc/src/boxed.rs:2468:9
[INFO] [stdout]   11:     0x60d76c8401d9 - test::test_main::{{closure}}::hcf7c055ce117aa81
[INFO] [stdout]                                at /rustc/df4ca44d3fbc9301ee17f30f4d474e6ae4b05252/library/test/src/lib.rs:133:21
[INFO] [stdout]   12:     0x60d76ce61ef8 - <alloc::boxed::Box<F,A> as core::ops::function::Fn<Args>>::call::h1d66c6bbd60c9692
[INFO] [stdout]                                at /rustc/df4ca44d3fbc9301ee17f30f4d474e6ae4b05252/library/alloc/src/boxed.rs:2468:9
[INFO] [stdout]   13:     0x60d76ce61ef8 - std::panicking::rust_panic_with_hook::h2ff17fe8f26dfcf8
[INFO] [stdout]                                at /rustc/df4ca44d3fbc9301ee17f30f4d474e6ae4b05252/library/std/src/panicking.rs:809:13
[INFO] [stdout]   14:     0x60d76ce61cba - std::panicking::begin_panic_handler::{{closure}}::h4fad77951c07e101
[INFO] [stdout]                                at /rustc/df4ca44d3fbc9301ee17f30f4d474e6ae4b05252/library/std/src/panicking.rs:674:13
[INFO] [stdout]   15:     0x60d76ce60849 - std::sys::backtrace::__rust_end_short_backtrace::hb1a25b3da5d0ea08
[INFO] [stdout]                                at /rustc/df4ca44d3fbc9301ee17f30f4d474e6ae4b05252/library/std/src/sys/backtrace.rs:170:18
[INFO] [stdout]   16:     0x60d76ce6194c - rust_begin_unwind
[INFO] [stdout]                                at /rustc/df4ca44d3fbc9301ee17f30f4d474e6ae4b05252/library/std/src/panicking.rs:665:5
[INFO] [stdout]   17:     0x60d76ce89f10 - core::panicking::panic_fmt::ha9db07b529f9b256
[INFO] [stdout]                                at /rustc/df4ca44d3fbc9301ee17f30f4d474e6ae4b05252/library/core/src/panicking.rs:75:14
[INFO] [stdout]   18:     0x60d76ce89eeb - core::panicking::panic_display::h974ff3dec7c08c85
[INFO] [stdout]                                at /rustc/df4ca44d3fbc9301ee17f30f4d474e6ae4b05252/library/core/src/panicking.rs:273:5
[INFO] [stdout]   19:     0x60d76ce89eeb - core::option::expect_failed::h08d05c9ecb334afa
[INFO] [stdout]                                at /rustc/df4ca44d3fbc9301ee17f30f4d474e6ae4b05252/library/core/src/option.rs:2017:5
[INFO] [stdout]   20:     0x60d76c6eb4d2 - core::option::Option<T>::expect::h1b93867d20cc2d4e
[INFO] [stdout]                                at /rustc/df4ca44d3fbc9301ee17f30f4d474e6ae4b05252/library/core/src/option.rs:932:21
[INFO] [stdout]   21:     0x60d76c6edc46 - ogk::database::supabase::Supabase::new::h5d54a2519e5e0dde
[INFO] [stdout]                                at /opt/rustwide/workdir/src/database/supabase.rs:19:29
[INFO] [stdout]   22:     0x60d76c71ddbc - ogk::database::supabase::tests::test_get::{{closure}}::hc0d92be4ca594842
[INFO] [stdout]                                at /opt/rustwide/workdir/src/database/supabase.rs:91:24
[INFO] [stdout]   23:     0x60d76c724ff2 - <core::pin::Pin<P> as core::future::future::Future>::poll::h9e4d5e5b0df531b7
[INFO] [stdout]                                at /rustc/df4ca44d3fbc9301ee17f30f4d474e6ae4b05252/library/core/src/future/future.rs:123:9
[INFO] [stdout]   24:     0x60d76c724fad - <core::pin::Pin<P> as core::future::future::Future>::poll::h79245d12c1b73d37
[INFO] [stdout]                                at /rustc/df4ca44d3fbc9301ee17f30f4d474e6ae4b05252/library/core/src/future/future.rs:123:9
[INFO] [stdout]   25:     0x60d76c71381f - tokio::runtime::scheduler::current_thread::CoreGuard::block_on::{{closure}}::{{closure}}::{{closure}}::hc7adfa72dd8ea5e5
[INFO] [stdout]                                at /opt/rustwide/cargo-home/registry/src/index.crates.io-6f17d22bba15001f/tokio-1.37.0/src/runtime/scheduler/current_thread/mod.rs:659:57
[INFO] [stdout]   26:     0x60d76c713755 - tokio::runtime::coop::with_budget::h470c1c516c039b36
[INFO] [stdout]                                at /opt/rustwide/cargo-home/registry/src/index.crates.io-6f17d22bba15001f/tokio-1.37.0/src/runtime/coop.rs:107:5
[INFO] [stdout]   27:     0x60d76c713755 - tokio::runtime::coop::budget::h72783aef78f91e60
[INFO] [stdout]                                at /opt/rustwide/cargo-home/registry/src/index.crates.io-6f17d22bba15001f/tokio-1.37.0/src/runtime/coop.rs:73:5
[INFO] [stdout]   28:     0x60d76c713755 - tokio::runtime::scheduler::current_thread::CoreGuard::block_on::{{closure}}::{{closure}}::hace274f61bd22848
[INFO] [stdout]                                at /opt/rustwide/cargo-home/registry/src/index.crates.io-6f17d22bba15001f/tokio-1.37.0/src/runtime/scheduler/current_thread/mod.rs:659:25
[INFO] [stdout]   29:     0x60d76c71252c - tokio::runtime::scheduler::current_thread::Context::enter::h8432eb2311be154a
[INFO] [stdout]                                at /opt/rustwide/cargo-home/registry/src/index.crates.io-6f17d22bba15001f/tokio-1.37.0/src/runtime/scheduler/current_thread/mod.rs:404:19
[INFO] [stdout]   30:     0x60d76c712fdb - tokio::runtime::scheduler::current_thread::CoreGuard::block_on::{{closure}}::h17abd3d9c9cedec8
[INFO] [stdout]                                at /opt/rustwide/cargo-home/registry/src/index.crates.io-6f17d22bba15001f/tokio-1.37.0/src/runtime/scheduler/current_thread/mod.rs:658:36
[INFO] [stdout]   31:     0x60d76c712d44 - tokio::runtime::scheduler::current_thread::CoreGuard::enter::{{closure}}::h049810b1b5f52f46
[INFO] [stdout]                                at /opt/rustwide/cargo-home/registry/src/index.crates.io-6f17d22bba15001f/tokio-1.37.0/src/runtime/scheduler/current_thread/mod.rs:737:68
[INFO] [stdout]   32:     0x60d76c71742b - tokio::runtime::context::scoped::Scoped<T>::set::h63fa219c30c48b64
[INFO] [stdout]                                at /opt/rustwide/cargo-home/registry/src/index.crates.io-6f17d22bba15001f/tokio-1.37.0/src/runtime/context/scoped.rs:40:9
[INFO] [stdout]   33:     0x60d76c711af9 - tokio::runtime::context::set_scheduler::{{closure}}::h26890e9f4c93b67e
[INFO] [stdout]                                at /opt/rustwide/cargo-home/registry/src/index.crates.io-6f17d22bba15001f/tokio-1.37.0/src/runtime/context.rs:176:26
[INFO] [stdout]   34:     0x60d76c71e85d - std::thread::local::LocalKey<T>::try_with::h04ffc760e14b12d7
[INFO] [stdout]                                at /rustc/df4ca44d3fbc9301ee17f30f4d474e6ae4b05252/library/std/src/thread/local.rs:283:12
[INFO] [stdout]   35:     0x60d76c71e68a - std::thread::local::LocalKey<T>::with::h0e9f58bdf875235c
[INFO] [stdout]                                at /rustc/df4ca44d3fbc9301ee17f30f4d474e6ae4b05252/library/std/src/thread/local.rs:260:9
[INFO] [stdout]   36:     0x60d76c711aad - tokio::runtime::context::set_scheduler::hd9e0756276171152
[INFO] [stdout]                                at /opt/rustwide/cargo-home/registry/src/index.crates.io-6f17d22bba15001f/tokio-1.37.0/src/runtime/context.rs:176:9
[INFO] [stdout]   37:     0x60d76c712afc - tokio::runtime::scheduler::current_thread::CoreGuard::enter::hb83398f3f7d57a58
[INFO] [stdout]                                at /opt/rustwide/cargo-home/registry/src/index.crates.io-6f17d22bba15001f/tokio-1.37.0/src/runtime/scheduler/current_thread/mod.rs:737:27
[INFO] [stdout]   38:     0x60d76c712d63 - tokio::runtime::scheduler::current_thread::CoreGuard::block_on::h681e328445ebabfd
[INFO] [stdout]                                at /opt/rustwide/cargo-home/registry/src/index.crates.io-6f17d22bba15001f/tokio-1.37.0/src/runtime/scheduler/current_thread/mod.rs:646:19
[INFO] [stdout]   39:     0x60d76c711d7d - tokio::runtime::scheduler::current_thread::CurrentThread::block_on::{{closure}}::hb2665c20323a6dfd
[INFO] [stdout]                                at /opt/rustwide/cargo-home/registry/src/index.crates.io-6f17d22bba15001f/tokio-1.37.0/src/runtime/scheduler/current_thread/mod.rs:175:28
[INFO] [stdout]   40:     0x60d76c7220e6 - tokio::runtime::context::runtime::enter_runtime::h062c1b813f28e1b1
[INFO] [stdout]                                at /opt/rustwide/cargo-home/registry/src/index.crates.io-6f17d22bba15001f/tokio-1.37.0/src/runtime/context/runtime.rs:65:16
[INFO] [stdout]   41:     0x60d76c711c91 - tokio::runtime::scheduler::current_thread::CurrentThread::block_on::hd2bfa2693cd21ca1
[INFO] [stdout]                                at /opt/rustwide/cargo-home/registry/src/index.crates.io-6f17d22bba15001f/tokio-1.37.0/src/runtime/scheduler/current_thread/mod.rs:167:9
[INFO] [stdout]   42:     0x60d76c71b55d - tokio::runtime::runtime::Runtime::block_on::hd74588da1ed0912b
[INFO] [stdout]                                at /opt/rustwide/cargo-home/registry/src/index.crates.io-6f17d22bba15001f/tokio-1.37.0/src/runtime/runtime.rs:349:47
[INFO] [stdout]   43:     0x60d76c71dcb5 - ogk::database::supabase::tests::test_get::hd7a05a9243ff5c76
[INFO] [stdout]                                at /opt/rustwide/workdir/src/database/supabase.rs:94:9
[INFO] [stdout]   44:     0x60d76c71db57 - ogk::database::supabase::tests::test_get::{{closure}}::hae9052877c95f752
[INFO] [stdout]                                at /opt/rustwide/workdir/src/database/supabase.rs:90:24
[INFO] [stdout]   45:     0x60d76c71f696 - core::ops::function::FnOnce::call_once::h1c975b0fa7318691
[INFO] [stdout]                                at /rustc/df4ca44d3fbc9301ee17f30f4d474e6ae4b05252/library/core/src/ops/function.rs:250:5
[INFO] [stdout]   46:     0x60d76c844aab - core::ops::function::FnOnce::call_once::h22c3ba5715e93f05
[INFO] [stdout]                                at /rustc/df4ca44d3fbc9301ee17f30f4d474e6ae4b05252/library/core/src/ops/function.rs:250:5
[INFO] [stdout]   47:     0x60d76c844aab - test::__rust_begin_short_backtrace::h8e82d8113d0da17f
[INFO] [stdout]                                at /rustc/df4ca44d3fbc9301ee17f30f4d474e6ae4b05252/library/test/src/lib.rs:621:18
[INFO] [stdout]   48:     0x60d76c844427 - test::run_test_in_process::{{closure}}::h33235f4f20b7b7c7
[INFO] [stdout]                                at /rustc/df4ca44d3fbc9301ee17f30f4d474e6ae4b05252/library/test/src/lib.rs:644:60
[INFO] [stdout]   49:     0x60d76c844427 - <core::panic::unwind_safe::AssertUnwindSafe<F> as core::ops::function::FnOnce<()>>::call_once::hb5043206310c586f
[INFO] [stdout]                                at /rustc/df4ca44d3fbc9301ee17f30f4d474e6ae4b05252/library/core/src/panic/unwind_safe.rs:272:9
[INFO] [stdout]   50:     0x60d76c844427 - std::panicking::try::do_call::h9ad4731a60ab23e2
[INFO] [stdout]                                at /rustc/df4ca44d3fbc9301ee17f30f4d474e6ae4b05252/library/std/src/panicking.rs:557:40
[INFO] [stdout]   51:     0x60d76c844427 - std::panicking::try::h3824d23db772a716
[INFO] [stdout]                                at /rustc/df4ca44d3fbc9301ee17f30f4d474e6ae4b05252/library/std/src/panicking.rs:520:19
[INFO] [stdout]   52:     0x60d76c844427 - std::panic::catch_unwind::h5afd514605fde46b
[INFO] [stdout]                                at /rustc/df4ca44d3fbc9301ee17f30f4d474e6ae4b05252/library/std/src/panic.rs:358:14
[INFO] [stdout]   53:     0x60d76c844427 - test::run_test_in_process::h0d5cbfa7067d1720
[INFO] [stdout]                                at /rustc/df4ca44d3fbc9301ee17f30f4d474e6ae4b05252/library/test/src/lib.rs:644:27
[INFO] [stdout]   54:     0x60d76c844427 - test::run_test::{{closure}}::h708eb8872708115d
[INFO] [stdout]                                at /rustc/df4ca44d3fbc9301ee17f30f4d474e6ae4b05252/library/test/src/lib.rs:565:43
[INFO] [stdout]   55:     0x60d76c807b44 - test::run_test::{{closure}}::h392c51cee94713ab
[INFO] [stdout]                                at /rustc/df4ca44d3fbc9301ee17f30f4d474e6ae4b05252/library/test/src/lib.rs:595:41
[INFO] [stdout]   56:     0x60d76c807b44 - std::sys::backtrace::__rust_begin_short_backtrace::h2f40290710935a8b
[INFO] [stdout]                                at /rustc/df4ca44d3fbc9301ee17f30f4d474e6ae4b05252/library/std/src/sys/backtrace.rs:154:18
[INFO] [stdout]   57:     0x60d76c80b2ee - std::thread::Builder::spawn_unchecked_::{{closure}}::{{closure}}::h3fd968d89053a903
[INFO] [stdout]                                at /rustc/df4ca44d3fbc9301ee17f30f4d474e6ae4b05252/library/std/src/thread/mod.rs:541:17
[INFO] [stdout]   58:     0x60d76c80b2ee - <core::panic::unwind_safe::AssertUnwindSafe<F> as core::ops::function::FnOnce<()>>::call_once::h743f637ba4229880
[INFO] [stdout]                                at /rustc/df4ca44d3fbc9301ee17f30f4d474e6ae4b05252/library/core/src/panic/unwind_safe.rs:272:9
[INFO] [stdout]   59:     0x60d76c80b2ee - std::panicking::try::do_call::h07440897322525a6
[INFO] [stdout]                                at /rustc/df4ca44d3fbc9301ee17f30f4d474e6ae4b05252/library/std/src/panicking.rs:557:40
[INFO] [stdout]   60:     0x60d76c80b2ee - std::panicking::try::he5a2e00188156637
[INFO] [stdout]                                at /rustc/df4ca44d3fbc9301ee17f30f4d474e6ae4b05252/library/std/src/panicking.rs:520:19
[INFO] [stdout]   61:     0x60d76c80b2ee - std::panic::catch_unwind::hbaf3cae49b3c6433
[INFO] [stdout]                                at /rustc/df4ca44d3fbc9301ee17f30f4d474e6ae4b05252/library/std/src/panic.rs:358:14
[INFO] [stdout]   62:     0x60d76c80b2ee - std::thread::Builder::spawn_unchecked_::{{closure}}::h8e141ea224820bce
[INFO] [stdout]                                at /rustc/df4ca44d3fbc9301ee17f30f4d474e6ae4b05252/library/std/src/thread/mod.rs:540:30
[INFO] [stdout]   63:     0x60d76c80b2ee - core::ops::function::FnOnce::call_once{{vtable.shim}}::h90d312fedd7b8ea8
[INFO] [stdout]                                at /rustc/df4ca44d3fbc9301ee17f30f4d474e6ae4b05252/library/core/src/ops/function.rs:250:5
[INFO] [stdout]   64:     0x60d76ce66c2b - <alloc::boxed::Box<F,A> as core::ops::function::FnOnce<Args>>::call_once::h69aa08ddb6adb8b6
[INFO] [stdout]                                at /rustc/df4ca44d3fbc9301ee17f30f4d474e6ae4b05252/library/alloc/src/boxed.rs:2454:9
[INFO] [stdout]   65:     0x60d76ce66c2b - <alloc::boxed::Box<F,A> as core::ops::function::FnOnce<Args>>::call_once::h5aa36efdb79c806f
[INFO] [stdout]                                at /rustc/df4ca44d3fbc9301ee17f30f4d474e6ae4b05252/library/alloc/src/boxed.rs:2454:9
[INFO] [stdout]   66:     0x60d76ce66c2b - std::sys::pal::unix::thread::Thread::new::thread_start::h6cd80a1b4be5158d
[INFO] [stdout]                                at /rustc/df4ca44d3fbc9301ee17f30f4d474e6ae4b05252/library/std/src/sys/pal/unix/thread.rs:105:17
[INFO] [stdout]   67:     0x7dc55e64eac3 - <unknown>
[INFO] [stdout]   68:     0x7dc55e6dfa04 - clone
[INFO] [stdout]   69:                0x0 - <unknown>
[INFO] [stdout] 
[INFO] [stdout] ---- files::tests::test_sync_with_remote stdout ----
[INFO] [stdout] 원격 저장소를 설정해주세요.
[INFO] [stdout] thread 'files::tests::test_sync_with_remote' panicked at src/files.rs:56:21:
[INFO] [stdout] explicit panic
[INFO] [stdout] stack backtrace:
[INFO] [stdout]    0:     0x60d76ce6036a - std::backtrace_rs::backtrace::libunwind::trace::h207520d6e9873551
[INFO] [stdout]                                at /rustc/df4ca44d3fbc9301ee17f30f4d474e6ae4b05252/library/std/src/../../backtrace/src/backtrace/libunwind.rs:116:5
[INFO] [stdout]    1:     0x60d76ce6036a - std::backtrace_rs::backtrace::trace_unsynchronized::h2ed7433f370e3eca
[INFO] [stdout]                                at /rustc/df4ca44d3fbc9301ee17f30f4d474e6ae4b05252/library/std/src/../../backtrace/src/backtrace/mod.rs:66:5
[INFO] [stdout]    2:     0x60d76ce6036a - std::sys::backtrace::_print_fmt::h916fac51166b18d7
[INFO] [stdout]                                at /rustc/df4ca44d3fbc9301ee17f30f4d474e6ae4b05252/library/std/src/sys/backtrace.rs:66:9
[INFO] [stdout]    3:     0x60d76ce6036a - <std::sys::backtrace::BacktraceLock::print::DisplayBacktrace as core::fmt::Display>::fmt::ha0a4c9b8ce3802e6
[INFO] [stdout]                                at /rustc/df4ca44d3fbc9301ee17f30f4d474e6ae4b05252/library/std/src/sys/backtrace.rs:39:26
[INFO] [stdout]    4:     0x60d76ce8c243 - core::fmt::rt::Argument::fmt::h4cfc8587d52b3eb5
[INFO] [stdout]                                at /rustc/df4ca44d3fbc9301ee17f30f4d474e6ae4b05252/library/core/src/fmt/rt.rs:177:76
[INFO] [stdout]    5:     0x60d76ce8c243 - core::fmt::write::h522cc39e5b36ae9f
[INFO] [stdout]                                at /rustc/df4ca44d3fbc9301ee17f30f4d474e6ae4b05252/library/core/src/fmt/mod.rs:1190:21
[INFO] [stdout]    6:     0x60d76ce5c323 - std::io::Write::write_fmt::h7d3c26752da97734
[INFO] [stdout]                                at /rustc/df4ca44d3fbc9301ee17f30f4d474e6ae4b05252/library/std/src/io/mod.rs:1839:15
[INFO] [stdout]    7:     0x60d76ce601b2 - std::sys::backtrace::BacktraceLock::print::h4b9e00b29e9c0942
[INFO] [stdout]                                at /rustc/df4ca44d3fbc9301ee17f30f4d474e6ae4b05252/library/std/src/sys/backtrace.rs:42:9
[INFO] [stdout]    8:     0x60d76ce617fa - std::panicking::default_hook::{{closure}}::hb59b88280d0324d9
[INFO] [stdout]                                at /rustc/df4ca44d3fbc9301ee17f30f4d474e6ae4b05252/library/std/src/panicking.rs:268:22
[INFO] [stdout]    9:     0x60d76ce61604 - std::panicking::default_hook::he1dd496665be4a29
[INFO] [stdout]                                at /rustc/df4ca44d3fbc9301ee17f30f4d474e6ae4b05252/library/std/src/panicking.rs:292:9
[INFO] [stdout]   10:     0x60d76c8401d9 - <alloc::boxed::Box<F,A> as core::ops::function::Fn<Args>>::call::h4ff71de18744e1dc
[INFO] [stdout]                                at /rustc/df4ca44d3fbc9301ee17f30f4d474e6ae4b05252/library/alloc/src/boxed.rs:2468:9
[INFO] [stdout]   11:     0x60d76c8401d9 - test::test_main::{{closure}}::hcf7c055ce117aa81
[INFO] [stdout]                                at /rustc/df4ca44d3fbc9301ee17f30f4d474e6ae4b05252/library/test/src/lib.rs:133:21
[INFO] [stdout]   12:     0x60d76ce61ef8 - <alloc::boxed::Box<F,A> as core::ops::function::Fn<Args>>::call::h1d66c6bbd60c9692
[INFO] [stdout]                                at /rustc/df4ca44d3fbc9301ee17f30f4d474e6ae4b05252/library/alloc/src/boxed.rs:2468:9
[INFO] [stdout]   13:     0x60d76ce61ef8 - std::panicking::rust_panic_with_hook::h2ff17fe8f26dfcf8
[INFO] [stdout]                                at /rustc/df4ca44d3fbc9301ee17f30f4d474e6ae4b05252/library/std/src/panicking.rs:809:13
[INFO] [stdout]   14:     0x60d76ce61cba - std::panicking::begin_panic_handler::{{closure}}::h4fad77951c07e101
[INFO] [stdout]                                at /rustc/df4ca44d3fbc9301ee17f30f4d474e6ae4b05252/library/std/src/panicking.rs:674:13
[INFO] [stdout]   15:     0x60d76ce60849 - std::sys::backtrace::__rust_end_short_backtrace::hb1a25b3da5d0ea08
[INFO] [stdout]                                at /rustc/df4ca44d3fbc9301ee17f30f4d474e6ae4b05252/library/std/src/sys/backtrace.rs:170:18
[INFO] [stdout]   16:     0x60d76ce6194c - rust_begin_unwind
[INFO] [stdout]                                at /rustc/df4ca44d3fbc9301ee17f30f4d474e6ae4b05252/library/std/src/panicking.rs:665:5
[INFO] [stdout]   17:     0x60d76ce89f10 - core::panicking::panic_fmt::ha9db07b529f9b256
[INFO] [stdout]                                at /rustc/df4ca44d3fbc9301ee17f30f4d474e6ae4b05252/library/core/src/panicking.rs:75:14
[INFO] [stdout]   18:     0x60d76ce8a096 - core::panicking::panic_display::h974ff3dec7c08c85
[INFO] [stdout]                                at /rustc/df4ca44d3fbc9301ee17f30f4d474e6ae4b05252/library/core/src/panicking.rs:273:5
[INFO] [stdout]   19:     0x60d76ce8a096 - core::panicking::panic_explicit::h6aa16c11b02f76d9
[INFO] [stdout]                                at /rustc/df4ca44d3fbc9301ee17f30f4d474e6ae4b05252/library/core/src/panicking.rs:244:5
[INFO] [stdout]   20:     0x60d76c6f26ea - ogk::files::FileManager::new::{{closure}}::panic_cold_explicit::h15e3a359d2fe1a9b
[INFO] [stdout]                                at /rustc/df4ca44d3fbc9301ee17f30f4d474e6ae4b05252/library/core/src/panic.rs:88:13
[INFO] [stdout]   21:     0x60d76c6ee690 - ogk::files::FileManager::new::{{closure}}::h4b786e6ab19674ff
[INFO] [stdout]                                at /opt/rustwide/workdir/src/files.rs:56:21
[INFO] [stdout]   22:     0x60d76c718cfb - ogk::files::tests::test_sync_with_remote::{{closure}}::h5d247af0fd24a7d4
[INFO] [stdout]                                at /opt/rustwide/workdir/src/files.rs:325:37
[INFO] [stdout]   23:     0x60d76c724ff2 - <core::pin::Pin<P> as core::future::future::Future>::poll::h9e4d5e5b0df531b7
[INFO] [stdout]                                at /rustc/df4ca44d3fbc9301ee17f30f4d474e6ae4b05252/library/core/src/future/future.rs:123:9
[INFO] [stdout]   24:     0x60d76c724fad - <core::pin::Pin<P> as core::future::future::Future>::poll::h79245d12c1b73d37
[INFO] [stdout]                                at /rustc/df4ca44d3fbc9301ee17f30f4d474e6ae4b05252/library/core/src/future/future.rs:123:9
[INFO] [stdout]   25:     0x60d76c71381f - tokio::runtime::scheduler::current_thread::CoreGuard::block_on::{{closure}}::{{closure}}::{{closure}}::hc7adfa72dd8ea5e5
[INFO] [stdout]                                at /opt/rustwide/cargo-home/registry/src/index.crates.io-6f17d22bba15001f/tokio-1.37.0/src/runtime/scheduler/current_thread/mod.rs:659:57
[INFO] [stdout]   26:     0x60d76c713755 - tokio::runtime::coop::with_budget::h470c1c516c039b36
[INFO] [stdout]                                at /opt/rustwide/cargo-home/registry/src/index.crates.io-6f17d22bba15001f/tokio-1.37.0/src/runtime/coop.rs:107:5
[INFO] [stdout]   27:     0x60d76c713755 - tokio::runtime::coop::budget::h72783aef78f91e60
[INFO] [stdout]                                at /opt/rustwide/cargo-home/registry/src/index.crates.io-6f17d22bba15001f/tokio-1.37.0/src/runtime/coop.rs:73:5
[INFO] [stdout]   28:     0x60d76c713755 - tokio::runtime::scheduler::current_thread::CoreGuard::block_on::{{closure}}::{{closure}}::hace274f61bd22848
[INFO] [stdout]                                at /opt/rustwide/cargo-home/registry/src/index.crates.io-6f17d22bba15001f/tokio-1.37.0/src/runtime/scheduler/current_thread/mod.rs:659:25
[INFO] [stdout]   29:     0x60d76c71252c - tokio::runtime::scheduler::current_thread::Context::enter::h8432eb2311be154a
[INFO] [stdout]                                at /opt/rustwide/cargo-home/registry/src/index.crates.io-6f17d22bba15001f/tokio-1.37.0/src/runtime/scheduler/current_thread/mod.rs:404:19
[INFO] [stdout]   30:     0x60d76c712fdb - tokio::runtime::scheduler::current_thread::CoreGuard::block_on::{{closure}}::h17abd3d9c9cedec8
[INFO] [stdout]                                at /opt/rustwide/cargo-home/registry/src/index.crates.io-6f17d22bba15001f/tokio-1.37.0/src/runtime/scheduler/current_thread/mod.rs:658:36
[INFO] [stdout]   31:     0x60d76c712d44 - tokio::runtime::scheduler::current_thread::CoreGuard::enter::{{closure}}::h049810b1b5f52f46
[INFO] [stdout]                                at /opt/rustwide/cargo-home/registry/src/index.crates.io-6f17d22bba15001f/tokio-1.37.0/src/runtime/scheduler/current_thread/mod.rs:737:68
[INFO] [stdout]   32:     0x60d76c71742b - tokio::runtime::context::scoped::Scoped<T>::set::h63fa219c30c48b64
[INFO] [stdout]                                at /opt/rustwide/cargo-home/registry/src/index.crates.io-6f17d22bba15001f/tokio-1.37.0/src/runtime/context/scoped.rs:40:9
[INFO] [stdout]   33:     0x60d76c711af9 - tokio::runtime::context::set_scheduler::{{closure}}::h26890e9f4c93b67e
[INFO] [stdout]                                at /opt/rustwide/cargo-home/registry/src/index.crates.io-6f17d22bba15001f/tokio-1.37.0/src/runtime/context.rs:176:26
[INFO] [stdout]   34:     0x60d76c71e85d - std::thread::local::LocalKey<T>::try_with::h04ffc760e14b12d7
[INFO] [stdout]                                at /rustc/df4ca44d3fbc9301ee17f30f4d474e6ae4b05252/library/std/src/thread/local.rs:283:12
[INFO] [stdout]   35:     0x60d76c71e68a - std::thread::local::LocalKey<T>::with::h0e9f58bdf875235c
[INFO] [stdout]                                at /rustc/df4ca44d3fbc9301ee17f30f4d474e6ae4b05252/library/std/src/thread/local.rs:260:9
[INFO] [stdout]   36:     0x60d76c711aad - tokio::runtime::context::set_scheduler::hd9e0756276171152
[INFO] [stdout]                                at /opt/rustwide/cargo-home/registry/src/index.crates.io-6f17d22bba15001f/tokio-1.37.0/src/runtime/context.rs:176:9
[INFO] [stdout]   37:     0x60d76c712afc - tokio::runtime::scheduler::current_thread::CoreGuard::enter::hb83398f3f7d57a58
[INFO] [stdout]                                at /opt/rustwide/cargo-home/registry/src/index.crates.io-6f17d22bba15001f/tokio-1.37.0/src/runtime/scheduler/current_thread/mod.rs:737:27
[INFO] [stdout]   38:     0x60d76c712d63 - tokio::runtime::scheduler::current_thread::CoreGuard::block_on::h681e328445ebabfd
[INFO] [stdout]                                at /opt/rustwide/cargo-home/registry/src/index.crates.io-6f17d22bba15001f/tokio-1.37.0/src/runtime/scheduler/current_thread/mod.rs:646:19
[INFO] [stdout]   39:     0x60d76c711d7d - tokio::runtime::scheduler::current_thread::CurrentThread::block_on::{{closure}}::hb2665c20323a6dfd
[INFO] [stdout]                                at /opt/rustwide/cargo-home/registry/src/index.crates.io-6f17d22bba15001f/tokio-1.37.0/src/runtime/scheduler/current_thread/mod.rs:175:28
[INFO] [stdout]   40:     0x60d76c7220e6 - tokio::runtime::context::runtime::enter_runtime::h062c1b813f28e1b1
[INFO] [stdout]                                at /opt/rustwide/cargo-home/registry/src/index.crates.io-6f17d22bba15001f/tokio-1.37.0/src/runtime/context/runtime.rs:65:16
[INFO] [stdout]   41:     0x60d76c711c91 - tokio::runtime::scheduler::current_thread::CurrentThread::block_on::hd2bfa2693cd21ca1
[INFO] [stdout]                                at /opt/rustwide/cargo-home/registry/src/index.crates.io-6f17d22bba15001f/tokio-1.37.0/src/runtime/scheduler/current_thread/mod.rs:167:9
[INFO] [stdout]   42:     0x60d76c71b55d - tokio::runtime::runtime::Runtime::block_on::hd74588da1ed0912b
[INFO] [stdout]                                at /opt/rustwide/cargo-home/registry/src/index.crates.io-6f17d22bba15001f/tokio-1.37.0/src/runtime/runtime.rs:349:47
[INFO] [stdout]   43:     0x60d76c718ae3 - ogk::files::tests::test_sync_with_remote::haeed8b44bb1a637b
[INFO] [stdout]                                at /opt/rustwide/workdir/src/files.rs:326:9
[INFO] [stdout]   44:     0x60d76c718997 - ogk::files::tests::test_sync_with_remote::{{closure}}::h24fad14628be259c
[INFO] [stdout]                                at /opt/rustwide/workdir/src/files.rs:324:37
[INFO] [stdout]   45:     0x60d76c71f7e6 - core::ops::function::FnOnce::call_once::h588f01742273f43a
[INFO] [stdout]                                at /rustc/df4ca44d3fbc9301ee17f30f4d474e6ae4b05252/library/core/src/ops/function.rs:250:5
[INFO] [stdout]   46:     0x60d76c844aab - core::ops::function::FnOnce::call_once::h22c3ba5715e93f05
[INFO] [stdout]                                at /rustc/df4ca44d3fbc9301ee17f30f4d474e6ae4b05252/library/core/src/ops/function.rs:250:5
[INFO] [stdout]   47:     0x60d76c844aab - test::__rust_begin_short_backtrace::h8e82d8113d0da17f
[INFO] [stdout]                                at /rustc/df4ca44d3fbc9301ee17f30f4d474e6ae4b05252/library/test/src/lib.rs:621:18
[INFO] [stdout]   48:     0x60d76c844427 - test::run_test_in_process::{{closure}}::h33235f4f20b7b7c7
[INFO] [stdout]                                at /rustc/df4ca44d3fbc9301ee17f30f4d474e6ae4b05252/library/test/src/lib.rs:644:60
[INFO] [stdout]   49:     0x60d76c844427 - <core::panic::unwind_safe::AssertUnwindSafe<F> as core::ops::function::FnOnce<()>>::call_once::hb5043206310c586f
[INFO] [stdout]                                at /rustc/df4ca44d3fbc9301ee17f30f4d474e6ae4b05252/library/core/src/panic/unwind_safe.rs:272:9
[INFO] [stdout]   50:     0x60d76c844427 - std::panicking::try::do_call::h9ad4731a60ab23e2
[INFO] [stdout]                                at /rustc/df4ca44d3fbc9301ee17f30f4d474e6ae4b05252/library/std/src/panicking.rs:557:40
[INFO] [stdout]   51:     0x60d76c844427 - std::panicking::try::h3824d23db772a716
[INFO] [stdout]                                at /rustc/df4ca44d3fbc9301ee17f30f4d474e6ae4b05252/library/std/src/panicking.rs:520:19
[INFO] [stdout]   52:     0x60d76c844427 - std::panic::catch_unwind::h5afd514605fde46b
[INFO] [stdout]                                at /rustc/df4ca44d3fbc9301ee17f30f4d474e6ae4b05252/library/std/src/panic.rs:358:14
[INFO] [stdout]   53:     0x60d76c844427 - test::run_test_in_process::h0d5cbfa7067d1720
[INFO] [stdout]                                at /rustc/df4ca44d3fbc9301ee17f30f4d474e6ae4b05252/library/test/src/lib.rs:644:27
[INFO] [stdout]   54:     0x60d76c844427 - test::run_test::{{closure}}::h708eb8872708115d
[INFO] [stdout]                                at /rustc/df4ca44d3fbc9301ee17f30f4d474e6ae4b05252/library/test/src/lib.rs:565:43
[INFO] [stdout]   55:     0x60d76c807b44 - test::run_test::{{closure}}::h392c51cee94713ab
[INFO] [stdout]                                at /rustc/df4ca44d3fbc9301ee17f30f4d474e6ae4b05252/library/test/src/lib.rs:595:41
[INFO] [stdout]   56:     0x60d76c807b44 - std::sys::backtrace::__rust_begin_short_backtrace::h2f40290710935a8b
[INFO] [stdout]                                at /rustc/df4ca44d3fbc9301ee17f30f4d474e6ae4b05252/library/std/src/sys/backtrace.rs:154:18
[INFO] [stdout]   57:     0x60d76c80b2ee - std::thread::Builder::spawn_unchecked_::{{closure}}::{{closure}}::h3fd968d89053a903
[INFO] [stdout]                                at /rustc/df4ca44d3fbc9301ee17f30f4d474e6ae4b05252/library/std/src/thread/mod.rs:541:17
[INFO] [stdout]   58:     0x60d76c80b2ee - <core::panic::unwind_safe::AssertUnwindSafe<F> as core::ops::function::FnOnce<()>>::call_once::h743f637ba4229880
[INFO] [stdout]                                at /rustc/df4ca44d3fbc9301ee17f30f4d474e6ae4b05252/library/core/src/panic/unwind_safe.rs:272:9
[INFO] [stdout]   59:     0x60d76c80b2ee - std::panicking::try::do_call::h07440897322525a6
[INFO] [stdout]                                at /rustc/df4ca44d3fbc9301ee17f30f4d474e6ae4b05252/library/std/src/panicking.rs:557:40
[INFO] [stdout]   60:     0x60d76c80b2ee - std::panicking::try::he5a2e00188156637
[INFO] [stdout]                                at /rustc/df4ca44d3fbc9301ee17f30f4d474e6ae4b05252/library/std/src/panicking.rs:520:19
[INFO] [stdout]   61:     0x60d76c80b2ee - std::panic::catch_unwind::hbaf3cae49b3c6433
[INFO] [stdout]                                at /rustc/df4ca44d3fbc9301ee17f30f4d474e6ae4b05252/library/std/src/panic.rs:358:14
[INFO] [stdout]   62:     0x60d76c80b2ee - std::thread::Builder::spawn_unchecked_::{{closure}}::h8e141ea224820bce
[INFO] [stdout]                                at /rustc/df4ca44d3fbc9301ee17f30f4d474e6ae4b05252/library/std/src/thread/mod.rs:540:30
[INFO] [stdout]   63:     0x60d76c80b2ee - core::ops::function::FnOnce::call_once{{vtable.shim}}::h90d312fedd7b8ea8
[INFO] [stdout]                                at /rustc/df4ca44d3fbc9301ee17f30f4d474e6ae4b05252/library/core/src/ops/function.rs:250:5
[INFO] [stdout]   64:     0x60d76ce66c2b - <alloc::boxed::Box<F,A> as core::ops::function::FnOnce<Args>>::call_once::h69aa08ddb6adb8b6
[INFO] [stdout]                                at /rustc/df4ca44d3fbc9301ee17f30f4d474e6ae4b05252/library/alloc/src/boxed.rs:2454:9
[INFO] [stdout]   65:     0x60d76ce66c2b - <alloc::boxed::Box<F,A> as core::ops::function::FnOnce<Args>>::call_once::h5aa36efdb79c806f
[INFO] [stdout]                                at /rustc/df4ca44d3fbc9301ee17f30f4d474e6ae4b05252/library/alloc/src/boxed.rs:2454:9
[INFO] [stdout]   66:     0x60d76ce66c2b - std::sys::pal::unix::thread::Thread::new::thread_start::h6cd80a1b4be5158d
[INFO] [stdout]                                at /rustc/df4ca44d3fbc9301ee17f30f4d474e6ae4b05252/library/std/src/sys/pal/unix/thread.rs:105:17
[INFO] [stdout]   67:     0x7dc55e64eac3 - <unknown>
[INFO] [stdout]   68:     0x7dc55e6dfa04 - clone
[INFO] [stdout]   69:                0x0 - <unknown>
[INFO] [stdout] 
[INFO] [stdout] 
[INFO] [stdout] failures:
[INFO] [stdout]     database::supabase::tests::test_get
[INFO] [stdout]     files::tests::test_sync_with_remote
[INFO] [stdout] 
[INFO] [stdout] test result: FAILED. 1 passed; 2 failed; 0 ignored; 0 measured; 0 filtered out; finished in 0.11s
[INFO] [stdout] 
[INFO] [stderr] error: test failed, to rerun pass `--bin ogk`
[INFO] running `Command { std: "docker" "inspect" "d48e591ba2757a419468bc61b4894053d00b5379bd86afb664dbd0e5ff611f27", kill_on_drop: false }`
[INFO] running `Command { std: "docker" "rm" "-f" "d48e591ba2757a419468bc61b4894053d00b5379bd86afb664dbd0e5ff611f27", kill_on_drop: false }`
[INFO] [stdout] d48e591ba2757a419468bc61b4894053d00b5379bd86afb664dbd0e5ff611f27
