[INFO] fetching crate objforces 0.1.0...
[INFO] testing objforces-0.1.0 against nightly-2024-10-28+rustflags=-Zrandomize-layout for randomize-layout
[INFO] extracting crate objforces 0.1.0 into /workspace/builds/worker-2-tc2/source
[INFO] validating manifest of crates.io crate objforces 0.1.0 on toolchain nightly-2024-10-28
[INFO] running `Command { std: CARGO_HOME="/workspace/cargo-home" RUSTUP_HOME="/workspace/rustup-home" "/workspace/cargo-home/bin/cargo" "+nightly-2024-10-28" "metadata" "--manifest-path" "Cargo.toml" "--no-deps", kill_on_drop: false }`
[INFO] started tweaking crates.io crate objforces 0.1.0
[INFO] finished tweaking crates.io crate objforces 0.1.0
[INFO] tweaked toml for crates.io crate objforces 0.1.0 written to /workspace/builds/worker-2-tc2/source/Cargo.toml
[INFO] running `Command { std: CARGO_HOME="/workspace/cargo-home" RUSTUP_HOME="/workspace/rustup-home" "/workspace/cargo-home/bin/cargo" "+nightly-2024-10-28" "generate-lockfile" "--manifest-path" "Cargo.toml", kill_on_drop: false }`
[INFO] [stderr]     Updating crates.io index
[INFO] [stderr]      Locking 1 package to latest compatible version
[INFO] running `Command { std: CARGO_HOME="/workspace/cargo-home" RUSTUP_HOME="/workspace/rustup-home" "/workspace/cargo-home/bin/cargo" "+nightly-2024-10-28" "fetch" "--manifest-path" "Cargo.toml", kill_on_drop: false }`
[INFO] running `Command { std: "docker" "create" "-v" "/var/lib/crater-agent-workspace/builds/worker-2-tc2/target:/opt/rustwide/target:rw,Z" "-v" "/var/lib/crater-agent-workspace/builds/worker-2-tc2/source:/opt/rustwide/workdir:ro,Z" "-v" "/var/lib/crater-agent-workspace/cargo-home:/opt/rustwide/cargo-home:ro,Z" "-v" "/var/lib/crater-agent-workspace/rustup-home:/opt/rustwide/rustup-home:ro,Z" "-e" "SOURCE_DIR=/opt/rustwide/workdir" "-e" "CARGO_TARGET_DIR=/opt/rustwide/target" "-e" "CARGO_HOME=/opt/rustwide/cargo-home" "-e" "RUSTUP_HOME=/opt/rustwide/rustup-home" "-w" "/opt/rustwide/workdir" "-m" "1610612736" "--user" "0:0" "--network" "none" "ghcr.io/rust-lang/crates-build-env/linux@sha256:4a844ea9eb2546a2d2c7022eacef16ef2e8229c7fbb2c7d4d55a9ceca922f72d" "/opt/rustwide/cargo-home/bin/cargo" "+nightly-2024-10-28" "metadata" "--no-deps" "--format-version=1", kill_on_drop: false }`
[INFO] [stdout] 28267f7cfe6eee0abb5b7c0737d6827e45c590e781c6ecf47701296cb78ae78b
[INFO] running `Command { std: "docker" "start" "-a" "28267f7cfe6eee0abb5b7c0737d6827e45c590e781c6ecf47701296cb78ae78b", kill_on_drop: false }`
[INFO] running `Command { std: "docker" "inspect" "28267f7cfe6eee0abb5b7c0737d6827e45c590e781c6ecf47701296cb78ae78b", kill_on_drop: false }`
[INFO] running `Command { std: "docker" "rm" "-f" "28267f7cfe6eee0abb5b7c0737d6827e45c590e781c6ecf47701296cb78ae78b", kill_on_drop: false }`
[INFO] [stdout] 28267f7cfe6eee0abb5b7c0737d6827e45c590e781c6ecf47701296cb78ae78b
[INFO] running `Command { std: "docker" "create" "-v" "/var/lib/crater-agent-workspace/builds/worker-2-tc2/target:/opt/rustwide/target:rw,Z" "-v" "/var/lib/crater-agent-workspace/builds/worker-2-tc2/source:/opt/rustwide/workdir:ro,Z" "-v" "/var/lib/crater-agent-workspace/cargo-home:/opt/rustwide/cargo-home:ro,Z" "-v" "/var/lib/crater-agent-workspace/rustup-home:/opt/rustwide/rustup-home:ro,Z" "-e" "SOURCE_DIR=/opt/rustwide/workdir" "-e" "CARGO_TARGET_DIR=/opt/rustwide/target" "-e" "CARGO_INCREMENTAL=0" "-e" "RUST_BACKTRACE=full" "-e" "RUSTFLAGS=--cap-lints=forbid -Zrandomize-layout" "-e" "RUSTDOCFLAGS=--cap-lints=forbid" "-e" "CARGO_HOME=/opt/rustwide/cargo-home" "-e" "RUSTUP_HOME=/opt/rustwide/rustup-home" "-w" "/opt/rustwide/workdir" "-m" "1610612736" "--user" "0:0" "--network" "none" "ghcr.io/rust-lang/crates-build-env/linux@sha256:4a844ea9eb2546a2d2c7022eacef16ef2e8229c7fbb2c7d4d55a9ceca922f72d" "/opt/rustwide/cargo-home/bin/cargo" "+nightly-2024-10-28" "build" "--frozen" "--message-format=json", kill_on_drop: false }`
[INFO] [stdout] 61e5f4b41b5cff0a47ac1ad366b740df1381c801f7812173ac11bd3c6bf7df14
[INFO] running `Command { std: "docker" "start" "-a" "61e5f4b41b5cff0a47ac1ad366b740df1381c801f7812173ac11bd3c6bf7df14", kill_on_drop: false }`
[INFO] [stderr]    Compiling libm v0.2.11
[INFO] [stderr]    Compiling objforces v0.1.0 (/opt/rustwide/workdir)
[INFO] [stderr]     Finished `dev` profile [unoptimized + debuginfo] target(s) in 0.41s
[INFO] running `Command { std: "docker" "inspect" "61e5f4b41b5cff0a47ac1ad366b740df1381c801f7812173ac11bd3c6bf7df14", kill_on_drop: false }`
[INFO] running `Command { std: "docker" "rm" "-f" "61e5f4b41b5cff0a47ac1ad366b740df1381c801f7812173ac11bd3c6bf7df14", kill_on_drop: false }`
[INFO] [stdout] 61e5f4b41b5cff0a47ac1ad366b740df1381c801f7812173ac11bd3c6bf7df14
[INFO] running `Command { std: "docker" "create" "-v" "/var/lib/crater-agent-workspace/builds/worker-2-tc2/target:/opt/rustwide/target:rw,Z" "-v" "/var/lib/crater-agent-workspace/builds/worker-2-tc2/source:/opt/rustwide/workdir:ro,Z" "-v" "/var/lib/crater-agent-workspace/cargo-home:/opt/rustwide/cargo-home:ro,Z" "-v" "/var/lib/crater-agent-workspace/rustup-home:/opt/rustwide/rustup-home:ro,Z" "-e" "SOURCE_DIR=/opt/rustwide/workdir" "-e" "CARGO_TARGET_DIR=/opt/rustwide/target" "-e" "CARGO_INCREMENTAL=0" "-e" "RUST_BACKTRACE=full" "-e" "RUSTFLAGS=--cap-lints=forbid -Zrandomize-layout" "-e" "RUSTDOCFLAGS=--cap-lints=forbid" "-e" "CARGO_HOME=/opt/rustwide/cargo-home" "-e" "RUSTUP_HOME=/opt/rustwide/rustup-home" "-w" "/opt/rustwide/workdir" "-m" "1610612736" "--user" "0:0" "--network" "none" "ghcr.io/rust-lang/crates-build-env/linux@sha256:4a844ea9eb2546a2d2c7022eacef16ef2e8229c7fbb2c7d4d55a9ceca922f72d" "/opt/rustwide/cargo-home/bin/cargo" "+nightly-2024-10-28" "test" "--frozen" "--no-run" "--message-format=json", kill_on_drop: false }`
[INFO] [stdout] 581326cea5398564d06a179014603067e7bb92e44352e1dab64ed07eff9a073e
[INFO] running `Command { std: "docker" "start" "-a" "581326cea5398564d06a179014603067e7bb92e44352e1dab64ed07eff9a073e", kill_on_drop: false }`
[INFO] [stderr]    Compiling objforces v0.1.0 (/opt/rustwide/workdir)
[INFO] [stderr]     Finished `test` profile [unoptimized + debuginfo] target(s) in 0.10s
[INFO] running `Command { std: "docker" "inspect" "581326cea5398564d06a179014603067e7bb92e44352e1dab64ed07eff9a073e", kill_on_drop: false }`
[INFO] running `Command { std: "docker" "rm" "-f" "581326cea5398564d06a179014603067e7bb92e44352e1dab64ed07eff9a073e", kill_on_drop: false }`
[INFO] [stdout] 581326cea5398564d06a179014603067e7bb92e44352e1dab64ed07eff9a073e
[INFO] running `Command { std: "docker" "create" "-v" "/var/lib/crater-agent-workspace/builds/worker-2-tc2/target:/opt/rustwide/target:rw,Z" "-v" "/var/lib/crater-agent-workspace/builds/worker-2-tc2/source:/opt/rustwide/workdir:ro,Z" "-v" "/var/lib/crater-agent-workspace/cargo-home:/opt/rustwide/cargo-home:ro,Z" "-v" "/var/lib/crater-agent-workspace/rustup-home:/opt/rustwide/rustup-home:ro,Z" "-e" "SOURCE_DIR=/opt/rustwide/workdir" "-e" "CARGO_TARGET_DIR=/opt/rustwide/target" "-e" "CARGO_INCREMENTAL=0" "-e" "RUST_BACKTRACE=full" "-e" "RUSTFLAGS=--cap-lints=forbid -Zrandomize-layout" "-e" "RUSTDOCFLAGS=--cap-lints=forbid" "-e" "CARGO_HOME=/opt/rustwide/cargo-home" "-e" "RUSTUP_HOME=/opt/rustwide/rustup-home" "-w" "/opt/rustwide/workdir" "-m" "1610612736" "--user" "0:0" "--network" "none" "ghcr.io/rust-lang/crates-build-env/linux@sha256:4a844ea9eb2546a2d2c7022eacef16ef2e8229c7fbb2c7d4d55a9ceca922f72d" "/opt/rustwide/cargo-home/bin/cargo" "+nightly-2024-10-28" "test" "--frozen", kill_on_drop: false }`
[INFO] [stdout] 602799311a518c4a658d23845bf3fbc606042073b12f3770412d1671fa505441
[INFO] running `Command { std: "docker" "start" "-a" "602799311a518c4a658d23845bf3fbc606042073b12f3770412d1671fa505441", kill_on_drop: false }`
[INFO] [stderr]     Finished `test` profile [unoptimized + debuginfo] target(s) in 0.00s
[INFO] [stderr]      Running unittests src/lib.rs (/opt/rustwide/target/debug/deps/objforces-b313e204335bff17)
[INFO] [stdout] 
[INFO] [stdout] running 1 test
[INFO] [stdout] test tests::it_works ... ok
[INFO] [stdout] 
[INFO] [stdout] test result: ok. 1 passed; 0 failed; 0 ignored; 0 measured; 0 filtered out; finished in 0.00s
[INFO] [stdout] 
[INFO] [stderr]    Doc-tests objforces
[INFO] [stdout] 
[INFO] [stdout] running 7 tests
[INFO] [stdout] test src/lib.rs - Object::hitzero (line 128) ... FAILED
[INFO] [stdout] test src/lib.rs - Places::new (line 55) ... FAILED
[INFO] [stdout] test src/lib.rs - Object::overtime (line 92) ... FAILED
[INFO] [stdout] test src/lib.rs - Object::hitzero (line 118) ... FAILED
[INFO] [stdout] test src/lib.rs - Object::new (line 75) ... FAILED
[INFO] [stdout] test src/lib.rs - Object::addforce (line 173) ... FAILED
[INFO] [stdout] test src/lib.rs - Object::transverseforce (line 201) ... FAILED
[INFO] [stdout] 
[INFO] [stdout] failures:
[INFO] [stdout] 
[INFO] [stdout] ---- src/lib.rs - Object::hitzero (line 128) stdout ----
[INFO] [stdout] error[E0432]: unresolved import `forces`
[INFO] [stdout]  --> src/lib.rs:129:5
[INFO] [stdout]   |
[INFO] [stdout] 3 | use forces::*;
[INFO] [stdout]   |     ^^^^^^ use of undeclared crate or module `forces`
[INFO] [stdout] 
[INFO] [stdout] error: aborting due to 1 previous error
[INFO] [stdout] 
[INFO] [stdout] For more information about this error, try `rustc --explain E0432`.
[INFO] [stdout] Couldn't compile the test.
[INFO] [stdout] ---- src/lib.rs - Places::new (line 55) stdout ----
[INFO] [stdout] error[E0432]: unresolved import `forces`
[INFO] [stdout]  --> src/lib.rs:56:5
[INFO] [stdout]   |
[INFO] [stdout] 3 | use forces::*;
[INFO] [stdout]   |     ^^^^^^ use of undeclared crate or module `forces`
[INFO] [stdout] 
[INFO] [stdout] error: aborting due to 1 previous error
[INFO] [stdout] 
[INFO] [stdout] For more information about this error, try `rustc --explain E0432`.
[INFO] [stdout] Couldn't compile the test.
[INFO] [stdout] ---- src/lib.rs - Object::overtime (line 92) stdout ----
[INFO] [stdout] error[E0432]: unresolved import `forces`
[INFO] [stdout]  --> src/lib.rs:93:5
[INFO] [stdout]   |
[INFO] [stdout] 3 | use forces::*;
[INFO] [stdout]   |     ^^^^^^ use of undeclared crate or module `forces`
[INFO] [stdout] 
[INFO] [stdout] error: aborting due to 1 previous error
[INFO] [stdout] 
[INFO] [stdout] For more information about this error, try `rustc --explain E0432`.
[INFO] [stdout] Couldn't compile the test.
[INFO] [stdout] ---- src/lib.rs - Object::hitzero (line 118) stdout ----
[INFO] [stdout] error[E0432]: unresolved import `forces`
[INFO] [stdout]  --> src/lib.rs:119:5
[INFO] [stdout]   |
[INFO] [stdout] 3 | use forces::*;
[INFO] [stdout]   |     ^^^^^^ use of undeclared crate or module `forces`
[INFO] [stdout] 
[INFO] [stdout] error: aborting due to 1 previous error
[INFO] [stdout] 
[INFO] [stdout] For more information about this error, try `rustc --explain E0432`.
[INFO] [stdout] Couldn't compile the test.
[INFO] [stdout] ---- src/lib.rs - Object::new (line 75) stdout ----
[INFO] [stdout] error[E0432]: unresolved import `forces`
[INFO] [stdout]  --> src/lib.rs:76:5
[INFO] [stdout]   |
[INFO] [stdout] 3 | use forces::*;
[INFO] [stdout]   |     ^^^^^^ use of undeclared crate or module `forces`
[INFO] [stdout] 
[INFO] [stdout] error: aborting due to 1 previous error
[INFO] [stdout] 
[INFO] [stdout] For more information about this error, try `rustc --explain E0432`.
[INFO] [stdout] Couldn't compile the test.
[INFO] [stdout] ---- src/lib.rs - Object::addforce (line 173) stdout ----
[INFO] [stdout] error[E0432]: unresolved import `forces`
[INFO] [stdout]  --> src/lib.rs:174:5
[INFO] [stdout]   |
[INFO] [stdout] 3 | use forces::*;
[INFO] [stdout]   |     ^^^^^^ use of undeclared crate or module `forces`
[INFO] [stdout] 
[INFO] [stdout] error: aborting due to 1 previous error
[INFO] [stdout] 
[INFO] [stdout] For more information about this error, try `rustc --explain E0432`.
[INFO] [stdout] Couldn't compile the test.
[INFO] [stdout] ---- src/lib.rs - Object::transverseforce (line 201) stdout ----
[INFO] [stdout] error[E0432]: unresolved import `forces`
[INFO] [stdout]  --> src/lib.rs:202:5
[INFO] [stdout]   |
[INFO] [stdout] 3 | use forces::*;
[INFO] [stdout]   |     ^^^^^^ use of undeclared crate or module `forces`
[INFO] [stdout] 
[INFO] [stdout] error: aborting due to 1 previous error
[INFO] [stdout] 
[INFO] [stdout] For more information about this error, try `rustc --explain E0432`.
[INFO] [stdout] Couldn't compile the test.
[INFO] [stdout] 
[INFO] [stdout] failures:
[INFO] [stdout]     src/lib.rs - Object::addforce (line 173)
[INFO] [stdout]     src/lib.rs - Object::hitzero (line 118)
[INFO] [stdout]     src/lib.rs - Object::hitzero (line 128)
[INFO] [stdout]     src/lib.rs - Object::new (line 75)
[INFO] [stdout]     src/lib.rs - Object::overtime (line 92)
[INFO] [stdout]     src/lib.rs - Object::transverseforce (line 201)
[INFO] [stdout]     src/lib.rs - Places::new (line 55)
[INFO] [stdout] 
[INFO] [stdout] test result: FAILED. 0 passed; 7 failed; 0 ignored; 0 measured; 0 filtered out; finished in 0.04s
[INFO] [stdout] 
[INFO] [stderr] error: doctest failed, to rerun pass `--doc`
[INFO] running `Command { std: "docker" "inspect" "602799311a518c4a658d23845bf3fbc606042073b12f3770412d1671fa505441", kill_on_drop: false }`
[INFO] running `Command { std: "docker" "rm" "-f" "602799311a518c4a658d23845bf3fbc606042073b12f3770412d1671fa505441", kill_on_drop: false }`
[INFO] [stdout] 602799311a518c4a658d23845bf3fbc606042073b12f3770412d1671fa505441
