[INFO] fetching crate object_store_opendal 0.48.1...
[INFO] testing object_store_opendal-0.48.1 against nightly-2024-10-28 for randomize-layout
[INFO] extracting crate object_store_opendal 0.48.1 into /workspace/builds/worker-7-tc1/source
[INFO] validating manifest of crates.io crate object_store_opendal 0.48.1 on toolchain nightly-2024-10-28
[INFO] running `Command { std: CARGO_HOME="/workspace/cargo-home" RUSTUP_HOME="/workspace/rustup-home" "/workspace/cargo-home/bin/cargo" "+nightly-2024-10-28" "metadata" "--manifest-path" "Cargo.toml" "--no-deps", kill_on_drop: false }`
[INFO] started tweaking crates.io crate object_store_opendal 0.48.1
[INFO] removed 0 missing examples
[INFO] finished tweaking crates.io crate object_store_opendal 0.48.1
[INFO] tweaked toml for crates.io crate object_store_opendal 0.48.1 written to /workspace/builds/worker-7-tc1/source/Cargo.toml
[INFO] crate crates.io crate object_store_opendal 0.48.1 already has a lockfile, it will not be regenerated
[INFO] running `Command { std: CARGO_HOME="/workspace/cargo-home" RUSTUP_HOME="/workspace/rustup-home" "/workspace/cargo-home/bin/cargo" "+nightly-2024-10-28" "fetch" "--manifest-path" "Cargo.toml", kill_on_drop: false }`
[INFO] [stderr]  Downloading crates ...
[INFO] [stderr]   Downloaded reqsign v0.16.0
[INFO] [stderr]   Downloaded quick-xml v0.35.0
[INFO] [stderr]   Downloaded opendal v0.50.1
[INFO] running `Command { std: "docker" "create" "-v" "/var/lib/crater-agent-workspace/builds/worker-7-tc1/target:/opt/rustwide/target:rw,Z" "-v" "/var/lib/crater-agent-workspace/builds/worker-7-tc1/source:/opt/rustwide/workdir:ro,Z" "-v" "/var/lib/crater-agent-workspace/cargo-home:/opt/rustwide/cargo-home:ro,Z" "-v" "/var/lib/crater-agent-workspace/rustup-home:/opt/rustwide/rustup-home:ro,Z" "-e" "SOURCE_DIR=/opt/rustwide/workdir" "-e" "CARGO_TARGET_DIR=/opt/rustwide/target" "-e" "CARGO_HOME=/opt/rustwide/cargo-home" "-e" "RUSTUP_HOME=/opt/rustwide/rustup-home" "-w" "/opt/rustwide/workdir" "-m" "1610612736" "--user" "0:0" "--network" "none" "ghcr.io/rust-lang/crates-build-env/linux@sha256:4a844ea9eb2546a2d2c7022eacef16ef2e8229c7fbb2c7d4d55a9ceca922f72d" "/opt/rustwide/cargo-home/bin/cargo" "+nightly-2024-10-28" "metadata" "--no-deps" "--format-version=1", kill_on_drop: false }`
[INFO] [stdout] 0e2dc52f964c1861d80a3c7e29c8c613b46426051b1ad45ed9717c760e85bb1e
[INFO] running `Command { std: "docker" "start" "-a" "0e2dc52f964c1861d80a3c7e29c8c613b46426051b1ad45ed9717c760e85bb1e", kill_on_drop: false }`
[INFO] running `Command { std: "docker" "inspect" "0e2dc52f964c1861d80a3c7e29c8c613b46426051b1ad45ed9717c760e85bb1e", kill_on_drop: false }`
[INFO] running `Command { std: "docker" "rm" "-f" "0e2dc52f964c1861d80a3c7e29c8c613b46426051b1ad45ed9717c760e85bb1e", kill_on_drop: false }`
[INFO] [stdout] 0e2dc52f964c1861d80a3c7e29c8c613b46426051b1ad45ed9717c760e85bb1e
[INFO] running `Command { std: "docker" "create" "-v" "/var/lib/crater-agent-workspace/builds/worker-7-tc1/target:/opt/rustwide/target:rw,Z" "-v" "/var/lib/crater-agent-workspace/builds/worker-7-tc1/source:/opt/rustwide/workdir:ro,Z" "-v" "/var/lib/crater-agent-workspace/cargo-home:/opt/rustwide/cargo-home:ro,Z" "-v" "/var/lib/crater-agent-workspace/rustup-home:/opt/rustwide/rustup-home:ro,Z" "-e" "SOURCE_DIR=/opt/rustwide/workdir" "-e" "CARGO_TARGET_DIR=/opt/rustwide/target" "-e" "CARGO_INCREMENTAL=0" "-e" "RUST_BACKTRACE=full" "-e" "RUSTFLAGS=--cap-lints=forbid" "-e" "RUSTDOCFLAGS=--cap-lints=forbid" "-e" "CARGO_HOME=/opt/rustwide/cargo-home" "-e" "RUSTUP_HOME=/opt/rustwide/rustup-home" "-w" "/opt/rustwide/workdir" "-m" "1610612736" "--user" "0:0" "--network" "none" "ghcr.io/rust-lang/crates-build-env/linux@sha256:4a844ea9eb2546a2d2c7022eacef16ef2e8229c7fbb2c7d4d55a9ceca922f72d" "/opt/rustwide/cargo-home/bin/cargo" "+nightly-2024-10-28" "build" "--frozen" "--message-format=json", kill_on_drop: false }`
[INFO] [stdout] 044548b493462a0817c799259239029e860f0f939f2db852d0885dc1de60b8ad
[INFO] running `Command { std: "docker" "start" "-a" "044548b493462a0817c799259239029e860f0f939f2db852d0885dc1de60b8ad", kill_on_drop: false }`
[INFO] [stderr]    Compiling proc-macro2 v1.0.89
[INFO] [stderr]    Compiling unicode-ident v1.0.13
[INFO] [stderr]    Compiling autocfg v1.4.0
[INFO] [stderr]    Compiling libc v0.2.161
[INFO] [stderr]    Compiling bytes v1.8.0
[INFO] [stderr]    Compiling futures-core v0.3.31
[INFO] [stderr]    Compiling futures-sink v0.3.31
[INFO] [stderr]    Compiling shlex v1.3.0
[INFO] [stderr]    Compiling futures-task v0.3.31
[INFO] [stderr]    Compiling futures-channel v0.3.31
[INFO] [stderr]    Compiling cc v1.1.31
[INFO] [stderr]    Compiling itoa v1.0.11
[INFO] [stderr]    Compiling futures-io v0.3.31
[INFO] [stderr]    Compiling once_cell v1.20.2
[INFO] [stderr]    Compiling typenum v1.17.0
[INFO] [stderr]    Compiling smallvec v1.13.2
[INFO] [stderr]    Compiling slab v0.4.9
[INFO] [stderr]    Compiling fnv v1.0.7
[INFO] [stderr]    Compiling serde v1.0.213
[INFO] [stderr]    Compiling version_check v0.9.5
[INFO] [stderr]    Compiling rustls-pki-types v1.10.0
[INFO] [stderr]    Compiling quote v1.0.37
[INFO] [stderr]    Compiling http v1.1.0
[INFO] [stderr]    Compiling httparse v1.9.5
[INFO] [stderr]    Compiling generic-array v0.14.7
[INFO] [stderr]    Compiling syn v2.0.82
[INFO] [stderr]    Compiling mio v1.0.2
[INFO] [stderr]    Compiling socket2 v0.5.7
[INFO] [stderr]    Compiling getrandom v0.2.15
[INFO] [stderr]    Compiling spin v0.9.8
[INFO] [stderr]    Compiling untrusted v0.9.0
[INFO] [stderr]    Compiling tinyvec_macros v0.1.1
[INFO] [stderr]    Compiling tinyvec v1.8.0
[INFO] [stderr]    Compiling tracing-core v0.1.32
[INFO] [stderr]    Compiling ring v0.17.8
[INFO] [stderr]    Compiling http-body v1.0.1
[INFO] [stderr]    Compiling try-lock v0.2.5
[INFO] [stderr]    Compiling percent-encoding v2.3.1
[INFO] [stderr]    Compiling rustls v0.23.15
[INFO] [stderr]    Compiling form_urlencoded v1.2.1
[INFO] [stderr]    Compiling want v0.3.1
[INFO] [stderr]    Compiling num-traits v0.2.19
[INFO] [stderr]    Compiling unicode-bidi v0.3.17
[INFO] [stderr]    Compiling unicode-normalization v0.1.24
[INFO] [stderr]    Compiling subtle v2.6.1
[INFO] [stderr]    Compiling zeroize v1.8.1
[INFO] [stderr]    Compiling lock_api v0.4.12
[INFO] [stderr]    Compiling ryu v1.0.18
[INFO] [stderr]    Compiling tower-service v0.3.3
[INFO] [stderr]    Compiling webpki-roots v0.26.6
[INFO] [stderr]    Compiling serde_json v1.0.132
[INFO] [stderr]    Compiling block-buffer v0.10.4
[INFO] [stderr]    Compiling crypto-common v0.1.6
[INFO] [stderr]    Compiling iana-time-zone v0.1.61
[INFO] [stderr]    Compiling idna v0.5.0
[INFO] [stderr]    Compiling heck v0.5.0
[INFO] [stderr]    Compiling anyhow v1.0.91
[INFO] [stderr]    Compiling digest v0.10.7
[INFO] [stderr]    Compiling parking_lot_core v0.9.10
[INFO] [stderr]    Compiling rustls-pemfile v2.2.0
[INFO] [stderr]    Compiling sync_wrapper v1.0.1
[INFO] [stderr]    Compiling either v1.13.0
[INFO] [stderr]    Compiling base64 v0.22.1
[INFO] [stderr]    Compiling url v2.5.2
[INFO] [stderr]    Compiling chrono v0.4.38
[INFO] [stderr]    Compiling ipnet v2.10.1
[INFO] [stderr]    Compiling log v0.4.22
[INFO] [stderr]    Compiling same-file v1.0.6
[INFO] [stderr]    Compiling fastrand v2.1.1
[INFO] [stderr]    Compiling mime v0.3.17
[INFO] [stderr]    Compiling walkdir v2.5.0
[INFO] [stderr]    Compiling itertools v0.13.0
[INFO] [stderr]    Compiling parking_lot v0.12.3
[INFO] [stderr]    Compiling md-5 v0.10.6
[INFO] [stderr]    Compiling flagset v0.4.6
[INFO] [stderr]    Compiling humantime v2.1.0
[INFO] [stderr]    Compiling tokio-macros v2.4.0
[INFO] [stderr]    Compiling futures-macro v0.3.31
[INFO] [stderr]    Compiling serde_derive v1.0.213
[INFO] [stderr]    Compiling tracing-attributes v0.1.27
[INFO] [stderr]    Compiling async-trait v0.1.83
[INFO] [stderr]    Compiling snafu-derive v0.8.5
[INFO] [stderr]    Compiling pin-project-internal v1.1.6
[INFO] [stderr]    Compiling tokio v1.41.0
[INFO] [stderr]    Compiling futures-util v0.3.31
[INFO] [stderr]    Compiling pin-project v1.1.6
[INFO] [stderr]    Compiling tracing v0.1.40
[INFO] [stderr]    Compiling rustls-webpki v0.102.8
[INFO] [stderr]    Compiling snafu v0.8.5
[INFO] [stderr]    Compiling futures-executor v0.3.31
[INFO] [stderr]    Compiling http-body-util v0.1.2
[INFO] [stderr]    Compiling futures v0.3.31
[INFO] [stderr]    Compiling hyper v1.5.0
[INFO] [stderr]    Compiling tokio-util v0.7.12
[INFO] [stderr]    Compiling backon v1.2.0
[INFO] [stderr]    Compiling object_store v0.11.1
[INFO] [stderr]    Compiling tokio-rustls v0.26.0
[INFO] [stderr]    Compiling hyper-util v0.1.9
[INFO] [stderr]    Compiling serde_urlencoded v0.7.1
[INFO] [stderr]    Compiling quick-xml v0.36.2
[INFO] [stderr]    Compiling uuid v1.11.0
[INFO] [stderr]    Compiling hyper-rustls v0.27.3
[INFO] [stderr]    Compiling reqwest v0.12.8
[INFO] [stderr]    Compiling opendal v0.50.1
[INFO] [stderr]    Compiling object_store_opendal v0.48.1 (/opt/rustwide/workdir)
[INFO] [stderr]     Finished `dev` profile [unoptimized + debuginfo] target(s) in 16.70s
[INFO] running `Command { std: "docker" "inspect" "044548b493462a0817c799259239029e860f0f939f2db852d0885dc1de60b8ad", kill_on_drop: false }`
[INFO] running `Command { std: "docker" "rm" "-f" "044548b493462a0817c799259239029e860f0f939f2db852d0885dc1de60b8ad", kill_on_drop: false }`
[INFO] [stdout] 044548b493462a0817c799259239029e860f0f939f2db852d0885dc1de60b8ad
[INFO] running `Command { std: "docker" "create" "-v" "/var/lib/crater-agent-workspace/builds/worker-7-tc1/target:/opt/rustwide/target:rw,Z" "-v" "/var/lib/crater-agent-workspace/builds/worker-7-tc1/source:/opt/rustwide/workdir:ro,Z" "-v" "/var/lib/crater-agent-workspace/cargo-home:/opt/rustwide/cargo-home:ro,Z" "-v" "/var/lib/crater-agent-workspace/rustup-home:/opt/rustwide/rustup-home:ro,Z" "-e" "SOURCE_DIR=/opt/rustwide/workdir" "-e" "CARGO_TARGET_DIR=/opt/rustwide/target" "-e" "CARGO_INCREMENTAL=0" "-e" "RUST_BACKTRACE=full" "-e" "RUSTFLAGS=--cap-lints=forbid" "-e" "RUSTDOCFLAGS=--cap-lints=forbid" "-e" "CARGO_HOME=/opt/rustwide/cargo-home" "-e" "RUSTUP_HOME=/opt/rustwide/rustup-home" "-w" "/opt/rustwide/workdir" "-m" "1610612736" "--user" "0:0" "--network" "none" "ghcr.io/rust-lang/crates-build-env/linux@sha256:4a844ea9eb2546a2d2c7022eacef16ef2e8229c7fbb2c7d4d55a9ceca922f72d" "/opt/rustwide/cargo-home/bin/cargo" "+nightly-2024-10-28" "test" "--frozen" "--no-run" "--message-format=json", kill_on_drop: false }`
[INFO] [stdout] 936407064ed9ac05060015aceb089a3d3a9358a85ec94486e0bbc6e24c1fa353
[INFO] running `Command { std: "docker" "start" "-a" "936407064ed9ac05060015aceb089a3d3a9358a85ec94486e0bbc6e24c1fa353", kill_on_drop: false }`
[INFO] [stderr]    Compiling getrandom v0.2.15
[INFO] [stderr]    Compiling tokio v1.41.0
[INFO] [stderr]    Compiling libc v0.2.161
[INFO] [stderr]    Compiling crunchy v0.2.2
[INFO] [stderr]    Compiling tiny-keccak v2.0.2
[INFO] [stderr]    Compiling const-oid v0.9.6
[INFO] [stderr]    Compiling semver v1.0.23
[INFO] [stderr]    Compiling once_cell v1.20.2
[INFO] [stderr]    Compiling ring v0.17.8
[INFO] [stderr]    Compiling digest v0.10.7
[INFO] [stderr]    Compiling zerocopy-derive v0.7.35
[INFO] [stderr]    Compiling byteorder v1.5.0
[INFO] [stderr]    Compiling rand_core v0.6.4
[INFO] [stderr]    Compiling hashbrown v0.14.5
[INFO] [stderr]    Compiling rustc_version v0.4.1
[INFO] [stderr]    Compiling cpufeatures v0.2.14
[INFO] [stderr]    Compiling chrono v0.4.38
[INFO] [stderr]    Compiling trim-in-place v0.1.7
[INFO] [stderr]    Compiling sha1 v0.10.6
[INFO] [stderr]    Compiling crc32c v0.6.8
[INFO] [stderr]    Compiling sha2 v0.10.8
[INFO] [stderr]    Compiling hmac v0.12.1
[INFO] [stderr]    Compiling zerocopy v0.7.35
[INFO] [stderr]    Compiling quick-xml v0.35.0
[INFO] [stderr]    Compiling hex v0.4.3
[INFO] [stderr]    Compiling const-random-macro v0.1.16
[INFO] [stderr]    Compiling rustls-webpki v0.102.8
[INFO] [stderr]    Compiling home v0.5.9
[INFO] [stderr]    Compiling const-random v0.1.18
[INFO] [stderr]    Compiling dlv-list v0.5.2
[INFO] [stderr]    Compiling ordered-multimap v0.7.3
[INFO] [stderr]    Compiling ppv-lite86 v0.2.20
[INFO] [stderr]    Compiling md-5 v0.10.6
[INFO] [stderr]    Compiling rustls v0.23.15
[INFO] [stderr]    Compiling rust-ini v0.21.1
[INFO] [stderr]    Compiling rand_chacha v0.3.1
[INFO] [stderr]    Compiling rand v0.8.5
[INFO] [stderr]    Compiling uuid v1.11.0
[INFO] [stderr]    Compiling hyper v1.5.0
[INFO] [stderr]    Compiling tokio-util v0.7.12
[INFO] [stderr]    Compiling backon v1.2.0
[INFO] [stderr]    Compiling object_store v0.11.1
[INFO] [stderr]    Compiling hyper-util v0.1.9
[INFO] [stderr]    Compiling tokio-rustls v0.26.0
[INFO] [stderr]    Compiling hyper-rustls v0.27.3
[INFO] [stderr]    Compiling reqwest v0.12.8
[INFO] [stderr]    Compiling reqsign v0.16.0
[INFO] [stderr]    Compiling opendal v0.50.1
[INFO] [stderr]    Compiling object_store_opendal v0.48.1 (/opt/rustwide/workdir)
[INFO] [stderr]     Finished `test` profile [unoptimized + debuginfo] target(s) in 13.17s
[INFO] running `Command { std: "docker" "inspect" "936407064ed9ac05060015aceb089a3d3a9358a85ec94486e0bbc6e24c1fa353", kill_on_drop: false }`
[INFO] running `Command { std: "docker" "rm" "-f" "936407064ed9ac05060015aceb089a3d3a9358a85ec94486e0bbc6e24c1fa353", kill_on_drop: false }`
[INFO] [stdout] 936407064ed9ac05060015aceb089a3d3a9358a85ec94486e0bbc6e24c1fa353
[INFO] running `Command { std: "docker" "create" "-v" "/var/lib/crater-agent-workspace/builds/worker-7-tc1/target:/opt/rustwide/target:rw,Z" "-v" "/var/lib/crater-agent-workspace/builds/worker-7-tc1/source:/opt/rustwide/workdir:ro,Z" "-v" "/var/lib/crater-agent-workspace/cargo-home:/opt/rustwide/cargo-home:ro,Z" "-v" "/var/lib/crater-agent-workspace/rustup-home:/opt/rustwide/rustup-home:ro,Z" "-e" "SOURCE_DIR=/opt/rustwide/workdir" "-e" "CARGO_TARGET_DIR=/opt/rustwide/target" "-e" "CARGO_INCREMENTAL=0" "-e" "RUST_BACKTRACE=full" "-e" "RUSTFLAGS=--cap-lints=forbid" "-e" "RUSTDOCFLAGS=--cap-lints=forbid" "-e" "CARGO_HOME=/opt/rustwide/cargo-home" "-e" "RUSTUP_HOME=/opt/rustwide/rustup-home" "-w" "/opt/rustwide/workdir" "-m" "1610612736" "--user" "0:0" "--network" "none" "ghcr.io/rust-lang/crates-build-env/linux@sha256:4a844ea9eb2546a2d2c7022eacef16ef2e8229c7fbb2c7d4d55a9ceca922f72d" "/opt/rustwide/cargo-home/bin/cargo" "+nightly-2024-10-28" "test" "--frozen", kill_on_drop: false }`
[INFO] [stdout] 26f25439f0520b5ddc4180f249942c2d9cfcade2271aba256a4d08fc0ba440a5
[INFO] running `Command { std: "docker" "start" "-a" "26f25439f0520b5ddc4180f249942c2d9cfcade2271aba256a4d08fc0ba440a5", kill_on_drop: false }`
[INFO] [stderr]     Finished `test` profile [unoptimized + debuginfo] target(s) in 0.10s
[INFO] [stderr]      Running unittests src/lib.rs (/opt/rustwide/target/debug/deps/object_store_opendal-abc321d9882f562e)
[INFO] [stdout] 
[INFO] [stdout] running 5 tests
[INFO] [stdout] test store::tests::test_basic ... ok
[INFO] [stdout] test store::tests::test_list_with_offset ... ok
[INFO] [stdout] test store::tests::test_list ... ok
[INFO] [stdout] test store::tests::test_list_with_delimiter ... ok
[INFO] [stdout] test store::tests::test_put_multipart ... ok
[INFO] [stdout] 
[INFO] [stdout] test result: ok. 5 passed; 0 failed; 0 ignored; 0 measured; 0 filtered out; finished in 0.01s
[INFO] [stdout] 
[INFO] [stderr]    Doc-tests object_store_opendal
[INFO] [stdout] 
[INFO] [stdout] running 2 tests
[INFO] [stdout] test src/store.rs - store::OpendalStore (line 53) - compile ... FAILED
[INFO] [stdout] test src/lib.rs - (line 22) - compile ... FAILED
[INFO] [stdout] 
[INFO] [stdout] failures:
[INFO] [stdout] 
[INFO] [stdout] ---- src/store.rs - store::OpendalStore (line 53) stdout ----
[INFO] [stdout] error[E0599]: no function or associated item named `from_map` found for struct `opendal::services::S3` in the current scope
[INFO] [stdout]   --> src/store.rs:66:23
[INFO] [stdout]    |
[INFO] [stdout] 15 |     let builder = S3::from_map(
[INFO] [stdout]    |                       ^^^^^^^^ function or associated item not found in `S3`
[INFO] [stdout]    |
[INFO] [stdout] help: there is an associated function `from` with a similar name
[INFO] [stdout]    |
[INFO] [stdout] 15 |     let builder = S3::from(
[INFO] [stdout]    |                       ~~~~
[INFO] [stdout] 
[INFO] [stdout] error: aborting due to 1 previous error
[INFO] [stdout] 
[INFO] [stdout] For more information about this error, try `rustc --explain E0599`.
[INFO] [stdout] Couldn't compile the test.
[INFO] [stdout] ---- src/lib.rs - (line 22) stdout ----
[INFO] [stdout] error[E0599]: no function or associated item named `from_map` found for struct `opendal::services::S3` in the current scope
[INFO] [stdout]   --> src/lib.rs:35:23
[INFO] [stdout]    |
[INFO] [stdout] 15 |     let builder = S3::from_map(
[INFO] [stdout]    |                       ^^^^^^^^ function or associated item not found in `S3`
[INFO] [stdout]    |
[INFO] [stdout] help: there is an associated function `from` with a similar name
[INFO] [stdout]    |
[INFO] [stdout] 15 |     let builder = S3::from(
[INFO] [stdout]    |                       ~~~~
[INFO] [stdout] 
[INFO] [stdout] error: aborting due to 1 previous error
[INFO] [stdout] 
[INFO] [stdout] For more information about this error, try `rustc --explain E0599`.
[INFO] [stdout] Couldn't compile the test.
[INFO] [stdout] 
[INFO] [stdout] failures:
[INFO] [stdout]     src/lib.rs - (line 22)
[INFO] [stdout]     src/store.rs - store::OpendalStore (line 53)
[INFO] [stdout] 
[INFO] [stdout] test result: FAILED. 0 passed; 2 failed; 0 ignored; 0 measured; 0 filtered out; finished in 0.08s
[INFO] [stdout] 
[INFO] [stderr] error: doctest failed, to rerun pass `--doc`
[INFO] running `Command { std: "docker" "inspect" "26f25439f0520b5ddc4180f249942c2d9cfcade2271aba256a4d08fc0ba440a5", kill_on_drop: false }`
[INFO] running `Command { std: "docker" "rm" "-f" "26f25439f0520b5ddc4180f249942c2d9cfcade2271aba256a4d08fc0ba440a5", kill_on_drop: false }`
[INFO] [stdout] 26f25439f0520b5ddc4180f249942c2d9cfcade2271aba256a4d08fc0ba440a5
