[INFO] fetching crate nws-forecast-zones 0.3.0...
[INFO] testing nws-forecast-zones-0.3.0 against nightly-2024-10-28 for randomize-layout
[INFO] extracting crate nws-forecast-zones 0.3.0 into /workspace/builds/worker-4-tc1/source
[INFO] validating manifest of crates.io crate nws-forecast-zones 0.3.0 on toolchain nightly-2024-10-28
[INFO] running `Command { std: CARGO_HOME="/workspace/cargo-home" RUSTUP_HOME="/workspace/rustup-home" "/workspace/cargo-home/bin/cargo" "+nightly-2024-10-28" "metadata" "--manifest-path" "Cargo.toml" "--no-deps", kill_on_drop: false }`
[INFO] started tweaking crates.io crate nws-forecast-zones 0.3.0
[INFO] finished tweaking crates.io crate nws-forecast-zones 0.3.0
[INFO] tweaked toml for crates.io crate nws-forecast-zones 0.3.0 written to /workspace/builds/worker-4-tc1/source/Cargo.toml
[INFO] running `Command { std: CARGO_HOME="/workspace/cargo-home" RUSTUP_HOME="/workspace/rustup-home" "/workspace/cargo-home/bin/cargo" "+nightly-2024-10-28" "generate-lockfile" "--manifest-path" "Cargo.toml", kill_on_drop: false }`
[INFO] running `Command { std: CARGO_HOME="/workspace/cargo-home" RUSTUP_HOME="/workspace/rustup-home" "/workspace/cargo-home/bin/cargo" "+nightly-2024-10-28" "fetch" "--manifest-path" "Cargo.toml", kill_on_drop: false }`
[INFO] running `Command { std: "docker" "create" "-v" "/var/lib/crater-agent-workspace/builds/worker-4-tc1/target:/opt/rustwide/target:rw,Z" "-v" "/var/lib/crater-agent-workspace/builds/worker-4-tc1/source:/opt/rustwide/workdir:ro,Z" "-v" "/var/lib/crater-agent-workspace/cargo-home:/opt/rustwide/cargo-home:ro,Z" "-v" "/var/lib/crater-agent-workspace/rustup-home:/opt/rustwide/rustup-home:ro,Z" "-e" "SOURCE_DIR=/opt/rustwide/workdir" "-e" "CARGO_TARGET_DIR=/opt/rustwide/target" "-e" "CARGO_HOME=/opt/rustwide/cargo-home" "-e" "RUSTUP_HOME=/opt/rustwide/rustup-home" "-w" "/opt/rustwide/workdir" "-m" "1610612736" "--user" "0:0" "--network" "none" "ghcr.io/rust-lang/crates-build-env/linux@sha256:4a844ea9eb2546a2d2c7022eacef16ef2e8229c7fbb2c7d4d55a9ceca922f72d" "/opt/rustwide/cargo-home/bin/cargo" "+nightly-2024-10-28" "metadata" "--no-deps" "--format-version=1", kill_on_drop: false }`
[INFO] [stdout] 743a2b224c32475b53b414ba5e8a28ae0705222b0d259425ff86b58b15e1728d
[INFO] running `Command { std: "docker" "start" "-a" "743a2b224c32475b53b414ba5e8a28ae0705222b0d259425ff86b58b15e1728d", kill_on_drop: false }`
[INFO] running `Command { std: "docker" "inspect" "743a2b224c32475b53b414ba5e8a28ae0705222b0d259425ff86b58b15e1728d", kill_on_drop: false }`
[INFO] running `Command { std: "docker" "rm" "-f" "743a2b224c32475b53b414ba5e8a28ae0705222b0d259425ff86b58b15e1728d", kill_on_drop: false }`
[INFO] [stdout] 743a2b224c32475b53b414ba5e8a28ae0705222b0d259425ff86b58b15e1728d
[INFO] running `Command { std: "docker" "create" "-v" "/var/lib/crater-agent-workspace/builds/worker-4-tc1/target:/opt/rustwide/target:rw,Z" "-v" "/var/lib/crater-agent-workspace/builds/worker-4-tc1/source:/opt/rustwide/workdir:ro,Z" "-v" "/var/lib/crater-agent-workspace/cargo-home:/opt/rustwide/cargo-home:ro,Z" "-v" "/var/lib/crater-agent-workspace/rustup-home:/opt/rustwide/rustup-home:ro,Z" "-e" "SOURCE_DIR=/opt/rustwide/workdir" "-e" "CARGO_TARGET_DIR=/opt/rustwide/target" "-e" "CARGO_INCREMENTAL=0" "-e" "RUST_BACKTRACE=full" "-e" "RUSTFLAGS=--cap-lints=forbid" "-e" "RUSTDOCFLAGS=--cap-lints=forbid" "-e" "CARGO_HOME=/opt/rustwide/cargo-home" "-e" "RUSTUP_HOME=/opt/rustwide/rustup-home" "-w" "/opt/rustwide/workdir" "-m" "1610612736" "--user" "0:0" "--network" "none" "ghcr.io/rust-lang/crates-build-env/linux@sha256:4a844ea9eb2546a2d2c7022eacef16ef2e8229c7fbb2c7d4d55a9ceca922f72d" "/opt/rustwide/cargo-home/bin/cargo" "+nightly-2024-10-28" "build" "--frozen" "--message-format=json", kill_on_drop: false }`
[INFO] [stdout] 6e1cd20f2d97caf64cd4e5d401f007eb2ac7f46a3b63a692096075584a138465
[INFO] running `Command { std: "docker" "start" "-a" "6e1cd20f2d97caf64cd4e5d401f007eb2ac7f46a3b63a692096075584a138465", kill_on_drop: false }`
[INFO] [stderr]    Compiling nws-forecast-zones v0.3.0 (/opt/rustwide/workdir)
[INFO] [stdout] warning: fields `0` and `1` are never read
[INFO] [stdout]    --> src/lib.rs:148:17
[INFO] [stdout]     |
[INFO] [stdout] 148 |     UnknownZone(String, u16),
[INFO] [stdout]     |     ----------- ^^^^^^  ^^^
[INFO] [stdout]     |     |
[INFO] [stdout]     |     fields in this variant
[INFO] [stdout]     |
[INFO] [stdout]     = note: `#[warn(dead_code)]` on by default
[INFO] [stdout] help: consider changing the fields to be of unit type to suppress this warning while preserving the field numbering, or remove the fields
[INFO] [stdout]     |
[INFO] [stdout] 148 |     UnknownZone((), ()),
[INFO] [stdout]     |                 ~~  ~~
[INFO] [stdout] 
[INFO] [stdout] 
[INFO] [stderr]     Finished `dev` profile [unoptimized + debuginfo] target(s) in 4.28s
[INFO] running `Command { std: "docker" "inspect" "6e1cd20f2d97caf64cd4e5d401f007eb2ac7f46a3b63a692096075584a138465", kill_on_drop: false }`
[INFO] running `Command { std: "docker" "rm" "-f" "6e1cd20f2d97caf64cd4e5d401f007eb2ac7f46a3b63a692096075584a138465", kill_on_drop: false }`
[INFO] [stdout] 6e1cd20f2d97caf64cd4e5d401f007eb2ac7f46a3b63a692096075584a138465
[INFO] running `Command { std: "docker" "create" "-v" "/var/lib/crater-agent-workspace/builds/worker-4-tc1/target:/opt/rustwide/target:rw,Z" "-v" "/var/lib/crater-agent-workspace/builds/worker-4-tc1/source:/opt/rustwide/workdir:ro,Z" "-v" "/var/lib/crater-agent-workspace/cargo-home:/opt/rustwide/cargo-home:ro,Z" "-v" "/var/lib/crater-agent-workspace/rustup-home:/opt/rustwide/rustup-home:ro,Z" "-e" "SOURCE_DIR=/opt/rustwide/workdir" "-e" "CARGO_TARGET_DIR=/opt/rustwide/target" "-e" "CARGO_INCREMENTAL=0" "-e" "RUST_BACKTRACE=full" "-e" "RUSTFLAGS=--cap-lints=forbid" "-e" "RUSTDOCFLAGS=--cap-lints=forbid" "-e" "CARGO_HOME=/opt/rustwide/cargo-home" "-e" "RUSTUP_HOME=/opt/rustwide/rustup-home" "-w" "/opt/rustwide/workdir" "-m" "1610612736" "--user" "0:0" "--network" "none" "ghcr.io/rust-lang/crates-build-env/linux@sha256:4a844ea9eb2546a2d2c7022eacef16ef2e8229c7fbb2c7d4d55a9ceca922f72d" "/opt/rustwide/cargo-home/bin/cargo" "+nightly-2024-10-28" "test" "--frozen" "--no-run" "--message-format=json", kill_on_drop: false }`
[INFO] [stdout] e2e408a099e8b43d80c655b50cb93e78d57bb73534630e63957bcacc5d372d0f
[INFO] running `Command { std: "docker" "start" "-a" "e2e408a099e8b43d80c655b50cb93e78d57bb73534630e63957bcacc5d372d0f", kill_on_drop: false }`
[INFO] [stderr]    Compiling nws-forecast-zones v0.3.0 (/opt/rustwide/workdir)
[INFO] [stdout] warning: fields `0` and `1` are never read
[INFO] [stdout]    --> src/lib.rs:148:17
[INFO] [stdout]     |
[INFO] [stdout] 148 |     UnknownZone(String, u16),
[INFO] [stdout]     |     ----------- ^^^^^^  ^^^
[INFO] [stdout]     |     |
[INFO] [stdout]     |     fields in this variant
[INFO] [stdout]     |
[INFO] [stdout]     = note: `#[warn(dead_code)]` on by default
[INFO] [stdout] help: consider changing the fields to be of unit type to suppress this warning while preserving the field numbering, or remove the fields
[INFO] [stdout]     |
[INFO] [stdout] 148 |     UnknownZone((), ()),
[INFO] [stdout]     |                 ~~  ~~
[INFO] [stdout] 
[INFO] [stdout] 
[INFO] [stdout] warning: fields `0` and `1` are never read
[INFO] [stdout]    --> src/lib.rs:148:17
[INFO] [stdout]     |
[INFO] [stdout] 148 |     UnknownZone(String, u16),
[INFO] [stdout]     |     ----------- ^^^^^^  ^^^
[INFO] [stdout]     |     |
[INFO] [stdout]     |     fields in this variant
[INFO] [stdout]     |
[INFO] [stdout]     = note: `ZoneSetEnum` has a derived impl for the trait `Debug`, but this is intentionally ignored during dead code analysis
[INFO] [stdout]     = note: `#[warn(dead_code)]` on by default
[INFO] [stdout] help: consider changing the fields to be of unit type to suppress this warning while preserving the field numbering, or remove the fields
[INFO] [stdout]     |
[INFO] [stdout] 148 |     UnknownZone((), ()),
[INFO] [stdout]     |                 ~~  ~~
[INFO] [stdout] 
[INFO] [stdout] 
[INFO] [stderr]     Finished `test` profile [unoptimized + debuginfo] target(s) in 4.80s
[INFO] running `Command { std: "docker" "inspect" "e2e408a099e8b43d80c655b50cb93e78d57bb73534630e63957bcacc5d372d0f", kill_on_drop: false }`
[INFO] running `Command { std: "docker" "rm" "-f" "e2e408a099e8b43d80c655b50cb93e78d57bb73534630e63957bcacc5d372d0f", kill_on_drop: false }`
[INFO] [stdout] e2e408a099e8b43d80c655b50cb93e78d57bb73534630e63957bcacc5d372d0f
[INFO] running `Command { std: "docker" "create" "-v" "/var/lib/crater-agent-workspace/builds/worker-4-tc1/target:/opt/rustwide/target:rw,Z" "-v" "/var/lib/crater-agent-workspace/builds/worker-4-tc1/source:/opt/rustwide/workdir:ro,Z" "-v" "/var/lib/crater-agent-workspace/cargo-home:/opt/rustwide/cargo-home:ro,Z" "-v" "/var/lib/crater-agent-workspace/rustup-home:/opt/rustwide/rustup-home:ro,Z" "-e" "SOURCE_DIR=/opt/rustwide/workdir" "-e" "CARGO_TARGET_DIR=/opt/rustwide/target" "-e" "CARGO_INCREMENTAL=0" "-e" "RUST_BACKTRACE=full" "-e" "RUSTFLAGS=--cap-lints=forbid" "-e" "RUSTDOCFLAGS=--cap-lints=forbid" "-e" "CARGO_HOME=/opt/rustwide/cargo-home" "-e" "RUSTUP_HOME=/opt/rustwide/rustup-home" "-w" "/opt/rustwide/workdir" "-m" "1610612736" "--user" "0:0" "--network" "none" "ghcr.io/rust-lang/crates-build-env/linux@sha256:4a844ea9eb2546a2d2c7022eacef16ef2e8229c7fbb2c7d4d55a9ceca922f72d" "/opt/rustwide/cargo-home/bin/cargo" "+nightly-2024-10-28" "test" "--frozen", kill_on_drop: false }`
[INFO] [stdout] dd2c94f59e56c6476c8c6a44805e5815136b75344c321d48880662bcc3c61740
[INFO] running `Command { std: "docker" "start" "-a" "dd2c94f59e56c6476c8c6a44805e5815136b75344c321d48880662bcc3c61740", kill_on_drop: false }`
[INFO] [stderr] warning: fields `0` and `1` are never read
[INFO] [stderr]    --> src/lib.rs:148:17
[INFO] [stderr]     |
[INFO] [stderr] 148 |     UnknownZone(String, u16),
[INFO] [stderr]     |     ----------- ^^^^^^  ^^^
[INFO] [stderr]     |     |
[INFO] [stderr]     |     fields in this variant
[INFO] [stderr]     |
[INFO] [stderr]     = note: `#[warn(dead_code)]` on by default
[INFO] [stderr] help: consider changing the fields to be of unit type to suppress this warning while preserving the field numbering, or remove the fields
[INFO] [stderr]     |
[INFO] [stderr] 148 |     UnknownZone((), ()),
[INFO] [stderr]     |                 ~~  ~~
[INFO] [stderr] 
[INFO] [stderr] warning: `nws-forecast-zones` (lib) generated 1 warning
[INFO] [stderr] warning: fields `0` and `1` are never read
[INFO] [stderr]    --> src/lib.rs:148:17
[INFO] [stderr]     |
[INFO] [stderr] 148 |     UnknownZone(String, u16),
[INFO] [stderr]     |     ----------- ^^^^^^  ^^^
[INFO] [stderr]     |     |
[INFO] [stderr]     |     fields in this variant
[INFO] [stderr]     |
[INFO] [stderr]     = note: `ZoneSetEnum` has a derived impl for the trait `Debug`, but this is intentionally ignored during dead code analysis
[INFO] [stderr]     = note: `#[warn(dead_code)]` on by default
[INFO] [stderr] help: consider changing the fields to be of unit type to suppress this warning while preserving the field numbering, or remove the fields
[INFO] [stderr]     |
[INFO] [stderr] 148 |     UnknownZone((), ()),
[INFO] [stderr]     |                 ~~  ~~
[INFO] [stderr] 
[INFO] [stderr] warning: `nws-forecast-zones` (lib test) generated 1 warning
[INFO] [stderr]     Finished `test` profile [unoptimized + debuginfo] target(s) in 0.01s
[INFO] [stderr]      Running unittests src/lib.rs (/opt/rustwide/target/debug/deps/nws_forecast_zones-4c9ba5d9803e4d8b)
[INFO] [stdout] 
[INFO] [stdout] running 3 tests
[INFO] [stdout] test tests::test_nopanic ... ok
[INFO] [stdout] test tests::test_parsing ... ok
[INFO] [stdout] test tests::test_parsing_marine ... FAILED
[INFO] [stdout] 
[INFO] [stdout] failures:
[INFO] [stdout] 
[INFO] [stdout] ---- tests::test_parsing_marine stdout ----
[INFO] [stdout] ZoneSet { inner: List([Range("GM", 634, 636), Specific(CoastalMarine(GMZ650)), Specific(CoastalMarine(GMZ655)), Specific(CoastalMarine(GMZ675))]) }
[INFO] [stdout] thread 'tests::test_parsing_marine' panicked at src/lib.rs:468:89:
[INFO] [stdout] called `Result::unwrap()` on an `Err` value: UnexpectedString("IL0")
[INFO] [stdout] stack backtrace:
[INFO] [stdout]    0:     0x57772eeb014a - std::backtrace_rs::backtrace::libunwind::trace::h207520d6e9873551
[INFO] [stdout]                                at /rustc/df4ca44d3fbc9301ee17f30f4d474e6ae4b05252/library/std/src/../../backtrace/src/backtrace/libunwind.rs:116:5
[INFO] [stdout]    1:     0x57772eeb014a - std::backtrace_rs::backtrace::trace_unsynchronized::h2ed7433f370e3eca
[INFO] [stdout]                                at /rustc/df4ca44d3fbc9301ee17f30f4d474e6ae4b05252/library/std/src/../../backtrace/src/backtrace/mod.rs:66:5
[INFO] [stdout]    2:     0x57772eeb014a - std::sys::backtrace::_print_fmt::h916fac51166b18d7
[INFO] [stdout]                                at /rustc/df4ca44d3fbc9301ee17f30f4d474e6ae4b05252/library/std/src/sys/backtrace.rs:66:9
[INFO] [stdout]    3:     0x57772eeb014a - <std::sys::backtrace::BacktraceLock::print::DisplayBacktrace as core::fmt::Display>::fmt::ha0a4c9b8ce3802e6
[INFO] [stdout]                                at /rustc/df4ca44d3fbc9301ee17f30f4d474e6ae4b05252/library/std/src/sys/backtrace.rs:39:26
[INFO] [stdout]    4:     0x57772eed6693 - core::fmt::rt::Argument::fmt::h4cfc8587d52b3eb5
[INFO] [stdout]                                at /rustc/df4ca44d3fbc9301ee17f30f4d474e6ae4b05252/library/core/src/fmt/rt.rs:177:76
[INFO] [stdout]    5:     0x57772eed6693 - core::fmt::write::h522cc39e5b36ae9f
[INFO] [stdout]                                at /rustc/df4ca44d3fbc9301ee17f30f4d474e6ae4b05252/library/core/src/fmt/mod.rs:1190:21
[INFO] [stdout]    6:     0x57772eeacdb3 - std::io::Write::write_fmt::h7d3c26752da97734
[INFO] [stdout]                                at /rustc/df4ca44d3fbc9301ee17f30f4d474e6ae4b05252/library/std/src/io/mod.rs:1839:15
[INFO] [stdout]    7:     0x57772eeaff92 - std::sys::backtrace::BacktraceLock::print::h4b9e00b29e9c0942
[INFO] [stdout]                                at /rustc/df4ca44d3fbc9301ee17f30f4d474e6ae4b05252/library/std/src/sys/backtrace.rs:42:9
[INFO] [stdout]    8:     0x57772eeb15da - std::panicking::default_hook::{{closure}}::hb59b88280d0324d9
[INFO] [stdout]                                at /rustc/df4ca44d3fbc9301ee17f30f4d474e6ae4b05252/library/std/src/panicking.rs:268:22
[INFO] [stdout]    9:     0x57772eeb13e4 - std::panicking::default_hook::he1dd496665be4a29
[INFO] [stdout]                                at /rustc/df4ca44d3fbc9301ee17f30f4d474e6ae4b05252/library/std/src/panicking.rs:292:9
[INFO] [stdout]   10:     0x57772ee7b1d9 - <alloc::boxed::Box<F,A> as core::ops::function::Fn<Args>>::call::h4ff71de18744e1dc
[INFO] [stdout]                                at /rustc/df4ca44d3fbc9301ee17f30f4d474e6ae4b05252/library/alloc/src/boxed.rs:2468:9
[INFO] [stdout]   11:     0x57772ee7b1d9 - test::test_main::{{closure}}::hcf7c055ce117aa81
[INFO] [stdout]                                at /rustc/df4ca44d3fbc9301ee17f30f4d474e6ae4b05252/library/test/src/lib.rs:133:21
[INFO] [stdout]   12:     0x57772eeb1cd8 - <alloc::boxed::Box<F,A> as core::ops::function::Fn<Args>>::call::h1d66c6bbd60c9692
[INFO] [stdout]                                at /rustc/df4ca44d3fbc9301ee17f30f4d474e6ae4b05252/library/alloc/src/boxed.rs:2468:9
[INFO] [stdout]   13:     0x57772eeb1cd8 - std::panicking::rust_panic_with_hook::h2ff17fe8f26dfcf8
[INFO] [stdout]                                at /rustc/df4ca44d3fbc9301ee17f30f4d474e6ae4b05252/library/std/src/panicking.rs:809:13
[INFO] [stdout]   14:     0x57772eeb1a9a - std::panicking::begin_panic_handler::{{closure}}::h4fad77951c07e101
[INFO] [stdout]                                at /rustc/df4ca44d3fbc9301ee17f30f4d474e6ae4b05252/library/std/src/panicking.rs:674:13
[INFO] [stdout]   15:     0x57772eeb0629 - std::sys::backtrace::__rust_end_short_backtrace::hb1a25b3da5d0ea08
[INFO] [stdout]                                at /rustc/df4ca44d3fbc9301ee17f30f4d474e6ae4b05252/library/std/src/sys/backtrace.rs:170:18
[INFO] [stdout]   16:     0x57772eeb172c - rust_begin_unwind
[INFO] [stdout]                                at /rustc/df4ca44d3fbc9301ee17f30f4d474e6ae4b05252/library/std/src/panicking.rs:665:5
[INFO] [stdout]   17:     0x57772eed5130 - core::panicking::panic_fmt::ha9db07b529f9b256
[INFO] [stdout]                                at /rustc/df4ca44d3fbc9301ee17f30f4d474e6ae4b05252/library/core/src/panicking.rs:75:14
[INFO] [stdout]   18:     0x57772eed54d6 - core::result::unwrap_failed::h5e8218e4d4338b8a
[INFO] [stdout]                                at /rustc/df4ca44d3fbc9301ee17f30f4d474e6ae4b05252/library/core/src/result.rs:1698:5
[INFO] [stdout]   19:     0x57772ee40585 - core::result::Result<T,E>::unwrap::h7e55043e21f0a04b
[INFO] [stdout]                                at /rustc/df4ca44d3fbc9301ee17f30f4d474e6ae4b05252/library/core/src/result.rs:1103:23
[INFO] [stdout]   20:     0x57772ee40585 - nws_forecast_zones::tests::test_parsing_marine::haa01fa0536d09d32
[INFO] [stdout]                                at /opt/rustwide/workdir/src/lib.rs:468:13
[INFO] [stdout]   21:     0x57772ee401a7 - nws_forecast_zones::tests::test_parsing_marine::{{closure}}::hbdbaf770f77ab0b6
[INFO] [stdout]                                at /opt/rustwide/workdir/src/lib.rs:458:29
[INFO] [stdout]   22:     0x57772ee3c986 - core::ops::function::FnOnce::call_once::h3c9cf27200c5a1e1
[INFO] [stdout]                                at /rustc/df4ca44d3fbc9301ee17f30f4d474e6ae4b05252/library/core/src/ops/function.rs:250:5
[INFO] [stdout]   23:     0x57772ee7faab - core::ops::function::FnOnce::call_once::h22c3ba5715e93f05
[INFO] [stdout]                                at /rustc/df4ca44d3fbc9301ee17f30f4d474e6ae4b05252/library/core/src/ops/function.rs:250:5
[INFO] [stdout]   24:     0x57772ee7faab - test::__rust_begin_short_backtrace::h8e82d8113d0da17f
[INFO] [stdout]                                at /rustc/df4ca44d3fbc9301ee17f30f4d474e6ae4b05252/library/test/src/lib.rs:621:18
[INFO] [stdout]   25:     0x57772ee7f427 - test::run_test_in_process::{{closure}}::h33235f4f20b7b7c7
[INFO] [stdout]                                at /rustc/df4ca44d3fbc9301ee17f30f4d474e6ae4b05252/library/test/src/lib.rs:644:60
[INFO] [stdout]   26:     0x57772ee7f427 - <core::panic::unwind_safe::AssertUnwindSafe<F> as core::ops::function::FnOnce<()>>::call_once::hb5043206310c586f
[INFO] [stdout]                                at /rustc/df4ca44d3fbc9301ee17f30f4d474e6ae4b05252/library/core/src/panic/unwind_safe.rs:272:9
[INFO] [stdout]   27:     0x57772ee7f427 - std::panicking::try::do_call::h9ad4731a60ab23e2
[INFO] [stdout]                                at /rustc/df4ca44d3fbc9301ee17f30f4d474e6ae4b05252/library/std/src/panicking.rs:557:40
[INFO] [stdout]   28:     0x57772ee7f427 - std::panicking::try::h3824d23db772a716
[INFO] [stdout]                                at /rustc/df4ca44d3fbc9301ee17f30f4d474e6ae4b05252/library/std/src/panicking.rs:520:19
[INFO] [stdout]   29:     0x57772ee7f427 - std::panic::catch_unwind::h5afd514605fde46b
[INFO] [stdout]                                at /rustc/df4ca44d3fbc9301ee17f30f4d474e6ae4b05252/library/std/src/panic.rs:358:14
[INFO] [stdout]   30:     0x57772ee7f427 - test::run_test_in_process::h0d5cbfa7067d1720
[INFO] [stdout]                                at /rustc/df4ca44d3fbc9301ee17f30f4d474e6ae4b05252/library/test/src/lib.rs:644:27
[INFO] [stdout]   31:     0x57772ee7f427 - test::run_test::{{closure}}::h708eb8872708115d
[INFO] [stdout]                                at /rustc/df4ca44d3fbc9301ee17f30f4d474e6ae4b05252/library/test/src/lib.rs:565:43
[INFO] [stdout]   32:     0x57772ee42b44 - test::run_test::{{closure}}::h392c51cee94713ab
[INFO] [stdout]                                at /rustc/df4ca44d3fbc9301ee17f30f4d474e6ae4b05252/library/test/src/lib.rs:595:41
[INFO] [stdout]   33:     0x57772ee42b44 - std::sys::backtrace::__rust_begin_short_backtrace::h2f40290710935a8b
[INFO] [stdout]                                at /rustc/df4ca44d3fbc9301ee17f30f4d474e6ae4b05252/library/std/src/sys/backtrace.rs:154:18
[INFO] [stdout]   34:     0x57772ee462ee - std::thread::Builder::spawn_unchecked_::{{closure}}::{{closure}}::h3fd968d89053a903
[INFO] [stdout]                                at /rustc/df4ca44d3fbc9301ee17f30f4d474e6ae4b05252/library/std/src/thread/mod.rs:541:17
[INFO] [stdout]   35:     0x57772ee462ee - <core::panic::unwind_safe::AssertUnwindSafe<F> as core::ops::function::FnOnce<()>>::call_once::h743f637ba4229880
[INFO] [stdout]                                at /rustc/df4ca44d3fbc9301ee17f30f4d474e6ae4b05252/library/core/src/panic/unwind_safe.rs:272:9
[INFO] [stdout]   36:     0x57772ee462ee - std::panicking::try::do_call::h07440897322525a6
[INFO] [stdout]                                at /rustc/df4ca44d3fbc9301ee17f30f4d474e6ae4b05252/library/std/src/panicking.rs:557:40
[INFO] [stdout]   37:     0x57772ee462ee - std::panicking::try::he5a2e00188156637
[INFO] [stdout]                                at /rustc/df4ca44d3fbc9301ee17f30f4d474e6ae4b05252/library/std/src/panicking.rs:520:19
[INFO] [stdout]   38:     0x57772ee462ee - std::panic::catch_unwind::hbaf3cae49b3c6433
[INFO] [stdout]                                at /rustc/df4ca44d3fbc9301ee17f30f4d474e6ae4b05252/library/std/src/panic.rs:358:14
[INFO] [stdout]   39:     0x57772ee462ee - std::thread::Builder::spawn_unchecked_::{{closure}}::h8e141ea224820bce
[INFO] [stdout]                                at /rustc/df4ca44d3fbc9301ee17f30f4d474e6ae4b05252/library/std/src/thread/mod.rs:540:30
[INFO] [stdout]   40:     0x57772ee462ee - core::ops::function::FnOnce::call_once{{vtable.shim}}::h90d312fedd7b8ea8
[INFO] [stdout]                                at /rustc/df4ca44d3fbc9301ee17f30f4d474e6ae4b05252/library/core/src/ops/function.rs:250:5
[INFO] [stdout]   41:     0x57772eeb5acb - <alloc::boxed::Box<F,A> as core::ops::function::FnOnce<Args>>::call_once::h69aa08ddb6adb8b6
[INFO] [stdout]                                at /rustc/df4ca44d3fbc9301ee17f30f4d474e6ae4b05252/library/alloc/src/boxed.rs:2454:9
[INFO] [stdout]   42:     0x57772eeb5acb - <alloc::boxed::Box<F,A> as core::ops::function::FnOnce<Args>>::call_once::h5aa36efdb79c806f
[INFO] [stdout]                                at /rustc/df4ca44d3fbc9301ee17f30f4d474e6ae4b05252/library/alloc/src/boxed.rs:2454:9
[INFO] [stdout]   43:     0x57772eeb5acb - std::sys::pal::unix::thread::Thread::new::thread_start::h6cd80a1b4be5158d
[INFO] [stdout]                                at /rustc/df4ca44d3fbc9301ee17f30f4d474e6ae4b05252/library/std/src/sys/pal/unix/thread.rs:105:17
[INFO] [stdout]   44:     0x7f386c363ac3 - <unknown>
[INFO] [stdout]   45:     0x7f386c3f4a04 - clone
[INFO] [stdout]   46:                0x0 - <unknown>
[INFO] [stdout] 
[INFO] [stdout] 
[INFO] [stdout] failures:
[INFO] [stdout]     tests::test_parsing_marine
[INFO] [stdout] 
[INFO] [stdout] test result: FAILED. 2 passed; 1 failed; 0 ignored; 0 measured; 0 filtered out; finished in 0.01s
[INFO] [stdout] 
[INFO] [stderr] error: test failed, to rerun pass `--lib`
[INFO] running `Command { std: "docker" "inspect" "dd2c94f59e56c6476c8c6a44805e5815136b75344c321d48880662bcc3c61740", kill_on_drop: false }`
[INFO] running `Command { std: "docker" "rm" "-f" "dd2c94f59e56c6476c8c6a44805e5815136b75344c321d48880662bcc3c61740", kill_on_drop: false }`
[INFO] [stdout] dd2c94f59e56c6476c8c6a44805e5815136b75344c321d48880662bcc3c61740
