[INFO] fetching crate nuts 0.2.1...
[INFO] testing nuts-0.2.1 against nightly-2024-10-28 for randomize-layout
[INFO] extracting crate nuts 0.2.1 into /workspace/builds/worker-0-tc1/source
[INFO] validating manifest of crates.io crate nuts 0.2.1 on toolchain nightly-2024-10-28
[INFO] running `Command { std: CARGO_HOME="/workspace/cargo-home" RUSTUP_HOME="/workspace/rustup-home" "/workspace/cargo-home/bin/cargo" "+nightly-2024-10-28" "metadata" "--manifest-path" "Cargo.toml" "--no-deps", kill_on_drop: false }`
[INFO] started tweaking crates.io crate nuts 0.2.1
[INFO] finished tweaking crates.io crate nuts 0.2.1
[INFO] tweaked toml for crates.io crate nuts 0.2.1 written to /workspace/builds/worker-0-tc1/source/Cargo.toml
[INFO] running `Command { std: CARGO_HOME="/workspace/cargo-home" RUSTUP_HOME="/workspace/rustup-home" "/workspace/cargo-home/bin/cargo" "+nightly-2024-10-28" "generate-lockfile" "--manifest-path" "Cargo.toml", kill_on_drop: false }`
[INFO] [stderr]     Updating crates.io index
[INFO] [stderr]      Locking 15 packages to latest compatible versions
[INFO] running `Command { std: CARGO_HOME="/workspace/cargo-home" RUSTUP_HOME="/workspace/rustup-home" "/workspace/cargo-home/bin/cargo" "+nightly-2024-10-28" "fetch" "--manifest-path" "Cargo.toml", kill_on_drop: false }`
[INFO] running `Command { std: "docker" "create" "-v" "/var/lib/crater-agent-workspace/builds/worker-0-tc1/target:/opt/rustwide/target:rw,Z" "-v" "/var/lib/crater-agent-workspace/builds/worker-0-tc1/source:/opt/rustwide/workdir:ro,Z" "-v" "/var/lib/crater-agent-workspace/cargo-home:/opt/rustwide/cargo-home:ro,Z" "-v" "/var/lib/crater-agent-workspace/rustup-home:/opt/rustwide/rustup-home:ro,Z" "-e" "SOURCE_DIR=/opt/rustwide/workdir" "-e" "CARGO_TARGET_DIR=/opt/rustwide/target" "-e" "CARGO_HOME=/opt/rustwide/cargo-home" "-e" "RUSTUP_HOME=/opt/rustwide/rustup-home" "-w" "/opt/rustwide/workdir" "-m" "1610612736" "--user" "0:0" "--network" "none" "ghcr.io/rust-lang/crates-build-env/linux@sha256:4a844ea9eb2546a2d2c7022eacef16ef2e8229c7fbb2c7d4d55a9ceca922f72d" "/opt/rustwide/cargo-home/bin/cargo" "+nightly-2024-10-28" "metadata" "--no-deps" "--format-version=1", kill_on_drop: false }`
[INFO] [stdout] 72f292222fbfd676b8bf0531b7be1fbbf87a6a1173640903f92e6300f82e1bc8
[INFO] running `Command { std: "docker" "start" "-a" "72f292222fbfd676b8bf0531b7be1fbbf87a6a1173640903f92e6300f82e1bc8", kill_on_drop: false }`
[INFO] running `Command { std: "docker" "inspect" "72f292222fbfd676b8bf0531b7be1fbbf87a6a1173640903f92e6300f82e1bc8", kill_on_drop: false }`
[INFO] running `Command { std: "docker" "rm" "-f" "72f292222fbfd676b8bf0531b7be1fbbf87a6a1173640903f92e6300f82e1bc8", kill_on_drop: false }`
[INFO] [stdout] 72f292222fbfd676b8bf0531b7be1fbbf87a6a1173640903f92e6300f82e1bc8
[INFO] running `Command { std: "docker" "create" "-v" "/var/lib/crater-agent-workspace/builds/worker-0-tc1/target:/opt/rustwide/target:rw,Z" "-v" "/var/lib/crater-agent-workspace/builds/worker-0-tc1/source:/opt/rustwide/workdir:ro,Z" "-v" "/var/lib/crater-agent-workspace/cargo-home:/opt/rustwide/cargo-home:ro,Z" "-v" "/var/lib/crater-agent-workspace/rustup-home:/opt/rustwide/rustup-home:ro,Z" "-e" "SOURCE_DIR=/opt/rustwide/workdir" "-e" "CARGO_TARGET_DIR=/opt/rustwide/target" "-e" "CARGO_INCREMENTAL=0" "-e" "RUST_BACKTRACE=full" "-e" "RUSTFLAGS=--cap-lints=forbid" "-e" "RUSTDOCFLAGS=--cap-lints=forbid" "-e" "CARGO_HOME=/opt/rustwide/cargo-home" "-e" "RUSTUP_HOME=/opt/rustwide/rustup-home" "-w" "/opt/rustwide/workdir" "-m" "1610612736" "--user" "0:0" "--network" "none" "ghcr.io/rust-lang/crates-build-env/linux@sha256:4a844ea9eb2546a2d2c7022eacef16ef2e8229c7fbb2c7d4d55a9ceca922f72d" "/opt/rustwide/cargo-home/bin/cargo" "+nightly-2024-10-28" "build" "--frozen" "--message-format=json", kill_on_drop: false }`
[INFO] [stdout] 1ceed79b3bcdf8f4329fb677eac3c3ddb2c64a8283e52a5ff4a8947abf776e13
[INFO] running `Command { std: "docker" "start" "-a" "1ceed79b3bcdf8f4329fb677eac3c3ddb2c64a8283e52a5ff4a8947abf776e13", kill_on_drop: false }`
[INFO] [stderr]    Compiling nuts v0.2.1 (/opt/rustwide/workdir)
[INFO] [stdout] warning: field `file_path` is never read
[INFO] [stdout]   --> build.rs:51:5
[INFO] [stdout]    |
[INFO] [stdout] 49 | struct Snippet {
[INFO] [stdout]    |        ------- field in this struct
[INFO] [stdout] 50 |     raw: String,
[INFO] [stdout] 51 |     file_path: Vec<String>,
[INFO] [stdout]    |     ^^^^^^^^^
[INFO] [stdout]    |
[INFO] [stdout]    = note: `Snippet` has a derived impl for the trait `Debug`, but this is intentionally ignored during dead code analysis
[INFO] [stdout]    = note: `#[warn(dead_code)]` on by default
[INFO] [stdout] 
[INFO] [stdout] 
[INFO] [stderr]     Finished `dev` profile [unoptimized + debuginfo] target(s) in 0.44s
[INFO] running `Command { std: "docker" "inspect" "1ceed79b3bcdf8f4329fb677eac3c3ddb2c64a8283e52a5ff4a8947abf776e13", kill_on_drop: false }`
[INFO] running `Command { std: "docker" "rm" "-f" "1ceed79b3bcdf8f4329fb677eac3c3ddb2c64a8283e52a5ff4a8947abf776e13", kill_on_drop: false }`
[INFO] [stdout] 1ceed79b3bcdf8f4329fb677eac3c3ddb2c64a8283e52a5ff4a8947abf776e13
[INFO] running `Command { std: "docker" "create" "-v" "/var/lib/crater-agent-workspace/builds/worker-0-tc1/target:/opt/rustwide/target:rw,Z" "-v" "/var/lib/crater-agent-workspace/builds/worker-0-tc1/source:/opt/rustwide/workdir:ro,Z" "-v" "/var/lib/crater-agent-workspace/cargo-home:/opt/rustwide/cargo-home:ro,Z" "-v" "/var/lib/crater-agent-workspace/rustup-home:/opt/rustwide/rustup-home:ro,Z" "-e" "SOURCE_DIR=/opt/rustwide/workdir" "-e" "CARGO_TARGET_DIR=/opt/rustwide/target" "-e" "CARGO_INCREMENTAL=0" "-e" "RUST_BACKTRACE=full" "-e" "RUSTFLAGS=--cap-lints=forbid" "-e" "RUSTDOCFLAGS=--cap-lints=forbid" "-e" "CARGO_HOME=/opt/rustwide/cargo-home" "-e" "RUSTUP_HOME=/opt/rustwide/rustup-home" "-w" "/opt/rustwide/workdir" "-m" "1610612736" "--user" "0:0" "--network" "none" "ghcr.io/rust-lang/crates-build-env/linux@sha256:4a844ea9eb2546a2d2c7022eacef16ef2e8229c7fbb2c7d4d55a9ceca922f72d" "/opt/rustwide/cargo-home/bin/cargo" "+nightly-2024-10-28" "test" "--frozen" "--no-run" "--message-format=json", kill_on_drop: false }`
[INFO] [stdout] 2e3cdcf0b55635bd3b65d1a9ec4ff6f505ca13aceac57eb24c935b7cc22851a6
[INFO] running `Command { std: "docker" "start" "-a" "2e3cdcf0b55635bd3b65d1a9ec4ff6f505ca13aceac57eb24c935b7cc22851a6", kill_on_drop: false }`
[INFO] [stdout] warning: field `file_path` is never read
[INFO] [stdout]   --> build.rs:51:5
[INFO] [stdout]    |
[INFO] [stdout] 49 | struct Snippet {
[INFO] [stdout]    |        ------- field in this struct
[INFO] [stdout] 50 |     raw: String,
[INFO] [stdout] 51 |     file_path: Vec<String>,
[INFO] [stdout]    |     ^^^^^^^^^
[INFO] [stdout]    |
[INFO] [stdout]    = note: `Snippet` has a derived impl for the trait `Debug`, but this is intentionally ignored during dead code analysis
[INFO] [stdout]    = note: `#[warn(dead_code)]` on by default
[INFO] [stdout] 
[INFO] [stdout] 
[INFO] [stderr]    Compiling nuts v0.2.1 (/opt/rustwide/workdir)
[INFO] [stderr]     Finished `test` profile [unoptimized + debuginfo] target(s) in 0.51s
[INFO] running `Command { std: "docker" "inspect" "2e3cdcf0b55635bd3b65d1a9ec4ff6f505ca13aceac57eb24c935b7cc22851a6", kill_on_drop: false }`
[INFO] running `Command { std: "docker" "rm" "-f" "2e3cdcf0b55635bd3b65d1a9ec4ff6f505ca13aceac57eb24c935b7cc22851a6", kill_on_drop: false }`
[INFO] [stdout] 2e3cdcf0b55635bd3b65d1a9ec4ff6f505ca13aceac57eb24c935b7cc22851a6
[INFO] running `Command { std: "docker" "create" "-v" "/var/lib/crater-agent-workspace/builds/worker-0-tc1/target:/opt/rustwide/target:rw,Z" "-v" "/var/lib/crater-agent-workspace/builds/worker-0-tc1/source:/opt/rustwide/workdir:ro,Z" "-v" "/var/lib/crater-agent-workspace/cargo-home:/opt/rustwide/cargo-home:ro,Z" "-v" "/var/lib/crater-agent-workspace/rustup-home:/opt/rustwide/rustup-home:ro,Z" "-e" "SOURCE_DIR=/opt/rustwide/workdir" "-e" "CARGO_TARGET_DIR=/opt/rustwide/target" "-e" "CARGO_INCREMENTAL=0" "-e" "RUST_BACKTRACE=full" "-e" "RUSTFLAGS=--cap-lints=forbid" "-e" "RUSTDOCFLAGS=--cap-lints=forbid" "-e" "CARGO_HOME=/opt/rustwide/cargo-home" "-e" "RUSTUP_HOME=/opt/rustwide/rustup-home" "-w" "/opt/rustwide/workdir" "-m" "1610612736" "--user" "0:0" "--network" "none" "ghcr.io/rust-lang/crates-build-env/linux@sha256:4a844ea9eb2546a2d2c7022eacef16ef2e8229c7fbb2c7d4d55a9ceca922f72d" "/opt/rustwide/cargo-home/bin/cargo" "+nightly-2024-10-28" "test" "--frozen", kill_on_drop: false }`
[INFO] [stdout] 3cd8848c7e971a43fefce0b04f09aff67f1bce0b0b14b41f1af3336606188e59
[INFO] running `Command { std: "docker" "start" "-a" "3cd8848c7e971a43fefce0b04f09aff67f1bce0b0b14b41f1af3336606188e59", kill_on_drop: false }`
[INFO] [stderr] warning: field `file_path` is never read
[INFO] [stderr]   --> build.rs:51:5
[INFO] [stderr]    |
[INFO] [stderr] 49 | struct Snippet {
[INFO] [stderr]    |        ------- field in this struct
[INFO] [stderr] 50 |     raw: String,
[INFO] [stderr] 51 |     file_path: Vec<String>,
[INFO] [stderr]    |     ^^^^^^^^^
[INFO] [stderr]    |
[INFO] [stderr]    = note: `Snippet` has a derived impl for the trait `Debug`, but this is intentionally ignored during dead code analysis
[INFO] [stderr]    = note: `#[warn(dead_code)]` on by default
[INFO] [stderr] 
[INFO] [stderr] warning: `nuts` (build script) generated 1 warning
[INFO] [stderr]     Finished `test` profile [unoptimized + debuginfo] target(s) in 0.01s
[INFO] [stderr]      Running unittests src/lib.rs (/opt/rustwide/target/debug/deps/nuts-886fcafedf5297c0)
[INFO] [stdout] 
[INFO] [stdout] running 37 tests
[INFO] [stdout] test test::base_tests::closure_registration ... ok
[INFO] [stdout] test test::base_tests::domained_activity ... ok
[INFO] [stdout] test test::base_tests::multi_subscribe_private_message ... ok
[INFO] [stdout] test test::base_tests::multi_subscriber_private_message ... ok
[INFO] [stdout] test test::base_tests::message_passing ... ok
[INFO] [stdout] test test::base_tests::owned_domained_message ... ok
[INFO] [stdout] test test::base_tests::owned_message ... ok
[INFO] [stdout] test test::base_tests::private_message ... ok
[INFO] [stdout] test test::base_tests::private_message_by_id ... ok
[INFO] [stdout] test test::base_tests::publish_inside_publish ... ok
[INFO] [stdout] test test::domain_tests::store_to_domain_inside_activity ... ok
[INFO] [stdout] test test::inchoate_tests::complex_scenario_0 ... ok
[INFO] [stdout] test test::inchoate_tests::create_inchoate_activity ... ok
[INFO] [stdout] test test::inchoate_tests::create_inchoate_domained_activity_and_subscribe_and_publish ... ok
[INFO] [stdout] test test::inchoate_tests::create_inchoate_activity_and_subscribe ... ok
[INFO] [stdout] test test::inchoate_tests::create_inchoate_domained_activity_and_subscribe ... ok
[INFO] [stdout] test test::inchoate_tests::create_inchoate_domained_activity_and_subscribe_and_publish_privately ... ok
[INFO] [stdout] test test::inchoate_tests::create_inchoate_domained_activity_and_subscribe_and_publish_to_inchoate_activity ... ok
[INFO] [stdout] test test::inchoate_tests::delete_inchoate_activity ... ok
[INFO] [stdout] test test::inchoate_tests::create_new_after_delete ... ok
[INFO] [stdout] test test::inchoate_tests::on_enter_and_leave_and_delete_for_inchoate_activity ... ok
[INFO] [stdout] test test::inchoate_tests::inchoate_ondelete ... ok
[INFO] [stdout] test test::inchoate_tests::queue_message_and_add_inchoate_subscriber ... ok
[INFO] [stdout] test test::inchoate_tests::delete_inchoate_activity_with_subscriber_and_on_delete ... ok
[INFO] [stdout] test test::lifecycle_tests::active_inactive ... ok
[INFO] [stdout] test test::lifecycle_tests::create_new_after_delete ... ok
[INFO] [stdout] test test::lifecycle_tests::delete_with_on_leave ... ok
[INFO] [stdout] test test::lifecycle_tests::delete_twice ... ok
[INFO] [stdout] test test::lifecycle_tests::deferred_delete_with_hanging_subscription ... ok
[INFO] [stdout] test test::lifecycle_tests::delete_without_handler ... ok
[INFO] [stdout] test test::lifecycle_tests::enter_leave ... ok
[INFO] [stdout] test test::lifecycle_tests::call_subscription_after_delete ... ok
[INFO] [stdout] test test::lifecycle_tests::on_delete ... ok
[INFO] [stdout] test test::lifecycle_tests::on_delete_domained ... ok
[INFO] [stdout] test test::lifecycle_tests::subscribe_after_delete ... ok
[INFO] [stdout] test test::lifecycle_tests::set_status_inside_publish ... ok
[INFO] [stdout] test test::lifecycle_tests::activate_after_delete - should panic ... ok
[INFO] [stdout] 
[INFO] [stdout] test result: ok. 37 passed; 0 failed; 0 ignored; 0 measured; 0 filtered out; finished in 0.01s
[INFO] [stdout] 
[INFO] [stderr]    Doc-tests nuts
[INFO] [stdout] 
[INFO] [stdout] running 10 tests
[INFO] [stdout] test src/nut/activity.rs - nut::activity::ActivityId<A>::subscribe (line 121) ... FAILED
[INFO] [stdout] test src/nut/activity.rs - nut::activity::ActivityId<A>::subscribe (line 141) ... FAILED
[INFO] [stdout] test src/lib.rs - panic_info (line 263) ... ok
[INFO] [stdout] test src/lib.rs - publish (line 182) ... ok
[INFO] [stdout] test src/lib.rs - publish (line 192) ... ok
[INFO] [stdout] test src/lib.rs - new_activity (line 67) ... ok
[INFO] [stdout] test src/lib.rs - (line 5) ... ok
[INFO] [stdout] test src/lib.rs - new_domained_activity (line 113) ... ok
[INFO] [stdout] test src/lib.rs - send_to (line 238) ... ok
[INFO] [stdout] test src/nut/iac/managed_state/domain_id.rs - nut::iac::managed_state::domain_id::domain_enum (line 39) ... ok
[INFO] [stdout] 
[INFO] [stdout] failures:
[INFO] [stdout] 
[INFO] [stdout] ---- src/nut/activity.rs - nut::activity::ActivityId<A>::subscribe (line 121) stdout ----
[INFO] [stdout] error: expected item, found `;`
[INFO] [stdout]  --> src/nut/activity.rs:123:32
[INFO] [stdout]   |
[INFO] [stdout] 4 | struct MyActivity { id: usize };
[INFO] [stdout]   |                                ^
[INFO] [stdout]   |
[INFO] [stdout]   = help: braced struct declarations are not followed by a semicolon
[INFO] [stdout] help: remove this semicolon
[INFO] [stdout]   |
[INFO] [stdout] 4 - struct MyActivity { id: usize };
[INFO] [stdout] 4 + struct MyActivity { id: usize }
[INFO] [stdout]   |
[INFO] [stdout] 
[INFO] [stdout] error: expected item, found `;`
[INFO] [stdout]  --> src/nut/activity.rs:124:34
[INFO] [stdout]   |
[INFO] [stdout] 5 | struct MyMessage { text: String };
[INFO] [stdout]   |                                  ^
[INFO] [stdout]   |
[INFO] [stdout]   = help: braced struct declarations are not followed by a semicolon
[INFO] [stdout] help: remove this semicolon
[INFO] [stdout]   |
[INFO] [stdout] 5 - struct MyMessage { text: String };
[INFO] [stdout] 5 + struct MyMessage { text: String }
[INFO] [stdout]   |
[INFO] [stdout] 
[INFO] [stdout] error: aborting due to 2 previous errors
[INFO] [stdout] 
[INFO] [stdout] Couldn't compile the test.
[INFO] [stdout] ---- src/nut/activity.rs - nut::activity::ActivityId<A>::subscribe (line 141) stdout ----
[INFO] [stdout] error: expected item, found `;`
[INFO] [stdout]  --> src/nut/activity.rs:143:32
[INFO] [stdout]   |
[INFO] [stdout] 4 | struct MyActivity { id: usize };
[INFO] [stdout]   |                                ^
[INFO] [stdout]   |
[INFO] [stdout]   = help: braced struct declarations are not followed by a semicolon
[INFO] [stdout] help: remove this semicolon
[INFO] [stdout]   |
[INFO] [stdout] 4 - struct MyActivity { id: usize };
[INFO] [stdout] 4 + struct MyActivity { id: usize }
[INFO] [stdout]   |
[INFO] [stdout] 
[INFO] [stdout] error: expected item, found `;`
[INFO] [stdout]  --> src/nut/activity.rs:144:34
[INFO] [stdout]   |
[INFO] [stdout] 5 | struct MyMessage { text: String };
[INFO] [stdout]   |                                  ^
[INFO] [stdout]   |
[INFO] [stdout]   = help: braced struct declarations are not followed by a semicolon
[INFO] [stdout] help: remove this semicolon
[INFO] [stdout]   |
[INFO] [stdout] 5 - struct MyMessage { text: String };
[INFO] [stdout] 5 + struct MyMessage { text: String }
[INFO] [stdout]   |
[INFO] [stdout] 
[INFO] [stdout] error: aborting due to 2 previous errors
[INFO] [stdout] 
[INFO] [stdout] Couldn't compile the test.
[INFO] [stdout] 
[INFO] [stdout] failures:
[INFO] [stdout]     src/nut/activity.rs - nut::activity::ActivityId<A>::subscribe (line 121)
[INFO] [stdout]     src/nut/activity.rs - nut::activity::ActivityId<A>::subscribe (line 141)
[INFO] [stdout] 
[INFO] [stdout] test result: FAILED. 8 passed; 2 failed; 0 ignored; 0 measured; 0 filtered out; finished in 0.16s
[INFO] [stdout] 
[INFO] [stderr] error: doctest failed, to rerun pass `--doc`
[INFO] running `Command { std: "docker" "inspect" "3cd8848c7e971a43fefce0b04f09aff67f1bce0b0b14b41f1af3336606188e59", kill_on_drop: false }`
[INFO] running `Command { std: "docker" "rm" "-f" "3cd8848c7e971a43fefce0b04f09aff67f1bce0b0b14b41f1af3336606188e59", kill_on_drop: false }`
[INFO] [stdout] 3cd8848c7e971a43fefce0b04f09aff67f1bce0b0b14b41f1af3336606188e59
