[INFO] fetching crate nscldaq_ringmaster 0.2.7...
[INFO] testing nscldaq_ringmaster-0.2.7 against nightly-2024-10-28 for randomize-layout
[INFO] extracting crate nscldaq_ringmaster 0.2.7 into /workspace/builds/worker-3-tc1/source
[INFO] validating manifest of crates.io crate nscldaq_ringmaster 0.2.7 on toolchain nightly-2024-10-28
[INFO] running `Command { std: CARGO_HOME="/workspace/cargo-home" RUSTUP_HOME="/workspace/rustup-home" "/workspace/cargo-home/bin/cargo" "+nightly-2024-10-28" "metadata" "--manifest-path" "Cargo.toml" "--no-deps", kill_on_drop: false }`
[INFO] started tweaking crates.io crate nscldaq_ringmaster 0.2.7
[INFO] finished tweaking crates.io crate nscldaq_ringmaster 0.2.7
[INFO] tweaked toml for crates.io crate nscldaq_ringmaster 0.2.7 written to /workspace/builds/worker-3-tc1/source/Cargo.toml
[INFO] crate crates.io crate nscldaq_ringmaster 0.2.7 already has a lockfile, it will not be regenerated
[INFO] running `Command { std: CARGO_HOME="/workspace/cargo-home" RUSTUP_HOME="/workspace/rustup-home" "/workspace/cargo-home/bin/cargo" "+nightly-2024-10-28" "fetch" "--manifest-path" "Cargo.toml", kill_on_drop: false }`
[INFO] [stderr]     Updating crates.io index
[INFO] [stderr]  Downloading crates ...
[INFO] [stderr]   Downloaded portman_client v0.1.0
[INFO] [stderr]   Downloaded nscldaq_ringbuffer v0.7.6
[INFO] running `Command { std: "docker" "create" "-v" "/var/lib/crater-agent-workspace/builds/worker-3-tc1/target:/opt/rustwide/target:rw,Z" "-v" "/var/lib/crater-agent-workspace/builds/worker-3-tc1/source:/opt/rustwide/workdir:ro,Z" "-v" "/var/lib/crater-agent-workspace/cargo-home:/opt/rustwide/cargo-home:ro,Z" "-v" "/var/lib/crater-agent-workspace/rustup-home:/opt/rustwide/rustup-home:ro,Z" "-e" "SOURCE_DIR=/opt/rustwide/workdir" "-e" "CARGO_TARGET_DIR=/opt/rustwide/target" "-e" "CARGO_HOME=/opt/rustwide/cargo-home" "-e" "RUSTUP_HOME=/opt/rustwide/rustup-home" "-w" "/opt/rustwide/workdir" "-m" "1610612736" "--user" "0:0" "--network" "none" "ghcr.io/rust-lang/crates-build-env/linux@sha256:4a844ea9eb2546a2d2c7022eacef16ef2e8229c7fbb2c7d4d55a9ceca922f72d" "/opt/rustwide/cargo-home/bin/cargo" "+nightly-2024-10-28" "metadata" "--no-deps" "--format-version=1", kill_on_drop: false }`
[INFO] [stdout] 903dc367514c020b42c4a3f49ef0d99d561acf49773f5ee6041bbf53b7405d42
[INFO] running `Command { std: "docker" "start" "-a" "903dc367514c020b42c4a3f49ef0d99d561acf49773f5ee6041bbf53b7405d42", kill_on_drop: false }`
[INFO] running `Command { std: "docker" "inspect" "903dc367514c020b42c4a3f49ef0d99d561acf49773f5ee6041bbf53b7405d42", kill_on_drop: false }`
[INFO] running `Command { std: "docker" "rm" "-f" "903dc367514c020b42c4a3f49ef0d99d561acf49773f5ee6041bbf53b7405d42", kill_on_drop: false }`
[INFO] [stdout] 903dc367514c020b42c4a3f49ef0d99d561acf49773f5ee6041bbf53b7405d42
[INFO] running `Command { std: "docker" "create" "-v" "/var/lib/crater-agent-workspace/builds/worker-3-tc1/target:/opt/rustwide/target:rw,Z" "-v" "/var/lib/crater-agent-workspace/builds/worker-3-tc1/source:/opt/rustwide/workdir:ro,Z" "-v" "/var/lib/crater-agent-workspace/cargo-home:/opt/rustwide/cargo-home:ro,Z" "-v" "/var/lib/crater-agent-workspace/rustup-home:/opt/rustwide/rustup-home:ro,Z" "-e" "SOURCE_DIR=/opt/rustwide/workdir" "-e" "CARGO_TARGET_DIR=/opt/rustwide/target" "-e" "CARGO_INCREMENTAL=0" "-e" "RUST_BACKTRACE=full" "-e" "RUSTFLAGS=--cap-lints=forbid" "-e" "RUSTDOCFLAGS=--cap-lints=forbid" "-e" "CARGO_HOME=/opt/rustwide/cargo-home" "-e" "RUSTUP_HOME=/opt/rustwide/rustup-home" "-w" "/opt/rustwide/workdir" "-m" "1610612736" "--user" "0:0" "--network" "none" "ghcr.io/rust-lang/crates-build-env/linux@sha256:4a844ea9eb2546a2d2c7022eacef16ef2e8229c7fbb2c7d4d55a9ceca922f72d" "/opt/rustwide/cargo-home/bin/cargo" "+nightly-2024-10-28" "build" "--frozen" "--message-format=json", kill_on_drop: false }`
[INFO] [stdout] c18add92a2e0cf752cd59fa25e348f33125b73eddc9a509974410c2ef31b53b5
[INFO] running `Command { std: "docker" "start" "-a" "c18add92a2e0cf752cd59fa25e348f33125b73eddc9a509974410c2ef31b53b5", kill_on_drop: false }`
[INFO] [stderr]    Compiling libc v0.2.153
[INFO] [stderr]    Compiling unicode-width v0.1.11
[INFO] [stderr]    Compiling ansi_term v0.9.0
[INFO] [stderr]    Compiling strsim v0.6.0
[INFO] [stderr]    Compiling bitflags v0.9.1
[INFO] [stderr]    Compiling log v0.4.21
[INFO] [stderr]    Compiling whoami v1.5.1
[INFO] [stderr]    Compiling vec_map v0.8.2
[INFO] [stderr]    Compiling rayon v1.10.0
[INFO] [stderr]    Compiling textwrap v0.9.0
[INFO] [stderr]    Compiling portman_client v0.1.0
[INFO] [stderr]    Compiling atty v0.2.14
[INFO] [stderr]    Compiling thread-id v3.3.0
[INFO] [stderr]    Compiling memmap v0.6.2
[INFO] [stderr]    Compiling simple-logging v2.0.2
[INFO] [stderr]    Compiling clap v2.27.1
[INFO] [stderr]    Compiling nscldaq_ringbuffer v0.7.6
[INFO] [stderr]    Compiling sysinfo v0.30.8
[INFO] [stderr]    Compiling nscldaq_ringmaster v0.2.7 (/opt/rustwide/workdir)
[INFO] [stderr]     Finished `dev` profile [unoptimized + debuginfo] target(s) in 4.69s
[INFO] running `Command { std: "docker" "inspect" "c18add92a2e0cf752cd59fa25e348f33125b73eddc9a509974410c2ef31b53b5", kill_on_drop: false }`
[INFO] running `Command { std: "docker" "rm" "-f" "c18add92a2e0cf752cd59fa25e348f33125b73eddc9a509974410c2ef31b53b5", kill_on_drop: false }`
[INFO] [stdout] c18add92a2e0cf752cd59fa25e348f33125b73eddc9a509974410c2ef31b53b5
[INFO] running `Command { std: "docker" "create" "-v" "/var/lib/crater-agent-workspace/builds/worker-3-tc1/target:/opt/rustwide/target:rw,Z" "-v" "/var/lib/crater-agent-workspace/builds/worker-3-tc1/source:/opt/rustwide/workdir:ro,Z" "-v" "/var/lib/crater-agent-workspace/cargo-home:/opt/rustwide/cargo-home:ro,Z" "-v" "/var/lib/crater-agent-workspace/rustup-home:/opt/rustwide/rustup-home:ro,Z" "-e" "SOURCE_DIR=/opt/rustwide/workdir" "-e" "CARGO_TARGET_DIR=/opt/rustwide/target" "-e" "CARGO_INCREMENTAL=0" "-e" "RUST_BACKTRACE=full" "-e" "RUSTFLAGS=--cap-lints=forbid" "-e" "RUSTDOCFLAGS=--cap-lints=forbid" "-e" "CARGO_HOME=/opt/rustwide/cargo-home" "-e" "RUSTUP_HOME=/opt/rustwide/rustup-home" "-w" "/opt/rustwide/workdir" "-m" "1610612736" "--user" "0:0" "--network" "none" "ghcr.io/rust-lang/crates-build-env/linux@sha256:4a844ea9eb2546a2d2c7022eacef16ef2e8229c7fbb2c7d4d55a9ceca922f72d" "/opt/rustwide/cargo-home/bin/cargo" "+nightly-2024-10-28" "test" "--frozen" "--no-run" "--message-format=json", kill_on_drop: false }`
[INFO] [stdout] b43a9f438ced9a1e47d12cc93db02285f44d6b25a15378c2ec010da0be1452c5
[INFO] running `Command { std: "docker" "start" "-a" "b43a9f438ced9a1e47d12cc93db02285f44d6b25a15378c2ec010da0be1452c5", kill_on_drop: false }`
[INFO] [stderr]    Compiling nscldaq_ringmaster v0.2.7 (/opt/rustwide/workdir)
[INFO] [stdout] warning: function `remove_2` is never used
[INFO] [stdout]    --> src/rings/rings.rs:401:12
[INFO] [stdout]     |
[INFO] [stdout] 401 |         fn remove_2() {
[INFO] [stdout]     |            ^^^^^^^^
[INFO] [stdout]     |
[INFO] [stdout]     = note: `#[warn(dead_code)]` on by default
[INFO] [stdout] 
[INFO] [stdout] 
[INFO] [stdout] warning: function `remove_3` is never used
[INFO] [stdout]    --> src/rings/rings.rs:417:12
[INFO] [stdout]     |
[INFO] [stdout] 417 |         fn remove_3() {
[INFO] [stdout]     |            ^^^^^^^^
[INFO] [stdout] 
[INFO] [stdout] 
[INFO] [stdout] warning: function `remove_4` is never used
[INFO] [stdout]    --> src/rings/rings.rs:442:12
[INFO] [stdout]     |
[INFO] [stdout] 442 |         fn remove_4() {
[INFO] [stdout]     |            ^^^^^^^^
[INFO] [stdout] 
[INFO] [stdout] 
[INFO] [stderr]     Finished `test` profile [unoptimized + debuginfo] target(s) in 0.31s
[INFO] running `Command { std: "docker" "inspect" "b43a9f438ced9a1e47d12cc93db02285f44d6b25a15378c2ec010da0be1452c5", kill_on_drop: false }`
[INFO] running `Command { std: "docker" "rm" "-f" "b43a9f438ced9a1e47d12cc93db02285f44d6b25a15378c2ec010da0be1452c5", kill_on_drop: false }`
[INFO] [stdout] b43a9f438ced9a1e47d12cc93db02285f44d6b25a15378c2ec010da0be1452c5
[INFO] running `Command { std: "docker" "create" "-v" "/var/lib/crater-agent-workspace/builds/worker-3-tc1/target:/opt/rustwide/target:rw,Z" "-v" "/var/lib/crater-agent-workspace/builds/worker-3-tc1/source:/opt/rustwide/workdir:ro,Z" "-v" "/var/lib/crater-agent-workspace/cargo-home:/opt/rustwide/cargo-home:ro,Z" "-v" "/var/lib/crater-agent-workspace/rustup-home:/opt/rustwide/rustup-home:ro,Z" "-e" "SOURCE_DIR=/opt/rustwide/workdir" "-e" "CARGO_TARGET_DIR=/opt/rustwide/target" "-e" "CARGO_INCREMENTAL=0" "-e" "RUST_BACKTRACE=full" "-e" "RUSTFLAGS=--cap-lints=forbid" "-e" "RUSTDOCFLAGS=--cap-lints=forbid" "-e" "CARGO_HOME=/opt/rustwide/cargo-home" "-e" "RUSTUP_HOME=/opt/rustwide/rustup-home" "-w" "/opt/rustwide/workdir" "-m" "1610612736" "--user" "0:0" "--network" "none" "ghcr.io/rust-lang/crates-build-env/linux@sha256:4a844ea9eb2546a2d2c7022eacef16ef2e8229c7fbb2c7d4d55a9ceca922f72d" "/opt/rustwide/cargo-home/bin/cargo" "+nightly-2024-10-28" "test" "--frozen", kill_on_drop: false }`
[INFO] [stdout] 4f2b52cf72a9d8c141c9e2e45c4684ee2040f0d6cd44517ef9c9af046f600599
[INFO] running `Command { std: "docker" "start" "-a" "4f2b52cf72a9d8c141c9e2e45c4684ee2040f0d6cd44517ef9c9af046f600599", kill_on_drop: false }`
[INFO] [stderr] warning: function `remove_2` is never used
[INFO] [stderr]    --> src/rings/rings.rs:401:12
[INFO] [stderr]     |
[INFO] [stderr] 401 |         fn remove_2() {
[INFO] [stderr]     |            ^^^^^^^^
[INFO] [stderr]     |
[INFO] [stderr]     = note: `#[warn(dead_code)]` on by default
[INFO] [stderr] 
[INFO] [stderr] warning: function `remove_3` is never used
[INFO] [stderr]    --> src/rings/rings.rs:417:12
[INFO] [stderr]     |
[INFO] [stderr] 417 |         fn remove_3() {
[INFO] [stderr]     |            ^^^^^^^^
[INFO] [stderr] 
[INFO] [stderr] warning: function `remove_4` is never used
[INFO] [stderr]    --> src/rings/rings.rs:442:12
[INFO] [stderr]     |
[INFO] [stderr] 442 |         fn remove_4() {
[INFO] [stderr]     |            ^^^^^^^^
[INFO] [stderr] 
[INFO] [stderr] warning: `nscldaq_ringmaster` (lib test) generated 3 warnings
[INFO] [stderr]     Finished `test` profile [unoptimized + debuginfo] target(s) in 0.03s
[INFO] [stderr]      Running unittests src/lib.rs (/opt/rustwide/target/debug/deps/nscldaq_ringmaster-40c819468c08e560)
[INFO] [stdout] 
[INFO] [stdout] running 18 tests
[INFO] [stdout] test rings::rings::rings::clmoninfo_tests::new_1 ... ok
[INFO] [stdout] test rings::rings::rings::clmoninfo_tests::new_2 ... ok
[INFO] [stdout] test rings::rings::rings::ringbuf_info_tests::add_1 ... ok
[INFO] [stdout] test rings::rings::rings::ringbuf_info_tests::add_2 ... ok
[INFO] [stdout] test rings::rings::rings::ringbuf_info_tests::add_4 ... ok
[INFO] [stdout] test rings::rings::rings::ringbuf_info_tests::add_3 ... ok
[INFO] [stdout] test rings::rings::rings::ringbuf_info_tests::new_1 ... ok
[INFO] [stdout] test rings::rings::rings::clmoninfo_tests::stop_monitor_1 ... ok
[INFO] [stdout] test rings::rings::rings::ringbuf_info_tests::remove_1 ... ok
[INFO] [stdout] test tcllist::tcllist::tests::mixed ... ok
[INFO] [stdout] test rings::rings::rings::clmoninfo_tests::set_monitor_1 ... ok
[INFO] [stdout] test tcllist::tcllist::tests::nested ... ok
[INFO] [stdout] test tcllist::tcllist::tests::new ... ok
[INFO] [stdout] test tcllist::tcllist::tests::simple_1 ... ok
[INFO] [stdout] test tcllist::tcllist::tests::sublist_1 ... ok
[INFO] [stdout] test tcllist::tcllist::tests::simple_n ... ok
[INFO] [stdout] test tcllist::tcllist::tests::sublist_2 ... ok
[INFO] [stdout] test rings::inventory::inventory::inv_test::inv_1 ... FAILED
[INFO] [stdout] 
[INFO] [stdout] failures:
[INFO] [stdout] 
[INFO] [stdout] ---- rings::inventory::inventory::inv_test::inv_1 stdout ----
[INFO] [stdout] thread 'rings::inventory::inventory::inv_test::inv_1' panicked at src/rings/inventory.rs:59:13:
[INFO] [stdout] assertion `left == right` failed
[INFO] [stdout]   left: 1
[INFO] [stdout]  right: 0
[INFO] [stdout] stack backtrace:
[INFO] [stdout]    0:     0x600fd9f7c07a - std::backtrace_rs::backtrace::libunwind::trace::h207520d6e9873551
[INFO] [stdout]                                at /rustc/df4ca44d3fbc9301ee17f30f4d474e6ae4b05252/library/std/src/../../backtrace/src/backtrace/libunwind.rs:116:5
[INFO] [stdout]    1:     0x600fd9f7c07a - std::backtrace_rs::backtrace::trace_unsynchronized::h2ed7433f370e3eca
[INFO] [stdout]                                at /rustc/df4ca44d3fbc9301ee17f30f4d474e6ae4b05252/library/std/src/../../backtrace/src/backtrace/mod.rs:66:5
[INFO] [stdout]    2:     0x600fd9f7c07a - std::sys::backtrace::_print_fmt::h916fac51166b18d7
[INFO] [stdout]                                at /rustc/df4ca44d3fbc9301ee17f30f4d474e6ae4b05252/library/std/src/sys/backtrace.rs:66:9
[INFO] [stdout]    3:     0x600fd9f7c07a - <std::sys::backtrace::BacktraceLock::print::DisplayBacktrace as core::fmt::Display>::fmt::ha0a4c9b8ce3802e6
[INFO] [stdout]                                at /rustc/df4ca44d3fbc9301ee17f30f4d474e6ae4b05252/library/std/src/sys/backtrace.rs:39:26
[INFO] [stdout]    4:     0x600fd9fa3e53 - core::fmt::rt::Argument::fmt::h4cfc8587d52b3eb5
[INFO] [stdout]                                at /rustc/df4ca44d3fbc9301ee17f30f4d474e6ae4b05252/library/core/src/fmt/rt.rs:177:76
[INFO] [stdout]    5:     0x600fd9fa3e53 - core::fmt::write::h522cc39e5b36ae9f
[INFO] [stdout]                                at /rustc/df4ca44d3fbc9301ee17f30f4d474e6ae4b05252/library/core/src/fmt/mod.rs:1190:21
[INFO] [stdout]    6:     0x600fd9f78733 - std::io::Write::write_fmt::h7d3c26752da97734
[INFO] [stdout]                                at /rustc/df4ca44d3fbc9301ee17f30f4d474e6ae4b05252/library/std/src/io/mod.rs:1839:15
[INFO] [stdout]    7:     0x600fd9f7bec2 - std::sys::backtrace::BacktraceLock::print::h4b9e00b29e9c0942
[INFO] [stdout]                                at /rustc/df4ca44d3fbc9301ee17f30f4d474e6ae4b05252/library/std/src/sys/backtrace.rs:42:9
[INFO] [stdout]    8:     0x600fd9f7d50a - std::panicking::default_hook::{{closure}}::hb59b88280d0324d9
[INFO] [stdout]                                at /rustc/df4ca44d3fbc9301ee17f30f4d474e6ae4b05252/library/std/src/panicking.rs:268:22
[INFO] [stdout]    9:     0x600fd9f7d314 - std::panicking::default_hook::he1dd496665be4a29
[INFO] [stdout]                                at /rustc/df4ca44d3fbc9301ee17f30f4d474e6ae4b05252/library/std/src/panicking.rs:292:9
[INFO] [stdout]   10:     0x600fd9ec15f9 - <alloc::boxed::Box<F,A> as core::ops::function::Fn<Args>>::call::h4ff71de18744e1dc
[INFO] [stdout]                                at /rustc/df4ca44d3fbc9301ee17f30f4d474e6ae4b05252/library/alloc/src/boxed.rs:2468:9
[INFO] [stdout]   11:     0x600fd9ec15f9 - test::test_main::{{closure}}::hcf7c055ce117aa81
[INFO] [stdout]                                at /rustc/df4ca44d3fbc9301ee17f30f4d474e6ae4b05252/library/test/src/lib.rs:133:21
[INFO] [stdout]   12:     0x600fd9f7dc08 - <alloc::boxed::Box<F,A> as core::ops::function::Fn<Args>>::call::h1d66c6bbd60c9692
[INFO] [stdout]                                at /rustc/df4ca44d3fbc9301ee17f30f4d474e6ae4b05252/library/alloc/src/boxed.rs:2468:9
[INFO] [stdout]   13:     0x600fd9f7dc08 - std::panicking::rust_panic_with_hook::h2ff17fe8f26dfcf8
[INFO] [stdout]                                at /rustc/df4ca44d3fbc9301ee17f30f4d474e6ae4b05252/library/std/src/panicking.rs:809:13
[INFO] [stdout]   14:     0x600fd9f7d9ca - std::panicking::begin_panic_handler::{{closure}}::h4fad77951c07e101
[INFO] [stdout]                                at /rustc/df4ca44d3fbc9301ee17f30f4d474e6ae4b05252/library/std/src/panicking.rs:674:13
[INFO] [stdout]   15:     0x600fd9f7c559 - std::sys::backtrace::__rust_end_short_backtrace::hb1a25b3da5d0ea08
[INFO] [stdout]                                at /rustc/df4ca44d3fbc9301ee17f30f4d474e6ae4b05252/library/std/src/sys/backtrace.rs:170:18
[INFO] [stdout]   16:     0x600fd9f7d65c - rust_begin_unwind
[INFO] [stdout]                                at /rustc/df4ca44d3fbc9301ee17f30f4d474e6ae4b05252/library/std/src/panicking.rs:665:5
[INFO] [stdout]   17:     0x600fd9fa2850 - core::panicking::panic_fmt::ha9db07b529f9b256
[INFO] [stdout]                                at /rustc/df4ca44d3fbc9301ee17f30f4d474e6ae4b05252/library/core/src/panicking.rs:75:14
[INFO] [stdout]   18:     0x600fd9fa2c1b - core::panicking::assert_failed_inner::h04f38944d74a80a8
[INFO] [stdout]   19:     0x600fd9f1c308 - core::panicking::assert_failed::h74ffa2d01010faef
[INFO] [stdout]                                at /rustc/df4ca44d3fbc9301ee17f30f4d474e6ae4b05252/library/core/src/panicking.rs:377:5
[INFO] [stdout]   20:     0x600fd9e8645b - nscldaq_ringmaster::rings::inventory::inventory::inv_test::inv_1::he41c2848bcb7b985
[INFO] [stdout]                                at /opt/rustwide/workdir/src/rings/inventory.rs:59:13
[INFO] [stdout]   21:     0x600fd9e86307 - nscldaq_ringmaster::rings::inventory::inventory::inv_test::inv_1::{{closure}}::h4f729e5fe74a374e
[INFO] [stdout]                                at /opt/rustwide/workdir/src/rings/inventory.rs:51:19
[INFO] [stdout]   22:     0x600fd9e83426 - core::ops::function::FnOnce::call_once::h1e5e35ca4355f696
[INFO] [stdout]                                at /rustc/df4ca44d3fbc9301ee17f30f4d474e6ae4b05252/library/core/src/ops/function.rs:250:5
[INFO] [stdout]   23:     0x600fd9ec5ecb - core::ops::function::FnOnce::call_once::h22c3ba5715e93f05
[INFO] [stdout]                                at /rustc/df4ca44d3fbc9301ee17f30f4d474e6ae4b05252/library/core/src/ops/function.rs:250:5
[INFO] [stdout]   24:     0x600fd9ec5ecb - test::__rust_begin_short_backtrace::h8e82d8113d0da17f
[INFO] [stdout]                                at /rustc/df4ca44d3fbc9301ee17f30f4d474e6ae4b05252/library/test/src/lib.rs:621:18
[INFO] [stdout]   25:     0x600fd9ec5847 - test::run_test_in_process::{{closure}}::h33235f4f20b7b7c7
[INFO] [stdout]                                at /rustc/df4ca44d3fbc9301ee17f30f4d474e6ae4b05252/library/test/src/lib.rs:644:60
[INFO] [stdout]   26:     0x600fd9ec5847 - <core::panic::unwind_safe::AssertUnwindSafe<F> as core::ops::function::FnOnce<()>>::call_once::hb5043206310c586f
[INFO] [stdout]                                at /rustc/df4ca44d3fbc9301ee17f30f4d474e6ae4b05252/library/core/src/panic/unwind_safe.rs:272:9
[INFO] [stdout]   27:     0x600fd9ec5847 - std::panicking::try::do_call::h9ad4731a60ab23e2
[INFO] [stdout]                                at /rustc/df4ca44d3fbc9301ee17f30f4d474e6ae4b05252/library/std/src/panicking.rs:557:40
[INFO] [stdout]   28:     0x600fd9ec5847 - std::panicking::try::h3824d23db772a716
[INFO] [stdout]                                at /rustc/df4ca44d3fbc9301ee17f30f4d474e6ae4b05252/library/std/src/panicking.rs:520:19
[INFO] [stdout]   29:     0x600fd9ec5847 - std::panic::catch_unwind::h5afd514605fde46b
[INFO] [stdout]                                at /rustc/df4ca44d3fbc9301ee17f30f4d474e6ae4b05252/library/std/src/panic.rs:358:14
[INFO] [stdout]   30:     0x600fd9ec5847 - test::run_test_in_process::h0d5cbfa7067d1720
[INFO] [stdout]                                at /rustc/df4ca44d3fbc9301ee17f30f4d474e6ae4b05252/library/test/src/lib.rs:644:27
[INFO] [stdout]   31:     0x600fd9ec5847 - test::run_test::{{closure}}::h708eb8872708115d
[INFO] [stdout]                                at /rustc/df4ca44d3fbc9301ee17f30f4d474e6ae4b05252/library/test/src/lib.rs:565:43
[INFO] [stdout]   32:     0x600fd9e88f64 - test::run_test::{{closure}}::h392c51cee94713ab
[INFO] [stdout]                                at /rustc/df4ca44d3fbc9301ee17f30f4d474e6ae4b05252/library/test/src/lib.rs:595:41
[INFO] [stdout]   33:     0x600fd9e88f64 - std::sys::backtrace::__rust_begin_short_backtrace::h2f40290710935a8b
[INFO] [stdout]                                at /rustc/df4ca44d3fbc9301ee17f30f4d474e6ae4b05252/library/std/src/sys/backtrace.rs:154:18
[INFO] [stdout]   34:     0x600fd9e8c70e - std::thread::Builder::spawn_unchecked_::{{closure}}::{{closure}}::h3fd968d89053a903
[INFO] [stdout]                                at /rustc/df4ca44d3fbc9301ee17f30f4d474e6ae4b05252/library/std/src/thread/mod.rs:541:17
[INFO] [stdout]   35:     0x600fd9e8c70e - <core::panic::unwind_safe::AssertUnwindSafe<F> as core::ops::function::FnOnce<()>>::call_once::h743f637ba4229880
[INFO] [stdout]                                at /rustc/df4ca44d3fbc9301ee17f30f4d474e6ae4b05252/library/core/src/panic/unwind_safe.rs:272:9
[INFO] [stdout]   36:     0x600fd9e8c70e - std::panicking::try::do_call::h07440897322525a6
[INFO] [stdout]                                at /rustc/df4ca44d3fbc9301ee17f30f4d474e6ae4b05252/library/std/src/panicking.rs:557:40
[INFO] [stdout]   37:     0x600fd9e8c70e - std::panicking::try::he5a2e00188156637
[INFO] [stdout]                                at /rustc/df4ca44d3fbc9301ee17f30f4d474e6ae4b05252/library/std/src/panicking.rs:520:19
[INFO] [stdout]   38:     0x600fd9e8c70e - std::panic::catch_unwind::hbaf3cae49b3c6433
[INFO] [stdout]                                at /rustc/df4ca44d3fbc9301ee17f30f4d474e6ae4b05252/library/std/src/panic.rs:358:14
[INFO] [stdout]   39:     0x600fd9e8c70e - std::thread::Builder::spawn_unchecked_::{{closure}}::h8e141ea224820bce
[INFO] [stdout]                                at /rustc/df4ca44d3fbc9301ee17f30f4d474e6ae4b05252/library/std/src/thread/mod.rs:540:30
[INFO] [stdout]   40:     0x600fd9e8c70e - core::ops::function::FnOnce::call_once{{vtable.shim}}::h90d312fedd7b8ea8
[INFO] [stdout]                                at /rustc/df4ca44d3fbc9301ee17f30f4d474e6ae4b05252/library/core/src/ops/function.rs:250:5
[INFO] [stdout]   41:     0x600fd9f8208b - <alloc::boxed::Box<F,A> as core::ops::function::FnOnce<Args>>::call_once::h69aa08ddb6adb8b6
[INFO] [stdout]                                at /rustc/df4ca44d3fbc9301ee17f30f4d474e6ae4b05252/library/alloc/src/boxed.rs:2454:9
[INFO] [stdout]   42:     0x600fd9f8208b - <alloc::boxed::Box<F,A> as core::ops::function::FnOnce<Args>>::call_once::h5aa36efdb79c806f
[INFO] [stdout]                                at /rustc/df4ca44d3fbc9301ee17f30f4d474e6ae4b05252/library/alloc/src/boxed.rs:2454:9
[INFO] [stdout]   43:     0x600fd9f8208b - std::sys::pal::unix::thread::Thread::new::thread_start::h6cd80a1b4be5158d
[INFO] [stdout]                                at /rustc/df4ca44d3fbc9301ee17f30f4d474e6ae4b05252/library/std/src/sys/pal/unix/thread.rs:105:17
[INFO] [stdout]   44:     0x763f05ee9ac3 - <unknown>
[INFO] [stdout]   45:     0x763f05f7aa04 - clone
[INFO] [stdout]   46:                0x0 - <unknown>
[INFO] [stdout] 
[INFO] [stdout] 
[INFO] [stdout] failures:
[INFO] [stdout]     rings::inventory::inventory::inv_test::inv_1
[INFO] [stdout] 
[INFO] [stdout] test result: FAILED. 17 passed; 1 failed; 0 ignored; 0 measured; 0 filtered out; finished in 0.01s
[INFO] [stdout] 
[INFO] [stderr] error: test failed, to rerun pass `--lib`
[INFO] running `Command { std: "docker" "inspect" "4f2b52cf72a9d8c141c9e2e45c4684ee2040f0d6cd44517ef9c9af046f600599", kill_on_drop: false }`
[INFO] running `Command { std: "docker" "rm" "-f" "4f2b52cf72a9d8c141c9e2e45c4684ee2040f0d6cd44517ef9c9af046f600599", kill_on_drop: false }`
[INFO] [stdout] 4f2b52cf72a9d8c141c9e2e45c4684ee2040f0d6cd44517ef9c9af046f600599
