[INFO] fetching crate novax-kafka 0.0.1...
[INFO] testing novax-kafka-0.0.1 against nightly-2024-10-28 for randomize-layout
[INFO] extracting crate novax-kafka 0.0.1 into /workspace/builds/worker-7-tc1/source
[INFO] validating manifest of crates.io crate novax-kafka 0.0.1 on toolchain nightly-2024-10-28
[INFO] running `Command { std: CARGO_HOME="/workspace/cargo-home" RUSTUP_HOME="/workspace/rustup-home" "/workspace/cargo-home/bin/cargo" "+nightly-2024-10-28" "metadata" "--manifest-path" "Cargo.toml" "--no-deps", kill_on_drop: false }`
[INFO] started tweaking crates.io crate novax-kafka 0.0.1
[INFO] finished tweaking crates.io crate novax-kafka 0.0.1
[INFO] tweaked toml for crates.io crate novax-kafka 0.0.1 written to /workspace/builds/worker-7-tc1/source/Cargo.toml
[INFO] running `Command { std: CARGO_HOME="/workspace/cargo-home" RUSTUP_HOME="/workspace/rustup-home" "/workspace/cargo-home/bin/cargo" "+nightly-2024-10-28" "generate-lockfile" "--manifest-path" "Cargo.toml", kill_on_drop: false }`
[INFO] [stderr]     Updating crates.io index
[INFO] [stderr]      Locking 80 packages to latest compatible versions
[INFO] running `Command { std: CARGO_HOME="/workspace/cargo-home" RUSTUP_HOME="/workspace/rustup-home" "/workspace/cargo-home/bin/cargo" "+nightly-2024-10-28" "fetch" "--manifest-path" "Cargo.toml", kill_on_drop: false }`
[INFO] [stderr]  Downloading crates ...
[INFO] [stderr]   Downloaded ref_slice v1.2.1
[INFO] [stderr]   Downloaded kafka v0.10.0
[INFO] running `Command { std: "docker" "create" "-v" "/var/lib/crater-agent-workspace/builds/worker-7-tc1/target:/opt/rustwide/target:rw,Z" "-v" "/var/lib/crater-agent-workspace/builds/worker-7-tc1/source:/opt/rustwide/workdir:ro,Z" "-v" "/var/lib/crater-agent-workspace/cargo-home:/opt/rustwide/cargo-home:ro,Z" "-v" "/var/lib/crater-agent-workspace/rustup-home:/opt/rustwide/rustup-home:ro,Z" "-e" "SOURCE_DIR=/opt/rustwide/workdir" "-e" "CARGO_TARGET_DIR=/opt/rustwide/target" "-e" "CARGO_HOME=/opt/rustwide/cargo-home" "-e" "RUSTUP_HOME=/opt/rustwide/rustup-home" "-w" "/opt/rustwide/workdir" "-m" "1610612736" "--user" "0:0" "--network" "none" "ghcr.io/rust-lang/crates-build-env/linux@sha256:4a844ea9eb2546a2d2c7022eacef16ef2e8229c7fbb2c7d4d55a9ceca922f72d" "/opt/rustwide/cargo-home/bin/cargo" "+nightly-2024-10-28" "metadata" "--no-deps" "--format-version=1", kill_on_drop: false }`
[INFO] [stdout] 2e0078383a26820c91c0694c8fba912d8a9074d161dfdc7e3f72112e77b033b8
[INFO] running `Command { std: "docker" "start" "-a" "2e0078383a26820c91c0694c8fba912d8a9074d161dfdc7e3f72112e77b033b8", kill_on_drop: false }`
[INFO] running `Command { std: "docker" "inspect" "2e0078383a26820c91c0694c8fba912d8a9074d161dfdc7e3f72112e77b033b8", kill_on_drop: false }`
[INFO] running `Command { std: "docker" "rm" "-f" "2e0078383a26820c91c0694c8fba912d8a9074d161dfdc7e3f72112e77b033b8", kill_on_drop: false }`
[INFO] [stdout] 2e0078383a26820c91c0694c8fba912d8a9074d161dfdc7e3f72112e77b033b8
[INFO] running `Command { std: "docker" "create" "-v" "/var/lib/crater-agent-workspace/builds/worker-7-tc1/target:/opt/rustwide/target:rw,Z" "-v" "/var/lib/crater-agent-workspace/builds/worker-7-tc1/source:/opt/rustwide/workdir:ro,Z" "-v" "/var/lib/crater-agent-workspace/cargo-home:/opt/rustwide/cargo-home:ro,Z" "-v" "/var/lib/crater-agent-workspace/rustup-home:/opt/rustwide/rustup-home:ro,Z" "-e" "SOURCE_DIR=/opt/rustwide/workdir" "-e" "CARGO_TARGET_DIR=/opt/rustwide/target" "-e" "CARGO_INCREMENTAL=0" "-e" "RUST_BACKTRACE=full" "-e" "RUSTFLAGS=--cap-lints=forbid" "-e" "RUSTDOCFLAGS=--cap-lints=forbid" "-e" "CARGO_HOME=/opt/rustwide/cargo-home" "-e" "RUSTUP_HOME=/opt/rustwide/rustup-home" "-w" "/opt/rustwide/workdir" "-m" "1610612736" "--user" "0:0" "--network" "none" "ghcr.io/rust-lang/crates-build-env/linux@sha256:4a844ea9eb2546a2d2c7022eacef16ef2e8229c7fbb2c7d4d55a9ceca922f72d" "/opt/rustwide/cargo-home/bin/cargo" "+nightly-2024-10-28" "build" "--frozen" "--message-format=json", kill_on_drop: false }`
[INFO] [stdout] d55de0141443e6bc86173ac12fb41dc02efc6db859ba8bd1445de7d9eeb0b67f
[INFO] running `Command { std: "docker" "start" "-a" "d55de0141443e6bc86173ac12fb41dc02efc6db859ba8bd1445de7d9eeb0b67f", kill_on_drop: false }`
[INFO] [stderr]    Compiling proc-macro2 v1.0.89
[INFO] [stderr]    Compiling unicode-ident v1.0.13
[INFO] [stderr]    Compiling libc v0.2.161
[INFO] [stderr]    Compiling pkg-config v0.3.31
[INFO] [stderr]    Compiling vcpkg v0.2.15
[INFO] [stderr]    Compiling crossbeam-utils v0.8.20
[INFO] [stderr]    Compiling cc v1.1.31
[INFO] [stderr]    Compiling lock_api v0.4.12
[INFO] [stderr]    Compiling parking_lot_core v0.9.10
[INFO] [stderr]    Compiling rayon-core v1.12.1
[INFO] [stderr]    Compiling smallvec v1.13.2
[INFO] [stderr]    Compiling foreign-types-shared v0.1.1
[INFO] [stderr]    Compiling thiserror v1.0.66
[INFO] [stderr]    Compiling snap v1.1.1
[INFO] [stderr]    Compiling openssl v0.10.68
[INFO] [stderr]    Compiling adler2 v2.0.0
[INFO] [stderr]    Compiling crossbeam-epoch v0.9.18
[INFO] [stderr]    Compiling pin-project-lite v0.2.15
[INFO] [stderr]    Compiling miniz_oxide v0.8.0
[INFO] [stderr]    Compiling foreign-types v0.3.2
[INFO] [stderr]    Compiling crossbeam-deque v0.8.5
[INFO] [stderr]    Compiling getrandom v0.2.15
[INFO] [stderr]    Compiling quote v1.0.37
[INFO] [stderr]    Compiling tracing-core v0.1.32
[INFO] [stderr]    Compiling rand_core v0.6.4
[INFO] [stderr]    Compiling syn v2.0.86
[INFO] [stderr]    Compiling crc32fast v1.4.2
[INFO] [stderr]    Compiling kafka v0.10.0
[INFO] [stderr]    Compiling static_assertions v1.1.0
[INFO] [stderr]    Compiling bitflags v2.6.0
[INFO] [stderr]    Compiling crc-catalog v2.4.0
[INFO] [stderr]    Compiling flate2 v1.0.34
[INFO] [stderr]    Compiling crc v3.2.1
[INFO] [stderr]    Compiling parking_lot v0.12.3
[INFO] [stderr]    Compiling mio v1.0.2
[INFO] [stderr]    Compiling signal-hook-registry v1.4.2
[INFO] [stderr]    Compiling socket2 v0.5.7
[INFO] [stderr]    Compiling openssl-sys v0.9.104
[INFO] [stderr]    Compiling bytes v1.8.0
[INFO] [stderr]    Compiling either v1.13.0
[INFO] [stderr]    Compiling ref_slice v1.2.1
[INFO] [stderr]    Compiling rayon v1.10.0
[INFO] [stderr]    Compiling zerocopy-derive v0.7.35
[INFO] [stderr]    Compiling openssl-macros v0.1.1
[INFO] [stderr]    Compiling tracing-attributes v0.1.27
[INFO] [stderr]    Compiling thiserror-impl v1.0.66
[INFO] [stderr]    Compiling tokio-macros v2.4.0
[INFO] [stderr]    Compiling tokio v1.41.0
[INFO] [stderr]    Compiling zerocopy v0.7.35
[INFO] [stderr]    Compiling tracing v0.1.40
[INFO] [stderr]    Compiling ppv-lite86 v0.2.20
[INFO] [stderr]    Compiling rand_chacha v0.3.1
[INFO] [stderr]    Compiling rand v0.8.5
[INFO] [stderr]    Compiling twox-hash v1.6.3
[INFO] [stderr]    Compiling novax-kafka v0.0.1 (/opt/rustwide/workdir)
[INFO] [stdout] warning: unused imports: `Compression`, `DEFAULT_CONNECTION_IDLE_TIMEOUT_MILLIS`, and `RequiredAcks`
[INFO] [stdout]  --> src/producer.rs:2:5
[INFO] [stdout]   |
[INFO] [stdout] 2 |     Compression, KafkaClient, RequiredAcks, DEFAULT_CONNECTION_IDLE_TIMEOUT_MILLIS,
[INFO] [stdout]   |     ^^^^^^^^^^^               ^^^^^^^^^^^^  ^^^^^^^^^^^^^^^^^^^^^^^^^^^^^^^^^^^^^^
[INFO] [stdout]   |
[INFO] [stdout]   = note: `#[warn(unused_imports)]` on by default
[INFO] [stdout] 
[INFO] [stdout] 
[INFO] [stdout] warning: unused imports: `AsBytes` and `DEFAULT_ACK_TIMEOUT_MILLIS`
[INFO] [stdout]  --> src/producer.rs:4:23
[INFO] [stdout]   |
[INFO] [stdout] 4 | use kafka::producer::{AsBytes, Producer, Record, DEFAULT_ACK_TIMEOUT_MILLIS};
[INFO] [stdout]   |                       ^^^^^^^                    ^^^^^^^^^^^^^^^^^^^^^^^^^^
[INFO] [stdout] 
[INFO] [stdout] 
[INFO] [stdout] warning: trait `KafkaErrTrait` is never used
[INFO] [stdout]  --> src/error.rs:4:7
[INFO] [stdout]   |
[INFO] [stdout] 4 | trait KafkaErrTrait: Debug + Display + Error {}
[INFO] [stdout]   |       ^^^^^^^^^^^^^
[INFO] [stdout]   |
[INFO] [stdout]   = note: `#[warn(dead_code)]` on by default
[INFO] [stdout] 
[INFO] [stdout] 
[INFO] [stdout] warning: associated functions `stream_subscriber` and `subscriber` are never used
[INFO] [stdout]   --> src/consumer.rs:22:18
[INFO] [stdout]    |
[INFO] [stdout] 5  | impl KafkaConsumer {
[INFO] [stdout]    | ------------------ associated functions in this implementation
[INFO] [stdout] ...
[INFO] [stdout] 22 |     pub async fn stream_subscriber(consumer: Consumer) -> Result<(), super::KafkaError>  {
[INFO] [stdout]    |                  ^^^^^^^^^^^^^^^^^
[INFO] [stdout] ...
[INFO] [stdout] 31 |     fn subscriber(mut consumer: Consumer, tx: oneshot::Sender::<bool>) -> Result<(), super::KafkaError> {
[INFO] [stdout]    |        ^^^^^^^^^^
[INFO] [stdout] 
[INFO] [stdout] 
[INFO] [stdout] warning: associated functions `publish` and `publish_inline` are never used
[INFO] [stdout]   --> src/producer.rs:26:18
[INFO] [stdout]    |
[INFO] [stdout] 10 | impl KafkaProducer {
[INFO] [stdout]    | ------------------ associated functions in this implementation
[INFO] [stdout] ...
[INFO] [stdout] 26 |     pub async fn publish(producer: Producer, recs: Vec::<Record<'static, Vec<u8>, Vec<u8> >>) -> Result<(), super::KafkaError>  {
[INFO] [stdout]    |                  ^^^^^^^
[INFO] [stdout] ...
[INFO] [stdout] 35 |     fn publish_inline(mut producer: Producer, recs: Vec::<Record<'_, Vec<u8>, Vec<u8> >>, tx: oneshot::Sender::<bool>) -> Result<(), supe...
[INFO] [stdout]    |        ^^^^^^^^^^^^^^
[INFO] [stdout] 
[INFO] [stdout] 
[INFO] [stderr]     Finished `dev` profile [unoptimized + debuginfo] target(s) in 26.26s
[INFO] running `Command { std: "docker" "inspect" "d55de0141443e6bc86173ac12fb41dc02efc6db859ba8bd1445de7d9eeb0b67f", kill_on_drop: false }`
[INFO] running `Command { std: "docker" "rm" "-f" "d55de0141443e6bc86173ac12fb41dc02efc6db859ba8bd1445de7d9eeb0b67f", kill_on_drop: false }`
[INFO] [stdout] d55de0141443e6bc86173ac12fb41dc02efc6db859ba8bd1445de7d9eeb0b67f
[INFO] running `Command { std: "docker" "create" "-v" "/var/lib/crater-agent-workspace/builds/worker-7-tc1/target:/opt/rustwide/target:rw,Z" "-v" "/var/lib/crater-agent-workspace/builds/worker-7-tc1/source:/opt/rustwide/workdir:ro,Z" "-v" "/var/lib/crater-agent-workspace/cargo-home:/opt/rustwide/cargo-home:ro,Z" "-v" "/var/lib/crater-agent-workspace/rustup-home:/opt/rustwide/rustup-home:ro,Z" "-e" "SOURCE_DIR=/opt/rustwide/workdir" "-e" "CARGO_TARGET_DIR=/opt/rustwide/target" "-e" "CARGO_INCREMENTAL=0" "-e" "RUST_BACKTRACE=full" "-e" "RUSTFLAGS=--cap-lints=forbid" "-e" "RUSTDOCFLAGS=--cap-lints=forbid" "-e" "CARGO_HOME=/opt/rustwide/cargo-home" "-e" "RUSTUP_HOME=/opt/rustwide/rustup-home" "-w" "/opt/rustwide/workdir" "-m" "1610612736" "--user" "0:0" "--network" "none" "ghcr.io/rust-lang/crates-build-env/linux@sha256:4a844ea9eb2546a2d2c7022eacef16ef2e8229c7fbb2c7d4d55a9ceca922f72d" "/opt/rustwide/cargo-home/bin/cargo" "+nightly-2024-10-28" "test" "--frozen" "--no-run" "--message-format=json", kill_on_drop: false }`
[INFO] [stdout] c5ece807cb9151bb5b6f5fbb095f65c6858b7236c690da136d36665fa4bdf03f
[INFO] running `Command { std: "docker" "start" "-a" "c5ece807cb9151bb5b6f5fbb095f65c6858b7236c690da136d36665fa4bdf03f", kill_on_drop: false }`
[INFO] [stderr]    Compiling novax-kafka v0.0.1 (/opt/rustwide/workdir)
[INFO] [stdout] warning: unused imports: `Compression`, `DEFAULT_CONNECTION_IDLE_TIMEOUT_MILLIS`, and `RequiredAcks`
[INFO] [stdout]  --> src/producer.rs:2:5
[INFO] [stdout]   |
[INFO] [stdout] 2 |     Compression, KafkaClient, RequiredAcks, DEFAULT_CONNECTION_IDLE_TIMEOUT_MILLIS,
[INFO] [stdout]   |     ^^^^^^^^^^^               ^^^^^^^^^^^^  ^^^^^^^^^^^^^^^^^^^^^^^^^^^^^^^^^^^^^^
[INFO] [stdout]   |
[INFO] [stdout]   = note: `#[warn(unused_imports)]` on by default
[INFO] [stdout] 
[INFO] [stdout] 
[INFO] [stdout] warning: unused imports: `AsBytes` and `DEFAULT_ACK_TIMEOUT_MILLIS`
[INFO] [stdout]  --> src/producer.rs:4:23
[INFO] [stdout]   |
[INFO] [stdout] 4 | use kafka::producer::{AsBytes, Producer, Record, DEFAULT_ACK_TIMEOUT_MILLIS};
[INFO] [stdout]   |                       ^^^^^^^                    ^^^^^^^^^^^^^^^^^^^^^^^^^^
[INFO] [stdout] 
[INFO] [stdout] 
[INFO] [stdout] warning: trait `KafkaErrTrait` is never used
[INFO] [stdout]  --> src/error.rs:4:7
[INFO] [stdout]   |
[INFO] [stdout] 4 | trait KafkaErrTrait: Debug + Display + Error {}
[INFO] [stdout]   |       ^^^^^^^^^^^^^
[INFO] [stdout]   |
[INFO] [stdout]   = note: `#[warn(dead_code)]` on by default
[INFO] [stdout] 
[INFO] [stdout] 
[INFO] [stdout] warning: associated functions `stream_subscriber` and `subscriber` are never used
[INFO] [stdout]   --> src/consumer.rs:22:18
[INFO] [stdout]    |
[INFO] [stdout] 5  | impl KafkaConsumer {
[INFO] [stdout]    | ------------------ associated functions in this implementation
[INFO] [stdout] ...
[INFO] [stdout] 22 |     pub async fn stream_subscriber(consumer: Consumer) -> Result<(), super::KafkaError>  {
[INFO] [stdout]    |                  ^^^^^^^^^^^^^^^^^
[INFO] [stdout] ...
[INFO] [stdout] 31 |     fn subscriber(mut consumer: Consumer, tx: oneshot::Sender::<bool>) -> Result<(), super::KafkaError> {
[INFO] [stdout]    |        ^^^^^^^^^^
[INFO] [stdout] 
[INFO] [stdout] 
[INFO] [stdout] warning: associated functions `publish` and `publish_inline` are never used
[INFO] [stdout]   --> src/producer.rs:26:18
[INFO] [stdout]    |
[INFO] [stdout] 10 | impl KafkaProducer {
[INFO] [stdout]    | ------------------ associated functions in this implementation
[INFO] [stdout] ...
[INFO] [stdout] 26 |     pub async fn publish(producer: Producer, recs: Vec::<Record<'static, Vec<u8>, Vec<u8> >>) -> Result<(), super::KafkaError>  {
[INFO] [stdout]    |                  ^^^^^^^
[INFO] [stdout] ...
[INFO] [stdout] 35 |     fn publish_inline(mut producer: Producer, recs: Vec::<Record<'_, Vec<u8>, Vec<u8> >>, tx: oneshot::Sender::<bool>) -> Result<(), supe...
[INFO] [stdout]    |        ^^^^^^^^^^^^^^
[INFO] [stdout] 
[INFO] [stdout] 
[INFO] [stdout] warning: unused imports: `Compression`, `DEFAULT_CONNECTION_IDLE_TIMEOUT_MILLIS`, and `RequiredAcks`
[INFO] [stdout]  --> src/producer.rs:2:5
[INFO] [stdout]   |
[INFO] [stdout] 2 |     Compression, KafkaClient, RequiredAcks, DEFAULT_CONNECTION_IDLE_TIMEOUT_MILLIS,
[INFO] [stdout]   |     ^^^^^^^^^^^               ^^^^^^^^^^^^  ^^^^^^^^^^^^^^^^^^^^^^^^^^^^^^^^^^^^^^
[INFO] [stdout]   |
[INFO] [stdout]   = note: `#[warn(unused_imports)]` on by default
[INFO] [stdout] 
[INFO] [stdout] 
[INFO] [stdout] warning: unused imports: `AsBytes` and `DEFAULT_ACK_TIMEOUT_MILLIS`
[INFO] [stdout]  --> src/producer.rs:4:23
[INFO] [stdout]   |
[INFO] [stdout] 4 | use kafka::producer::{AsBytes, Producer, Record, DEFAULT_ACK_TIMEOUT_MILLIS};
[INFO] [stdout]   |                       ^^^^^^^                    ^^^^^^^^^^^^^^^^^^^^^^^^^^
[INFO] [stdout] 
[INFO] [stdout] 
[INFO] [stdout] warning: trait `KafkaErrTrait` is never used
[INFO] [stdout]  --> src/error.rs:4:7
[INFO] [stdout]   |
[INFO] [stdout] 4 | trait KafkaErrTrait: Debug + Display + Error {}
[INFO] [stdout]   |       ^^^^^^^^^^^^^
[INFO] [stdout]   |
[INFO] [stdout]   = note: `#[warn(dead_code)]` on by default
[INFO] [stdout] 
[INFO] [stdout] 
[INFO] [stderr]     Finished `test` profile [unoptimized + debuginfo] target(s) in 1.54s
[INFO] running `Command { std: "docker" "inspect" "c5ece807cb9151bb5b6f5fbb095f65c6858b7236c690da136d36665fa4bdf03f", kill_on_drop: false }`
[INFO] running `Command { std: "docker" "rm" "-f" "c5ece807cb9151bb5b6f5fbb095f65c6858b7236c690da136d36665fa4bdf03f", kill_on_drop: false }`
[INFO] [stdout] c5ece807cb9151bb5b6f5fbb095f65c6858b7236c690da136d36665fa4bdf03f
[INFO] running `Command { std: "docker" "create" "-v" "/var/lib/crater-agent-workspace/builds/worker-7-tc1/target:/opt/rustwide/target:rw,Z" "-v" "/var/lib/crater-agent-workspace/builds/worker-7-tc1/source:/opt/rustwide/workdir:ro,Z" "-v" "/var/lib/crater-agent-workspace/cargo-home:/opt/rustwide/cargo-home:ro,Z" "-v" "/var/lib/crater-agent-workspace/rustup-home:/opt/rustwide/rustup-home:ro,Z" "-e" "SOURCE_DIR=/opt/rustwide/workdir" "-e" "CARGO_TARGET_DIR=/opt/rustwide/target" "-e" "CARGO_INCREMENTAL=0" "-e" "RUST_BACKTRACE=full" "-e" "RUSTFLAGS=--cap-lints=forbid" "-e" "RUSTDOCFLAGS=--cap-lints=forbid" "-e" "CARGO_HOME=/opt/rustwide/cargo-home" "-e" "RUSTUP_HOME=/opt/rustwide/rustup-home" "-w" "/opt/rustwide/workdir" "-m" "1610612736" "--user" "0:0" "--network" "none" "ghcr.io/rust-lang/crates-build-env/linux@sha256:4a844ea9eb2546a2d2c7022eacef16ef2e8229c7fbb2c7d4d55a9ceca922f72d" "/opt/rustwide/cargo-home/bin/cargo" "+nightly-2024-10-28" "test" "--frozen", kill_on_drop: false }`
[INFO] [stdout] eb70f7e09f43bd0929545a5fdabe35b5b3b126ee9ada5f345a743d3b4dd91281
[INFO] running `Command { std: "docker" "start" "-a" "eb70f7e09f43bd0929545a5fdabe35b5b3b126ee9ada5f345a743d3b4dd91281", kill_on_drop: false }`
[INFO] [stderr] warning: unused imports: `Compression`, `DEFAULT_CONNECTION_IDLE_TIMEOUT_MILLIS`, and `RequiredAcks`
[INFO] [stderr]  --> src/producer.rs:2:5
[INFO] [stderr]   |
[INFO] [stderr] 2 |     Compression, KafkaClient, RequiredAcks, DEFAULT_CONNECTION_IDLE_TIMEOUT_MILLIS,
[INFO] [stderr]   |     ^^^^^^^^^^^               ^^^^^^^^^^^^  ^^^^^^^^^^^^^^^^^^^^^^^^^^^^^^^^^^^^^^
[INFO] [stderr]   |
[INFO] [stderr]   = note: `#[warn(unused_imports)]` on by default
[INFO] [stderr] 
[INFO] [stderr] warning: unused imports: `AsBytes` and `DEFAULT_ACK_TIMEOUT_MILLIS`
[INFO] [stderr]  --> src/producer.rs:4:23
[INFO] [stderr]   |
[INFO] [stderr] 4 | use kafka::producer::{AsBytes, Producer, Record, DEFAULT_ACK_TIMEOUT_MILLIS};
[INFO] [stderr]   |                       ^^^^^^^                    ^^^^^^^^^^^^^^^^^^^^^^^^^^
[INFO] [stderr] 
[INFO] [stderr] warning: trait `KafkaErrTrait` is never used
[INFO] [stderr]  --> src/error.rs:4:7
[INFO] [stderr]   |
[INFO] [stderr] 4 | trait KafkaErrTrait: Debug + Display + Error {}
[INFO] [stderr]   |       ^^^^^^^^^^^^^
[INFO] [stderr]   |
[INFO] [stderr]   = note: `#[warn(dead_code)]` on by default
[INFO] [stderr] 
[INFO] [stderr] warning: associated functions `stream_subscriber` and `subscriber` are never used
[INFO] [stderr]   --> src/consumer.rs:22:18
[INFO] [stderr]    |
[INFO] [stderr] 5  | impl KafkaConsumer {
[INFO] [stderr]    | ------------------ associated functions in this implementation
[INFO] [stderr] ...
[INFO] [stderr] 22 |     pub async fn stream_subscriber(consumer: Consumer) -> Result<(), super::KafkaError>  {
[INFO] [stderr]    |                  ^^^^^^^^^^^^^^^^^
[INFO] [stderr] ...
[INFO] [stderr] 31 |     fn subscriber(mut consumer: Consumer, tx: oneshot::Sender::<bool>) -> Result<(), super::KafkaError> {
[INFO] [stderr]    |        ^^^^^^^^^^
[INFO] [stderr] 
[INFO] [stderr] warning: associated functions `publish` and `publish_inline` are never used
[INFO] [stderr]   --> src/producer.rs:26:18
[INFO] [stderr]    |
[INFO] [stderr] 10 | impl KafkaProducer {
[INFO] [stderr]    | ------------------ associated functions in this implementation
[INFO] [stderr] ...
[INFO] [stderr] 26 |     pub async fn publish(producer: Producer, recs: Vec::<Record<'static, Vec<u8>, Vec<u8> >>) -> Result<(), super::KafkaError>  {
[INFO] [stderr]    |                  ^^^^^^^
[INFO] [stderr] ...
[INFO] [stderr] 35 |     fn publish_inline(mut producer: Producer, recs: Vec::<Record<'_, Vec<u8>, Vec<u8> >>, tx: oneshot::Sender::<bool>) -> Result<(), supe...
[INFO] [stderr]    |        ^^^^^^^^^^^^^^
[INFO] [stderr] 
[INFO] [stderr] warning: `novax-kafka` (lib) generated 5 warnings (run `cargo fix --lib -p novax-kafka` to apply 2 suggestions)
[INFO] [stderr] warning: `novax-kafka` (lib test) generated 3 warnings (3 duplicates)
[INFO] [stderr]     Finished `test` profile [unoptimized + debuginfo] target(s) in 0.11s
[INFO] [stderr]      Running unittests src/lib.rs (/opt/rustwide/target/debug/deps/novax_kafka-3e232128205b884a)
[INFO] [stdout] 
[INFO] [stdout] running 2 tests
[INFO] [stderr] error: test failed, to rerun pass `--lib`
[INFO] [stdout] test tests::should_producer_publish_ok ... FAILED
[INFO] [stdout] test tests::should_consumer_subscribe_ok ... FAILED
[INFO] [stdout] 
[INFO] [stdout] failures:
[INFO] [stdout] 
[INFO] [stdout] ---- tests::should_producer_publish_ok stdout ----
[INFO] [stdout] Error: ErrStr("kafka::Error NoHostReachable")
[INFO] [stdout] 
[INFO] [stdout] ---- tests::should_consumer_subscribe_ok stdout ----
[INFO] [stdout] Error: ErrStr("kafka::Error NoHostReachable")
[INFO] [stdout] 
[INFO] [stdout] 
[INFO] [stdout] failures:
[INFO] [stdout]     tests::should_consumer_subscribe_ok
[INFO] [stdout]     tests::should_producer_publish_ok
[INFO] [stdout] 
[INFO] [stdout] test result: FAILED. 0 passed; 2 failed; 0 ignored; 0 measured; 0 filtered out; finished in 0.01s
[INFO] [stdout] 
[INFO] running `Command { std: "docker" "inspect" "eb70f7e09f43bd0929545a5fdabe35b5b3b126ee9ada5f345a743d3b4dd91281", kill_on_drop: false }`
[INFO] running `Command { std: "docker" "rm" "-f" "eb70f7e09f43bd0929545a5fdabe35b5b3b126ee9ada5f345a743d3b4dd91281", kill_on_drop: false }`
[INFO] [stdout] eb70f7e09f43bd0929545a5fdabe35b5b3b126ee9ada5f345a743d3b4dd91281
