[INFO] fetching crate notionrs 1.0.0-alpha.9...
[INFO] testing notionrs-1.0.0-alpha.9 against nightly-2024-10-28 for randomize-layout
[INFO] extracting crate notionrs 1.0.0-alpha.9 into /workspace/builds/worker-6-tc1/source
[INFO] validating manifest of crates.io crate notionrs 1.0.0-alpha.9 on toolchain nightly-2024-10-28
[INFO] running `Command { std: CARGO_HOME="/workspace/cargo-home" RUSTUP_HOME="/workspace/rustup-home" "/workspace/cargo-home/bin/cargo" "+nightly-2024-10-28" "metadata" "--manifest-path" "Cargo.toml" "--no-deps", kill_on_drop: false }`
[INFO] started tweaking crates.io crate notionrs 1.0.0-alpha.9
[INFO] removed 0 missing examples
[INFO] removed 0 missing tests
[INFO] finished tweaking crates.io crate notionrs 1.0.0-alpha.9
[INFO] tweaked toml for crates.io crate notionrs 1.0.0-alpha.9 written to /workspace/builds/worker-6-tc1/source/Cargo.toml
[INFO] crate crates.io crate notionrs 1.0.0-alpha.9 already has a lockfile, it will not be regenerated
[INFO] running `Command { std: CARGO_HOME="/workspace/cargo-home" RUSTUP_HOME="/workspace/rustup-home" "/workspace/cargo-home/bin/cargo" "+nightly-2024-10-28" "fetch" "--manifest-path" "Cargo.toml", kill_on_drop: false }`
[INFO] [stderr]     Blocking waiting for file lock on package cache
[INFO] [stderr]  Downloading crates ...
[INFO] [stderr]   Downloaded scc v2.2.2
[INFO] [stderr]   Downloaded libc v0.2.157
[INFO] running `Command { std: "docker" "create" "-v" "/var/lib/crater-agent-workspace/builds/worker-6-tc1/target:/opt/rustwide/target:rw,Z" "-v" "/var/lib/crater-agent-workspace/builds/worker-6-tc1/source:/opt/rustwide/workdir:ro,Z" "-v" "/var/lib/crater-agent-workspace/cargo-home:/opt/rustwide/cargo-home:ro,Z" "-v" "/var/lib/crater-agent-workspace/rustup-home:/opt/rustwide/rustup-home:ro,Z" "-e" "SOURCE_DIR=/opt/rustwide/workdir" "-e" "CARGO_TARGET_DIR=/opt/rustwide/target" "-e" "CARGO_HOME=/opt/rustwide/cargo-home" "-e" "RUSTUP_HOME=/opt/rustwide/rustup-home" "-w" "/opt/rustwide/workdir" "-m" "1610612736" "--user" "0:0" "--network" "none" "ghcr.io/rust-lang/crates-build-env/linux@sha256:4a844ea9eb2546a2d2c7022eacef16ef2e8229c7fbb2c7d4d55a9ceca922f72d" "/opt/rustwide/cargo-home/bin/cargo" "+nightly-2024-10-28" "metadata" "--no-deps" "--format-version=1", kill_on_drop: false }`
[INFO] [stdout] 7d9d4607e28f62f5a0417b778c19f8826cb7b6f817b9fbc20274c82cd8b2c877
[INFO] running `Command { std: "docker" "start" "-a" "7d9d4607e28f62f5a0417b778c19f8826cb7b6f817b9fbc20274c82cd8b2c877", kill_on_drop: false }`
[INFO] running `Command { std: "docker" "inspect" "7d9d4607e28f62f5a0417b778c19f8826cb7b6f817b9fbc20274c82cd8b2c877", kill_on_drop: false }`
[INFO] running `Command { std: "docker" "rm" "-f" "7d9d4607e28f62f5a0417b778c19f8826cb7b6f817b9fbc20274c82cd8b2c877", kill_on_drop: false }`
[INFO] [stdout] 7d9d4607e28f62f5a0417b778c19f8826cb7b6f817b9fbc20274c82cd8b2c877
[INFO] running `Command { std: "docker" "create" "-v" "/var/lib/crater-agent-workspace/builds/worker-6-tc1/target:/opt/rustwide/target:rw,Z" "-v" "/var/lib/crater-agent-workspace/builds/worker-6-tc1/source:/opt/rustwide/workdir:ro,Z" "-v" "/var/lib/crater-agent-workspace/cargo-home:/opt/rustwide/cargo-home:ro,Z" "-v" "/var/lib/crater-agent-workspace/rustup-home:/opt/rustwide/rustup-home:ro,Z" "-e" "SOURCE_DIR=/opt/rustwide/workdir" "-e" "CARGO_TARGET_DIR=/opt/rustwide/target" "-e" "CARGO_INCREMENTAL=0" "-e" "RUST_BACKTRACE=full" "-e" "RUSTFLAGS=--cap-lints=forbid" "-e" "RUSTDOCFLAGS=--cap-lints=forbid" "-e" "CARGO_HOME=/opt/rustwide/cargo-home" "-e" "RUSTUP_HOME=/opt/rustwide/rustup-home" "-w" "/opt/rustwide/workdir" "-m" "1610612736" "--user" "0:0" "--network" "none" "ghcr.io/rust-lang/crates-build-env/linux@sha256:4a844ea9eb2546a2d2c7022eacef16ef2e8229c7fbb2c7d4d55a9ceca922f72d" "/opt/rustwide/cargo-home/bin/cargo" "+nightly-2024-10-28" "build" "--frozen" "--message-format=json", kill_on_drop: false }`
[INFO] [stdout] 464a64e2b723dabb80bfba7c055c2703957af813d5402ed390f3448829c773fd
[INFO] running `Command { std: "docker" "start" "-a" "464a64e2b723dabb80bfba7c055c2703957af813d5402ed390f3448829c773fd", kill_on_drop: false }`
[INFO] [stderr]    Compiling libc v0.2.157
[INFO] [stderr]    Compiling futures-task v0.3.30
[INFO] [stderr]    Compiling cc v1.1.13
[INFO] [stderr]    Compiling tracing-core v0.1.32
[INFO] [stderr]    Compiling serde v1.0.213
[INFO] [stderr]    Compiling indexmap v2.4.0
[INFO] [stderr]    Compiling futures-channel v0.3.30
[INFO] [stderr]    Compiling tower-layer v0.3.3
[INFO] [stderr]    Compiling syn v2.0.82
[INFO] [stderr]    Compiling thiserror v1.0.65
[INFO] [stderr]    Compiling rustls-pki-types v1.8.0
[INFO] [stderr]    Compiling sync_wrapper v1.0.1
[INFO] [stderr]    Compiling futures-util v0.3.30
[INFO] [stderr]    Compiling rustls-pemfile v2.1.3
[INFO] [stderr]    Compiling tracing v0.1.40
[INFO] [stderr]    Compiling socket2 v0.5.7
[INFO] [stderr]    Compiling mio v1.0.2
[INFO] [stderr]    Compiling openssl-sys v0.9.103
[INFO] [stderr]    Compiling tokio v1.41.0
[INFO] [stderr]    Compiling openssl v0.10.66
[INFO] [stderr]    Compiling native-tls v0.2.12
[INFO] [stderr]    Compiling http-body-util v0.1.2
[INFO] [stderr]    Compiling serde_derive v1.0.213
[INFO] [stderr]    Compiling openssl-macros v0.1.1
[INFO] [stderr]    Compiling pin-project-internal v1.1.5
[INFO] [stderr]    Compiling thiserror-impl v1.0.65
[INFO] [stderr]    Compiling async-recursion v1.1.1
[INFO] [stderr]    Compiling async-trait v0.1.83
[INFO] [stderr]    Compiling pin-project v1.1.5
[INFO] [stderr]    Compiling tokio-util v0.7.11
[INFO] [stderr]    Compiling tower v0.4.13
[INFO] [stderr]    Compiling h2 v0.4.5
[INFO] [stderr]    Compiling tokio-native-tls v0.3.1
[INFO] [stderr]    Compiling hyper v1.4.1
[INFO] [stderr]    Compiling serde_urlencoded v0.7.1
[INFO] [stderr]    Compiling chrono v0.4.38
[INFO] [stderr]    Compiling serde_json v1.0.132
[INFO] [stderr]    Compiling hyper-util v0.1.7
[INFO] [stderr]    Compiling hyper-tls v0.6.0
[INFO] [stderr]    Compiling reqwest v0.12.8
[INFO] [stderr]    Compiling notionrs v1.0.0-alpha.9 (/opt/rustwide/workdir)
[INFO] [stderr]     Finished `dev` profile [unoptimized + debuginfo] target(s) in 28.53s
[INFO] running `Command { std: "docker" "inspect" "464a64e2b723dabb80bfba7c055c2703957af813d5402ed390f3448829c773fd", kill_on_drop: false }`
[INFO] running `Command { std: "docker" "rm" "-f" "464a64e2b723dabb80bfba7c055c2703957af813d5402ed390f3448829c773fd", kill_on_drop: false }`
[INFO] [stdout] 464a64e2b723dabb80bfba7c055c2703957af813d5402ed390f3448829c773fd
[INFO] running `Command { std: "docker" "create" "-v" "/var/lib/crater-agent-workspace/builds/worker-6-tc1/target:/opt/rustwide/target:rw,Z" "-v" "/var/lib/crater-agent-workspace/builds/worker-6-tc1/source:/opt/rustwide/workdir:ro,Z" "-v" "/var/lib/crater-agent-workspace/cargo-home:/opt/rustwide/cargo-home:ro,Z" "-v" "/var/lib/crater-agent-workspace/rustup-home:/opt/rustwide/rustup-home:ro,Z" "-e" "SOURCE_DIR=/opt/rustwide/workdir" "-e" "CARGO_TARGET_DIR=/opt/rustwide/target" "-e" "CARGO_INCREMENTAL=0" "-e" "RUST_BACKTRACE=full" "-e" "RUSTFLAGS=--cap-lints=forbid" "-e" "RUSTDOCFLAGS=--cap-lints=forbid" "-e" "CARGO_HOME=/opt/rustwide/cargo-home" "-e" "RUSTUP_HOME=/opt/rustwide/rustup-home" "-w" "/opt/rustwide/workdir" "-m" "1610612736" "--user" "0:0" "--network" "none" "ghcr.io/rust-lang/crates-build-env/linux@sha256:4a844ea9eb2546a2d2c7022eacef16ef2e8229c7fbb2c7d4d55a9ceca922f72d" "/opt/rustwide/cargo-home/bin/cargo" "+nightly-2024-10-28" "test" "--frozen" "--no-run" "--message-format=json", kill_on_drop: false }`
[INFO] [stdout] a27bee6284b0126142e870acfbf3f5b193ac5d5a1446c6dca6eb83ae733d0c75
[INFO] running `Command { std: "docker" "start" "-a" "a27bee6284b0126142e870acfbf3f5b193ac5d5a1446c6dca6eb83ae733d0c75", kill_on_drop: false }`
[INFO] [stderr]    Compiling lock_api v0.4.12
[INFO] [stderr]    Compiling futures-io v0.3.31
[INFO] [stderr]    Compiling parking_lot_core v0.9.10
[INFO] [stderr]    Compiling signal-hook-registry v1.4.2
[INFO] [stderr]    Compiling tokio-macros v2.4.0
[INFO] [stderr]    Compiling sdd v3.0.4
[INFO] [stderr]    Compiling serde_json v1.0.132
[INFO] [stderr]    Compiling serial_test_derive v3.1.1
[INFO] [stderr]    Compiling dotenvy v0.15.7
[INFO] [stderr]    Compiling futures-util v0.3.30
[INFO] [stderr]    Compiling scc v2.2.2
[INFO] [stderr]    Compiling parking_lot v0.12.3
[INFO] [stderr]    Compiling tokio v1.41.0
[INFO] [stderr]    Compiling http-body-util v0.1.2
[INFO] [stderr]    Compiling futures-executor v0.3.30
[INFO] [stderr]    Compiling futures v0.3.30
[INFO] [stderr]    Compiling serial_test v3.1.1
[INFO] [stderr]    Compiling tokio-util v0.7.11
[INFO] [stderr]    Compiling tower v0.4.13
[INFO] [stderr]    Compiling tokio-native-tls v0.3.1
[INFO] [stderr]    Compiling h2 v0.4.5
[INFO] [stderr]    Compiling hyper v1.4.1
[INFO] [stderr]    Compiling hyper-util v0.1.7
[INFO] [stderr]    Compiling hyper-tls v0.6.0
[INFO] [stderr]    Compiling reqwest v0.12.8
[INFO] [stderr]    Compiling notionrs v1.0.0-alpha.9 (/opt/rustwide/workdir)
[INFO] [stderr]     Finished `test` profile [unoptimized + debuginfo] target(s) in 36.35s
[INFO] running `Command { std: "docker" "inspect" "a27bee6284b0126142e870acfbf3f5b193ac5d5a1446c6dca6eb83ae733d0c75", kill_on_drop: false }`
[INFO] running `Command { std: "docker" "rm" "-f" "a27bee6284b0126142e870acfbf3f5b193ac5d5a1446c6dca6eb83ae733d0c75", kill_on_drop: false }`
[INFO] [stdout] a27bee6284b0126142e870acfbf3f5b193ac5d5a1446c6dca6eb83ae733d0c75
[INFO] running `Command { std: "docker" "create" "-v" "/var/lib/crater-agent-workspace/builds/worker-6-tc1/target:/opt/rustwide/target:rw,Z" "-v" "/var/lib/crater-agent-workspace/builds/worker-6-tc1/source:/opt/rustwide/workdir:ro,Z" "-v" "/var/lib/crater-agent-workspace/cargo-home:/opt/rustwide/cargo-home:ro,Z" "-v" "/var/lib/crater-agent-workspace/rustup-home:/opt/rustwide/rustup-home:ro,Z" "-e" "SOURCE_DIR=/opt/rustwide/workdir" "-e" "CARGO_TARGET_DIR=/opt/rustwide/target" "-e" "CARGO_INCREMENTAL=0" "-e" "RUST_BACKTRACE=full" "-e" "RUSTFLAGS=--cap-lints=forbid" "-e" "RUSTDOCFLAGS=--cap-lints=forbid" "-e" "CARGO_HOME=/opt/rustwide/cargo-home" "-e" "RUSTUP_HOME=/opt/rustwide/rustup-home" "-w" "/opt/rustwide/workdir" "-m" "1610612736" "--user" "0:0" "--network" "none" "ghcr.io/rust-lang/crates-build-env/linux@sha256:4a844ea9eb2546a2d2c7022eacef16ef2e8229c7fbb2c7d4d55a9ceca922f72d" "/opt/rustwide/cargo-home/bin/cargo" "+nightly-2024-10-28" "test" "--frozen", kill_on_drop: false }`
[INFO] [stdout] 26d0093f7174a7444c3f4a45f7f86bf99d767278eca74f84ef87be30fbeaa47e
[INFO] running `Command { std: "docker" "start" "-a" "26d0093f7174a7444c3f4a45f7f86bf99d767278eca74f84ef87be30fbeaa47e", kill_on_drop: false }`
[INFO] [stderr]     Finished `test` profile [unoptimized + debuginfo] target(s) in 0.30s
[INFO] [stderr]      Running unittests src/lib.rs (/opt/rustwide/target/debug/deps/notionrs-73181ba8003c8da5)
[INFO] [stdout] 
[INFO] [stdout] running 78 tests
[INFO] [stdout] test block::child_database::unit_tests::deserialize_block_child_database ... ok
[INFO] [stdout] test block::child_page::unit_tests::deserialize_block_child_page ... ok
[INFO] [stdout] test block::callout::unit_tests::deserialize_block_callout ... ok
[INFO] [stdout] test block::code::unit_tests::deserialize_block_code ... ok
[INFO] [stdout] test block::bulleted_list_item::unit_tests::deserialize_block_bulleted_list_item ... ok
[INFO] [stdout] test block::equation::unit_tests::deserialize_block_equation ... ok
[INFO] [stdout] test block::heading::unit_tests::deserialize_block_heading ... ok
[INFO] [stdout] test block::embed::unit_tests::deserialize_block_embed ... ok
[INFO] [stdout] test block::bookmark::unit_tests::deserialize_block_bookmark ... ok
[INFO] [stdout] test block::link_preview::unit_tests::deserialize_block_child_link_preview ... ok
[INFO] [stdout] test block::numbered_list_item::unit_tests::deserialize_block_numbered_list_item ... ok
[INFO] [stdout] test block::paragraph::unit_tests::deserialize_block_paragraph ... ok
[INFO] [stdout] test block::quote::unit_tests::deserialize_block_quote ... ok
[INFO] [stdout] test block::synced_block::unit_tests::deserialize_block_synced ... ok
[INFO] [stdout] test block::table::unit_tests::deserialize_block_table ... ok
[INFO] [stdout] test block::table_row::unit_tests::deserialize_block_table_row ... ok
[INFO] [stdout] test block::template::unit_tests::deserialize_block_template ... ok
[INFO] [stdout] test block::to_do::unit_tests::deserialize_block_to_do ... ok
[INFO] [stdout] test database::properties::number::unit_tests::deserialize_database_number_property ... ok
[INFO] [stdout] test database::properties::people::unit_tests::deserialize_database_people_property ... ok
[INFO] [stdout] test database::properties::phone_number::unit_tests::deserialize_database_people_property ... ok
[INFO] [stdout] test database::properties::checkbox::unit_tests::deserialize_database_checkbox_property ... ok
[INFO] [stdout] test block::unit_tests::deserialize_block_file ... ok
[INFO] [stdout] test database::properties::created_by::unit_tests::deserialize_database_created_by_property ... ok
[INFO] [stdout] test block::unit_tests::deserialize_block_image ... ok
[INFO] [stdout] test database::properties::created_time::unit_tests::deserialize_database_created_time_property ... ok
[INFO] [stdout] test database::properties::date::unit_tests::deserialize_database_date_property ... ok
[INFO] [stdout] test database::properties::email::unit_tests::deserialize_database_email_property ... ok
[INFO] [stdout] test database::properties::files::unit_tests::deserialize_database_files_property ... ok
[INFO] [stdout] test database::properties::formula::unit_tests::deserialize_database_formula_property ... ok
[INFO] [stdout] test database::properties::last_edited_by::unit_tests::deserialize_database_last_edited_by_property ... ok
[INFO] [stdout] test database::properties::last_edited_time::unit_tests::deserialize_database_last_edited_time_property ... ok
[INFO] [stdout] test block::unit_tests::deserialize_block ... ok
[INFO] [stdout] test database::properties::multi_select::unit_tests::deserialize_database_multi_select_property ... ok
[INFO] [stdout] test block::toggle::unit_tests::deserialize_block_toggle ... ok
[INFO] [stdout] test database::properties::relation::unit_tests::deserialize_database_relation_property ... ok
[INFO] [stdout] test database::properties::rich_text::unit_tests::deserialize_database_rich_text_property ... ok
[INFO] [stdout] test database::properties::rollup::unit_tests::deserialize_database_rollup_property ... ok
[INFO] [stdout] test database::properties::title::unit_tests::deserialize_database_title_property ... ok
[INFO] [stdout] test database::properties::select::unit_tests::deserialize_database_select_property ... ok
[INFO] [stdout] test database::properties::status::unit_tests::deserialize_database_status_property ... ok
[INFO] [stdout] test database::properties::unit_tests::aa ... ok
[INFO] [stdout] test list_response::unit_tests::deserialize_search_result ... ok
[INFO] [stdout] test others::rich_text::unit_tests::serialize_rich_text ... ok
[INFO] [stdout] test others::color::unit_tests::deserialize_color_bg ... ok
[INFO] [stdout] test page::properties::button::unit_tests::deserialize_page_button_property ... ok
[INFO] [stdout] test others::color::unit_tests::deserialize_color_fg ... ok
[INFO] [stdout] test page::properties::checkbox::unit_tests::deserialize_page_checkbox_property ... ok
[INFO] [stdout] test others::color::unit_tests::deserialize_invalid_color ... ok
[INFO] [stdout] test page::properties::created_time::unit_tests::deserialize_page_created_time_property ... ok
[INFO] [stdout] test page::properties::date::unit_tests::deserialize_page_date_property ... ok
[INFO] [stdout] test others::file::unit_tests::deserialize_file_external ... ok
[INFO] [stdout] test others::file::unit_tests::deserialize_file_file ... ok
[INFO] [stdout] test others::rich_text::mention::unit_tests::deserialize_mention ... ok
[INFO] [stdout] test others::rich_text::unit_tests::deserialize_rich_text ... ok
[INFO] [stdout] test page::properties::created_by::unit_tests::deserialize_page_created_by_property ... ok
[INFO] [stdout] test database::sort::unit_tests::serialize_database_sort ... ok
[INFO] [stdout] test database::properties::url::unit_tests::deserialize_database_url_property ... ok
[INFO] [stdout] test page::properties::files::unit_tests::deserialize_page_files_property ... ok
[INFO] [stdout] test page::properties::last_edited_time::unit_tests::deserialize_page_last_edited_time_property ... ok
[INFO] [stdout] test page::properties::last_edited_by::unit_tests::deserialize_page_last_edited_by_property ... ok
[INFO] [stdout] test page::properties::phone_number::unit_tests::deserialize_phone_number_property ... ok
[INFO] [stdout] test page::properties::relation::unit_tests::deserialize_relation_property ... ok
[INFO] [stdout] test page::properties::select::unit_tests::deserialize_select_property ... ok
[INFO] [stdout] test page::properties::rich_text::unit_tests::deserialize_rich_text_property ... ok
[INFO] [stdout] test page::properties::title::unit_tests::deserialize_title_property ... ok
[INFO] [stdout] test page::properties::url::unit_tests::deserialize_url_property ... ok
[INFO] [stdout] test user::bot::unit_tests::deserialize_bot ... ok
[INFO] [stdout] test user::person::unit_tests::deserialize_person ... ok
[INFO] [stdout] test page::properties::formula::unit_tests::deserialize_page_forlula_property ... ok
[INFO] [stdout] test page::properties::email::unit_tests::deserialize_page_email_property ... ok
[INFO] [stdout] test page::properties::unique_id::unit_tests::deserialize_unique_id_property ... ok
[INFO] [stdout] test page::properties::multi_select::unit_tests::deserialize_page_multi_select_property ... ok
[INFO] [stdout] test user::unit_tests::deserialize_user_bot ... ok
[INFO] [stdout] test page::properties::people::unit_tests::deserialize_people_property ... ok
[INFO] [stderr]      Running tests/search.rs (/opt/rustwide/target/debug/deps/search-bd7ff8e794260fef)
[INFO] [stdout] test user::unit_tests::deserialize_user_person ... ok
[INFO] [stdout] test page::properties::number::unit_tests::deserialize_number_property ... ok
[INFO] [stdout] test page::properties::status::unit_tests::deserialize_status_property ... ok
[INFO] [stdout] 
[INFO] [stdout] test result: ok. 78 passed; 0 failed; 0 ignored; 0 measured; 0 filtered out; finished in 0.03s
[INFO] [stdout] 
[INFO] [stdout] 
[INFO] [stdout] running 3 tests
[INFO] [stdout] test integration_tests::search ... FAILED
[INFO] [stdout] test integration_tests::search_page ... FAILED
[INFO] [stdout] test integration_tests::search_database ... FAILED
[INFO] [stdout] 
[INFO] [stdout] failures:
[INFO] [stdout] 
[INFO] [stdout] ---- integration_tests::search stdout ----
[INFO] [stdout] Error: Network(reqwest::Error { kind: Request, url: "https://api.notion.com/v1/search", source: hyper_util::client::legacy::Error(Connect, ConnectError("dns error", Custom { kind: Uncategorized, error: "failed to lookup address information: Temporary failure in name resolution" })) })
[INFO] [stdout] 
[INFO] [stdout] ---- integration_tests::search_page stdout ----
[INFO] [stdout] Error: Network(reqwest::Error { kind: Request, url: "https://api.notion.com/v1/search", source: hyper_util::client::legacy::Error(Connect, ConnectError("dns error", Custom { kind: Uncategorized, error: "failed to lookup address information: Temporary failure in name resolution" })) })
[INFO] [stdout] 
[INFO] [stdout] ---- integration_tests::search_database stdout ----
[INFO] [stdout] Error: Network(reqwest::Error { kind: Request, url: "https://api.notion.com/v1/search", source: hyper_util::client::legacy::Error(Connect, ConnectError("dns error", Custom { kind: Uncategorized, error: "failed to lookup address information: Temporary failure in name resolution" })) })
[INFO] [stdout] 
[INFO] [stdout] 
[INFO] [stdout] failures:
[INFO] [stdout]     integration_tests::search
[INFO] [stdout]     integration_tests::search_database
[INFO] [stdout]     integration_tests::search_page
[INFO] [stdout] 
[INFO] [stdout] test result: FAILED. 0 passed; 3 failed; 0 ignored; 0 measured; 0 filtered out; finished in 0.36s
[INFO] [stdout] 
[INFO] [stderr] error: test failed, to rerun pass `--test search`
[INFO] running `Command { std: "docker" "inspect" "26d0093f7174a7444c3f4a45f7f86bf99d767278eca74f84ef87be30fbeaa47e", kill_on_drop: false }`
[INFO] running `Command { std: "docker" "rm" "-f" "26d0093f7174a7444c3f4a45f7f86bf99d767278eca74f84ef87be30fbeaa47e", kill_on_drop: false }`
[INFO] [stdout] 26d0093f7174a7444c3f4a45f7f86bf99d767278eca74f84ef87be30fbeaa47e
