[INFO] fetching crate notify-fork 6.1.1...
[INFO] testing notify-fork-6.1.1 against nightly-2024-10-28+rustflags=-Zrandomize-layout for randomize-layout
[INFO] extracting crate notify-fork 6.1.1 into /workspace/builds/worker-7-tc2/source
[INFO] validating manifest of crates.io crate notify-fork 6.1.1 on toolchain nightly-2024-10-28
[INFO] running `Command { std: CARGO_HOME="/workspace/cargo-home" RUSTUP_HOME="/workspace/rustup-home" "/workspace/cargo-home/bin/cargo" "+nightly-2024-10-28" "metadata" "--manifest-path" "Cargo.toml" "--no-deps", kill_on_drop: false }`
[INFO] started tweaking crates.io crate notify-fork 6.1.1
[INFO] finished tweaking crates.io crate notify-fork 6.1.1
[INFO] tweaked toml for crates.io crate notify-fork 6.1.1 written to /workspace/builds/worker-7-tc2/source/Cargo.toml
[INFO] running `Command { std: CARGO_HOME="/workspace/cargo-home" RUSTUP_HOME="/workspace/rustup-home" "/workspace/cargo-home/bin/cargo" "+nightly-2024-10-28" "generate-lockfile" "--manifest-path" "Cargo.toml", kill_on_drop: false }`
[INFO] [stderr]     Updating crates.io index
[INFO] [stderr]      Locking 89 packages to latest compatible versions
[INFO] [stderr]       Adding inotify v0.10.2 (available: v0.11.0)
[INFO] [stderr]       Adding mio v0.8.11 (available: v1.0.2)
[INFO] [stderr]       Adding nix v0.27.1 (available: v0.29.0)
[INFO] [stderr]       Adding rstest v0.18.2 (available: v0.23.0)
[INFO] [stderr]       Adding windows-sys v0.52.0 (available: v0.59.0)
[INFO] running `Command { std: CARGO_HOME="/workspace/cargo-home" RUSTUP_HOME="/workspace/rustup-home" "/workspace/cargo-home/bin/cargo" "+nightly-2024-10-28" "fetch" "--manifest-path" "Cargo.toml", kill_on_drop: false }`
[INFO] running `Command { std: "docker" "create" "-v" "/var/lib/crater-agent-workspace/builds/worker-7-tc2/target:/opt/rustwide/target:rw,Z" "-v" "/var/lib/crater-agent-workspace/builds/worker-7-tc2/source:/opt/rustwide/workdir:ro,Z" "-v" "/var/lib/crater-agent-workspace/cargo-home:/opt/rustwide/cargo-home:ro,Z" "-v" "/var/lib/crater-agent-workspace/rustup-home:/opt/rustwide/rustup-home:ro,Z" "-e" "SOURCE_DIR=/opt/rustwide/workdir" "-e" "CARGO_TARGET_DIR=/opt/rustwide/target" "-e" "CARGO_HOME=/opt/rustwide/cargo-home" "-e" "RUSTUP_HOME=/opt/rustwide/rustup-home" "-w" "/opt/rustwide/workdir" "-m" "1610612736" "--user" "0:0" "--network" "none" "ghcr.io/rust-lang/crates-build-env/linux@sha256:4a844ea9eb2546a2d2c7022eacef16ef2e8229c7fbb2c7d4d55a9ceca922f72d" "/opt/rustwide/cargo-home/bin/cargo" "+nightly-2024-10-28" "metadata" "--no-deps" "--format-version=1", kill_on_drop: false }`
[INFO] [stdout] d3e05fddf4b25946d438a154e0001756b55958b6c601287e852835cf3b2a598e
[INFO] running `Command { std: "docker" "start" "-a" "d3e05fddf4b25946d438a154e0001756b55958b6c601287e852835cf3b2a598e", kill_on_drop: false }`
[INFO] running `Command { std: "docker" "inspect" "d3e05fddf4b25946d438a154e0001756b55958b6c601287e852835cf3b2a598e", kill_on_drop: false }`
[INFO] running `Command { std: "docker" "rm" "-f" "d3e05fddf4b25946d438a154e0001756b55958b6c601287e852835cf3b2a598e", kill_on_drop: false }`
[INFO] [stdout] d3e05fddf4b25946d438a154e0001756b55958b6c601287e852835cf3b2a598e
[INFO] running `Command { std: "docker" "create" "-v" "/var/lib/crater-agent-workspace/builds/worker-7-tc2/target:/opt/rustwide/target:rw,Z" "-v" "/var/lib/crater-agent-workspace/builds/worker-7-tc2/source:/opt/rustwide/workdir:ro,Z" "-v" "/var/lib/crater-agent-workspace/cargo-home:/opt/rustwide/cargo-home:ro,Z" "-v" "/var/lib/crater-agent-workspace/rustup-home:/opt/rustwide/rustup-home:ro,Z" "-e" "SOURCE_DIR=/opt/rustwide/workdir" "-e" "CARGO_TARGET_DIR=/opt/rustwide/target" "-e" "CARGO_INCREMENTAL=0" "-e" "RUST_BACKTRACE=full" "-e" "RUSTFLAGS=--cap-lints=forbid -Zrandomize-layout" "-e" "RUSTDOCFLAGS=--cap-lints=forbid" "-e" "CARGO_HOME=/opt/rustwide/cargo-home" "-e" "RUSTUP_HOME=/opt/rustwide/rustup-home" "-w" "/opt/rustwide/workdir" "-m" "1610612736" "--user" "0:0" "--network" "none" "ghcr.io/rust-lang/crates-build-env/linux@sha256:4a844ea9eb2546a2d2c7022eacef16ef2e8229c7fbb2c7d4d55a9ceca922f72d" "/opt/rustwide/cargo-home/bin/cargo" "+nightly-2024-10-28" "build" "--frozen" "--message-format=json", kill_on_drop: false }`
[INFO] [stdout] 2fa34192fcb76283695800ed16fc57508be65ab069e2bf01b771bd42d3d0305c
[INFO] running `Command { std: "docker" "start" "-a" "2fa34192fcb76283695800ed16fc57508be65ab069e2bf01b771bd42d3d0305c", kill_on_drop: false }`
[INFO] [stderr]    Compiling log v0.4.22
[INFO] [stderr]    Compiling instant v0.1.13
[INFO] [stderr]    Compiling inotify-sys v0.1.5
[INFO] [stderr]    Compiling filetime v0.2.25
[INFO] [stderr]    Compiling notify-types-fork v1.0.0
[INFO] [stderr]    Compiling inotify v0.10.2
[INFO] [stderr]    Compiling mio v0.8.11
[INFO] [stderr]    Compiling notify-fork v6.1.1 (/opt/rustwide/workdir)
[INFO] [stderr]     Finished `dev` profile [unoptimized + debuginfo] target(s) in 0.81s
[INFO] running `Command { std: "docker" "inspect" "2fa34192fcb76283695800ed16fc57508be65ab069e2bf01b771bd42d3d0305c", kill_on_drop: false }`
[INFO] running `Command { std: "docker" "rm" "-f" "2fa34192fcb76283695800ed16fc57508be65ab069e2bf01b771bd42d3d0305c", kill_on_drop: false }`
[INFO] [stdout] 2fa34192fcb76283695800ed16fc57508be65ab069e2bf01b771bd42d3d0305c
[INFO] running `Command { std: "docker" "create" "-v" "/var/lib/crater-agent-workspace/builds/worker-7-tc2/target:/opt/rustwide/target:rw,Z" "-v" "/var/lib/crater-agent-workspace/builds/worker-7-tc2/source:/opt/rustwide/workdir:ro,Z" "-v" "/var/lib/crater-agent-workspace/cargo-home:/opt/rustwide/cargo-home:ro,Z" "-v" "/var/lib/crater-agent-workspace/rustup-home:/opt/rustwide/rustup-home:ro,Z" "-e" "SOURCE_DIR=/opt/rustwide/workdir" "-e" "CARGO_TARGET_DIR=/opt/rustwide/target" "-e" "CARGO_INCREMENTAL=0" "-e" "RUST_BACKTRACE=full" "-e" "RUSTFLAGS=--cap-lints=forbid -Zrandomize-layout" "-e" "RUSTDOCFLAGS=--cap-lints=forbid" "-e" "CARGO_HOME=/opt/rustwide/cargo-home" "-e" "RUSTUP_HOME=/opt/rustwide/rustup-home" "-w" "/opt/rustwide/workdir" "-m" "1610612736" "--user" "0:0" "--network" "none" "ghcr.io/rust-lang/crates-build-env/linux@sha256:4a844ea9eb2546a2d2c7022eacef16ef2e8229c7fbb2c7d4d55a9ceca922f72d" "/opt/rustwide/cargo-home/bin/cargo" "+nightly-2024-10-28" "test" "--frozen" "--no-run" "--message-format=json", kill_on_drop: false }`
[INFO] [stdout] 488a3cbb95b521e2c7a9868b2638603f9f19cd49e37a2800dfa134588e316f8c
[INFO] running `Command { std: "docker" "start" "-a" "488a3cbb95b521e2c7a9868b2638603f9f19cd49e37a2800dfa134588e316f8c", kill_on_drop: false }`
[INFO] [stderr]    Compiling libc v0.2.161
[INFO] [stderr]    Compiling memchr v2.7.4
[INFO] [stderr]    Compiling regex-syntax v0.8.5
[INFO] [stderr]    Compiling rustix v0.38.38
[INFO] [stderr]    Compiling rstest_macros v0.18.2
[INFO] [stderr]    Compiling bitflags v2.6.0
[INFO] [stderr]    Compiling serde v1.0.214
[INFO] [stderr]    Compiling futures-macro v0.3.31
[INFO] [stderr]    Compiling relative-path v1.9.3
[INFO] [stderr]    Compiling glob v0.3.1
[INFO] [stderr]    Compiling linux-raw-sys v0.4.14
[INFO] [stderr]    Compiling once_cell v1.20.2
[INFO] [stderr]    Compiling aho-corasick v1.1.3
[INFO] [stderr]    Compiling fastrand v2.1.1
[INFO] [stderr]    Compiling futures-timer v3.0.3
[INFO] [stderr]    Compiling linked-hash-map v0.5.6
[INFO] [stderr]    Compiling futures-util v0.3.31
[INFO] [stderr]    Compiling similar v2.6.0
[INFO] [stderr]    Compiling inotify-sys v0.1.5
[INFO] [stderr]    Compiling inotify v0.10.2
[INFO] [stderr]    Compiling filetime v0.2.25
[INFO] [stderr]    Compiling regex-automata v0.4.8
[INFO] [stderr]    Compiling mio v0.8.11
[INFO] [stderr]    Compiling console v0.15.8
[INFO] [stderr]    Compiling tempfile v3.13.0
[INFO] [stderr]    Compiling insta v1.41.1
[INFO] [stderr]    Compiling nix v0.27.1
[INFO] [stderr]    Compiling notify-fork v6.1.1 (/opt/rustwide/workdir)
[INFO] [stderr]    Compiling serde_json v1.0.132
[INFO] [stderr]    Compiling futures-executor v0.3.31
[INFO] [stderr]    Compiling futures v0.3.31
[INFO] [stderr]    Compiling regex v1.11.1
[INFO] [stderr]    Compiling rstest v0.18.2
[INFO] [stdout] warning: trait `NeedsDebug` is never used
[INFO] [stdout]    --> src/lib.rs:397:23
[INFO] [stdout]     |
[INFO] [stdout] 397 |                 trait NeedsDebug: std::fmt::Debug {}
[INFO] [stdout]     |                       ^^^^^^^^^^
[INFO] [stdout] ...
[INFO] [stdout] 402 |         assert_debug_impl!(Config);
[INFO] [stdout]     |         -------------------------- in this macro invocation
[INFO] [stdout]     |
[INFO] [stdout]     = note: `#[warn(dead_code)]` on by default
[INFO] [stdout]     = note: this warning originates in the macro `assert_debug_impl` (in Nightly builds, run with -Z macro-backtrace for more info)
[INFO] [stdout] 
[INFO] [stdout] 
[INFO] [stdout] warning: trait `NeedsDebug` is never used
[INFO] [stdout]    --> src/lib.rs:397:23
[INFO] [stdout]     |
[INFO] [stdout] 397 |                 trait NeedsDebug: std::fmt::Debug {}
[INFO] [stdout]     |                       ^^^^^^^^^^
[INFO] [stdout] ...
[INFO] [stdout] 403 |         assert_debug_impl!(Error);
[INFO] [stdout]     |         ------------------------- in this macro invocation
[INFO] [stdout]     |
[INFO] [stdout]     = note: this warning originates in the macro `assert_debug_impl` (in Nightly builds, run with -Z macro-backtrace for more info)
[INFO] [stdout] 
[INFO] [stdout] 
[INFO] [stdout] warning: trait `NeedsDebug` is never used
[INFO] [stdout]    --> src/lib.rs:397:23
[INFO] [stdout]     |
[INFO] [stdout] 397 |                 trait NeedsDebug: std::fmt::Debug {}
[INFO] [stdout]     |                       ^^^^^^^^^^
[INFO] [stdout] ...
[INFO] [stdout] 404 |         assert_debug_impl!(ErrorKind);
[INFO] [stdout]     |         ----------------------------- in this macro invocation
[INFO] [stdout]     |
[INFO] [stdout]     = note: this warning originates in the macro `assert_debug_impl` (in Nightly builds, run with -Z macro-backtrace for more info)
[INFO] [stdout] 
[INFO] [stdout] 
[INFO] [stdout] warning: trait `NeedsDebug` is never used
[INFO] [stdout]    --> src/lib.rs:397:23
[INFO] [stdout]     |
[INFO] [stdout] 397 |                 trait NeedsDebug: std::fmt::Debug {}
[INFO] [stdout]     |                       ^^^^^^^^^^
[INFO] [stdout] ...
[INFO] [stdout] 405 |         assert_debug_impl!(NullWatcher);
[INFO] [stdout]     |         ------------------------------- in this macro invocation
[INFO] [stdout]     |
[INFO] [stdout]     = note: this warning originates in the macro `assert_debug_impl` (in Nightly builds, run with -Z macro-backtrace for more info)
[INFO] [stdout] 
[INFO] [stdout] 
[INFO] [stdout] warning: trait `NeedsDebug` is never used
[INFO] [stdout]    --> src/lib.rs:397:23
[INFO] [stdout]     |
[INFO] [stdout] 397 |                 trait NeedsDebug: std::fmt::Debug {}
[INFO] [stdout]     |                       ^^^^^^^^^^
[INFO] [stdout] ...
[INFO] [stdout] 406 |         assert_debug_impl!(PollWatcher);
[INFO] [stdout]     |         ------------------------------- in this macro invocation
[INFO] [stdout]     |
[INFO] [stdout]     = note: this warning originates in the macro `assert_debug_impl` (in Nightly builds, run with -Z macro-backtrace for more info)
[INFO] [stdout] 
[INFO] [stdout] 
[INFO] [stdout] warning: trait `NeedsDebug` is never used
[INFO] [stdout]    --> src/lib.rs:397:23
[INFO] [stdout]     |
[INFO] [stdout] 397 |                 trait NeedsDebug: std::fmt::Debug {}
[INFO] [stdout]     |                       ^^^^^^^^^^
[INFO] [stdout] ...
[INFO] [stdout] 407 |         assert_debug_impl!(RecommendedWatcher);
[INFO] [stdout]     |         -------------------------------------- in this macro invocation
[INFO] [stdout]     |
[INFO] [stdout]     = note: this warning originates in the macro `assert_debug_impl` (in Nightly builds, run with -Z macro-backtrace for more info)
[INFO] [stdout] 
[INFO] [stdout] 
[INFO] [stdout] warning: trait `NeedsDebug` is never used
[INFO] [stdout]    --> src/lib.rs:397:23
[INFO] [stdout]     |
[INFO] [stdout] 397 |                 trait NeedsDebug: std::fmt::Debug {}
[INFO] [stdout]     |                       ^^^^^^^^^^
[INFO] [stdout] ...
[INFO] [stdout] 408 |         assert_debug_impl!(RecursiveMode);
[INFO] [stdout]     |         --------------------------------- in this macro invocation
[INFO] [stdout]     |
[INFO] [stdout]     = note: this warning originates in the macro `assert_debug_impl` (in Nightly builds, run with -Z macro-backtrace for more info)
[INFO] [stdout] 
[INFO] [stdout] 
[INFO] [stdout] warning: trait `NeedsDebug` is never used
[INFO] [stdout]    --> src/lib.rs:397:23
[INFO] [stdout]     |
[INFO] [stdout] 397 |                 trait NeedsDebug: std::fmt::Debug {}
[INFO] [stdout]     |                       ^^^^^^^^^^
[INFO] [stdout] ...
[INFO] [stdout] 409 |         assert_debug_impl!(WatcherKind);
[INFO] [stdout]     |         ------------------------------- in this macro invocation
[INFO] [stdout]     |
[INFO] [stdout]     = note: this warning originates in the macro `assert_debug_impl` (in Nightly builds, run with -Z macro-backtrace for more info)
[INFO] [stdout] 
[INFO] [stdout] 
[INFO] [stderr]     Finished `test` profile [unoptimized + debuginfo] target(s) in 6.80s
[INFO] running `Command { std: "docker" "inspect" "488a3cbb95b521e2c7a9868b2638603f9f19cd49e37a2800dfa134588e316f8c", kill_on_drop: false }`
[INFO] running `Command { std: "docker" "rm" "-f" "488a3cbb95b521e2c7a9868b2638603f9f19cd49e37a2800dfa134588e316f8c", kill_on_drop: false }`
[INFO] [stdout] 488a3cbb95b521e2c7a9868b2638603f9f19cd49e37a2800dfa134588e316f8c
[INFO] running `Command { std: "docker" "create" "-v" "/var/lib/crater-agent-workspace/builds/worker-7-tc2/target:/opt/rustwide/target:rw,Z" "-v" "/var/lib/crater-agent-workspace/builds/worker-7-tc2/source:/opt/rustwide/workdir:ro,Z" "-v" "/var/lib/crater-agent-workspace/cargo-home:/opt/rustwide/cargo-home:ro,Z" "-v" "/var/lib/crater-agent-workspace/rustup-home:/opt/rustwide/rustup-home:ro,Z" "-e" "SOURCE_DIR=/opt/rustwide/workdir" "-e" "CARGO_TARGET_DIR=/opt/rustwide/target" "-e" "CARGO_INCREMENTAL=0" "-e" "RUST_BACKTRACE=full" "-e" "RUSTFLAGS=--cap-lints=forbid -Zrandomize-layout" "-e" "RUSTDOCFLAGS=--cap-lints=forbid" "-e" "CARGO_HOME=/opt/rustwide/cargo-home" "-e" "RUSTUP_HOME=/opt/rustwide/rustup-home" "-w" "/opt/rustwide/workdir" "-m" "1610612736" "--user" "0:0" "--network" "none" "ghcr.io/rust-lang/crates-build-env/linux@sha256:4a844ea9eb2546a2d2c7022eacef16ef2e8229c7fbb2c7d4d55a9ceca922f72d" "/opt/rustwide/cargo-home/bin/cargo" "+nightly-2024-10-28" "test" "--frozen", kill_on_drop: false }`
[INFO] [stdout] 88e8de81bd80054e0ebec02dccbf44ca037cc7bb7099caee5ae753a867107eab
[INFO] running `Command { std: "docker" "start" "-a" "88e8de81bd80054e0ebec02dccbf44ca037cc7bb7099caee5ae753a867107eab", kill_on_drop: false }`
[INFO] [stderr] warning: trait `NeedsDebug` is never used
[INFO] [stderr]    --> src/lib.rs:397:23
[INFO] [stderr]     |
[INFO] [stderr] 397 |                 trait NeedsDebug: std::fmt::Debug {}
[INFO] [stderr]     |                       ^^^^^^^^^^
[INFO] [stderr] ...
[INFO] [stderr] 402 |         assert_debug_impl!(Config);
[INFO] [stderr]     |         -------------------------- in this macro invocation
[INFO] [stderr]     |
[INFO] [stderr]     = note: `#[warn(dead_code)]` on by default
[INFO] [stderr]     = note: this warning originates in the macro `assert_debug_impl` (in Nightly builds, run with -Z macro-backtrace for more info)
[INFO] [stderr] 
[INFO] [stderr] warning: trait `NeedsDebug` is never used
[INFO] [stderr]    --> src/lib.rs:397:23
[INFO] [stderr]     |
[INFO] [stderr] 397 |                 trait NeedsDebug: std::fmt::Debug {}
[INFO] [stderr]     |                       ^^^^^^^^^^
[INFO] [stderr] ...
[INFO] [stderr] 403 |         assert_debug_impl!(Error);
[INFO] [stderr]     |         ------------------------- in this macro invocation
[INFO] [stderr]     |
[INFO] [stderr]     = note: this warning originates in the macro `assert_debug_impl` (in Nightly builds, run with -Z macro-backtrace for more info)
[INFO] [stderr] 
[INFO] [stderr] warning: trait `NeedsDebug` is never used
[INFO] [stderr]    --> src/lib.rs:397:23
[INFO] [stderr]     |
[INFO] [stderr] 397 |                 trait NeedsDebug: std::fmt::Debug {}
[INFO] [stderr]     |                       ^^^^^^^^^^
[INFO] [stderr] ...
[INFO] [stderr] 404 |         assert_debug_impl!(ErrorKind);
[INFO] [stderr]     |         ----------------------------- in this macro invocation
[INFO] [stderr]     |
[INFO] [stderr]     = note: this warning originates in the macro `assert_debug_impl` (in Nightly builds, run with -Z macro-backtrace for more info)
[INFO] [stderr] 
[INFO] [stderr] warning: trait `NeedsDebug` is never used
[INFO] [stderr]    --> src/lib.rs:397:23
[INFO] [stderr]     |
[INFO] [stderr] 397 |                 trait NeedsDebug: std::fmt::Debug {}
[INFO] [stderr]     |                       ^^^^^^^^^^
[INFO] [stderr] ...
[INFO] [stderr] 405 |         assert_debug_impl!(NullWatcher);
[INFO] [stderr]     |         ------------------------------- in this macro invocation
[INFO] [stderr]     |
[INFO] [stderr]     = note: this warning originates in the macro `assert_debug_impl` (in Nightly builds, run with -Z macro-backtrace for more info)
[INFO] [stderr] 
[INFO] [stderr] warning: trait `NeedsDebug` is never used
[INFO] [stderr]    --> src/lib.rs:397:23
[INFO] [stderr]     |
[INFO] [stderr] 397 |                 trait NeedsDebug: std::fmt::Debug {}
[INFO] [stderr]     |                       ^^^^^^^^^^
[INFO] [stderr] ...
[INFO] [stderr] 406 |         assert_debug_impl!(PollWatcher);
[INFO] [stderr]     |         ------------------------------- in this macro invocation
[INFO] [stderr]     |
[INFO] [stderr]     = note: this warning originates in the macro `assert_debug_impl` (in Nightly builds, run with -Z macro-backtrace for more info)
[INFO] [stderr] 
[INFO] [stderr] warning: trait `NeedsDebug` is never used
[INFO] [stderr]    --> src/lib.rs:397:23
[INFO] [stderr]     |
[INFO] [stderr] 397 |                 trait NeedsDebug: std::fmt::Debug {}
[INFO] [stderr]     |                       ^^^^^^^^^^
[INFO] [stderr] ...
[INFO] [stderr] 407 |         assert_debug_impl!(RecommendedWatcher);
[INFO] [stderr]     |         -------------------------------------- in this macro invocation
[INFO] [stderr]     |
[INFO] [stderr]     = note: this warning originates in the macro `assert_debug_impl` (in Nightly builds, run with -Z macro-backtrace for more info)
[INFO] [stderr] 
[INFO] [stderr] warning: trait `NeedsDebug` is never used
[INFO] [stderr]    --> src/lib.rs:397:23
[INFO] [stderr]     |
[INFO] [stderr] 397 |                 trait NeedsDebug: std::fmt::Debug {}
[INFO] [stderr]     |                       ^^^^^^^^^^
[INFO] [stderr] ...
[INFO] [stderr] 408 |         assert_debug_impl!(RecursiveMode);
[INFO] [stderr]     |         --------------------------------- in this macro invocation
[INFO] [stderr]     |
[INFO] [stderr]     = note: this warning originates in the macro `assert_debug_impl` (in Nightly builds, run with -Z macro-backtrace for more info)
[INFO] [stderr] 
[INFO] [stderr] warning: trait `NeedsDebug` is never used
[INFO] [stderr]    --> src/lib.rs:397:23
[INFO] [stderr]     |
[INFO] [stderr] 397 |                 trait NeedsDebug: std::fmt::Debug {}
[INFO] [stderr]     |                       ^^^^^^^^^^
[INFO] [stderr] ...
[INFO] [stderr] 409 |         assert_debug_impl!(WatcherKind);
[INFO] [stderr]     |         ------------------------------- in this macro invocation
[INFO] [stderr]     |
[INFO] [stderr]     = note: this warning originates in the macro `assert_debug_impl` (in Nightly builds, run with -Z macro-backtrace for more info)
[INFO] [stderr] 
[INFO] [stderr] warning: `notify-fork` (lib test) generated 8 warnings
[INFO] [stderr]     Finished `test` profile [unoptimized + debuginfo] target(s) in 0.05s
[INFO] [stderr]      Running unittests src/lib.rs (/opt/rustwide/target/debug/deps/notify_fork-5ea99731439ac864)
[INFO] [stdout] 
[INFO] [stdout] running 5 tests
[INFO] [stdout] test inotify::inotify_watcher_is_send_and_sync ... ok
[INFO] [stdout] test error::display_formatted_errors ... ok
[INFO] [stdout] test poll::poll_watcher_is_send_and_sync ... ok
[INFO] [stdout] test tests::test_debug_impl ... ok
[INFO] [stdout] test tests::test_object_safe ... ok
[INFO] [stdout] 
[INFO] [stdout] test result: ok. 5 passed; 0 failed; 0 ignored; 0 measured; 0 filtered out; finished in 0.00s
[INFO] [stdout] 
[INFO] [stderr]    Doc-tests notify_fork
[INFO] [stdout] 
[INFO] [stdout] running 4 tests
[INFO] [stdout] test src/lib.rs - EventHandler (line 229) - compile ... FAILED
[INFO] [stdout] test src/config.rs - config::Config (line 29) ... FAILED
[INFO] [stdout] test src/lib.rs - (line 90) ... FAILED
[INFO] [stdout] test src/lib.rs - (line 134) ... FAILED
[INFO] [stdout] 
[INFO] [stdout] failures:
[INFO] [stdout] 
[INFO] [stdout] ---- src/lib.rs - EventHandler (line 229) stdout ----
[INFO] [stdout] error[E0432]: unresolved import `notify`
[INFO] [stdout]  --> src/lib.rs:230:5
[INFO] [stdout]   |
[INFO] [stdout] 3 | use notify::{Event, Result, EventHandler};
[INFO] [stdout]   |     ^^^^^^ use of undeclared crate or module `notify`
[INFO] [stdout]   |
[INFO] [stdout] help: there is a crate or module with a similar name
[INFO] [stdout]   |
[INFO] [stdout] 3 | use inotify::{Event, Result, EventHandler};
[INFO] [stdout]   |     ~~~~~~~
[INFO] [stdout] 
[INFO] [stdout] error: aborting due to 1 previous error
[INFO] [stdout] 
[INFO] [stdout] For more information about this error, try `rustc --explain E0432`.
[INFO] [stdout] Couldn't compile the test.
[INFO] [stdout] ---- src/config.rs - config::Config (line 29) stdout ----
[INFO] [stdout] error[E0432]: unresolved import `notify`
[INFO] [stdout]  --> src/config.rs:31:5
[INFO] [stdout]   |
[INFO] [stdout] 4 | use notify::Config;
[INFO] [stdout]   |     ^^^^^^ use of undeclared crate or module `notify`
[INFO] [stdout]   |
[INFO] [stdout] help: there is a crate or module with a similar name
[INFO] [stdout]   |
[INFO] [stdout] 4 | use inotify::Config;
[INFO] [stdout]   |     ~~~~~~~
[INFO] [stdout] 
[INFO] [stdout] error: aborting due to 1 previous error
[INFO] [stdout] 
[INFO] [stdout] For more information about this error, try `rustc --explain E0432`.
[INFO] [stdout] Couldn't compile the test.
[INFO] [stdout] ---- src/lib.rs - (line 90) stdout ----
[INFO] [stdout] error[E0432]: unresolved import `notify`
[INFO] [stdout]  --> src/lib.rs:92:5
[INFO] [stdout]   |
[INFO] [stdout] 3 | use notify::{recommended_watcher, Event, RecursiveMode, Result, Watcher};
[INFO] [stdout]   |     ^^^^^^ use of undeclared crate or module `notify`
[INFO] [stdout]   |
[INFO] [stdout] help: there is a crate or module with a similar name
[INFO] [stdout]   |
[INFO] [stdout] 3 | use inotify::{recommended_watcher, Event, RecursiveMode, Result, Watcher};
[INFO] [stdout]   |     ~~~~~~~
[INFO] [stdout] 
[INFO] [stdout] error[E0433]: failed to resolve: use of undeclared crate or module `notify`
[INFO] [stdout]   --> src/lib.rs:102:23
[INFO] [stdout]    |
[INFO] [stdout] 13 |     let mut watcher = notify::recommended_watcher(tx)?;
[INFO] [stdout]    |                       ^^^^^^ use of undeclared crate or module `notify`
[INFO] [stdout]    |
[INFO] [stdout] help: there is a crate or module with a similar name
[INFO] [stdout]    |
[INFO] [stdout] 13 |     let mut watcher = inotify::recommended_watcher(tx)?;
[INFO] [stdout]    |                       ~~~~~~~
[INFO] [stdout] 
[INFO] [stdout] error: aborting due to 2 previous errors
[INFO] [stdout] 
[INFO] [stdout] Some errors have detailed explanations: E0432, E0433.
[INFO] [stdout] For more information about an error, try `rustc --explain E0432`.
[INFO] [stdout] Couldn't compile the test.
[INFO] [stdout] ---- src/lib.rs - (line 134) stdout ----
[INFO] [stdout] error[E0432]: unresolved import `notify`
[INFO] [stdout]  --> src/lib.rs:135:5
[INFO] [stdout]   |
[INFO] [stdout] 2 | use notify::{RecommendedWatcher, RecursiveMode, Result, Watcher};
[INFO] [stdout]   |     ^^^^^^ use of undeclared crate or module `notify`
[INFO] [stdout]   |
[INFO] [stdout] help: there is a crate or module with a similar name
[INFO] [stdout]   |
[INFO] [stdout] 2 | use inotify::{RecommendedWatcher, RecursiveMode, Result, Watcher};
[INFO] [stdout]   |     ~~~~~~~
[INFO] [stdout] 
[INFO] [stdout] error[E0433]: failed to resolve: use of undeclared crate or module `notify`
[INFO] [stdout]   --> src/lib.rs:146:26
[INFO] [stdout]    |
[INFO] [stdout] 13 |       let mut watcher1 = notify::recommended_watcher(event_fn)?;
[INFO] [stdout]    |                          ^^^^^^ use of undeclared crate or module `notify`
[INFO] [stdout]    |
[INFO] [stdout] help: there is a crate or module with a similar name
[INFO] [stdout]    |
[INFO] [stdout] 13 |       let mut watcher1 = inotify::recommended_watcher(event_fn)?;
[INFO] [stdout]    |                          ~~~~~~~
[INFO] [stdout] 
[INFO] [stdout] error[E0433]: failed to resolve: use of undeclared crate or module `notify`
[INFO] [stdout]   --> src/lib.rs:148:26
[INFO] [stdout]    |
[INFO] [stdout] 15 |       let mut watcher2 = notify::recommended_watcher(event_fn)?;
[INFO] [stdout]    |                          ^^^^^^ use of undeclared crate or module `notify`
[INFO] [stdout]    |
[INFO] [stdout] help: there is a crate or module with a similar name
[INFO] [stdout]    |
[INFO] [stdout] 15 |       let mut watcher2 = inotify::recommended_watcher(event_fn)?;
[INFO] [stdout]    |                          ~~~~~~~
[INFO] [stdout] 
[INFO] [stdout] error[E0433]: failed to resolve: use of undeclared crate or module `notify`
[INFO] [stdout]  --> src/lib.rs:139:31
[INFO] [stdout]   |
[INFO] [stdout] 6 |       fn event_fn(res: Result<notify::Event>) {
[INFO] [stdout]   |                               ^^^^^^ use of undeclared crate or module `notify`
[INFO] [stdout]   |
[INFO] [stdout] help: there is a crate or module with a similar name
[INFO] [stdout]   |
[INFO] [stdout] 6 |       fn event_fn(res: Result<inotify::Event>) {
[INFO] [stdout]   |                               ~~~~~~~
[INFO] [stdout] 
[INFO] [stdout] error: aborting due to 4 previous errors
[INFO] [stdout] 
[INFO] [stdout] Some errors have detailed explanations: E0432, E0433.
[INFO] [stdout] For more information about an error, try `rustc --explain E0432`.
[INFO] [stdout] Couldn't compile the test.
[INFO] [stdout] 
[INFO] [stdout] failures:
[INFO] [stdout]     src/config.rs - config::Config (line 29)
[INFO] [stdout]     src/lib.rs - (line 134)
[INFO] [stdout]     src/lib.rs - (line 90)
[INFO] [stdout]     src/lib.rs - EventHandler (line 229)
[INFO] [stdout] 
[INFO] [stdout] test result: FAILED. 0 passed; 4 failed; 0 ignored; 0 measured; 0 filtered out; finished in 0.07s
[INFO] [stdout] 
[INFO] [stderr] error: doctest failed, to rerun pass `--doc`
[INFO] running `Command { std: "docker" "inspect" "88e8de81bd80054e0ebec02dccbf44ca037cc7bb7099caee5ae753a867107eab", kill_on_drop: false }`
[INFO] running `Command { std: "docker" "rm" "-f" "88e8de81bd80054e0ebec02dccbf44ca037cc7bb7099caee5ae753a867107eab", kill_on_drop: false }`
[INFO] [stdout] 88e8de81bd80054e0ebec02dccbf44ca037cc7bb7099caee5ae753a867107eab
