[INFO] fetching crate norm 0.1.1...
[INFO] testing norm-0.1.1 against nightly-2024-10-28 for randomize-layout
[INFO] extracting crate norm 0.1.1 into /workspace/builds/worker-3-tc1/source
[INFO] validating manifest of crates.io crate norm 0.1.1 on toolchain nightly-2024-10-28
[INFO] running `Command { std: CARGO_HOME="/workspace/cargo-home" RUSTUP_HOME="/workspace/rustup-home" "/workspace/cargo-home/bin/cargo" "+nightly-2024-10-28" "metadata" "--manifest-path" "Cargo.toml" "--no-deps", kill_on_drop: false }`
[INFO] started tweaking crates.io crate norm 0.1.1
[INFO] removed 0 missing examples
[INFO] removed 0 missing tests
[INFO] finished tweaking crates.io crate norm 0.1.1
[INFO] tweaked toml for crates.io crate norm 0.1.1 written to /workspace/builds/worker-3-tc1/source/Cargo.toml
[INFO] crate crates.io crate norm 0.1.1 already has a lockfile, it will not be regenerated
[INFO] running `Command { std: CARGO_HOME="/workspace/cargo-home" RUSTUP_HOME="/workspace/rustup-home" "/workspace/cargo-home/bin/cargo" "+nightly-2024-10-28" "fetch" "--manifest-path" "Cargo.toml", kill_on_drop: false }`
[INFO] running `Command { std: "docker" "create" "-v" "/var/lib/crater-agent-workspace/builds/worker-3-tc1/target:/opt/rustwide/target:rw,Z" "-v" "/var/lib/crater-agent-workspace/builds/worker-3-tc1/source:/opt/rustwide/workdir:ro,Z" "-v" "/var/lib/crater-agent-workspace/cargo-home:/opt/rustwide/cargo-home:ro,Z" "-v" "/var/lib/crater-agent-workspace/rustup-home:/opt/rustwide/rustup-home:ro,Z" "-e" "SOURCE_DIR=/opt/rustwide/workdir" "-e" "CARGO_TARGET_DIR=/opt/rustwide/target" "-e" "CARGO_HOME=/opt/rustwide/cargo-home" "-e" "RUSTUP_HOME=/opt/rustwide/rustup-home" "-w" "/opt/rustwide/workdir" "-m" "1610612736" "--user" "0:0" "--network" "none" "ghcr.io/rust-lang/crates-build-env/linux@sha256:4a844ea9eb2546a2d2c7022eacef16ef2e8229c7fbb2c7d4d55a9ceca922f72d" "/opt/rustwide/cargo-home/bin/cargo" "+nightly-2024-10-28" "metadata" "--no-deps" "--format-version=1", kill_on_drop: false }`
[INFO] [stdout] 975b55da6ae05da8888da23728cc0f9d0e2be6308bab1d74766fc577cca3381a
[INFO] running `Command { std: "docker" "start" "-a" "975b55da6ae05da8888da23728cc0f9d0e2be6308bab1d74766fc577cca3381a", kill_on_drop: false }`
[INFO] running `Command { std: "docker" "inspect" "975b55da6ae05da8888da23728cc0f9d0e2be6308bab1d74766fc577cca3381a", kill_on_drop: false }`
[INFO] running `Command { std: "docker" "rm" "-f" "975b55da6ae05da8888da23728cc0f9d0e2be6308bab1d74766fc577cca3381a", kill_on_drop: false }`
[INFO] [stdout] 975b55da6ae05da8888da23728cc0f9d0e2be6308bab1d74766fc577cca3381a
[INFO] running `Command { std: "docker" "create" "-v" "/var/lib/crater-agent-workspace/builds/worker-3-tc1/target:/opt/rustwide/target:rw,Z" "-v" "/var/lib/crater-agent-workspace/builds/worker-3-tc1/source:/opt/rustwide/workdir:ro,Z" "-v" "/var/lib/crater-agent-workspace/cargo-home:/opt/rustwide/cargo-home:ro,Z" "-v" "/var/lib/crater-agent-workspace/rustup-home:/opt/rustwide/rustup-home:ro,Z" "-e" "SOURCE_DIR=/opt/rustwide/workdir" "-e" "CARGO_TARGET_DIR=/opt/rustwide/target" "-e" "CARGO_INCREMENTAL=0" "-e" "RUST_BACKTRACE=full" "-e" "RUSTFLAGS=--cap-lints=forbid" "-e" "RUSTDOCFLAGS=--cap-lints=forbid" "-e" "CARGO_HOME=/opt/rustwide/cargo-home" "-e" "RUSTUP_HOME=/opt/rustwide/rustup-home" "-w" "/opt/rustwide/workdir" "-m" "1610612736" "--user" "0:0" "--network" "none" "ghcr.io/rust-lang/crates-build-env/linux@sha256:4a844ea9eb2546a2d2c7022eacef16ef2e8229c7fbb2c7d4d55a9ceca922f72d" "/opt/rustwide/cargo-home/bin/cargo" "+nightly-2024-10-28" "build" "--frozen" "--message-format=json", kill_on_drop: false }`
[INFO] [stdout] 91028a3b650ce6e660985834f8c408f4d1a48263e7b12eea9234ab0f18fffedb
[INFO] running `Command { std: "docker" "start" "-a" "91028a3b650ce6e660985834f8c408f4d1a48263e7b12eea9234ab0f18fffedb", kill_on_drop: false }`
[INFO] [stderr]    Compiling memchr v2.6.4
[INFO] [stderr]    Compiling norm v0.1.1 (/opt/rustwide/workdir)
[INFO] [stderr]     Finished `dev` profile [unoptimized + debuginfo] target(s) in 0.49s
[INFO] running `Command { std: "docker" "inspect" "91028a3b650ce6e660985834f8c408f4d1a48263e7b12eea9234ab0f18fffedb", kill_on_drop: false }`
[INFO] running `Command { std: "docker" "rm" "-f" "91028a3b650ce6e660985834f8c408f4d1a48263e7b12eea9234ab0f18fffedb", kill_on_drop: false }`
[INFO] [stdout] 91028a3b650ce6e660985834f8c408f4d1a48263e7b12eea9234ab0f18fffedb
[INFO] running `Command { std: "docker" "create" "-v" "/var/lib/crater-agent-workspace/builds/worker-3-tc1/target:/opt/rustwide/target:rw,Z" "-v" "/var/lib/crater-agent-workspace/builds/worker-3-tc1/source:/opt/rustwide/workdir:ro,Z" "-v" "/var/lib/crater-agent-workspace/cargo-home:/opt/rustwide/cargo-home:ro,Z" "-v" "/var/lib/crater-agent-workspace/rustup-home:/opt/rustwide/rustup-home:ro,Z" "-e" "SOURCE_DIR=/opt/rustwide/workdir" "-e" "CARGO_TARGET_DIR=/opt/rustwide/target" "-e" "CARGO_INCREMENTAL=0" "-e" "RUST_BACKTRACE=full" "-e" "RUSTFLAGS=--cap-lints=forbid" "-e" "RUSTDOCFLAGS=--cap-lints=forbid" "-e" "CARGO_HOME=/opt/rustwide/cargo-home" "-e" "RUSTUP_HOME=/opt/rustwide/rustup-home" "-w" "/opt/rustwide/workdir" "-m" "1610612736" "--user" "0:0" "--network" "none" "ghcr.io/rust-lang/crates-build-env/linux@sha256:4a844ea9eb2546a2d2c7022eacef16ef2e8229c7fbb2c7d4d55a9ceca922f72d" "/opt/rustwide/cargo-home/bin/cargo" "+nightly-2024-10-28" "test" "--frozen" "--no-run" "--message-format=json", kill_on_drop: false }`
[INFO] [stdout] 973ab2d76b01230b2a81934c22fdb0f45ba3add84d6fa25c32854aca9bf9f711
[INFO] running `Command { std: "docker" "start" "-a" "973ab2d76b01230b2a81934c22fdb0f45ba3add84d6fa25c32854aca9bf9f711", kill_on_drop: false }`
[INFO] [stderr]    Compiling proc-macro2 v1.0.69
[INFO] [stderr]    Compiling memoffset v0.9.0
[INFO] [stderr]    Compiling crossbeam-utils v0.8.16
[INFO] [stderr]    Compiling crossbeam-epoch v0.9.15
[INFO] [stderr]    Compiling serde v1.0.189
[INFO] [stderr]    Compiling num-traits v0.2.17
[INFO] [stderr]    Compiling serde_json v1.0.107
[INFO] [stderr]    Compiling either v1.9.0
[INFO] [stderr]    Compiling rustix v0.38.20
[INFO] [stderr]    Compiling rayon-core v1.12.0
[INFO] [stderr]    Compiling ciborium-io v0.2.1
[INFO] [stderr]    Compiling itoa v1.0.9
[INFO] [stderr]    Compiling plotters-backend v0.3.5
[INFO] [stderr]    Compiling linux-raw-sys v0.4.10
[INFO] [stderr]    Compiling anstyle v1.0.4
[INFO] [stderr]    Compiling bitflags v2.4.1
[INFO] [stderr]    Compiling ryu v1.0.15
[INFO] [stderr]    Compiling regex-syntax v0.8.2
[INFO] [stderr]    Compiling half v1.8.2
[INFO] [stderr]    Compiling itertools v0.10.5
[INFO] [stderr]    Compiling cast v0.3.0
[INFO] [stderr]    Compiling walkdir v2.4.0
[INFO] [stderr]    Compiling plotters-svg v0.3.5
[INFO] [stderr]    Compiling clap_builder v4.4.6
[INFO] [stderr]    Compiling oorandom v11.1.3
[INFO] [stderr]    Compiling anes v0.1.6
[INFO] [stderr]    Compiling ciborium-ll v0.2.1
[INFO] [stderr]    Compiling quote v1.0.33
[INFO] [stderr]    Compiling crossbeam-deque v0.8.3
[INFO] [stderr]    Compiling syn v2.0.38
[INFO] [stderr]    Compiling plotters v0.3.5
[INFO] [stderr]    Compiling is-terminal v0.4.9
[INFO] [stderr]    Compiling regex-automata v0.4.3
[INFO] [stderr]    Compiling rayon v1.8.0
[INFO] [stderr]    Compiling criterion-plot v0.5.0
[INFO] [stderr]    Compiling clap v4.4.6
[INFO] [stderr]    Compiling serde_derive v1.0.189
[INFO] [stderr]    Compiling regex v1.10.2
[INFO] [stderr]    Compiling ciborium v0.2.1
[INFO] [stderr]    Compiling tinytemplate v1.2.1
[INFO] [stderr]    Compiling criterion v0.5.1
[INFO] [stderr]    Compiling norm v0.1.1 (/opt/rustwide/workdir)
[INFO] [stderr]     Finished `test` profile [unoptimized + debuginfo] target(s) in 12.39s
[INFO] running `Command { std: "docker" "inspect" "973ab2d76b01230b2a81934c22fdb0f45ba3add84d6fa25c32854aca9bf9f711", kill_on_drop: false }`
[INFO] running `Command { std: "docker" "rm" "-f" "973ab2d76b01230b2a81934c22fdb0f45ba3add84d6fa25c32854aca9bf9f711", kill_on_drop: false }`
[INFO] [stdout] 973ab2d76b01230b2a81934c22fdb0f45ba3add84d6fa25c32854aca9bf9f711
[INFO] running `Command { std: "docker" "create" "-v" "/var/lib/crater-agent-workspace/builds/worker-3-tc1/target:/opt/rustwide/target:rw,Z" "-v" "/var/lib/crater-agent-workspace/builds/worker-3-tc1/source:/opt/rustwide/workdir:ro,Z" "-v" "/var/lib/crater-agent-workspace/cargo-home:/opt/rustwide/cargo-home:ro,Z" "-v" "/var/lib/crater-agent-workspace/rustup-home:/opt/rustwide/rustup-home:ro,Z" "-e" "SOURCE_DIR=/opt/rustwide/workdir" "-e" "CARGO_TARGET_DIR=/opt/rustwide/target" "-e" "CARGO_INCREMENTAL=0" "-e" "RUST_BACKTRACE=full" "-e" "RUSTFLAGS=--cap-lints=forbid" "-e" "RUSTDOCFLAGS=--cap-lints=forbid" "-e" "CARGO_HOME=/opt/rustwide/cargo-home" "-e" "RUSTUP_HOME=/opt/rustwide/rustup-home" "-w" "/opt/rustwide/workdir" "-m" "1610612736" "--user" "0:0" "--network" "none" "ghcr.io/rust-lang/crates-build-env/linux@sha256:4a844ea9eb2546a2d2c7022eacef16ef2e8229c7fbb2c7d4d55a9ceca922f72d" "/opt/rustwide/cargo-home/bin/cargo" "+nightly-2024-10-28" "test" "--frozen", kill_on_drop: false }`
[INFO] [stdout] 22375ed73e07971da6f9413235a8b1321ed85893c506501d40b4d6eb726aae3c
[INFO] running `Command { std: "docker" "start" "-a" "22375ed73e07971da6f9413235a8b1321ed85893c506501d40b4d6eb726aae3c", kill_on_drop: false }`
[INFO] [stderr]     Finished `test` profile [unoptimized + debuginfo] target(s) in 0.05s
[INFO] [stderr]      Running unittests src/lib.rs (/opt/rustwide/target/debug/deps/norm-fa3eab8292245ade)
[INFO] [stdout] 
[INFO] [stdout] running 0 tests
[INFO] [stdout] 
[INFO] [stdout] test result: ok. 0 passed; 0 failed; 0 ignored; 0 measured; 0 filtered out; finished in 0.00s
[INFO] [stdout] 
[INFO] [stderr]    Doc-tests norm
[INFO] [stdout] 
[INFO] [stdout] running 5 tests
[INFO] [stdout] test src/metric.rs - metric::Metric::distance_and_ranges (line 65) ... FAILED
[INFO] [stdout] test src/metric.rs - metric::Metric::distance_and_ranges (line 107) ... FAILED
[INFO] [stdout] test src/metric.rs - metric::Metric::distance_and_ranges (line 82) ... FAILED
[INFO] [stdout] test src/lib.rs - (line 24) ... FAILED
[INFO] [stdout] test src/metric.rs - metric::Metric::Distance (line 22) ... ok
[INFO] [stdout] 
[INFO] [stdout] failures:
[INFO] [stdout] 
[INFO] [stdout] ---- src/metric.rs - metric::Metric::distance_and_ranges (line 65) stdout ----
[INFO] [stdout] error[E0432]: unresolved import `norm::fzf`
[INFO] [stdout]  --> src/metric.rs:67:11
[INFO] [stdout]   |
[INFO] [stdout] 5 | use norm::fzf::{FzfV1, FzfParser};
[INFO] [stdout]   |           ^^^ could not find `fzf` in `norm`
[INFO] [stdout] 
[INFO] [stdout] error: aborting due to 1 previous error
[INFO] [stdout] 
[INFO] [stdout] For more information about this error, try `rustc --explain E0432`.
[INFO] [stdout] Couldn't compile the test.
[INFO] [stdout] ---- src/metric.rs - metric::Metric::distance_and_ranges (line 107) stdout ----
[INFO] [stdout] error[E0432]: unresolved import `norm::fzf`
[INFO] [stdout]  --> src/metric.rs:109:11
[INFO] [stdout]   |
[INFO] [stdout] 5 | use norm::fzf::{FzfV1, FzfParser};
[INFO] [stdout]   |           ^^^ could not find `fzf` in `norm`
[INFO] [stdout] 
[INFO] [stdout] error: aborting due to 1 previous error
[INFO] [stdout] 
[INFO] [stdout] For more information about this error, try `rustc --explain E0432`.
[INFO] [stdout] Couldn't compile the test.
[INFO] [stdout] ---- src/metric.rs - metric::Metric::distance_and_ranges (line 82) stdout ----
[INFO] [stdout] error[E0432]: unresolved import `norm::fzf`
[INFO] [stdout]  --> src/metric.rs:84:11
[INFO] [stdout]   |
[INFO] [stdout] 5 | use norm::fzf::{FzfV1, FzfParser};
[INFO] [stdout]   |           ^^^ could not find `fzf` in `norm`
[INFO] [stdout] 
[INFO] [stdout] error: aborting due to 1 previous error
[INFO] [stdout] 
[INFO] [stdout] For more information about this error, try `rustc --explain E0432`.
[INFO] [stdout] Couldn't compile the test.
[INFO] [stdout] ---- src/lib.rs - (line 24) stdout ----
[INFO] [stdout] error[E0432]: unresolved import `norm::fzf`
[INFO] [stdout]  --> src/lib.rs:27:11
[INFO] [stdout]   |
[INFO] [stdout] 6 | use norm::fzf::{FzfParser, FzfV2};
[INFO] [stdout]   |           ^^^ could not find `fzf` in `norm`
[INFO] [stdout] 
[INFO] [stdout] error: aborting due to 1 previous error
[INFO] [stdout] 
[INFO] [stdout] For more information about this error, try `rustc --explain E0432`.
[INFO] [stdout] Couldn't compile the test.
[INFO] [stdout] 
[INFO] [stdout] failures:
[INFO] [stdout]     src/lib.rs - (line 24)
[INFO] [stdout]     src/metric.rs - metric::Metric::distance_and_ranges (line 107)
[INFO] [stdout]     src/metric.rs - metric::Metric::distance_and_ranges (line 65)
[INFO] [stdout]     src/metric.rs - metric::Metric::distance_and_ranges (line 82)
[INFO] [stdout] 
[INFO] [stdout] test result: FAILED. 1 passed; 4 failed; 0 ignored; 0 measured; 0 filtered out; finished in 0.08s
[INFO] [stdout] 
[INFO] [stderr] error: doctest failed, to rerun pass `--doc`
[INFO] running `Command { std: "docker" "inspect" "22375ed73e07971da6f9413235a8b1321ed85893c506501d40b4d6eb726aae3c", kill_on_drop: false }`
[INFO] running `Command { std: "docker" "rm" "-f" "22375ed73e07971da6f9413235a8b1321ed85893c506501d40b4d6eb726aae3c", kill_on_drop: false }`
[INFO] [stdout] 22375ed73e07971da6f9413235a8b1321ed85893c506501d40b4d6eb726aae3c
