[INFO] fetching crate nom-rule 0.4.0...
[INFO] testing nom-rule-0.4.0 against nightly-2024-10-28+rustflags=-Zrandomize-layout for randomize-layout
[INFO] extracting crate nom-rule 0.4.0 into /workspace/builds/worker-4-tc2/source
[INFO] validating manifest of crates.io crate nom-rule 0.4.0 on toolchain nightly-2024-10-28
[INFO] running `Command { std: CARGO_HOME="/workspace/cargo-home" RUSTUP_HOME="/workspace/rustup-home" "/workspace/cargo-home/bin/cargo" "+nightly-2024-10-28" "metadata" "--manifest-path" "Cargo.toml" "--no-deps", kill_on_drop: false }`
[INFO] started tweaking crates.io crate nom-rule 0.4.0
[INFO] removed 0 missing examples
[INFO] finished tweaking crates.io crate nom-rule 0.4.0
[INFO] tweaked toml for crates.io crate nom-rule 0.4.0 written to /workspace/builds/worker-4-tc2/source/Cargo.toml
[INFO] crate crates.io crate nom-rule 0.4.0 already has a lockfile, it will not be regenerated
[INFO] running `Command { std: CARGO_HOME="/workspace/cargo-home" RUSTUP_HOME="/workspace/rustup-home" "/workspace/cargo-home/bin/cargo" "+nightly-2024-10-28" "fetch" "--manifest-path" "Cargo.toml", kill_on_drop: false }`
[INFO] running `Command { std: "docker" "create" "-v" "/var/lib/crater-agent-workspace/builds/worker-4-tc2/target:/opt/rustwide/target:rw,Z" "-v" "/var/lib/crater-agent-workspace/builds/worker-4-tc2/source:/opt/rustwide/workdir:ro,Z" "-v" "/var/lib/crater-agent-workspace/cargo-home:/opt/rustwide/cargo-home:ro,Z" "-v" "/var/lib/crater-agent-workspace/rustup-home:/opt/rustwide/rustup-home:ro,Z" "-e" "SOURCE_DIR=/opt/rustwide/workdir" "-e" "CARGO_TARGET_DIR=/opt/rustwide/target" "-e" "CARGO_HOME=/opt/rustwide/cargo-home" "-e" "RUSTUP_HOME=/opt/rustwide/rustup-home" "-w" "/opt/rustwide/workdir" "-m" "1610612736" "--user" "0:0" "--network" "none" "ghcr.io/rust-lang/crates-build-env/linux@sha256:4a844ea9eb2546a2d2c7022eacef16ef2e8229c7fbb2c7d4d55a9ceca922f72d" "/opt/rustwide/cargo-home/bin/cargo" "+nightly-2024-10-28" "metadata" "--no-deps" "--format-version=1", kill_on_drop: false }`
[INFO] [stdout] b73c10fcc838839c8b693974bfd056a7877ccba4da524bd24f253f5be38eaa9a
[INFO] running `Command { std: "docker" "start" "-a" "b73c10fcc838839c8b693974bfd056a7877ccba4da524bd24f253f5be38eaa9a", kill_on_drop: false }`
[INFO] running `Command { std: "docker" "inspect" "b73c10fcc838839c8b693974bfd056a7877ccba4da524bd24f253f5be38eaa9a", kill_on_drop: false }`
[INFO] running `Command { std: "docker" "rm" "-f" "b73c10fcc838839c8b693974bfd056a7877ccba4da524bd24f253f5be38eaa9a", kill_on_drop: false }`
[INFO] [stdout] b73c10fcc838839c8b693974bfd056a7877ccba4da524bd24f253f5be38eaa9a
[INFO] running `Command { std: "docker" "create" "-v" "/var/lib/crater-agent-workspace/builds/worker-4-tc2/target:/opt/rustwide/target:rw,Z" "-v" "/var/lib/crater-agent-workspace/builds/worker-4-tc2/source:/opt/rustwide/workdir:ro,Z" "-v" "/var/lib/crater-agent-workspace/cargo-home:/opt/rustwide/cargo-home:ro,Z" "-v" "/var/lib/crater-agent-workspace/rustup-home:/opt/rustwide/rustup-home:ro,Z" "-e" "SOURCE_DIR=/opt/rustwide/workdir" "-e" "CARGO_TARGET_DIR=/opt/rustwide/target" "-e" "CARGO_INCREMENTAL=0" "-e" "RUST_BACKTRACE=full" "-e" "RUSTFLAGS=--cap-lints=forbid -Zrandomize-layout" "-e" "RUSTDOCFLAGS=--cap-lints=forbid" "-e" "CARGO_HOME=/opt/rustwide/cargo-home" "-e" "RUSTUP_HOME=/opt/rustwide/rustup-home" "-w" "/opt/rustwide/workdir" "-m" "1610612736" "--user" "0:0" "--network" "none" "ghcr.io/rust-lang/crates-build-env/linux@sha256:4a844ea9eb2546a2d2c7022eacef16ef2e8229c7fbb2c7d4d55a9ceca922f72d" "/opt/rustwide/cargo-home/bin/cargo" "+nightly-2024-10-28" "build" "--frozen" "--message-format=json", kill_on_drop: false }`
[INFO] [stdout] 481683455b251e1bcdcd926ced7580e8b9f08cd67c8da615424248c5cddb94eb
[INFO] running `Command { std: "docker" "start" "-a" "481683455b251e1bcdcd926ced7580e8b9f08cd67c8da615424248c5cddb94eb", kill_on_drop: false }`
[INFO] [stderr]    Compiling proc-macro2 v1.0.86
[INFO] [stderr]    Compiling version_check v0.9.4
[INFO] [stderr]    Compiling unicode-ident v1.0.12
[INFO] [stderr]    Compiling syn v1.0.109
[INFO] [stderr]    Compiling minimal-lexical v0.2.1
[INFO] [stderr]    Compiling memchr v2.7.4
[INFO] [stderr]    Compiling pratt v0.4.0
[INFO] [stderr]    Compiling proc-macro-error-attr v1.0.4
[INFO] [stderr]    Compiling proc-macro-error v1.0.4
[INFO] [stderr]    Compiling nom v7.1.3
[INFO] [stderr]    Compiling quote v1.0.36
[INFO] [stderr]    Compiling syn v2.0.77
[INFO] [stderr]    Compiling nom-rule v0.4.0 (/opt/rustwide/workdir)
[INFO] [stderr]     Finished `dev` profile [unoptimized + debuginfo] target(s) in 2.25s
[INFO] running `Command { std: "docker" "inspect" "481683455b251e1bcdcd926ced7580e8b9f08cd67c8da615424248c5cddb94eb", kill_on_drop: false }`
[INFO] running `Command { std: "docker" "rm" "-f" "481683455b251e1bcdcd926ced7580e8b9f08cd67c8da615424248c5cddb94eb", kill_on_drop: false }`
[INFO] [stdout] 481683455b251e1bcdcd926ced7580e8b9f08cd67c8da615424248c5cddb94eb
[INFO] running `Command { std: "docker" "create" "-v" "/var/lib/crater-agent-workspace/builds/worker-4-tc2/target:/opt/rustwide/target:rw,Z" "-v" "/var/lib/crater-agent-workspace/builds/worker-4-tc2/source:/opt/rustwide/workdir:ro,Z" "-v" "/var/lib/crater-agent-workspace/cargo-home:/opt/rustwide/cargo-home:ro,Z" "-v" "/var/lib/crater-agent-workspace/rustup-home:/opt/rustwide/rustup-home:ro,Z" "-e" "SOURCE_DIR=/opt/rustwide/workdir" "-e" "CARGO_TARGET_DIR=/opt/rustwide/target" "-e" "CARGO_INCREMENTAL=0" "-e" "RUST_BACKTRACE=full" "-e" "RUSTFLAGS=--cap-lints=forbid -Zrandomize-layout" "-e" "RUSTDOCFLAGS=--cap-lints=forbid" "-e" "CARGO_HOME=/opt/rustwide/cargo-home" "-e" "RUSTUP_HOME=/opt/rustwide/rustup-home" "-w" "/opt/rustwide/workdir" "-m" "1610612736" "--user" "0:0" "--network" "none" "ghcr.io/rust-lang/crates-build-env/linux@sha256:4a844ea9eb2546a2d2c7022eacef16ef2e8229c7fbb2c7d4d55a9ceca922f72d" "/opt/rustwide/cargo-home/bin/cargo" "+nightly-2024-10-28" "test" "--frozen" "--no-run" "--message-format=json", kill_on_drop: false }`
[INFO] [stdout] d4ab12c3418aa4430b9883d11213b25be663a857c1b06485058a0c2cb9246032
[INFO] running `Command { std: "docker" "start" "-a" "d4ab12c3418aa4430b9883d11213b25be663a857c1b06485058a0c2cb9246032", kill_on_drop: false }`
[INFO] [stderr]    Compiling proc-macro2 v1.0.86
[INFO] [stderr]    Compiling unicode-ident v1.0.12
[INFO] [stderr]    Compiling fnv v1.0.7
[INFO] [stderr]    Compiling lazy_static v1.5.0
[INFO] [stderr]    Compiling regex-syntax v0.8.4
[INFO] [stderr]    Compiling beef v0.5.2
[INFO] [stderr]    Compiling syn v1.0.109
[INFO] [stderr]    Compiling proc-macro-error v1.0.4
[INFO] [stderr]    Compiling minimal-lexical v0.2.1
[INFO] [stderr]    Compiling pratt v0.4.0
[INFO] [stderr]    Compiling nom v7.1.3
[INFO] [stderr]    Compiling quote v1.0.36
[INFO] [stderr]    Compiling syn v2.0.77
[INFO] [stderr]    Compiling proc-macro-error-attr v1.0.4
[INFO] [stderr]    Compiling logos-codegen v0.14.2
[INFO] [stderr]    Compiling nom-rule v0.4.0 (/opt/rustwide/workdir)
[INFO] [stderr]    Compiling logos-derive v0.14.2
[INFO] [stderr]    Compiling logos v0.14.2
[INFO] [stdout] warning: elided lifetime has a name
[INFO] [stdout]   --> examples/sqlparser.rs:65:80
[INFO] [stdout]    |
[INFO] [stdout] 65 | fn ident<'a, Error: ParseError<Input<'a>>>(i: Input<'a>) -> IResult<Input<'a>, &str, Error> {
[INFO] [stdout]    |          -- lifetime `'a` declared here                                        ^ this elided lifetime gets resolved as `'a`
[INFO] [stdout]    |
[INFO] [stdout]    = note: `#[warn(elided_named_lifetimes)]` on by default
[INFO] [stdout] 
[INFO] [stdout] 
[INFO] [stdout] warning: unknown lint: `de`
[INFO] [stdout]   --> examples/sqlparser.rs:90:9
[INFO] [stdout]    |
[INFO] [stdout] 90 | #[allow(de)]
[INFO] [stdout]    |         ^^
[INFO] [stdout]    |
[INFO] [stdout]    = note: `#[warn(unknown_lints)]` on by default
[INFO] [stdout] 
[INFO] [stdout] 
[INFO] [stdout] warning: fields `name` and `columns` are never read
[INFO] [stdout]   --> examples/sqlparser.rs:92:5
[INFO] [stdout]    |
[INFO] [stdout] 91 | struct CreateTableStmt {
[INFO] [stdout]    |        --------------- fields in this struct
[INFO] [stdout] 92 |     name: String,
[INFO] [stdout]    |     ^^^^
[INFO] [stdout] 93 |     columns: Vec<(String, String)>,
[INFO] [stdout]    |     ^^^^^^^
[INFO] [stdout]    |
[INFO] [stdout]    = note: `CreateTableStmt` has a derived impl for the trait `Debug`, but this is intentionally ignored during dead code analysis
[INFO] [stdout]    = note: `#[warn(dead_code)]` on by default
[INFO] [stdout] 
[INFO] [stdout] 
[INFO] [stderr]     Finished `test` profile [unoptimized + debuginfo] target(s) in 3.46s
[INFO] running `Command { std: "docker" "inspect" "d4ab12c3418aa4430b9883d11213b25be663a857c1b06485058a0c2cb9246032", kill_on_drop: false }`
[INFO] running `Command { std: "docker" "rm" "-f" "d4ab12c3418aa4430b9883d11213b25be663a857c1b06485058a0c2cb9246032", kill_on_drop: false }`
[INFO] [stdout] d4ab12c3418aa4430b9883d11213b25be663a857c1b06485058a0c2cb9246032
[INFO] running `Command { std: "docker" "create" "-v" "/var/lib/crater-agent-workspace/builds/worker-4-tc2/target:/opt/rustwide/target:rw,Z" "-v" "/var/lib/crater-agent-workspace/builds/worker-4-tc2/source:/opt/rustwide/workdir:ro,Z" "-v" "/var/lib/crater-agent-workspace/cargo-home:/opt/rustwide/cargo-home:ro,Z" "-v" "/var/lib/crater-agent-workspace/rustup-home:/opt/rustwide/rustup-home:ro,Z" "-e" "SOURCE_DIR=/opt/rustwide/workdir" "-e" "CARGO_TARGET_DIR=/opt/rustwide/target" "-e" "CARGO_INCREMENTAL=0" "-e" "RUST_BACKTRACE=full" "-e" "RUSTFLAGS=--cap-lints=forbid -Zrandomize-layout" "-e" "RUSTDOCFLAGS=--cap-lints=forbid" "-e" "CARGO_HOME=/opt/rustwide/cargo-home" "-e" "RUSTUP_HOME=/opt/rustwide/rustup-home" "-w" "/opt/rustwide/workdir" "-m" "1610612736" "--user" "0:0" "--network" "none" "ghcr.io/rust-lang/crates-build-env/linux@sha256:4a844ea9eb2546a2d2c7022eacef16ef2e8229c7fbb2c7d4d55a9ceca922f72d" "/opt/rustwide/cargo-home/bin/cargo" "+nightly-2024-10-28" "test" "--frozen", kill_on_drop: false }`
[INFO] [stdout] ae25e397a327bf617cbd31920a51a6f384e0abb0b9f3034107e5fd319e267902
[INFO] running `Command { std: "docker" "start" "-a" "ae25e397a327bf617cbd31920a51a6f384e0abb0b9f3034107e5fd319e267902", kill_on_drop: false }`
[INFO] [stderr] warning: elided lifetime has a name
[INFO] [stderr]   --> examples/sqlparser.rs:65:80
[INFO] [stderr]    |
[INFO] [stderr] 65 | fn ident<'a, Error: ParseError<Input<'a>>>(i: Input<'a>) -> IResult<Input<'a>, &str, Error> {
[INFO] [stderr]    |          -- lifetime `'a` declared here                                        ^ this elided lifetime gets resolved as `'a`
[INFO] [stderr]    |
[INFO] [stderr]    = note: `#[warn(elided_named_lifetimes)]` on by default
[INFO] [stderr] 
[INFO] [stderr] warning: unknown lint: `de`
[INFO] [stderr]   --> examples/sqlparser.rs:90:9
[INFO] [stderr]    |
[INFO] [stderr] 90 | #[allow(de)]
[INFO] [stderr]    |         ^^
[INFO] [stderr]    |
[INFO] [stderr]    = note: `#[warn(unknown_lints)]` on by default
[INFO] [stderr] 
[INFO] [stderr] warning: fields `name` and `columns` are never read
[INFO] [stderr]   --> examples/sqlparser.rs:92:5
[INFO] [stderr]    |
[INFO] [stderr] 91 | struct CreateTableStmt {
[INFO] [stderr]    |        --------------- fields in this struct
[INFO] [stderr] 92 |     name: String,
[INFO] [stderr]    |     ^^^^
[INFO] [stderr] 93 |     columns: Vec<(String, String)>,
[INFO] [stderr]    |     ^^^^^^^
[INFO] [stderr]    |
[INFO] [stderr]    = note: `CreateTableStmt` has a derived impl for the trait `Debug`, but this is intentionally ignored during dead code analysis
[INFO] [stderr]    = note: `#[warn(dead_code)]` on by default
[INFO] [stderr] 
[INFO] [stderr] warning: `nom-rule` (example "sqlparser") generated 3 warnings
[INFO] [stderr]     Finished `test` profile [unoptimized + debuginfo] target(s) in 0.01s
[INFO] [stderr]      Running unittests src/lib.rs (/opt/rustwide/target/debug/deps/nom_rule-242c73c43c62d91e)
[INFO] [stdout] 
[INFO] [stdout] running 0 tests
[INFO] [stdout] 
[INFO] [stdout] test result: ok. 0 passed; 0 failed; 0 ignored; 0 measured; 0 filtered out; finished in 0.00s
[INFO] [stdout] 
[INFO] [stderr]    Doc-tests nom_rule
[INFO] [stdout] 
[INFO] [stdout] running 1 test
[INFO] [stdout] test src/lib.rs - (line 27) ... FAILED
[INFO] [stdout] 
[INFO] [stdout] failures:
[INFO] [stdout] 
[INFO] [stdout] ---- src/lib.rs - (line 27) stdout ----
[INFO] [stdout] error[E0412]: cannot find type `Input` in this scope
[INFO] [stdout]  --> src/lib.rs:32:48
[INFO] [stdout]   |
[INFO] [stdout] 8 | fn match_text<'a>(text: &'a str) -> impl FnMut(Input<'a>) -> IResult<Input<'a>, &'a Token<'a>> {
[INFO] [stdout]   |                                                ^^^^^ not found in this scope
[INFO] [stdout] 
[INFO] [stdout] error[E0412]: cannot find type `IResult` in this scope
[INFO] [stdout]  --> src/lib.rs:32:62
[INFO] [stdout]   |
[INFO] [stdout] 8 | fn match_text<'a>(text: &'a str) -> impl FnMut(Input<'a>) -> IResult<Input<'a>, &'a Token<'a>> {
[INFO] [stdout]   |                                                              ^^^^^^^
[INFO] [stdout]  --> /rustc/df4ca44d3fbc9301ee17f30f4d474e6ae4b05252/library/core/src/result.rs:527:1
[INFO] [stdout]   |
[INFO] [stdout]   = note: similarly named enum `Result` defined here
[INFO] [stdout]   |
[INFO] [stdout] help: an enum with a similar name exists
[INFO] [stdout]   |
[INFO] [stdout] 8 | fn match_text<'a>(text: &'a str) -> impl FnMut(Input<'a>) -> Result<Input<'a>, &'a Token<'a>> {
[INFO] [stdout]   |                                                              ~~~~~~
[INFO] [stdout] help: consider importing this type alias
[INFO] [stdout]   |
[INFO] [stdout] 2 + use nom::IResult;
[INFO] [stdout]   |
[INFO] [stdout] 
[INFO] [stdout] error[E0412]: cannot find type `Input` in this scope
[INFO] [stdout]  --> src/lib.rs:32:70
[INFO] [stdout]   |
[INFO] [stdout] 8 | fn match_text<'a>(text: &'a str) -> impl FnMut(Input<'a>) -> IResult<Input<'a>, &'a Token<'a>> {
[INFO] [stdout]   |                                                                      ^^^^^ not found in this scope
[INFO] [stdout] 
[INFO] [stdout] error[E0412]: cannot find type `Token` in this scope
[INFO] [stdout]  --> src/lib.rs:32:85
[INFO] [stdout]   |
[INFO] [stdout] 8 | fn match_text<'a>(text: &'a str) -> impl FnMut(Input<'a>) -> IResult<Input<'a>, &'a Token<'a>> {
[INFO] [stdout]   |                                                                                     ^^^^^ not found in this scope
[INFO] [stdout]   |
[INFO] [stdout] help: consider importing this trait
[INFO] [stdout]   |
[INFO] [stdout] 2 + use syn::token::Token;
[INFO] [stdout]   |
[INFO] [stdout] 
[INFO] [stdout] error[E0412]: cannot find type `TokenKind` in this scope
[INFO] [stdout]   --> src/lib.rs:36:26
[INFO] [stdout]    |
[INFO] [stdout] 12 | fn match_token<'a>(kind: TokenKind) -> impl FnMut(Input<'a>) -> IResult<Input<'a>, &'a Token<'a>> {
[INFO] [stdout]    |                          ^^^^^^^^^ not found in this scope
[INFO] [stdout] 
[INFO] [stdout] error[E0412]: cannot find type `Input` in this scope
[INFO] [stdout]   --> src/lib.rs:36:51
[INFO] [stdout]    |
[INFO] [stdout] 12 | fn match_token<'a>(kind: TokenKind) -> impl FnMut(Input<'a>) -> IResult<Input<'a>, &'a Token<'a>> {
[INFO] [stdout]    |                                                   ^^^^^ not found in this scope
[INFO] [stdout] 
[INFO] [stdout] error[E0412]: cannot find type `IResult` in this scope
[INFO] [stdout]   --> src/lib.rs:36:65
[INFO] [stdout]    |
[INFO] [stdout] 12 | fn match_token<'a>(kind: TokenKind) -> impl FnMut(Input<'a>) -> IResult<Input<'a>, &'a Token<'a>> {
[INFO] [stdout]    |                                                                 ^^^^^^^
[INFO] [stdout]   --> /rustc/df4ca44d3fbc9301ee17f30f4d474e6ae4b05252/library/core/src/result.rs:527:1
[INFO] [stdout]    |
[INFO] [stdout]    = note: similarly named enum `Result` defined here
[INFO] [stdout]    |
[INFO] [stdout] help: an enum with a similar name exists
[INFO] [stdout]    |
[INFO] [stdout] 12 | fn match_token<'a>(kind: TokenKind) -> impl FnMut(Input<'a>) -> Result<Input<'a>, &'a Token<'a>> {
[INFO] [stdout]    |                                                                 ~~~~~~
[INFO] [stdout] help: consider importing this type alias
[INFO] [stdout]    |
[INFO] [stdout] 2  + use nom::IResult;
[INFO] [stdout]    |
[INFO] [stdout] 
[INFO] [stdout] error[E0412]: cannot find type `Input` in this scope
[INFO] [stdout]   --> src/lib.rs:36:73
[INFO] [stdout]    |
[INFO] [stdout] 12 | fn match_token<'a>(kind: TokenKind) -> impl FnMut(Input<'a>) -> IResult<Input<'a>, &'a Token<'a>> {
[INFO] [stdout]    |                                                                         ^^^^^ not found in this scope
[INFO] [stdout] 
[INFO] [stdout] error[E0412]: cannot find type `Token` in this scope
[INFO] [stdout]   --> src/lib.rs:36:88
[INFO] [stdout]    |
[INFO] [stdout] 12 | fn match_token<'a>(kind: TokenKind) -> impl FnMut(Input<'a>) -> IResult<Input<'a>, &'a Token<'a>> {
[INFO] [stdout]    |                                                                                        ^^^^^ not found in this scope
[INFO] [stdout]    |
[INFO] [stdout] help: consider importing this trait
[INFO] [stdout]    |
[INFO] [stdout] 2  + use syn::token::Token;
[INFO] [stdout]    |
[INFO] [stdout] 
[INFO] [stdout] error[E0412]: cannot find type `Input` in this scope
[INFO] [stdout]   --> src/lib.rs:40:21
[INFO] [stdout]    |
[INFO] [stdout] 16 | fn ident<'a>(input: Input<'a>) -> IResult<Input<'a>, &str> {
[INFO] [stdout]    |                     ^^^^^ not found in this scope
[INFO] [stdout] 
[INFO] [stdout] error[E0412]: cannot find type `IResult` in this scope
[INFO] [stdout]   --> src/lib.rs:40:35
[INFO] [stdout]    |
[INFO] [stdout] 16 | fn ident<'a>(input: Input<'a>) -> IResult<Input<'a>, &str> {
[INFO] [stdout]    |                                   ^^^^^^^
[INFO] [stdout]   --> /rustc/df4ca44d3fbc9301ee17f30f4d474e6ae4b05252/library/core/src/result.rs:527:1
[INFO] [stdout]    |
[INFO] [stdout]    = note: similarly named enum `Result` defined here
[INFO] [stdout]    |
[INFO] [stdout] help: an enum with a similar name exists
[INFO] [stdout]    |
[INFO] [stdout] 16 | fn ident<'a>(input: Input<'a>) -> Result<Input<'a>, &str> {
[INFO] [stdout]    |                                   ~~~~~~
[INFO] [stdout] help: consider importing this type alias
[INFO] [stdout]    |
[INFO] [stdout] 2  + use nom::IResult;
[INFO] [stdout]    |
[INFO] [stdout] 
[INFO] [stdout] error[E0412]: cannot find type `Input` in this scope
[INFO] [stdout]   --> src/lib.rs:40:43
[INFO] [stdout]    |
[INFO] [stdout] 16 | fn ident<'a>(input: Input<'a>) -> IResult<Input<'a>, &str> {
[INFO] [stdout]    |                                           ^^^^^ not found in this scope
[INFO] [stdout] 
[INFO] [stdout] error[E0425]: cannot find value `CREATE` in this scope
[INFO] [stdout]   --> src/lib.rs:46:5
[INFO] [stdout]    |
[INFO] [stdout] 22 |     CREATE ~ TABLE ~ #ident ~ ^"(" ~ (#ident ~ #ident ~ ","?)* ~ ")" ~ ";"
[INFO] [stdout]    |     ^^^^^^ not found in this scope
[INFO] [stdout] 
[INFO] [stdout] error[E0425]: cannot find value `TABLE` in this scope
[INFO] [stdout]   --> src/lib.rs:46:14
[INFO] [stdout]    |
[INFO] [stdout] 22 |     CREATE ~ TABLE ~ #ident ~ ^"(" ~ (#ident ~ #ident ~ ","?)* ~ ")" ~ ";"
[INFO] [stdout]    |              ^^^^^ not found in this scope
[INFO] [stdout] 
[INFO] [stdout] warning: elided lifetime has a name
[INFO] [stdout]   --> src/lib.rs:40:54
[INFO] [stdout]    |
[INFO] [stdout] 16 | fn ident<'a>(input: Input<'a>) -> IResult<Input<'a>, &str> {
[INFO] [stdout]    |          -- lifetime `'a` declared here              ^ this elided lifetime gets resolved as `'a`
[INFO] [stdout]    |
[INFO] [stdout]    = note: `#[warn(elided_named_lifetimes)]` on by default
[INFO] [stdout] 
[INFO] [stdout] error: aborting due to 14 previous errors; 1 warning emitted
[INFO] [stdout] 
[INFO] [stdout] Some errors have detailed explanations: E0412, E0425.
[INFO] [stdout] For more information about an error, try `rustc --explain E0412`.
[INFO] [stdout] Couldn't compile the test.
[INFO] [stdout] 
[INFO] [stdout] failures:
[INFO] [stdout]     src/lib.rs - (line 27)
[INFO] [stdout] 
[INFO] [stdout] test result: FAILED. 0 passed; 1 failed; 0 ignored; 0 measured; 0 filtered out; finished in 0.06s
[INFO] [stdout] 
[INFO] [stderr] error: doctest failed, to rerun pass `--doc`
[INFO] running `Command { std: "docker" "inspect" "ae25e397a327bf617cbd31920a51a6f384e0abb0b9f3034107e5fd319e267902", kill_on_drop: false }`
[INFO] running `Command { std: "docker" "rm" "-f" "ae25e397a327bf617cbd31920a51a6f384e0abb0b9f3034107e5fd319e267902", kill_on_drop: false }`
[INFO] [stdout] ae25e397a327bf617cbd31920a51a6f384e0abb0b9f3034107e5fd319e267902
