[INFO] fetching crate noline 0.5.0...
[INFO] testing noline-0.5.0 against nightly-2024-10-28+rustflags=-Zrandomize-layout for randomize-layout
[INFO] extracting crate noline 0.5.0 into /workspace/builds/worker-1-tc2/source
[INFO] validating manifest of crates.io crate noline 0.5.0 on toolchain nightly-2024-10-28
[INFO] running `Command { std: CARGO_HOME="/workspace/cargo-home" RUSTUP_HOME="/workspace/rustup-home" "/workspace/cargo-home/bin/cargo" "+nightly-2024-10-28" "metadata" "--manifest-path" "Cargo.toml" "--no-deps", kill_on_drop: false }`
[INFO] started tweaking crates.io crate noline 0.5.0
[INFO] finished tweaking crates.io crate noline 0.5.0
[INFO] tweaked toml for crates.io crate noline 0.5.0 written to /workspace/builds/worker-1-tc2/source/Cargo.toml
[INFO] running `Command { std: CARGO_HOME="/workspace/cargo-home" RUSTUP_HOME="/workspace/rustup-home" "/workspace/cargo-home/bin/cargo" "+nightly-2024-10-28" "generate-lockfile" "--manifest-path" "Cargo.toml", kill_on_drop: false }`
[INFO] [stderr]     Updating crates.io index
[INFO] [stderr]      Locking 21 packages to latest compatible versions
[INFO] running `Command { std: CARGO_HOME="/workspace/cargo-home" RUSTUP_HOME="/workspace/rustup-home" "/workspace/cargo-home/bin/cargo" "+nightly-2024-10-28" "fetch" "--manifest-path" "Cargo.toml", kill_on_drop: false }`
[INFO] running `Command { std: "docker" "create" "-v" "/var/lib/crater-agent-workspace/builds/worker-1-tc2/target:/opt/rustwide/target:rw,Z" "-v" "/var/lib/crater-agent-workspace/builds/worker-1-tc2/source:/opt/rustwide/workdir:ro,Z" "-v" "/var/lib/crater-agent-workspace/cargo-home:/opt/rustwide/cargo-home:ro,Z" "-v" "/var/lib/crater-agent-workspace/rustup-home:/opt/rustwide/rustup-home:ro,Z" "-e" "SOURCE_DIR=/opt/rustwide/workdir" "-e" "CARGO_TARGET_DIR=/opt/rustwide/target" "-e" "CARGO_HOME=/opt/rustwide/cargo-home" "-e" "RUSTUP_HOME=/opt/rustwide/rustup-home" "-w" "/opt/rustwide/workdir" "-m" "1610612736" "--user" "0:0" "--network" "none" "ghcr.io/rust-lang/crates-build-env/linux@sha256:4a844ea9eb2546a2d2c7022eacef16ef2e8229c7fbb2c7d4d55a9ceca922f72d" "/opt/rustwide/cargo-home/bin/cargo" "+nightly-2024-10-28" "metadata" "--no-deps" "--format-version=1", kill_on_drop: false }`
[INFO] [stdout] 3ee853807cb874f947281d26478e5d6682632ab348a89c88e068757842ee0cc5
[INFO] running `Command { std: "docker" "start" "-a" "3ee853807cb874f947281d26478e5d6682632ab348a89c88e068757842ee0cc5", kill_on_drop: false }`
[INFO] running `Command { std: "docker" "inspect" "3ee853807cb874f947281d26478e5d6682632ab348a89c88e068757842ee0cc5", kill_on_drop: false }`
[INFO] running `Command { std: "docker" "rm" "-f" "3ee853807cb874f947281d26478e5d6682632ab348a89c88e068757842ee0cc5", kill_on_drop: false }`
[INFO] [stdout] 3ee853807cb874f947281d26478e5d6682632ab348a89c88e068757842ee0cc5
[INFO] running `Command { std: "docker" "create" "-v" "/var/lib/crater-agent-workspace/builds/worker-1-tc2/target:/opt/rustwide/target:rw,Z" "-v" "/var/lib/crater-agent-workspace/builds/worker-1-tc2/source:/opt/rustwide/workdir:ro,Z" "-v" "/var/lib/crater-agent-workspace/cargo-home:/opt/rustwide/cargo-home:ro,Z" "-v" "/var/lib/crater-agent-workspace/rustup-home:/opt/rustwide/rustup-home:ro,Z" "-e" "SOURCE_DIR=/opt/rustwide/workdir" "-e" "CARGO_TARGET_DIR=/opt/rustwide/target" "-e" "CARGO_INCREMENTAL=0" "-e" "RUST_BACKTRACE=full" "-e" "RUSTFLAGS=--cap-lints=forbid -Zrandomize-layout" "-e" "RUSTDOCFLAGS=--cap-lints=forbid" "-e" "CARGO_HOME=/opt/rustwide/cargo-home" "-e" "RUSTUP_HOME=/opt/rustwide/rustup-home" "-w" "/opt/rustwide/workdir" "-m" "1610612736" "--user" "0:0" "--network" "none" "ghcr.io/rust-lang/crates-build-env/linux@sha256:4a844ea9eb2546a2d2c7022eacef16ef2e8229c7fbb2c7d4d55a9ceca922f72d" "/opt/rustwide/cargo-home/bin/cargo" "+nightly-2024-10-28" "build" "--frozen" "--message-format=json", kill_on_drop: false }`
[INFO] [stdout] 8467512dd52021eba2ccd4e1406a9035e941c53a6c6279206a991319504de8c0
[INFO] running `Command { std: "docker" "start" "-a" "8467512dd52021eba2ccd4e1406a9035e941c53a6c6279206a991319504de8c0", kill_on_drop: false }`
[INFO] [stderr]    Compiling embedded-io-async v0.6.1
[INFO] [stderr]    Compiling embedded-io v0.6.1
[INFO] [stderr]    Compiling syn v2.0.86
[INFO] [stderr]    Compiling num_enum_derive v0.7.3
[INFO] [stderr]    Compiling num_enum v0.7.3
[INFO] [stderr]    Compiling noline v0.5.0 (/opt/rustwide/workdir)
[INFO] [stdout] warning: elided lifetime has a name
[INFO] [stdout]    --> src/sync_editor.rs:114:17
[INFO] [stdout]     |
[INFO] [stdout] 110 |     pub fn readline<'a, 'item, IO, I>(
[INFO] [stdout]     |                     -- lifetime `'a` declared here
[INFO] [stdout] ...
[INFO] [stdout] 114 |     ) -> Result<&str, NolineError>
[INFO] [stdout]     |                 ^ this elided lifetime gets resolved as `'a`
[INFO] [stdout]     |
[INFO] [stdout]     = note: `#[warn(elided_named_lifetimes)]` on by default
[INFO] [stdout] 
[INFO] [stdout] 
[INFO] [stderr]     Finished `dev` profile [unoptimized + debuginfo] target(s) in 2.10s
[INFO] running `Command { std: "docker" "inspect" "8467512dd52021eba2ccd4e1406a9035e941c53a6c6279206a991319504de8c0", kill_on_drop: false }`
[INFO] running `Command { std: "docker" "rm" "-f" "8467512dd52021eba2ccd4e1406a9035e941c53a6c6279206a991319504de8c0", kill_on_drop: false }`
[INFO] [stdout] 8467512dd52021eba2ccd4e1406a9035e941c53a6c6279206a991319504de8c0
[INFO] running `Command { std: "docker" "create" "-v" "/var/lib/crater-agent-workspace/builds/worker-1-tc2/target:/opt/rustwide/target:rw,Z" "-v" "/var/lib/crater-agent-workspace/builds/worker-1-tc2/source:/opt/rustwide/workdir:ro,Z" "-v" "/var/lib/crater-agent-workspace/cargo-home:/opt/rustwide/cargo-home:ro,Z" "-v" "/var/lib/crater-agent-workspace/rustup-home:/opt/rustwide/rustup-home:ro,Z" "-e" "SOURCE_DIR=/opt/rustwide/workdir" "-e" "CARGO_TARGET_DIR=/opt/rustwide/target" "-e" "CARGO_INCREMENTAL=0" "-e" "RUST_BACKTRACE=full" "-e" "RUSTFLAGS=--cap-lints=forbid -Zrandomize-layout" "-e" "RUSTDOCFLAGS=--cap-lints=forbid" "-e" "CARGO_HOME=/opt/rustwide/cargo-home" "-e" "RUSTUP_HOME=/opt/rustwide/rustup-home" "-w" "/opt/rustwide/workdir" "-m" "1610612736" "--user" "0:0" "--network" "none" "ghcr.io/rust-lang/crates-build-env/linux@sha256:4a844ea9eb2546a2d2c7022eacef16ef2e8229c7fbb2c7d4d55a9ceca922f72d" "/opt/rustwide/cargo-home/bin/cargo" "+nightly-2024-10-28" "test" "--frozen" "--no-run" "--message-format=json", kill_on_drop: false }`
[INFO] [stdout] f3dffffe7de73debb897e6453abbc3e89b20638f257e9d26766476964d58179d
[INFO] running `Command { std: "docker" "start" "-a" "f3dffffe7de73debb897e6453abbc3e89b20638f257e9d26766476964d58179d", kill_on_drop: false }`
[INFO] [stderr]    Compiling crossbeam-utils v0.8.20
[INFO] [stderr]    Compiling numtoa v0.2.4
[INFO] [stdout] warning: elided lifetime has a name
[INFO] [stdout]    --> src/sync_editor.rs:114:17
[INFO] [stdout]     |
[INFO] [stdout] 110 |     pub fn readline<'a, 'item, IO, I>(
[INFO] [stdout]     |                     -- lifetime `'a` declared here
[INFO] [stdout] ...
[INFO] [stdout] 114 |     ) -> Result<&str, NolineError>
[INFO] [stdout]     |                 ^ this elided lifetime gets resolved as `'a`
[INFO] [stdout]     |
[INFO] [stdout]     = note: `#[warn(elided_named_lifetimes)]` on by default
[INFO] [stdout] 
[INFO] [stdout] 
[INFO] [stderr]    Compiling termion v4.0.3
[INFO] [stderr]    Compiling crossbeam-epoch v0.9.18
[INFO] [stderr]    Compiling crossbeam-channel v0.5.13
[INFO] [stderr]    Compiling crossbeam-queue v0.3.11
[INFO] [stderr]    Compiling crossbeam-deque v0.8.5
[INFO] [stderr]    Compiling crossbeam v0.8.4
[INFO] [stderr]    Compiling noline v0.5.0 (/opt/rustwide/workdir)
[INFO] [stdout] warning: elided lifetime has a name
[INFO] [stdout]    --> src/sync_editor.rs:114:17
[INFO] [stdout]     |
[INFO] [stdout] 110 |     pub fn readline<'a, 'item, IO, I>(
[INFO] [stdout]     |                     -- lifetime `'a` declared here
[INFO] [stdout] ...
[INFO] [stdout] 114 |     ) -> Result<&str, NolineError>
[INFO] [stdout]     |                 ^ this elided lifetime gets resolved as `'a`
[INFO] [stdout]     |
[INFO] [stdout]     = note: `#[warn(elided_named_lifetimes)]` on by default
[INFO] [stdout] 
[INFO] [stdout] 
[INFO] [stderr]     Finished `test` profile [unoptimized + debuginfo] target(s) in 1.98s
[INFO] running `Command { std: "docker" "inspect" "f3dffffe7de73debb897e6453abbc3e89b20638f257e9d26766476964d58179d", kill_on_drop: false }`
[INFO] running `Command { std: "docker" "rm" "-f" "f3dffffe7de73debb897e6453abbc3e89b20638f257e9d26766476964d58179d", kill_on_drop: false }`
[INFO] [stdout] f3dffffe7de73debb897e6453abbc3e89b20638f257e9d26766476964d58179d
[INFO] running `Command { std: "docker" "create" "-v" "/var/lib/crater-agent-workspace/builds/worker-1-tc2/target:/opt/rustwide/target:rw,Z" "-v" "/var/lib/crater-agent-workspace/builds/worker-1-tc2/source:/opt/rustwide/workdir:ro,Z" "-v" "/var/lib/crater-agent-workspace/cargo-home:/opt/rustwide/cargo-home:ro,Z" "-v" "/var/lib/crater-agent-workspace/rustup-home:/opt/rustwide/rustup-home:ro,Z" "-e" "SOURCE_DIR=/opt/rustwide/workdir" "-e" "CARGO_TARGET_DIR=/opt/rustwide/target" "-e" "CARGO_INCREMENTAL=0" "-e" "RUST_BACKTRACE=full" "-e" "RUSTFLAGS=--cap-lints=forbid -Zrandomize-layout" "-e" "RUSTDOCFLAGS=--cap-lints=forbid" "-e" "CARGO_HOME=/opt/rustwide/cargo-home" "-e" "RUSTUP_HOME=/opt/rustwide/rustup-home" "-w" "/opt/rustwide/workdir" "-m" "1610612736" "--user" "0:0" "--network" "none" "ghcr.io/rust-lang/crates-build-env/linux@sha256:4a844ea9eb2546a2d2c7022eacef16ef2e8229c7fbb2c7d4d55a9ceca922f72d" "/opt/rustwide/cargo-home/bin/cargo" "+nightly-2024-10-28" "test" "--frozen", kill_on_drop: false }`
[INFO] [stdout] d7cf428e374bdbb01b3875b1ba18c42790cf22e7033c48e0b06360275b2840e8
[INFO] running `Command { std: "docker" "start" "-a" "d7cf428e374bdbb01b3875b1ba18c42790cf22e7033c48e0b06360275b2840e8", kill_on_drop: false }`
[INFO] [stderr] warning: elided lifetime has a name
[INFO] [stderr]    --> src/sync_editor.rs:114:17
[INFO] [stderr]     |
[INFO] [stderr] 110 |     pub fn readline<'a, 'item, IO, I>(
[INFO] [stderr]     |                     -- lifetime `'a` declared here
[INFO] [stderr] ...
[INFO] [stderr] 114 |     ) -> Result<&str, NolineError>
[INFO] [stderr]     |                 ^ this elided lifetime gets resolved as `'a`
[INFO] [stderr]     |
[INFO] [stderr]     = note: `#[warn(elided_named_lifetimes)]` on by default
[INFO] [stderr] 
[INFO] [stderr] warning: `noline` (lib) generated 1 warning
[INFO] [stderr] warning: `noline` (lib test) generated 1 warning (1 duplicate)
[INFO] [stderr]     Finished `test` profile [unoptimized + debuginfo] target(s) in 0.05s
[INFO] [stderr]      Running unittests src/lib.rs (/opt/rustwide/target/debug/deps/noline-b22a11c90d80e299)
[INFO] [stdout] 
[INFO] [stdout] running 42 tests
[INFO] [stdout] test core::tests::backspace ... ok
[INFO] [stdout] test core::tests::cursor_scroll ... ok
[INFO] [stdout] test core::tests::clear_line ... ok
[INFO] [stdout] test core::tests::clear_screen ... ok
[INFO] [stdout] test core::tests::delete ... ok
[INFO] [stdout] test core::tests::erase_after_cursor ... ok
[INFO] [stdout] test core::tests::delete_previous_word ... ok
[INFO] [stdout] test core::tests::movecursor ... ok
[INFO] [stdout] test history::tests::circular_range ... ok
[INFO] [stdout] test core::tests::swap ... ok
[INFO] [stdout] test history::tests::navigator ... ok
[INFO] [stdout] test history::tests::circular_slice ... ok
[INFO] [stdout] test core::tests::slice_buffer ... ok
[INFO] [stdout] test core::tests::scroll ... ok
[INFO] [stdout] test input::tests::parser ... ok
[INFO] [stdout] test line_buffer::tests::slice_buffer ... ok
[INFO] [stdout] test history::tests::static_history ... ok
[INFO] [stdout] test output::tests::byte_iterator ... ok
[INFO] [stdout] test output::tests::move_cursor ... ok
[INFO] [stdout] test output::tests::split_utf8 ... ok
[INFO] [stdout] test line_buffer::tests::test_slice_line_buffer ... ok
[INFO] [stdout] test output::tests::uint_to_bytes ... ok
[INFO] [stdout] test output::tests::step ... ok
[INFO] [stdout] test sync_editor::tests::mock_stdin ... ok
[INFO] [stdout] test terminal::tests::move_cursor ... ok
[INFO] [stdout] test terminal::tests::offset ... ok
[INFO] [stdout] test sync_editor::tests::simple_test ... ok
[INFO] [stdout] test terminal::tests::position_scroll_offset ... ok
[INFO] [stdout] test terminal::tests::position_scroll ... ok
[INFO] [stdout] test terminal::tests::test_distance_from_window ... ok
[INFO] [stdout] test utf8::tests::ascii ... ok
[INFO] [stdout] test terminal::tests::position_from_top ... ok
[INFO] [stdout] test utf8::tests::fourbyte ... ok
[INFO] [stdout] test terminal::tests::position_from_second_line ... ok
[INFO] [stdout] test utf8::tests::twobyte ... ok
[INFO] [stdout] test utf8::tests::invalid_continuation ... ok
[INFO] [stdout] test utf8::tests::invalid_start ... ok
[INFO] [stdout] test utf8::tests::threebyte ... ok
[INFO] [stdout] test utf8::tests::to_char ... ok
[INFO] [stdout] test core::tests::history ... ok
[INFO] [stdout] test line_buffer::tests::test_alloc_line_buffer ... ok
[INFO] [stdout] test sync_editor::tests::editor ... ok
[INFO] [stdout] 
[INFO] [stdout] test result: ok. 42 passed; 0 failed; 0 ignored; 0 measured; 0 filtered out; finished in 0.41s
[INFO] [stdout] 
[INFO] [stderr]    Doc-tests noline
[INFO] [stdout] 
[INFO] [stdout] running 4 tests
[INFO] [stdout] test src/builder.rs - builder::EditorBuilder (line 19) - compile ... ok
[INFO] [stdout] test src/builder.rs - builder::EditorBuilder<NoBuffer,NoHistory>::new_unbounded (line 71) ... FAILED
[INFO] [stdout] test src/lib.rs - (line 31) - compile ... FAILED
[INFO] [stdout] test src/builder.rs - builder::EditorBuilder<NoBuffer,NoHistory>::from_slice (line 53) ... ok
[INFO] [stdout] 
[INFO] [stdout] failures:
[INFO] [stdout] 
[INFO] [stdout] ---- src/builder.rs - builder::EditorBuilder<NoBuffer,NoHistory>::new_unbounded (line 71) stdout ----
[INFO] [stdout] error[E0599]: no function or associated item named `new_unbounded` found for struct `EditorBuilder` in the current scope
[INFO] [stdout]   --> src/builder.rs:75:30
[INFO] [stdout]    |
[INFO] [stdout] 7  | let builder = EditorBuilder::new_unbounded();
[INFO] [stdout]    |                              ^^^^^^^^^^^^^ function or associated item not found in `EditorBuilder<_, _>`
[INFO] [stdout]    |
[INFO] [stdout] note: if you're trying to build a new `EditorBuilder<_, _>`, consider using `EditorBuilder::<NoBuffer, NoHistory>::from_slice` which returns `EditorBuilder<SliceBuffer<'_>, NoHistory>`
[INFO] [stdout]   --> /opt/rustwide/workdir/src/builder.rs:59:5
[INFO] [stdout]    |
[INFO] [stdout] 59 |     pub fn from_slice(buffer: &mut [u8]) -> EditorBuilder<SliceBuffer<'_>, NoHistory> {
[INFO] [stdout]    |     ^^^^^^^^^^^^^^^^^^^^^^^^^^^^^^^^^^^^^^^^^^^^^^^^^^^^^^^^^^^^^^^^^^^^^^^^^^^^^^^^^
[INFO] [stdout] 
[INFO] [stdout] error: aborting due to 1 previous error
[INFO] [stdout] 
[INFO] [stdout] For more information about this error, try `rustc --explain E0599`.
[INFO] [stdout] Couldn't compile the test.
[INFO] [stdout] ---- src/lib.rs - (line 31) stdout ----
[INFO] [stdout] error[E0599]: no function or associated item named `new_unbounded` found for struct `EditorBuilder` in the current scope
[INFO] [stdout]   --> src/lib.rs:53:33
[INFO] [stdout]    |
[INFO] [stdout] 25 | let mut editor = EditorBuilder::new_unbounded()
[INFO] [stdout]    |                                 ^^^^^^^^^^^^^ function or associated item not found in `EditorBuilder<_, _>`
[INFO] [stdout]    |
[INFO] [stdout] note: if you're trying to build a new `EditorBuilder<_, _>`, consider using `EditorBuilder::<NoBuffer, NoHistory>::from_slice` which returns `EditorBuilder<SliceBuffer<'_>, NoHistory>`
[INFO] [stdout]   --> /opt/rustwide/workdir/src/builder.rs:59:5
[INFO] [stdout]    |
[INFO] [stdout] 59 |     pub fn from_slice(buffer: &mut [u8]) -> EditorBuilder<SliceBuffer<'_>, NoHistory> {
[INFO] [stdout]    |     ^^^^^^^^^^^^^^^^^^^^^^^^^^^^^^^^^^^^^^^^^^^^^^^^^^^^^^^^^^^^^^^^^^^^^^^^^^^^^^^^^
[INFO] [stdout] 
[INFO] [stdout] error: aborting due to 1 previous error
[INFO] [stdout] 
[INFO] [stdout] For more information about this error, try `rustc --explain E0599`.
[INFO] [stdout] Couldn't compile the test.
[INFO] [stdout] 
[INFO] [stdout] failures:
[INFO] [stdout]     src/builder.rs - builder::EditorBuilder<NoBuffer,NoHistory>::new_unbounded (line 71)
[INFO] [stdout]     src/lib.rs - (line 31)
[INFO] [stdout] 
[INFO] [stdout] test result: FAILED. 2 passed; 2 failed; 0 ignored; 0 measured; 0 filtered out; finished in 0.10s
[INFO] [stdout] 
[INFO] [stderr] error: doctest failed, to rerun pass `--doc`
[INFO] running `Command { std: "docker" "inspect" "d7cf428e374bdbb01b3875b1ba18c42790cf22e7033c48e0b06360275b2840e8", kill_on_drop: false }`
[INFO] running `Command { std: "docker" "rm" "-f" "d7cf428e374bdbb01b3875b1ba18c42790cf22e7033c48e0b06360275b2840e8", kill_on_drop: false }`
[INFO] [stdout] d7cf428e374bdbb01b3875b1ba18c42790cf22e7033c48e0b06360275b2840e8
