[INFO] fetching crate node_bridge 1.0.2...
[INFO] testing node_bridge-1.0.2 against nightly-2024-10-28+rustflags=-Zrandomize-layout for randomize-layout
[INFO] extracting crate node_bridge 1.0.2 into /workspace/builds/worker-7-tc2/source
[INFO] validating manifest of crates.io crate node_bridge 1.0.2 on toolchain nightly-2024-10-28
[INFO] running `Command { std: CARGO_HOME="/workspace/cargo-home" RUSTUP_HOME="/workspace/rustup-home" "/workspace/cargo-home/bin/cargo" "+nightly-2024-10-28" "metadata" "--manifest-path" "Cargo.toml" "--no-deps", kill_on_drop: false }`
[INFO] started tweaking crates.io crate node_bridge 1.0.2
[INFO] finished tweaking crates.io crate node_bridge 1.0.2
[INFO] tweaked toml for crates.io crate node_bridge 1.0.2 written to /workspace/builds/worker-7-tc2/source/Cargo.toml
[INFO] running `Command { std: CARGO_HOME="/workspace/cargo-home" RUSTUP_HOME="/workspace/rustup-home" "/workspace/cargo-home/bin/cargo" "+nightly-2024-10-28" "generate-lockfile" "--manifest-path" "Cargo.toml", kill_on_drop: false }`
[INFO] [stderr]     Updating crates.io index
[INFO] [stderr]      Locking 28 packages to latest compatible versions
[INFO] running `Command { std: CARGO_HOME="/workspace/cargo-home" RUSTUP_HOME="/workspace/rustup-home" "/workspace/cargo-home/bin/cargo" "+nightly-2024-10-28" "fetch" "--manifest-path" "Cargo.toml", kill_on_drop: false }`
[INFO] running `Command { std: "docker" "create" "-v" "/var/lib/crater-agent-workspace/builds/worker-7-tc2/target:/opt/rustwide/target:rw,Z" "-v" "/var/lib/crater-agent-workspace/builds/worker-7-tc2/source:/opt/rustwide/workdir:ro,Z" "-v" "/var/lib/crater-agent-workspace/cargo-home:/opt/rustwide/cargo-home:ro,Z" "-v" "/var/lib/crater-agent-workspace/rustup-home:/opt/rustwide/rustup-home:ro,Z" "-e" "SOURCE_DIR=/opt/rustwide/workdir" "-e" "CARGO_TARGET_DIR=/opt/rustwide/target" "-e" "CARGO_HOME=/opt/rustwide/cargo-home" "-e" "RUSTUP_HOME=/opt/rustwide/rustup-home" "-w" "/opt/rustwide/workdir" "-m" "1610612736" "--user" "0:0" "--network" "none" "ghcr.io/rust-lang/crates-build-env/linux@sha256:4a844ea9eb2546a2d2c7022eacef16ef2e8229c7fbb2c7d4d55a9ceca922f72d" "/opt/rustwide/cargo-home/bin/cargo" "+nightly-2024-10-28" "metadata" "--no-deps" "--format-version=1", kill_on_drop: false }`
[INFO] [stdout] 3b792bbd20154b335e32c6ce217e4314621b870346d650c137393f6cbce3027f
[INFO] running `Command { std: "docker" "start" "-a" "3b792bbd20154b335e32c6ce217e4314621b870346d650c137393f6cbce3027f", kill_on_drop: false }`
[INFO] running `Command { std: "docker" "inspect" "3b792bbd20154b335e32c6ce217e4314621b870346d650c137393f6cbce3027f", kill_on_drop: false }`
[INFO] running `Command { std: "docker" "rm" "-f" "3b792bbd20154b335e32c6ce217e4314621b870346d650c137393f6cbce3027f", kill_on_drop: false }`
[INFO] [stdout] 3b792bbd20154b335e32c6ce217e4314621b870346d650c137393f6cbce3027f
[INFO] running `Command { std: "docker" "create" "-v" "/var/lib/crater-agent-workspace/builds/worker-7-tc2/target:/opt/rustwide/target:rw,Z" "-v" "/var/lib/crater-agent-workspace/builds/worker-7-tc2/source:/opt/rustwide/workdir:ro,Z" "-v" "/var/lib/crater-agent-workspace/cargo-home:/opt/rustwide/cargo-home:ro,Z" "-v" "/var/lib/crater-agent-workspace/rustup-home:/opt/rustwide/rustup-home:ro,Z" "-e" "SOURCE_DIR=/opt/rustwide/workdir" "-e" "CARGO_TARGET_DIR=/opt/rustwide/target" "-e" "CARGO_INCREMENTAL=0" "-e" "RUST_BACKTRACE=full" "-e" "RUSTFLAGS=--cap-lints=forbid -Zrandomize-layout" "-e" "RUSTDOCFLAGS=--cap-lints=forbid" "-e" "CARGO_HOME=/opt/rustwide/cargo-home" "-e" "RUSTUP_HOME=/opt/rustwide/rustup-home" "-w" "/opt/rustwide/workdir" "-m" "1610612736" "--user" "0:0" "--network" "none" "ghcr.io/rust-lang/crates-build-env/linux@sha256:4a844ea9eb2546a2d2c7022eacef16ef2e8229c7fbb2c7d4d55a9ceca922f72d" "/opt/rustwide/cargo-home/bin/cargo" "+nightly-2024-10-28" "build" "--frozen" "--message-format=json", kill_on_drop: false }`
[INFO] [stdout] 172de7cfdc3848e2429a01fbf4a8e38206b41c7561a4dcb0d743f94755ab132e
[INFO] running `Command { std: "docker" "start" "-a" "172de7cfdc3848e2429a01fbf4a8e38206b41c7561a4dcb0d743f94755ab132e", kill_on_drop: false }`
[INFO] [stderr]    Compiling async_fn_traits v0.1.1
[INFO] [stderr]    Compiling tokio v1.41.0
[INFO] [stderr]    Compiling node_bridge v1.0.2 (/opt/rustwide/workdir)
[INFO] [stderr]     Finished `dev` profile [unoptimized + debuginfo] target(s) in 2.01s
[INFO] running `Command { std: "docker" "inspect" "172de7cfdc3848e2429a01fbf4a8e38206b41c7561a4dcb0d743f94755ab132e", kill_on_drop: false }`
[INFO] running `Command { std: "docker" "rm" "-f" "172de7cfdc3848e2429a01fbf4a8e38206b41c7561a4dcb0d743f94755ab132e", kill_on_drop: false }`
[INFO] [stdout] 172de7cfdc3848e2429a01fbf4a8e38206b41c7561a4dcb0d743f94755ab132e
[INFO] running `Command { std: "docker" "create" "-v" "/var/lib/crater-agent-workspace/builds/worker-7-tc2/target:/opt/rustwide/target:rw,Z" "-v" "/var/lib/crater-agent-workspace/builds/worker-7-tc2/source:/opt/rustwide/workdir:ro,Z" "-v" "/var/lib/crater-agent-workspace/cargo-home:/opt/rustwide/cargo-home:ro,Z" "-v" "/var/lib/crater-agent-workspace/rustup-home:/opt/rustwide/rustup-home:ro,Z" "-e" "SOURCE_DIR=/opt/rustwide/workdir" "-e" "CARGO_TARGET_DIR=/opt/rustwide/target" "-e" "CARGO_INCREMENTAL=0" "-e" "RUST_BACKTRACE=full" "-e" "RUSTFLAGS=--cap-lints=forbid -Zrandomize-layout" "-e" "RUSTDOCFLAGS=--cap-lints=forbid" "-e" "CARGO_HOME=/opt/rustwide/cargo-home" "-e" "RUSTUP_HOME=/opt/rustwide/rustup-home" "-w" "/opt/rustwide/workdir" "-m" "1610612736" "--user" "0:0" "--network" "none" "ghcr.io/rust-lang/crates-build-env/linux@sha256:4a844ea9eb2546a2d2c7022eacef16ef2e8229c7fbb2c7d4d55a9ceca922f72d" "/opt/rustwide/cargo-home/bin/cargo" "+nightly-2024-10-28" "test" "--frozen" "--no-run" "--message-format=json", kill_on_drop: false }`
[INFO] [stdout] 46bfcf185ac149f01dfbf506cb822c9a369f995041d4748c459e2329ad61e716
[INFO] running `Command { std: "docker" "start" "-a" "46bfcf185ac149f01dfbf506cb822c9a369f995041d4748c459e2329ad61e716", kill_on_drop: false }`
[INFO] [stderr]    Compiling node_bridge v1.0.2 (/opt/rustwide/workdir)
[INFO] [stderr]     Finished `test` profile [unoptimized + debuginfo] target(s) in 0.21s
[INFO] running `Command { std: "docker" "inspect" "46bfcf185ac149f01dfbf506cb822c9a369f995041d4748c459e2329ad61e716", kill_on_drop: false }`
[INFO] running `Command { std: "docker" "rm" "-f" "46bfcf185ac149f01dfbf506cb822c9a369f995041d4748c459e2329ad61e716", kill_on_drop: false }`
[INFO] [stdout] 46bfcf185ac149f01dfbf506cb822c9a369f995041d4748c459e2329ad61e716
[INFO] running `Command { std: "docker" "create" "-v" "/var/lib/crater-agent-workspace/builds/worker-7-tc2/target:/opt/rustwide/target:rw,Z" "-v" "/var/lib/crater-agent-workspace/builds/worker-7-tc2/source:/opt/rustwide/workdir:ro,Z" "-v" "/var/lib/crater-agent-workspace/cargo-home:/opt/rustwide/cargo-home:ro,Z" "-v" "/var/lib/crater-agent-workspace/rustup-home:/opt/rustwide/rustup-home:ro,Z" "-e" "SOURCE_DIR=/opt/rustwide/workdir" "-e" "CARGO_TARGET_DIR=/opt/rustwide/target" "-e" "CARGO_INCREMENTAL=0" "-e" "RUST_BACKTRACE=full" "-e" "RUSTFLAGS=--cap-lints=forbid -Zrandomize-layout" "-e" "RUSTDOCFLAGS=--cap-lints=forbid" "-e" "CARGO_HOME=/opt/rustwide/cargo-home" "-e" "RUSTUP_HOME=/opt/rustwide/rustup-home" "-w" "/opt/rustwide/workdir" "-m" "1610612736" "--user" "0:0" "--network" "none" "ghcr.io/rust-lang/crates-build-env/linux@sha256:4a844ea9eb2546a2d2c7022eacef16ef2e8229c7fbb2c7d4d55a9ceca922f72d" "/opt/rustwide/cargo-home/bin/cargo" "+nightly-2024-10-28" "test" "--frozen", kill_on_drop: false }`
[INFO] [stdout] a7f440696999c258cee8bef1d2e2e7348aa76da69779b26bb0c2c7bf7ea83e56
[INFO] running `Command { std: "docker" "start" "-a" "a7f440696999c258cee8bef1d2e2e7348aa76da69779b26bb0c2c7bf7ea83e56", kill_on_drop: false }`
[INFO] [stderr]     Finished `test` profile [unoptimized + debuginfo] target(s) in 0.02s
[INFO] [stderr]      Running unittests src/lib.rs (/opt/rustwide/target/debug/deps/node_bridge-7a1625c8d89295c5)
[INFO] [stdout] 
[INFO] [stdout] running 0 tests
[INFO] [stdout] 
[INFO] [stdout] test result: ok. 0 passed; 0 failed; 0 ignored; 0 measured; 0 filtered out; finished in 0.00s
[INFO] [stdout] 
[INFO] [stderr]    Doc-tests node_bridge
[INFO] [stdout] 
[INFO] [stdout] running 4 tests
[INFO] [stdout] test src/lib.rs - NodeBridge::send (line 224) ... FAILED
[INFO] [stdout] test src/lib.rs - BridgeClosedError (line 60) ... FAILED
[INFO] [stdout] test src/lib.rs - NodeBridge::receive (line 266) ... FAILED
[INFO] [stdout] test src/lib.rs - (line 8) has been running for over 60 seconds
[ERROR] error running command: no output for 300 seconds
[INFO] running `Command { std: "docker" "inspect" "a7f440696999c258cee8bef1d2e2e7348aa76da69779b26bb0c2c7bf7ea83e56", kill_on_drop: false }`
[INFO] running `Command { std: "docker" "rm" "-f" "a7f440696999c258cee8bef1d2e2e7348aa76da69779b26bb0c2c7bf7ea83e56", kill_on_drop: false }`
[INFO] [stdout] a7f440696999c258cee8bef1d2e2e7348aa76da69779b26bb0c2c7bf7ea83e56
