[INFO] fetching crate nodb 0.2.2...
[INFO] testing nodb-0.2.2 against nightly-2024-10-28+rustflags=-Zrandomize-layout for randomize-layout
[INFO] extracting crate nodb 0.2.2 into /workspace/builds/worker-7-tc2/source
[INFO] validating manifest of crates.io crate nodb 0.2.2 on toolchain nightly-2024-10-28
[INFO] running `Command { std: CARGO_HOME="/workspace/cargo-home" RUSTUP_HOME="/workspace/rustup-home" "/workspace/cargo-home/bin/cargo" "+nightly-2024-10-28" "metadata" "--manifest-path" "Cargo.toml" "--no-deps", kill_on_drop: false }`
[INFO] started tweaking crates.io crate nodb 0.2.2
[INFO] removed 3 missing examples
[INFO] finished tweaking crates.io crate nodb 0.2.2
[INFO] tweaked toml for crates.io crate nodb 0.2.2 written to /workspace/builds/worker-7-tc2/source/Cargo.toml
[INFO] crate crates.io crate nodb 0.2.2 already has a lockfile, it will not be regenerated
[INFO] running `Command { std: CARGO_HOME="/workspace/cargo-home" RUSTUP_HOME="/workspace/rustup-home" "/workspace/cargo-home/bin/cargo" "+nightly-2024-10-28" "fetch" "--manifest-path" "Cargo.toml", kill_on_drop: false }`
[INFO] running `Command { std: "docker" "create" "-v" "/var/lib/crater-agent-workspace/builds/worker-7-tc2/target:/opt/rustwide/target:rw,Z" "-v" "/var/lib/crater-agent-workspace/builds/worker-7-tc2/source:/opt/rustwide/workdir:ro,Z" "-v" "/var/lib/crater-agent-workspace/cargo-home:/opt/rustwide/cargo-home:ro,Z" "-v" "/var/lib/crater-agent-workspace/rustup-home:/opt/rustwide/rustup-home:ro,Z" "-e" "SOURCE_DIR=/opt/rustwide/workdir" "-e" "CARGO_TARGET_DIR=/opt/rustwide/target" "-e" "CARGO_HOME=/opt/rustwide/cargo-home" "-e" "RUSTUP_HOME=/opt/rustwide/rustup-home" "-w" "/opt/rustwide/workdir" "-m" "1610612736" "--user" "0:0" "--network" "none" "ghcr.io/rust-lang/crates-build-env/linux@sha256:4a844ea9eb2546a2d2c7022eacef16ef2e8229c7fbb2c7d4d55a9ceca922f72d" "/opt/rustwide/cargo-home/bin/cargo" "+nightly-2024-10-28" "metadata" "--no-deps" "--format-version=1", kill_on_drop: false }`
[INFO] [stdout] 2f04af93509981690a486b38836df5d7e63b794fee63beee06277e89f0de2da3
[INFO] running `Command { std: "docker" "start" "-a" "2f04af93509981690a486b38836df5d7e63b794fee63beee06277e89f0de2da3", kill_on_drop: false }`
[INFO] running `Command { std: "docker" "inspect" "2f04af93509981690a486b38836df5d7e63b794fee63beee06277e89f0de2da3", kill_on_drop: false }`
[INFO] running `Command { std: "docker" "rm" "-f" "2f04af93509981690a486b38836df5d7e63b794fee63beee06277e89f0de2da3", kill_on_drop: false }`
[INFO] [stdout] 2f04af93509981690a486b38836df5d7e63b794fee63beee06277e89f0de2da3
[INFO] running `Command { std: "docker" "create" "-v" "/var/lib/crater-agent-workspace/builds/worker-7-tc2/target:/opt/rustwide/target:rw,Z" "-v" "/var/lib/crater-agent-workspace/builds/worker-7-tc2/source:/opt/rustwide/workdir:ro,Z" "-v" "/var/lib/crater-agent-workspace/cargo-home:/opt/rustwide/cargo-home:ro,Z" "-v" "/var/lib/crater-agent-workspace/rustup-home:/opt/rustwide/rustup-home:ro,Z" "-e" "SOURCE_DIR=/opt/rustwide/workdir" "-e" "CARGO_TARGET_DIR=/opt/rustwide/target" "-e" "CARGO_INCREMENTAL=0" "-e" "RUST_BACKTRACE=full" "-e" "RUSTFLAGS=--cap-lints=forbid -Zrandomize-layout" "-e" "RUSTDOCFLAGS=--cap-lints=forbid" "-e" "CARGO_HOME=/opt/rustwide/cargo-home" "-e" "RUSTUP_HOME=/opt/rustwide/rustup-home" "-w" "/opt/rustwide/workdir" "-m" "1610612736" "--user" "0:0" "--network" "none" "ghcr.io/rust-lang/crates-build-env/linux@sha256:4a844ea9eb2546a2d2c7022eacef16ef2e8229c7fbb2c7d4d55a9ceca922f72d" "/opt/rustwide/cargo-home/bin/cargo" "+nightly-2024-10-28" "build" "--frozen" "--message-format=json", kill_on_drop: false }`
[INFO] [stdout] 3c0586bfb29968d9363f5091012e33be5c8cd78b210d23cd3cd4d6390a6ec005
[INFO] running `Command { std: "docker" "start" "-a" "3c0586bfb29968d9363f5091012e33be5c8cd78b210d23cd3cd4d6390a6ec005", kill_on_drop: false }`
[INFO] [stderr]    Compiling proc-macro2 v1.0.85
[INFO] [stderr]    Compiling serde v1.0.203
[INFO] [stderr]    Compiling libc v0.2.155
[INFO] [stderr]    Compiling radium v0.7.0
[INFO] [stderr]    Compiling serde_json v1.0.117
[INFO] [stderr]    Compiling tap v1.0.1
[INFO] [stderr]    Compiling ppv-lite86 v0.2.17
[INFO] [stderr]    Compiling indexmap v2.2.6
[INFO] [stderr]    Compiling ahash v0.8.11
[INFO] [stderr]    Compiling time-macros v0.2.18
[INFO] [stderr]    Compiling winnow v0.6.11
[INFO] [stderr]    Compiling funty v2.0.0
[INFO] [stderr]    Compiling zerocopy v0.7.34
[INFO] [stderr]    Compiling base64 v0.13.1
[INFO] [stderr]    Compiling hex v0.4.3
[INFO] [stderr]    Compiling base64 v0.21.7
[INFO] [stderr]    Compiling wyz v0.5.1
[INFO] [stderr]    Compiling half v1.8.3
[INFO] [stderr]    Compiling bytemuck v1.16.0
[INFO] [stderr]    Compiling bitvec v1.0.1
[INFO] [stderr]    Compiling quote v1.0.36
[INFO] [stderr]    Compiling getrandom v0.2.15
[INFO] [stderr]    Compiling syn v2.0.66
[INFO] [stderr]    Compiling rand_core v0.6.4
[INFO] [stderr]    Compiling time v0.3.36
[INFO] [stderr]    Compiling rand_chacha v0.3.1
[INFO] [stderr]    Compiling rand v0.8.5
[INFO] [stderr]    Compiling serde_derive v1.0.203
[INFO] [stderr]    Compiling bitcode_derive v0.6.0
[INFO] [stderr]    Compiling serde_spanned v0.6.6
[INFO] [stderr]    Compiling toml_datetime v0.6.6
[INFO] [stderr]    Compiling serde_bytes v0.11.14
[INFO] [stderr]    Compiling bitflags v2.5.0
[INFO] [stderr]    Compiling uuid v1.8.0
[INFO] [stderr]    Compiling bincode v1.3.3
[INFO] [stderr]    Compiling pot v3.0.0
[INFO] [stderr]    Compiling serde_cbor v0.11.2
[INFO] [stderr]    Compiling bitcode v0.6.0
[INFO] [stderr]    Compiling toml_edit v0.22.14
[INFO] [stderr]    Compiling ron v0.8.1
[INFO] [stderr]    Compiling bson v2.10.0
[INFO] [stderr]    Compiling toml v0.8.14
[INFO] [stderr]    Compiling nodb v0.2.2 (/opt/rustwide/workdir)
[INFO] [stderr]     Finished `dev` profile [unoptimized + debuginfo] target(s) in 9.62s
[INFO] running `Command { std: "docker" "inspect" "3c0586bfb29968d9363f5091012e33be5c8cd78b210d23cd3cd4d6390a6ec005", kill_on_drop: false }`
[INFO] running `Command { std: "docker" "rm" "-f" "3c0586bfb29968d9363f5091012e33be5c8cd78b210d23cd3cd4d6390a6ec005", kill_on_drop: false }`
[INFO] [stdout] 3c0586bfb29968d9363f5091012e33be5c8cd78b210d23cd3cd4d6390a6ec005
[INFO] running `Command { std: "docker" "create" "-v" "/var/lib/crater-agent-workspace/builds/worker-7-tc2/target:/opt/rustwide/target:rw,Z" "-v" "/var/lib/crater-agent-workspace/builds/worker-7-tc2/source:/opt/rustwide/workdir:ro,Z" "-v" "/var/lib/crater-agent-workspace/cargo-home:/opt/rustwide/cargo-home:ro,Z" "-v" "/var/lib/crater-agent-workspace/rustup-home:/opt/rustwide/rustup-home:ro,Z" "-e" "SOURCE_DIR=/opt/rustwide/workdir" "-e" "CARGO_TARGET_DIR=/opt/rustwide/target" "-e" "CARGO_INCREMENTAL=0" "-e" "RUST_BACKTRACE=full" "-e" "RUSTFLAGS=--cap-lints=forbid -Zrandomize-layout" "-e" "RUSTDOCFLAGS=--cap-lints=forbid" "-e" "CARGO_HOME=/opt/rustwide/cargo-home" "-e" "RUSTUP_HOME=/opt/rustwide/rustup-home" "-w" "/opt/rustwide/workdir" "-m" "1610612736" "--user" "0:0" "--network" "none" "ghcr.io/rust-lang/crates-build-env/linux@sha256:4a844ea9eb2546a2d2c7022eacef16ef2e8229c7fbb2c7d4d55a9ceca922f72d" "/opt/rustwide/cargo-home/bin/cargo" "+nightly-2024-10-28" "test" "--frozen" "--no-run" "--message-format=json", kill_on_drop: false }`
[INFO] [stdout] 4757b3370397f2fbf39b02657d7a283254231aece4e4925e2b4288defc6e0b97
[INFO] running `Command { std: "docker" "start" "-a" "4757b3370397f2fbf39b02657d7a283254231aece4e4925e2b4288defc6e0b97", kill_on_drop: false }`
[INFO] [stderr]    Compiling nodb v0.2.2 (/opt/rustwide/workdir)
[INFO] [stderr]     Finished `test` profile [unoptimized + debuginfo] target(s) in 0.28s
[INFO] running `Command { std: "docker" "inspect" "4757b3370397f2fbf39b02657d7a283254231aece4e4925e2b4288defc6e0b97", kill_on_drop: false }`
[INFO] running `Command { std: "docker" "rm" "-f" "4757b3370397f2fbf39b02657d7a283254231aece4e4925e2b4288defc6e0b97", kill_on_drop: false }`
[INFO] [stdout] 4757b3370397f2fbf39b02657d7a283254231aece4e4925e2b4288defc6e0b97
[INFO] running `Command { std: "docker" "create" "-v" "/var/lib/crater-agent-workspace/builds/worker-7-tc2/target:/opt/rustwide/target:rw,Z" "-v" "/var/lib/crater-agent-workspace/builds/worker-7-tc2/source:/opt/rustwide/workdir:ro,Z" "-v" "/var/lib/crater-agent-workspace/cargo-home:/opt/rustwide/cargo-home:ro,Z" "-v" "/var/lib/crater-agent-workspace/rustup-home:/opt/rustwide/rustup-home:ro,Z" "-e" "SOURCE_DIR=/opt/rustwide/workdir" "-e" "CARGO_TARGET_DIR=/opt/rustwide/target" "-e" "CARGO_INCREMENTAL=0" "-e" "RUST_BACKTRACE=full" "-e" "RUSTFLAGS=--cap-lints=forbid -Zrandomize-layout" "-e" "RUSTDOCFLAGS=--cap-lints=forbid" "-e" "CARGO_HOME=/opt/rustwide/cargo-home" "-e" "RUSTUP_HOME=/opt/rustwide/rustup-home" "-w" "/opt/rustwide/workdir" "-m" "1610612736" "--user" "0:0" "--network" "none" "ghcr.io/rust-lang/crates-build-env/linux@sha256:4a844ea9eb2546a2d2c7022eacef16ef2e8229c7fbb2c7d4d55a9ceca922f72d" "/opt/rustwide/cargo-home/bin/cargo" "+nightly-2024-10-28" "test" "--frozen", kill_on_drop: false }`
[INFO] [stdout] 580decc641b2ff9adc3934685f5424dc85184cd5d308ea7f002de23ae129cf11
[INFO] running `Command { std: "docker" "start" "-a" "580decc641b2ff9adc3934685f5424dc85184cd5d308ea7f002de23ae129cf11", kill_on_drop: false }`
[INFO] [stderr]     Finished `test` profile [unoptimized + debuginfo] target(s) in 0.05s
[INFO] [stderr]      Running unittests src/lib.rs (/opt/rustwide/target/debug/deps/nodb-cdf93ced0fd9a48b)
[INFO] [stdout] 
[INFO] [stdout] running 0 tests
[INFO] [stdout] 
[INFO] [stdout] test result: ok. 0 passed; 0 failed; 0 ignored; 0 measured; 0 filtered out; finished in 0.00s
[INFO] [stdout] 
[INFO] [stderr]    Doc-tests nodb
[INFO] [stdout] 
[INFO] [stdout] running 2 tests
[INFO] [stdout] test src/nodb.rs - nodb::NoDb::load (line 87) - compile ... ok
[INFO] [stdout] test src/nodb.rs - nodb::NoDb::new (line 52) - compile ... FAILED
[INFO] [stdout] 
[INFO] [stdout] failures:
[INFO] [stdout] 
[INFO] [stdout] ---- src/nodb.rs - nodb::NoDb::new (line 52) stdout ----
[INFO] [stdout] error[E0599]: no variant or associated item named `AutoDump` found for enum `DumpPolicy` in the current scope
[INFO] [stdout]  --> src/nodb.rs:56:50
[INFO] [stdout]   |
[INFO] [stdout] 7 | let mut db = NoDb::new("example.db", DumpPolicy::AutoDump, SerializationMethod::Json);
[INFO] [stdout]   |                                                  ^^^^^^^^ variant or associated item not found in `DumpPolicy`
[INFO] [stdout] 
[INFO] [stdout] error: aborting due to 1 previous error
[INFO] [stdout] 
[INFO] [stdout] For more information about this error, try `rustc --explain E0599`.
[INFO] [stdout] Couldn't compile the test.
[INFO] [stdout] 
[INFO] [stdout] failures:
[INFO] [stdout]     src/nodb.rs - nodb::NoDb::new (line 52)
[INFO] [stdout] 
[INFO] [stdout] test result: FAILED. 1 passed; 1 failed; 0 ignored; 0 measured; 0 filtered out; finished in 0.06s
[INFO] [stdout] 
[INFO] [stderr] error: doctest failed, to rerun pass `--doc`
[INFO] running `Command { std: "docker" "inspect" "580decc641b2ff9adc3934685f5424dc85184cd5d308ea7f002de23ae129cf11", kill_on_drop: false }`
[INFO] running `Command { std: "docker" "rm" "-f" "580decc641b2ff9adc3934685f5424dc85184cd5d308ea7f002de23ae129cf11", kill_on_drop: false }`
[INFO] [stdout] 580decc641b2ff9adc3934685f5424dc85184cd5d308ea7f002de23ae129cf11
