[INFO] fetching crate no_browser 0.3.0...
[INFO] testing no_browser-0.3.0 against nightly-2024-10-28+rustflags=-Zrandomize-layout for randomize-layout
[INFO] extracting crate no_browser 0.3.0 into /workspace/builds/worker-7-tc2/source
[INFO] validating manifest of crates.io crate no_browser 0.3.0 on toolchain nightly-2024-10-28
[INFO] running `Command { std: CARGO_HOME="/workspace/cargo-home" RUSTUP_HOME="/workspace/rustup-home" "/workspace/cargo-home/bin/cargo" "+nightly-2024-10-28" "metadata" "--manifest-path" "Cargo.toml" "--no-deps", kill_on_drop: false }`
[INFO] started tweaking crates.io crate no_browser 0.3.0
[INFO] finished tweaking crates.io crate no_browser 0.3.0
[INFO] tweaked toml for crates.io crate no_browser 0.3.0 written to /workspace/builds/worker-7-tc2/source/Cargo.toml
[INFO] running `Command { std: CARGO_HOME="/workspace/cargo-home" RUSTUP_HOME="/workspace/rustup-home" "/workspace/cargo-home/bin/cargo" "+nightly-2024-10-28" "generate-lockfile" "--manifest-path" "Cargo.toml", kill_on_drop: false }`
[INFO] [stderr]     Blocking waiting for file lock on package cache
[INFO] [stderr]     Updating crates.io index
[INFO] [stderr]     Blocking waiting for file lock on package cache
[INFO] [stderr]      Locking 202 packages to latest compatible versions
[INFO] [stderr]       Adding reqwest v0.11.27 (available: v0.12.9)
[INFO] [stderr]       Adding rstest v0.17.0 (available: v0.23.0)
[INFO] [stderr]       Adding rustls v0.21.12 (available: v0.23.16)
[INFO] [stderr]       Adding scraper v0.16.0 (available: v0.21.0)
[INFO] running `Command { std: CARGO_HOME="/workspace/cargo-home" RUSTUP_HOME="/workspace/rustup-home" "/workspace/cargo-home/bin/cargo" "+nightly-2024-10-28" "fetch" "--manifest-path" "Cargo.toml", kill_on_drop: false }`
[INFO] [stderr]     Blocking waiting for file lock on package cache
[INFO] [stderr]     Blocking waiting for file lock on package cache
[INFO] running `Command { std: "docker" "create" "-v" "/var/lib/crater-agent-workspace/builds/worker-7-tc2/target:/opt/rustwide/target:rw,Z" "-v" "/var/lib/crater-agent-workspace/builds/worker-7-tc2/source:/opt/rustwide/workdir:ro,Z" "-v" "/var/lib/crater-agent-workspace/cargo-home:/opt/rustwide/cargo-home:ro,Z" "-v" "/var/lib/crater-agent-workspace/rustup-home:/opt/rustwide/rustup-home:ro,Z" "-e" "SOURCE_DIR=/opt/rustwide/workdir" "-e" "CARGO_TARGET_DIR=/opt/rustwide/target" "-e" "CARGO_HOME=/opt/rustwide/cargo-home" "-e" "RUSTUP_HOME=/opt/rustwide/rustup-home" "-w" "/opt/rustwide/workdir" "-m" "1610612736" "--user" "0:0" "--network" "none" "ghcr.io/rust-lang/crates-build-env/linux@sha256:4a844ea9eb2546a2d2c7022eacef16ef2e8229c7fbb2c7d4d55a9ceca922f72d" "/opt/rustwide/cargo-home/bin/cargo" "+nightly-2024-10-28" "metadata" "--no-deps" "--format-version=1", kill_on_drop: false }`
[INFO] [stdout] 4b76d8f43e43f78cbf2bc65cda0df4011d48913f614949c7c37ca6a80a3eb648
[INFO] running `Command { std: "docker" "start" "-a" "4b76d8f43e43f78cbf2bc65cda0df4011d48913f614949c7c37ca6a80a3eb648", kill_on_drop: false }`
[INFO] running `Command { std: "docker" "inspect" "4b76d8f43e43f78cbf2bc65cda0df4011d48913f614949c7c37ca6a80a3eb648", kill_on_drop: false }`
[INFO] running `Command { std: "docker" "rm" "-f" "4b76d8f43e43f78cbf2bc65cda0df4011d48913f614949c7c37ca6a80a3eb648", kill_on_drop: false }`
[INFO] [stdout] 4b76d8f43e43f78cbf2bc65cda0df4011d48913f614949c7c37ca6a80a3eb648
[INFO] running `Command { std: "docker" "create" "-v" "/var/lib/crater-agent-workspace/builds/worker-7-tc2/target:/opt/rustwide/target:rw,Z" "-v" "/var/lib/crater-agent-workspace/builds/worker-7-tc2/source:/opt/rustwide/workdir:ro,Z" "-v" "/var/lib/crater-agent-workspace/cargo-home:/opt/rustwide/cargo-home:ro,Z" "-v" "/var/lib/crater-agent-workspace/rustup-home:/opt/rustwide/rustup-home:ro,Z" "-e" "SOURCE_DIR=/opt/rustwide/workdir" "-e" "CARGO_TARGET_DIR=/opt/rustwide/target" "-e" "CARGO_INCREMENTAL=0" "-e" "RUST_BACKTRACE=full" "-e" "RUSTFLAGS=--cap-lints=forbid -Zrandomize-layout" "-e" "RUSTDOCFLAGS=--cap-lints=forbid" "-e" "CARGO_HOME=/opt/rustwide/cargo-home" "-e" "RUSTUP_HOME=/opt/rustwide/rustup-home" "-w" "/opt/rustwide/workdir" "-m" "1610612736" "--user" "0:0" "--network" "none" "ghcr.io/rust-lang/crates-build-env/linux@sha256:4a844ea9eb2546a2d2c7022eacef16ef2e8229c7fbb2c7d4d55a9ceca922f72d" "/opt/rustwide/cargo-home/bin/cargo" "+nightly-2024-10-28" "build" "--frozen" "--message-format=json", kill_on_drop: false }`
[INFO] [stdout] 0e582e8cbeff2035eae57d3883ea6bb24c5c6499df600cdd6d8054dd5f010111
[INFO] running `Command { std: "docker" "start" "-a" "0e582e8cbeff2035eae57d3883ea6bb24c5c6499df600cdd6d8054dd5f010111", kill_on_drop: false }`
[INFO] [stderr]    Compiling libc v0.2.161
[INFO] [stderr]    Compiling byteorder v1.5.0
[INFO] [stderr]    Compiling siphasher v0.3.11
[INFO] [stderr]    Compiling autocfg v1.4.0
[INFO] [stderr]    Compiling syn v1.0.109
[INFO] [stderr]    Compiling shlex v1.3.0
[INFO] [stderr]    Compiling once_cell v1.20.2
[INFO] [stderr]    Compiling serde v1.0.214
[INFO] [stderr]    Compiling pin-project-lite v0.2.15
[INFO] [stderr]    Compiling log v0.4.22
[INFO] [stderr]    Compiling bytes v1.8.0
[INFO] [stderr]    Compiling proc-macro-hack v0.5.20+deprecated
[INFO] [stderr]    Compiling tinyvec_macros v0.1.1
[INFO] [stderr]    Compiling smallvec v1.13.2
[INFO] [stderr]    Compiling syn v2.0.86
[INFO] [stderr]    Compiling tinyvec v1.8.0
[INFO] [stderr]    Compiling parking_lot_core v0.9.10
[INFO] [stderr]    Compiling cc v1.1.31
[INFO] [stderr]    Compiling untrusted v0.9.0
[INFO] [stderr]    Compiling spin v0.9.8
[INFO] [stderr]    Compiling memchr v2.7.4
[INFO] [stderr]    Compiling futures-core v0.3.31
[INFO] [stderr]    Compiling phf_shared v0.10.0
[INFO] [stderr]    Compiling phf_shared v0.8.0
[INFO] [stderr]    Compiling scopeguard v1.2.0
[INFO] [stderr]    Compiling percent-encoding v2.3.1
[INFO] [stderr]    Compiling new_debug_unreachable v1.0.6
[INFO] [stderr]    Compiling unicode-bidi v0.3.17
[INFO] [stderr]    Compiling tracing-core v0.1.32
[INFO] [stderr]    Compiling httparse v1.9.5
[INFO] [stderr]    Compiling slab v0.4.9
[INFO] [stderr]    Compiling lock_api v0.4.12
[INFO] [stderr]    Compiling http v0.2.12
[INFO] [stderr]    Compiling time-core v0.1.2
[INFO] [stderr]    Compiling futures-task v0.3.31
[INFO] [stderr]    Compiling rustls v0.21.12
[INFO] [stderr]    Compiling equivalent v1.0.1
[INFO] [stderr]    Compiling powerfmt v0.2.0
[INFO] [stderr]    Compiling futures-sink v0.3.31
[INFO] [stderr]    Compiling getrandom v0.2.15
[INFO] [stderr]    Compiling socket2 v0.5.7
[INFO] [stderr]    Compiling mio v1.0.2
[INFO] [stderr]    Compiling getrandom v0.1.16
[INFO] [stderr]    Compiling unicode-normalization v0.1.24
[INFO] [stderr]    Compiling num-conv v0.1.0
[INFO] [stderr]    Compiling futures-io v0.3.31
[INFO] [stderr]    Compiling hashbrown v0.15.0
[INFO] [stderr]    Compiling rand_core v0.6.4
[INFO] [stderr]    Compiling deranged v0.3.11
[INFO] [stderr]    Compiling time-macros v0.2.18
[INFO] [stderr]    Compiling rand_core v0.5.1
[INFO] [stderr]    Compiling futures-util v0.3.31
[INFO] [stderr]    Compiling parking_lot v0.12.3
[INFO] [stderr]    Compiling futf v0.1.5
[INFO] [stderr]    Compiling rand_pcg v0.2.1
[INFO] [stderr]    Compiling tracing v0.1.40
[INFO] [stderr]    Compiling form_urlencoded v1.2.1
[INFO] [stderr]    Compiling cookie v0.17.0
[INFO] [stderr]    Compiling indexmap v2.6.0
[INFO] [stderr]    Compiling try-lock v0.2.5
[INFO] [stderr]    Compiling dtoa v1.0.9
[INFO] [stderr]    Compiling want v0.3.1
[INFO] [stderr]    Compiling tendril v0.4.3
[INFO] [stderr]    Compiling ring v0.17.8
[INFO] [stderr]    Compiling http-body v0.4.6
[INFO] [stderr]    Compiling idna v0.5.0
[INFO] [stderr]    Compiling idna v0.3.0
[INFO] [stderr]    Compiling dtoa-short v0.3.5
[INFO] [stderr]    Compiling tokio v1.41.0
[INFO] [stderr]    Compiling futures-channel v0.3.31
[INFO] [stderr]    Compiling ahash v0.8.11
[INFO] [stderr]    Compiling httpdate v1.0.3
[INFO] [stderr]    Compiling psl-types v2.0.11
[INFO] [stderr]    Compiling tower-service v0.3.3
[INFO] [stderr]    Compiling convert_case v0.4.0
[INFO] [stderr]    Compiling stable_deref_trait v1.2.0
[INFO] [stderr]    Compiling matches v0.1.10
[INFO] [stderr]    Compiling nodrop v0.1.14
[INFO] [stderr]    Compiling url v2.5.2
[INFO] [stderr]    Compiling phf v0.8.0
[INFO] [stderr]    Compiling servo_arc v0.2.0
[INFO] [stderr]    Compiling bitflags v1.3.2
[INFO] [stderr]    Compiling publicsuffix v2.2.3
[INFO] [stderr]    Compiling zerocopy v0.7.35
[INFO] [stderr]    Compiling unicode-width v0.1.14
[INFO] [stderr]    Compiling fxhash v0.2.1
[INFO] [stderr]    Compiling thiserror v1.0.66
[INFO] [stderr]    Compiling base64 v0.21.7
[INFO] [stderr]    Compiling encoding_rs v0.8.35
[INFO] [stderr]    Compiling ipnet v2.10.1
[INFO] [stderr]    Compiling getopts v0.2.21
[INFO] [stderr]    Compiling webpki-roots v0.25.4
[INFO] [stderr]    Compiling time v0.3.36
[INFO] [stderr]    Compiling sync_wrapper v0.1.2
[INFO] [stderr]    Compiling rustls-pemfile v1.0.4
[INFO] [stderr]    Compiling mime v0.3.17
[INFO] [stderr]    Compiling ego-tree v0.6.3
[INFO] [stderr]    Compiling string_cache v0.8.7
[INFO] [stderr]    Compiling serde_json v1.0.132
[INFO] [stderr]    Compiling serde_urlencoded v0.7.1
[INFO] [stderr]    Compiling zerocopy-derive v0.7.35
[INFO] [stderr]    Compiling cssparser-macros v0.6.1
[INFO] [stderr]    Compiling derive_more v0.99.18
[INFO] [stderr]    Compiling serde_derive v1.0.214
[INFO] [stderr]    Compiling thiserror-impl v1.0.66
[INFO] [stderr]    Compiling cssparser v0.29.6
[INFO] [stderr]    Compiling html5ever v0.26.0
[INFO] [stderr]    Compiling tokio-util v0.7.12
[INFO] [stderr]    Compiling ppv-lite86 v0.2.20
[INFO] [stderr]    Compiling rand_chacha v0.3.1
[INFO] [stderr]    Compiling rand_chacha v0.2.2
[INFO] [stderr]    Compiling rand v0.7.3
[INFO] [stderr]    Compiling rand v0.8.5
[INFO] [stderr]    Compiling h2 v0.3.26
[INFO] [stderr]    Compiling cookie_store v0.20.0
[INFO] [stderr]    Compiling phf_generator v0.10.0
[INFO] [stderr]    Compiling phf_generator v0.8.0
[INFO] [stderr]    Compiling string_cache_codegen v0.5.2
[INFO] [stderr]    Compiling phf_codegen v0.10.0
[INFO] [stderr]    Compiling phf_macros v0.10.0
[INFO] [stderr]    Compiling phf_codegen v0.8.0
[INFO] [stderr]    Compiling selectors v0.24.0
[INFO] [stderr]    Compiling markup5ever v0.11.0
[INFO] [stderr]    Compiling phf v0.10.1
[INFO] [stderr]    Compiling scraper v0.16.0
[INFO] [stderr]    Compiling hyper v0.14.31
[INFO] [stderr]    Compiling sct v0.7.1
[INFO] [stderr]    Compiling rustls-webpki v0.101.7
[INFO] [stderr]    Compiling tokio-rustls v0.24.1
[INFO] [stderr]    Compiling hyper-rustls v0.24.2
[INFO] [stderr]    Compiling reqwest v0.11.27
[INFO] [stderr]    Compiling no_browser v0.3.0 (/opt/rustwide/workdir)
[INFO] [stderr]     Finished `dev` profile [unoptimized + debuginfo] target(s) in 40.12s
[INFO] running `Command { std: "docker" "inspect" "0e582e8cbeff2035eae57d3883ea6bb24c5c6499df600cdd6d8054dd5f010111", kill_on_drop: false }`
[INFO] running `Command { std: "docker" "rm" "-f" "0e582e8cbeff2035eae57d3883ea6bb24c5c6499df600cdd6d8054dd5f010111", kill_on_drop: false }`
[INFO] [stdout] 0e582e8cbeff2035eae57d3883ea6bb24c5c6499df600cdd6d8054dd5f010111
[INFO] running `Command { std: "docker" "create" "-v" "/var/lib/crater-agent-workspace/builds/worker-7-tc2/target:/opt/rustwide/target:rw,Z" "-v" "/var/lib/crater-agent-workspace/builds/worker-7-tc2/source:/opt/rustwide/workdir:ro,Z" "-v" "/var/lib/crater-agent-workspace/cargo-home:/opt/rustwide/cargo-home:ro,Z" "-v" "/var/lib/crater-agent-workspace/rustup-home:/opt/rustwide/rustup-home:ro,Z" "-e" "SOURCE_DIR=/opt/rustwide/workdir" "-e" "CARGO_TARGET_DIR=/opt/rustwide/target" "-e" "CARGO_INCREMENTAL=0" "-e" "RUST_BACKTRACE=full" "-e" "RUSTFLAGS=--cap-lints=forbid -Zrandomize-layout" "-e" "RUSTDOCFLAGS=--cap-lints=forbid" "-e" "CARGO_HOME=/opt/rustwide/cargo-home" "-e" "RUSTUP_HOME=/opt/rustwide/rustup-home" "-w" "/opt/rustwide/workdir" "-m" "1610612736" "--user" "0:0" "--network" "none" "ghcr.io/rust-lang/crates-build-env/linux@sha256:4a844ea9eb2546a2d2c7022eacef16ef2e8229c7fbb2c7d4d55a9ceca922f72d" "/opt/rustwide/cargo-home/bin/cargo" "+nightly-2024-10-28" "test" "--frozen" "--no-run" "--message-format=json", kill_on_drop: false }`
[INFO] [stdout] c7b33867d1541f488068b61b9e2056c37a96c2abec324eb651f367de40f37548
[INFO] running `Command { std: "docker" "start" "-a" "c7b33867d1541f488068b61b9e2056c37a96c2abec324eb651f367de40f37548", kill_on_drop: false }`
[INFO] [stderr]    Compiling syn v1.0.109
[INFO] [stderr]    Compiling futures-channel v0.3.31
[INFO] [stderr]    Compiling futures-macro v0.3.31
[INFO] [stderr]    Compiling semver v1.0.23
[INFO] [stderr]    Compiling futures-timer v3.0.3
[INFO] [stderr]    Compiling chunked_transfer v1.5.0
[INFO] [stderr]    Compiling ascii v1.1.0
[INFO] [stderr]    Compiling urlencoding v2.1.3
[INFO] [stderr]    Compiling rustc_version v0.4.1
[INFO] [stderr]    Compiling tiny_http v0.12.0
[INFO] [stderr]    Compiling rstest_macros v0.17.0
[INFO] [stderr]    Compiling futures-util v0.3.31
[INFO] [stderr]    Compiling h2 v0.3.26
[INFO] [stderr]    Compiling futures-executor v0.3.31
[INFO] [stderr]    Compiling futures v0.3.31
[INFO] [stderr]    Compiling phf_macros v0.10.0
[INFO] [stderr]    Compiling cssparser v0.29.6
[INFO] [stderr]    Compiling html5ever v0.26.0
[INFO] [stderr]    Compiling phf v0.10.1
[INFO] [stderr]    Compiling markup5ever v0.11.0
[INFO] [stderr]    Compiling hyper v0.14.31
[INFO] [stderr]    Compiling selectors v0.24.0
[INFO] [stderr]    Compiling rstest v0.17.0
[INFO] [stderr]    Compiling scraper v0.16.0
[INFO] [stderr]    Compiling hyper-rustls v0.24.2
[INFO] [stderr]    Compiling reqwest v0.11.27
[INFO] [stderr]    Compiling no_browser v0.3.0 (/opt/rustwide/workdir)
[INFO] [stderr]     Finished `test` profile [unoptimized + debuginfo] target(s) in 12.58s
[INFO] running `Command { std: "docker" "inspect" "c7b33867d1541f488068b61b9e2056c37a96c2abec324eb651f367de40f37548", kill_on_drop: false }`
[INFO] running `Command { std: "docker" "rm" "-f" "c7b33867d1541f488068b61b9e2056c37a96c2abec324eb651f367de40f37548", kill_on_drop: false }`
[INFO] [stdout] c7b33867d1541f488068b61b9e2056c37a96c2abec324eb651f367de40f37548
[INFO] running `Command { std: "docker" "create" "-v" "/var/lib/crater-agent-workspace/builds/worker-7-tc2/target:/opt/rustwide/target:rw,Z" "-v" "/var/lib/crater-agent-workspace/builds/worker-7-tc2/source:/opt/rustwide/workdir:ro,Z" "-v" "/var/lib/crater-agent-workspace/cargo-home:/opt/rustwide/cargo-home:ro,Z" "-v" "/var/lib/crater-agent-workspace/rustup-home:/opt/rustwide/rustup-home:ro,Z" "-e" "SOURCE_DIR=/opt/rustwide/workdir" "-e" "CARGO_TARGET_DIR=/opt/rustwide/target" "-e" "CARGO_INCREMENTAL=0" "-e" "RUST_BACKTRACE=full" "-e" "RUSTFLAGS=--cap-lints=forbid -Zrandomize-layout" "-e" "RUSTDOCFLAGS=--cap-lints=forbid" "-e" "CARGO_HOME=/opt/rustwide/cargo-home" "-e" "RUSTUP_HOME=/opt/rustwide/rustup-home" "-w" "/opt/rustwide/workdir" "-m" "1610612736" "--user" "0:0" "--network" "none" "ghcr.io/rust-lang/crates-build-env/linux@sha256:4a844ea9eb2546a2d2c7022eacef16ef2e8229c7fbb2c7d4d55a9ceca922f72d" "/opt/rustwide/cargo-home/bin/cargo" "+nightly-2024-10-28" "test" "--frozen", kill_on_drop: false }`
[INFO] [stdout] 7bbf8052067d4ea9451be37550a717788c9893000f5afb7a9404cfdc7fcdaee7
[INFO] running `Command { std: "docker" "start" "-a" "7bbf8052067d4ea9451be37550a717788c9893000f5afb7a9404cfdc7fcdaee7", kill_on_drop: false }`
[INFO] [stderr]     Finished `test` profile [unoptimized + debuginfo] target(s) in 0.12s
[INFO] [stderr]      Running unittests src/lib.rs (/opt/rustwide/target/debug/deps/no_browser-489f8cabb6bd9cab)
[INFO] [stdout] 
[INFO] [stdout] running 25 tests
[INFO] [stdout] test input::tests::parse_valid_inputs::case_02 ... ok
[INFO] [stdout] test input::tests::parse_valid_inputs::case_01 ... ok
[INFO] [stdout] test form::tests::submit_checkboxes ... ok
[INFO] [stdout] test form::tests::parse_form ... ok
[INFO] [stdout] test input::tests::parse_valid_inputs::case_03 ... ok
[INFO] [stdout] test input::tests::parse_valid_inputs::case_04 ... ok
[INFO] [stdout] test input::tests::parse_valid_inputs::case_06 ... ok
[INFO] [stdout] test input::tests::parse_valid_inputs::case_07 ... ok
[INFO] [stdout] test input::tests::parse_valid_inputs::case_05 ... ok
[INFO] [stdout] test input::tests::parse_valid_inputs::case_08 ... ok
[INFO] [stdout] test input::tests::parse_valid_inputs::case_09 ... ok
[INFO] [stdout] test input::tests::parse_valid_inputs::case_10 ... ok
[INFO] [stdout] test input::tests::parse_valid_inputs::case_12 ... ok
[INFO] [stdout] test input::tests::parse_valid_inputs::case_17 ... ok
[INFO] [stdout] test input::tests::parse_valid_inputs::case_14 ... ok
[INFO] [stdout] test input::tests::parse_valid_inputs::case_13 ... ok
[INFO] [stdout] test input::tests::parse_valid_inputs::case_16 ... ok
[INFO] [stdout] test input::tests::parse_valid_inputs::case_18 ... ok
[INFO] [stdout] test input::tests::parse_valid_inputs::case_15 ... ok
[INFO] [stdout] test input::tests::parse_valid_inputs::case_11 ... ok
[INFO] [stdout] test input::tests::parse_valid_inputs::case_19 ... ok
[INFO] [stdout] test page::tests::parse_page ... ok
[INFO] [stdout] test browser::tests::submit_form_via_post ... ok
[INFO] [stdout] test browser::tests::submit_form_via_get ... ok
[INFO] [stdout] test browser::tests::cookies_restricted_by_path_and_host ... ok
[INFO] [stdout] 
[INFO] [stdout] test result: ok. 25 passed; 0 failed; 0 ignored; 0 measured; 0 filtered out; finished in 0.20s
[INFO] [stdout] 
[INFO] [stderr]    Doc-tests no_browser
[INFO] [stdout] 
[INFO] [stdout] running 4 tests
[INFO] [stdout] test src/page.rs - page::Page::select (line 198) - compile ... ok
[INFO] [stdout] test src/page.rs - page::Page::select_first (line 177) - compile ... ok
[INFO] [stdout] test src/browser.rs - browser::Browser (line 69) ... FAILED
[INFO] [stdout] test src/lib.rs - (line 22) ... FAILED
[INFO] [stdout] 
[INFO] [stdout] failures:
[INFO] [stdout] 
[INFO] [stdout] ---- src/browser.rs - browser::Browser (line 69) stdout ----
[INFO] [stdout] Test executable failed (exit status: 101).
[INFO] [stdout] 
[INFO] [stdout] stderr:
[INFO] [stdout] thread 'main' panicked at src/browser.rs:13:39:
[INFO] [stdout] called `Result::unwrap()` on an `Err` value: SendRequestError { source: reqwest::Error { kind: Request, url: Url { scheme: "https", cannot_be_a_base: false, username: "", password: None, host: Some(Domain("en.wikipedia.org")), port: None, path: "/", query: None, fragment: None }, source: hyper::Error(Connect, ConnectError("dns error", Custom { kind: Uncategorized, error: "failed to lookup address information: Temporary failure in name resolution" })) } }
[INFO] [stdout] stack backtrace:
[INFO] [stdout]    0:     0x62bf52151d8a - std::backtrace_rs::backtrace::libunwind::trace::h207520d6e9873551
[INFO] [stdout]                                at /rustc/df4ca44d3fbc9301ee17f30f4d474e6ae4b05252/library/std/src/../../backtrace/src/backtrace/libunwind.rs:116:5
[INFO] [stdout]    1:     0x62bf52151d8a - std::backtrace_rs::backtrace::trace_unsynchronized::h2ed7433f370e3eca
[INFO] [stdout]                                at /rustc/df4ca44d3fbc9301ee17f30f4d474e6ae4b05252/library/std/src/../../backtrace/src/backtrace/mod.rs:66:5
[INFO] [stdout]    2:     0x62bf52151d8a - std::sys::backtrace::_print_fmt::h916fac51166b18d7
[INFO] [stdout]                                at /rustc/df4ca44d3fbc9301ee17f30f4d474e6ae4b05252/library/std/src/sys/backtrace.rs:66:9
[INFO] [stdout]    3:     0x62bf52151d8a - <std::sys::backtrace::BacktraceLock::print::DisplayBacktrace as core::fmt::Display>::fmt::ha0a4c9b8ce3802e6
[INFO] [stdout]                                at /rustc/df4ca44d3fbc9301ee17f30f4d474e6ae4b05252/library/std/src/sys/backtrace.rs:39:26
[INFO] [stdout]    4:     0x62bf52178713 - core::fmt::rt::Argument::fmt::h4cfc8587d52b3eb5
[INFO] [stdout]                                at /rustc/df4ca44d3fbc9301ee17f30f4d474e6ae4b05252/library/core/src/fmt/rt.rs:177:76
[INFO] [stdout]    5:     0x62bf52178713 - core::fmt::write::h522cc39e5b36ae9f
[INFO] [stdout]                                at /rustc/df4ca44d3fbc9301ee17f30f4d474e6ae4b05252/library/core/src/fmt/mod.rs:1190:21
[INFO] [stdout]    6:     0x62bf5214e9e3 - std::io::Write::write_fmt::hf1c1dcc8cc1287f0
[INFO] [stdout]                                at /rustc/df4ca44d3fbc9301ee17f30f4d474e6ae4b05252/library/std/src/io/mod.rs:1839:15
[INFO] [stdout]    7:     0x62bf52151bd2 - std::sys::backtrace::BacktraceLock::print::h4b9e00b29e9c0942
[INFO] [stdout]                                at /rustc/df4ca44d3fbc9301ee17f30f4d474e6ae4b05252/library/std/src/sys/backtrace.rs:42:9
[INFO] [stdout]    8:     0x62bf52152b9c - std::panicking::default_hook::{{closure}}::hb59b88280d0324d9
[INFO] [stdout]                                at /rustc/df4ca44d3fbc9301ee17f30f4d474e6ae4b05252/library/std/src/panicking.rs:268:22
[INFO] [stdout]    9:     0x62bf521529e2 - std::panicking::default_hook::he1dd496665be4a29
[INFO] [stdout]                                at /rustc/df4ca44d3fbc9301ee17f30f4d474e6ae4b05252/library/std/src/panicking.rs:295:9
[INFO] [stdout]   10:     0x62bf521531d7 - std::panicking::rust_panic_with_hook::h2ff17fe8f26dfcf8
[INFO] [stdout]                                at /rustc/df4ca44d3fbc9301ee17f30f4d474e6ae4b05252/library/std/src/panicking.rs:801:13
[INFO] [stdout]   11:     0x62bf5215306a - std::panicking::begin_panic_handler::{{closure}}::h4fad77951c07e101
[INFO] [stdout]                                at /rustc/df4ca44d3fbc9301ee17f30f4d474e6ae4b05252/library/std/src/panicking.rs:674:13
[INFO] [stdout]   12:     0x62bf52152269 - std::sys::backtrace::__rust_end_short_backtrace::hb1a25b3da5d0ea08
[INFO] [stdout]                                at /rustc/df4ca44d3fbc9301ee17f30f4d474e6ae4b05252/library/std/src/sys/backtrace.rs:170:18
[INFO] [stdout]   13:     0x62bf52152cfc - rust_begin_unwind
[INFO] [stdout]                                at /rustc/df4ca44d3fbc9301ee17f30f4d474e6ae4b05252/library/std/src/panicking.rs:665:5
[INFO] [stdout]   14:     0x62bf52176300 - core::panicking::panic_fmt::ha9db07b529f9b256
[INFO] [stdout]                                at /rustc/df4ca44d3fbc9301ee17f30f4d474e6ae4b05252/library/core/src/panicking.rs:75:14
[INFO] [stdout]   15:     0x62bf52176786 - core::result::unwrap_failed::h5e8218e4d4338b8a
[INFO] [stdout]                                at /rustc/df4ca44d3fbc9301ee17f30f4d474e6ae4b05252/library/core/src/result.rs:1698:5
[INFO] [stdout]   16:     0x62bf51a88742 - rust_out::main::ha213a30daa5df4da
[INFO] [stdout]   17:     0x62bf51a87cb3 - core::ops::function::FnOnce::call_once::hf7edf7132571051c
[INFO] [stdout]   18:     0x62bf51a87bb6 - std::sys::backtrace::__rust_begin_short_backtrace::h32fd822fd2ba4079
[INFO] [stdout]   19:     0x62bf51a87b99 - std::rt::lang_start::{{closure}}::h4039a1c394ed4f7c
[INFO] [stdout]   20:     0x62bf5214b567 - core::ops::function::impls::<impl core::ops::function::FnOnce<A> for &F>::call_once::hd87d66b906e0ccaf
[INFO] [stdout]                                at /rustc/df4ca44d3fbc9301ee17f30f4d474e6ae4b05252/library/core/src/ops/function.rs:284:13
[INFO] [stdout]   21:     0x62bf5214b567 - std::panicking::try::do_call::hae3703de71fc9e3a
[INFO] [stdout]                                at /rustc/df4ca44d3fbc9301ee17f30f4d474e6ae4b05252/library/std/src/panicking.rs:557:40
[INFO] [stdout]   22:     0x62bf5214b567 - std::panicking::try::h1178330e9a2b2645
[INFO] [stdout]                                at /rustc/df4ca44d3fbc9301ee17f30f4d474e6ae4b05252/library/std/src/panicking.rs:520:19
[INFO] [stdout]   23:     0x62bf5214b567 - std::panic::catch_unwind::h0acf49d2305d32ad
[INFO] [stdout]                                at /rustc/df4ca44d3fbc9301ee17f30f4d474e6ae4b05252/library/std/src/panic.rs:358:14
[INFO] [stdout]   24:     0x62bf5214b567 - std::rt::lang_start_internal::{{closure}}::h2d95182d798177be
[INFO] [stdout]                                at /rustc/df4ca44d3fbc9301ee17f30f4d474e6ae4b05252/library/std/src/rt.rs:174:48
[INFO] [stdout]   25:     0x62bf5214b567 - std::panicking::try::do_call::hb506f5bfe11fd30c
[INFO] [stdout]                                at /rustc/df4ca44d3fbc9301ee17f30f4d474e6ae4b05252/library/std/src/panicking.rs:557:40
[INFO] [stdout]   26:     0x62bf5214b567 - std::panicking::try::h54d825c46bd0fa95
[INFO] [stdout]                                at /rustc/df4ca44d3fbc9301ee17f30f4d474e6ae4b05252/library/std/src/panicking.rs:520:19
[INFO] [stdout]   27:     0x62bf5214b567 - std::panic::catch_unwind::hffbb0ad20c4e9fac
[INFO] [stdout]                                at /rustc/df4ca44d3fbc9301ee17f30f4d474e6ae4b05252/library/std/src/panic.rs:358:14
[INFO] [stdout]   28:     0x62bf5214b567 - std::rt::lang_start_internal::h52c291ef1962c925
[INFO] [stdout]                                at /rustc/df4ca44d3fbc9301ee17f30f4d474e6ae4b05252/library/std/src/rt.rs:174:20
[INFO] [stdout]   29:     0x62bf51a87b77 - std::rt::lang_start::h8c6075cd6f225ba1
[INFO] [stdout]   30:     0x62bf51a889e5 - main
[INFO] [stdout]   31:     0x7bf850ad0d90 - <unknown>
[INFO] [stdout]   32:     0x7bf850ad0e40 - __libc_start_main
[INFO] [stdout]   33:     0x62bf51a87a25 - _start
[INFO] [stdout]   34:                0x0 - <unknown>
[INFO] [stdout] 
[INFO] [stdout] 
[INFO] [stdout] ---- src/lib.rs - (line 22) stdout ----
[INFO] [stdout] Test executable failed (exit status: 101).
[INFO] [stdout] 
[INFO] [stdout] stderr:
[INFO] [stdout] thread 'main' panicked at src/lib.rs:64:35:
[INFO] [stdout] called `Result::unwrap()` on an `Err` value: SendRequestError { source: reqwest::Error { kind: Request, url: Url { scheme: "https", cannot_be_a_base: false, username: "", password: None, host: Some(Domain("en.wikipedia.org")), port: None, path: "/", query: None, fragment: None }, source: hyper::Error(Connect, ConnectError("dns error", Custom { kind: Uncategorized, error: "failed to lookup address information: Temporary failure in name resolution" })) } }
[INFO] [stdout] stack backtrace:
[INFO] [stdout]    0:     0x60485857368a - std::backtrace_rs::backtrace::libunwind::trace::h207520d6e9873551
[INFO] [stdout]                                at /rustc/df4ca44d3fbc9301ee17f30f4d474e6ae4b05252/library/std/src/../../backtrace/src/backtrace/libunwind.rs:116:5
[INFO] [stdout]    1:     0x60485857368a - std::backtrace_rs::backtrace::trace_unsynchronized::h2ed7433f370e3eca
[INFO] [stdout]                                at /rustc/df4ca44d3fbc9301ee17f30f4d474e6ae4b05252/library/std/src/../../backtrace/src/backtrace/mod.rs:66:5
[INFO] [stdout]    2:     0x60485857368a - std::sys::backtrace::_print_fmt::h916fac51166b18d7
[INFO] [stdout]                                at /rustc/df4ca44d3fbc9301ee17f30f4d474e6ae4b05252/library/std/src/sys/backtrace.rs:66:9
[INFO] [stdout]    3:     0x60485857368a - <std::sys::backtrace::BacktraceLock::print::DisplayBacktrace as core::fmt::Display>::fmt::ha0a4c9b8ce3802e6
[INFO] [stdout]                                at /rustc/df4ca44d3fbc9301ee17f30f4d474e6ae4b05252/library/std/src/sys/backtrace.rs:39:26
[INFO] [stdout]    4:     0x60485859a013 - core::fmt::rt::Argument::fmt::h4cfc8587d52b3eb5
[INFO] [stdout]                                at /rustc/df4ca44d3fbc9301ee17f30f4d474e6ae4b05252/library/core/src/fmt/rt.rs:177:76
[INFO] [stdout]    5:     0x60485859a013 - core::fmt::write::h522cc39e5b36ae9f
[INFO] [stdout]                                at /rustc/df4ca44d3fbc9301ee17f30f4d474e6ae4b05252/library/core/src/fmt/mod.rs:1190:21
[INFO] [stdout]    6:     0x6048585702e3 - std::io::Write::write_fmt::hf1c1dcc8cc1287f0
[INFO] [stdout]                                at /rustc/df4ca44d3fbc9301ee17f30f4d474e6ae4b05252/library/std/src/io/mod.rs:1839:15
[INFO] [stdout]    7:     0x6048585734d2 - std::sys::backtrace::BacktraceLock::print::h4b9e00b29e9c0942
[INFO] [stdout]                                at /rustc/df4ca44d3fbc9301ee17f30f4d474e6ae4b05252/library/std/src/sys/backtrace.rs:42:9
[INFO] [stdout]    8:     0x60485857449c - std::panicking::default_hook::{{closure}}::hb59b88280d0324d9
[INFO] [stdout]                                at /rustc/df4ca44d3fbc9301ee17f30f4d474e6ae4b05252/library/std/src/panicking.rs:268:22
[INFO] [stdout]    9:     0x6048585742e2 - std::panicking::default_hook::he1dd496665be4a29
[INFO] [stdout]                                at /rustc/df4ca44d3fbc9301ee17f30f4d474e6ae4b05252/library/std/src/panicking.rs:295:9
[INFO] [stdout]   10:     0x604858574ad7 - std::panicking::rust_panic_with_hook::h2ff17fe8f26dfcf8
[INFO] [stdout]                                at /rustc/df4ca44d3fbc9301ee17f30f4d474e6ae4b05252/library/std/src/panicking.rs:801:13
[INFO] [stdout]   11:     0x60485857496a - std::panicking::begin_panic_handler::{{closure}}::h4fad77951c07e101
[INFO] [stdout]                                at /rustc/df4ca44d3fbc9301ee17f30f4d474e6ae4b05252/library/std/src/panicking.rs:674:13
[INFO] [stdout]   12:     0x604858573b69 - std::sys::backtrace::__rust_end_short_backtrace::hb1a25b3da5d0ea08
[INFO] [stdout]                                at /rustc/df4ca44d3fbc9301ee17f30f4d474e6ae4b05252/library/std/src/sys/backtrace.rs:170:18
[INFO] [stdout]   13:     0x6048585745fc - rust_begin_unwind
[INFO] [stdout]                                at /rustc/df4ca44d3fbc9301ee17f30f4d474e6ae4b05252/library/std/src/panicking.rs:665:5
[INFO] [stdout]   14:     0x604858597c00 - core::panicking::panic_fmt::ha9db07b529f9b256
[INFO] [stdout]                                at /rustc/df4ca44d3fbc9301ee17f30f4d474e6ae4b05252/library/core/src/panicking.rs:75:14
[INFO] [stdout]   15:     0x604858598086 - core::result::unwrap_failed::h5e8218e4d4338b8a
[INFO] [stdout]                                at /rustc/df4ca44d3fbc9301ee17f30f4d474e6ae4b05252/library/core/src/result.rs:1698:5
[INFO] [stdout]   16:     0x604857e9d642 - rust_out::main::ha213a30daa5df4da
[INFO] [stdout]   17:     0x604857e9c773 - core::ops::function::FnOnce::call_once::hf7edf7132571051c
[INFO] [stdout]   18:     0x604857e9c676 - std::sys::backtrace::__rust_begin_short_backtrace::h32fd822fd2ba4079
[INFO] [stdout]   19:     0x604857e9c659 - std::rt::lang_start::{{closure}}::h4039a1c394ed4f7c
[INFO] [stdout]   20:     0x60485856ce67 - core::ops::function::impls::<impl core::ops::function::FnOnce<A> for &F>::call_once::hd87d66b906e0ccaf
[INFO] [stdout]                                at /rustc/df4ca44d3fbc9301ee17f30f4d474e6ae4b05252/library/core/src/ops/function.rs:284:13
[INFO] [stdout]   21:     0x60485856ce67 - std::panicking::try::do_call::hae3703de71fc9e3a
[INFO] [stdout]                                at /rustc/df4ca44d3fbc9301ee17f30f4d474e6ae4b05252/library/std/src/panicking.rs:557:40
[INFO] [stdout]   22:     0x60485856ce67 - std::panicking::try::h1178330e9a2b2645
[INFO] [stdout]                                at /rustc/df4ca44d3fbc9301ee17f30f4d474e6ae4b05252/library/std/src/panicking.rs:520:19
[INFO] [stdout]   23:     0x60485856ce67 - std::panic::catch_unwind::h0acf49d2305d32ad
[INFO] [stdout]                                at /rustc/df4ca44d3fbc9301ee17f30f4d474e6ae4b05252/library/std/src/panic.rs:358:14
[INFO] [stdout]   24:     0x60485856ce67 - std::rt::lang_start_internal::{{closure}}::h2d95182d798177be
[INFO] [stdout]                                at /rustc/df4ca44d3fbc9301ee17f30f4d474e6ae4b05252/library/std/src/rt.rs:174:48
[INFO] [stdout]   25:     0x60485856ce67 - std::panicking::try::do_call::hb506f5bfe11fd30c
[INFO] [stdout]                                at /rustc/df4ca44d3fbc9301ee17f30f4d474e6ae4b05252/library/std/src/panicking.rs:557:40
[INFO] [stdout]   26:     0x60485856ce67 - std::panicking::try::h54d825c46bd0fa95
[INFO] [stdout]                                at /rustc/df4ca44d3fbc9301ee17f30f4d474e6ae4b05252/library/std/src/panicking.rs:520:19
[INFO] [stdout]   27:     0x60485856ce67 - std::panic::catch_unwind::hffbb0ad20c4e9fac
[INFO] [stdout]                                at /rustc/df4ca44d3fbc9301ee17f30f4d474e6ae4b05252/library/std/src/panic.rs:358:14
[INFO] [stdout]   28:     0x60485856ce67 - std::rt::lang_start_internal::h52c291ef1962c925
[INFO] [stdout]                                at /rustc/df4ca44d3fbc9301ee17f30f4d474e6ae4b05252/library/std/src/rt.rs:174:20
[INFO] [stdout]   29:     0x604857e9c637 - std::rt::lang_start::h8c6075cd6f225ba1
[INFO] [stdout]   30:     0x604857e9e7e5 - main
[INFO] [stdout]   31:     0x7ce730e07d90 - <unknown>
[INFO] [stdout]   32:     0x7ce730e07e40 - __libc_start_main
[INFO] [stdout]   33:     0x604857e9c425 - _start
[INFO] [stdout]   34:                0x0 - <unknown>
[INFO] [stdout] 
[INFO] [stdout] 
[INFO] [stdout] 
[INFO] [stdout] failures:
[INFO] [stdout]     src/browser.rs - browser::Browser (line 69)
[INFO] [stdout]     src/lib.rs - (line 22)
[INFO] [stdout] 
[INFO] [stdout] test result: FAILED. 2 passed; 2 failed; 0 ignored; 0 measured; 0 filtered out; finished in 0.44s
[INFO] [stdout] 
[INFO] [stderr] error: doctest failed, to rerun pass `--doc`
[INFO] running `Command { std: "docker" "inspect" "7bbf8052067d4ea9451be37550a717788c9893000f5afb7a9404cfdc7fcdaee7", kill_on_drop: false }`
[INFO] running `Command { std: "docker" "rm" "-f" "7bbf8052067d4ea9451be37550a717788c9893000f5afb7a9404cfdc7fcdaee7", kill_on_drop: false }`
[INFO] [stdout] 7bbf8052067d4ea9451be37550a717788c9893000f5afb7a9404cfdc7fcdaee7
