[INFO] fetching crate nmstate 2.2.38...
[INFO] testing nmstate-2.2.38 against nightly-2024-10-28+rustflags=-Zrandomize-layout for randomize-layout
[INFO] extracting crate nmstate 2.2.38 into /workspace/builds/worker-3-tc2/source
[INFO] validating manifest of crates.io crate nmstate 2.2.38 on toolchain nightly-2024-10-28
[INFO] running `Command { std: CARGO_HOME="/workspace/cargo-home" RUSTUP_HOME="/workspace/rustup-home" "/workspace/cargo-home/bin/cargo" "+nightly-2024-10-28" "metadata" "--manifest-path" "Cargo.toml" "--no-deps", kill_on_drop: false }`
[INFO] started tweaking crates.io crate nmstate 2.2.38
[INFO] finished tweaking crates.io crate nmstate 2.2.38
[INFO] tweaked toml for crates.io crate nmstate 2.2.38 written to /workspace/builds/worker-3-tc2/source/Cargo.toml
[INFO] running `Command { std: CARGO_HOME="/workspace/cargo-home" RUSTUP_HOME="/workspace/rustup-home" "/workspace/cargo-home/bin/cargo" "+nightly-2024-10-28" "generate-lockfile" "--manifest-path" "Cargo.toml", kill_on_drop: false }`
[INFO] [stderr]     Updating crates.io index
[INFO] [stderr]     Blocking waiting for file lock on package cache
[INFO] [stderr]      Locking 130 packages to latest compatible versions
[INFO] [stderr]       Adding nix v0.26.4 (available: v0.29.0)
[INFO] [stderr]       Adding zbus v1.9.3 (available: v5.0.1)
[INFO] [stderr]       Adding zvariant v2.10.0 (available: v5.0.1)
[INFO] running `Command { std: CARGO_HOME="/workspace/cargo-home" RUSTUP_HOME="/workspace/rustup-home" "/workspace/cargo-home/bin/cargo" "+nightly-2024-10-28" "fetch" "--manifest-path" "Cargo.toml", kill_on_drop: false }`
[INFO] [stderr]     Blocking waiting for file lock on package cache
[INFO] [stderr]     Blocking waiting for file lock on package cache
[INFO] running `Command { std: "docker" "create" "-v" "/var/lib/crater-agent-workspace/builds/worker-3-tc2/target:/opt/rustwide/target:rw,Z" "-v" "/var/lib/crater-agent-workspace/builds/worker-3-tc2/source:/opt/rustwide/workdir:ro,Z" "-v" "/var/lib/crater-agent-workspace/cargo-home:/opt/rustwide/cargo-home:ro,Z" "-v" "/var/lib/crater-agent-workspace/rustup-home:/opt/rustwide/rustup-home:ro,Z" "-e" "SOURCE_DIR=/opt/rustwide/workdir" "-e" "CARGO_TARGET_DIR=/opt/rustwide/target" "-e" "CARGO_HOME=/opt/rustwide/cargo-home" "-e" "RUSTUP_HOME=/opt/rustwide/rustup-home" "-w" "/opt/rustwide/workdir" "-m" "1610612736" "--user" "0:0" "--network" "none" "ghcr.io/rust-lang/crates-build-env/linux@sha256:4a844ea9eb2546a2d2c7022eacef16ef2e8229c7fbb2c7d4d55a9ceca922f72d" "/opt/rustwide/cargo-home/bin/cargo" "+nightly-2024-10-28" "metadata" "--no-deps" "--format-version=1", kill_on_drop: false }`
[INFO] [stdout] b9dfe137130c26d291dead64e3f7c0884b880bc6002086760fa1dfd22fda860b
[INFO] running `Command { std: "docker" "start" "-a" "b9dfe137130c26d291dead64e3f7c0884b880bc6002086760fa1dfd22fda860b", kill_on_drop: false }`
[INFO] running `Command { std: "docker" "inspect" "b9dfe137130c26d291dead64e3f7c0884b880bc6002086760fa1dfd22fda860b", kill_on_drop: false }`
[INFO] running `Command { std: "docker" "rm" "-f" "b9dfe137130c26d291dead64e3f7c0884b880bc6002086760fa1dfd22fda860b", kill_on_drop: false }`
[INFO] [stdout] b9dfe137130c26d291dead64e3f7c0884b880bc6002086760fa1dfd22fda860b
[INFO] running `Command { std: "docker" "create" "-v" "/var/lib/crater-agent-workspace/builds/worker-3-tc2/target:/opt/rustwide/target:rw,Z" "-v" "/var/lib/crater-agent-workspace/builds/worker-3-tc2/source:/opt/rustwide/workdir:ro,Z" "-v" "/var/lib/crater-agent-workspace/cargo-home:/opt/rustwide/cargo-home:ro,Z" "-v" "/var/lib/crater-agent-workspace/rustup-home:/opt/rustwide/rustup-home:ro,Z" "-e" "SOURCE_DIR=/opt/rustwide/workdir" "-e" "CARGO_TARGET_DIR=/opt/rustwide/target" "-e" "CARGO_INCREMENTAL=0" "-e" "RUST_BACKTRACE=full" "-e" "RUSTFLAGS=--cap-lints=forbid -Zrandomize-layout" "-e" "RUSTDOCFLAGS=--cap-lints=forbid" "-e" "CARGO_HOME=/opt/rustwide/cargo-home" "-e" "RUSTUP_HOME=/opt/rustwide/rustup-home" "-w" "/opt/rustwide/workdir" "-m" "1610612736" "--user" "0:0" "--network" "none" "ghcr.io/rust-lang/crates-build-env/linux@sha256:4a844ea9eb2546a2d2c7022eacef16ef2e8229c7fbb2c7d4d55a9ceca922f72d" "/opt/rustwide/cargo-home/bin/cargo" "+nightly-2024-10-28" "build" "--frozen" "--message-format=json", kill_on_drop: false }`
[INFO] [stdout] 2e3783bb0c36c6ee2b8e21283bc939ef7fc98d61d9c3c6734a48c70dd7d07a61
[INFO] running `Command { std: "docker" "start" "-a" "2e3783bb0c36c6ee2b8e21283bc939ef7fc98d61d9c3c6734a48c70dd7d07a61", kill_on_drop: false }`
[INFO] [stderr]    Compiling libc v0.2.161
[INFO] [stderr]    Compiling autocfg v1.4.0
[INFO] [stderr]    Compiling futures-core v0.3.31
[INFO] [stderr]    Compiling pin-project-lite v0.2.15
[INFO] [stderr]    Compiling futures-io v0.3.31
[INFO] [stderr]    Compiling futures-sink v0.3.31
[INFO] [stderr]    Compiling byteorder v1.5.0
[INFO] [stderr]    Compiling thiserror v1.0.66
[INFO] [stderr]    Compiling anyhow v1.0.92
[INFO] [stderr]    Compiling futures-macro v0.3.31
[INFO] [stderr]    Compiling futures-channel v0.3.31
[INFO] [stderr]    Compiling thiserror-impl v1.0.66
[INFO] [stderr]    Compiling futures-task v0.3.31
[INFO] [stderr]    Compiling tokio-macros v2.4.0
[INFO] [stderr]    Compiling syn v1.0.109
[INFO] [stderr]    Compiling bytes v1.8.0
[INFO] [stderr]    Compiling slab v0.4.9
[INFO] [stderr]    Compiling hashbrown v0.15.0
[INFO] [stderr]    Compiling serde v1.0.214
[INFO] [stderr]    Compiling serde_derive v1.0.214
[INFO] [stderr]    Compiling futures-util v0.3.31
[INFO] [stderr]    Compiling winnow v0.5.40
[INFO] [stderr]    Compiling crossbeam-utils v0.8.20
[INFO] [stderr]    Compiling netlink-packet-utils v0.5.2
[INFO] [stderr]    Compiling indexmap v2.6.0
[INFO] [stderr]    Compiling io-lifetimes v1.0.11
[INFO] [stderr]    Compiling netlink-packet-core v0.7.0
[INFO] [stderr]    Compiling toml_datetime v0.6.8
[INFO] [stderr]    Compiling mio v1.0.2
[INFO] [stderr]    Compiling socket2 v0.5.7
[INFO] [stderr]    Compiling netlink-packet-generic v0.3.3
[INFO] [stderr]    Compiling tokio v1.41.0
[INFO] [stderr]    Compiling memoffset v0.6.5
[INFO] [stderr]    Compiling polling v2.8.0
[INFO] [stderr]    Compiling once_cell v1.20.2
[INFO] [stderr]    Compiling bitflags v2.6.0
[INFO] [stderr]    Compiling rustix v0.37.27
[INFO] [stderr]    Compiling toml_edit v0.19.15
[INFO] [stderr]    Compiling socket2 v0.4.10
[INFO] [stderr]    Compiling async-io v1.13.0
[INFO] [stderr]    Compiling fastrand v1.9.0
[INFO] [stderr]    Compiling linux-raw-sys v0.3.8
[INFO] [stderr]    Compiling parking v2.2.1
[INFO] [stderr]    Compiling futures-executor v0.3.31
[INFO] [stderr]    Compiling futures v0.3.31
[INFO] [stderr]    Compiling waker-fn v1.2.0
[INFO] [stderr]    Compiling serde_json v1.0.132
[INFO] [stderr]    Compiling event-listener v2.5.3
[INFO] [stderr]    Compiling async-lock v2.8.0
[INFO] [stderr]    Compiling futures-lite v1.13.0
[INFO] [stderr]    Compiling proc-macro-crate v1.3.1
[INFO] [stderr]    Compiling concurrent-queue v2.5.0
[INFO] [stderr]    Compiling netlink-sys v0.8.6
[INFO] [stderr]    Compiling toml v0.5.11
[INFO] [stderr]    Compiling netlink-proto v0.11.3
[INFO] [stderr]    Compiling genetlink v0.2.5
[INFO] [stderr]    Compiling nix v0.27.1
[INFO] [stderr]    Compiling enumflags2_derive v0.6.4
[INFO] [stderr]    Compiling zvariant_derive v2.10.0
[INFO] [stderr]    Compiling netlink-packet-route v0.19.0
[INFO] [stderr]    Compiling static_assertions v1.1.0
[INFO] [stderr]    Compiling proc-macro-crate v0.1.5
[INFO] [stderr]    Compiling ethtool v0.2.5
[INFO] [stderr]    Compiling wl-nl80211 v0.2.0
[INFO] [stderr]    Compiling zbus_macros v1.9.3
[INFO] [stderr]    Compiling mptcp-pm v0.1.3
[INFO] [stderr]    Compiling derivative v2.2.0
[INFO] [stderr]    Compiling nix v0.22.3
[INFO] [stderr]    Compiling nb-connect v1.2.0
[INFO] [stderr]    Compiling getrandom v0.2.15
[INFO] [stderr]    Compiling serde_repr v0.1.19
[INFO] [stderr]    Compiling enumflags2 v0.6.4
[INFO] [stderr]    Compiling zvariant v2.10.0
[INFO] [stderr]    Compiling sha1_smol v1.0.1
[INFO] [stderr]    Compiling scoped-tls v1.0.1
[INFO] [stderr]    Compiling unsafe-libyaml v0.2.11
[INFO] [stderr]    Compiling uuid v1.11.0
[INFO] [stderr]    Compiling nix v0.26.4
[INFO] [stderr]    Compiling serde_yaml v0.9.34+deprecated
[INFO] [stderr]    Compiling rtnetlink v0.14.1
[INFO] [stderr]    Compiling nispor v1.2.21
[INFO] [stderr]    Compiling zbus v1.9.3
[INFO] [stderr]    Compiling nmstate v2.2.38 (/opt/rustwide/workdir)
[INFO] [stderr]     Finished `dev` profile [unoptimized + debuginfo] target(s) in 45.05s
[INFO] running `Command { std: "docker" "inspect" "2e3783bb0c36c6ee2b8e21283bc939ef7fc98d61d9c3c6734a48c70dd7d07a61", kill_on_drop: false }`
[INFO] running `Command { std: "docker" "rm" "-f" "2e3783bb0c36c6ee2b8e21283bc939ef7fc98d61d9c3c6734a48c70dd7d07a61", kill_on_drop: false }`
[INFO] [stdout] 2e3783bb0c36c6ee2b8e21283bc939ef7fc98d61d9c3c6734a48c70dd7d07a61
[INFO] running `Command { std: "docker" "create" "-v" "/var/lib/crater-agent-workspace/builds/worker-3-tc2/target:/opt/rustwide/target:rw,Z" "-v" "/var/lib/crater-agent-workspace/builds/worker-3-tc2/source:/opt/rustwide/workdir:ro,Z" "-v" "/var/lib/crater-agent-workspace/cargo-home:/opt/rustwide/cargo-home:ro,Z" "-v" "/var/lib/crater-agent-workspace/rustup-home:/opt/rustwide/rustup-home:ro,Z" "-e" "SOURCE_DIR=/opt/rustwide/workdir" "-e" "CARGO_TARGET_DIR=/opt/rustwide/target" "-e" "CARGO_INCREMENTAL=0" "-e" "RUST_BACKTRACE=full" "-e" "RUSTFLAGS=--cap-lints=forbid -Zrandomize-layout" "-e" "RUSTDOCFLAGS=--cap-lints=forbid" "-e" "CARGO_HOME=/opt/rustwide/cargo-home" "-e" "RUSTUP_HOME=/opt/rustwide/rustup-home" "-w" "/opt/rustwide/workdir" "-m" "1610612736" "--user" "0:0" "--network" "none" "ghcr.io/rust-lang/crates-build-env/linux@sha256:4a844ea9eb2546a2d2c7022eacef16ef2e8229c7fbb2c7d4d55a9ceca922f72d" "/opt/rustwide/cargo-home/bin/cargo" "+nightly-2024-10-28" "test" "--frozen" "--no-run" "--message-format=json", kill_on_drop: false }`
[INFO] [stdout] 8ee4249f8321c1152347dcc5743b4f99ce947c6d92c31951f85b27d36ad4143d
[INFO] running `Command { std: "docker" "start" "-a" "8ee4249f8321c1152347dcc5743b4f99ce947c6d92c31951f85b27d36ad4143d", kill_on_drop: false }`
[INFO] [stderr]    Compiling nmstate v2.2.38 (/opt/rustwide/workdir)
[INFO] [stderr]     Finished `test` profile [unoptimized + debuginfo] target(s) in 15.46s
[INFO] running `Command { std: "docker" "inspect" "8ee4249f8321c1152347dcc5743b4f99ce947c6d92c31951f85b27d36ad4143d", kill_on_drop: false }`
[INFO] running `Command { std: "docker" "rm" "-f" "8ee4249f8321c1152347dcc5743b4f99ce947c6d92c31951f85b27d36ad4143d", kill_on_drop: false }`
[INFO] [stdout] 8ee4249f8321c1152347dcc5743b4f99ce947c6d92c31951f85b27d36ad4143d
[INFO] running `Command { std: "docker" "create" "-v" "/var/lib/crater-agent-workspace/builds/worker-3-tc2/target:/opt/rustwide/target:rw,Z" "-v" "/var/lib/crater-agent-workspace/builds/worker-3-tc2/source:/opt/rustwide/workdir:ro,Z" "-v" "/var/lib/crater-agent-workspace/cargo-home:/opt/rustwide/cargo-home:ro,Z" "-v" "/var/lib/crater-agent-workspace/rustup-home:/opt/rustwide/rustup-home:ro,Z" "-e" "SOURCE_DIR=/opt/rustwide/workdir" "-e" "CARGO_TARGET_DIR=/opt/rustwide/target" "-e" "CARGO_INCREMENTAL=0" "-e" "RUST_BACKTRACE=full" "-e" "RUSTFLAGS=--cap-lints=forbid -Zrandomize-layout" "-e" "RUSTDOCFLAGS=--cap-lints=forbid" "-e" "CARGO_HOME=/opt/rustwide/cargo-home" "-e" "RUSTUP_HOME=/opt/rustwide/rustup-home" "-w" "/opt/rustwide/workdir" "-m" "1610612736" "--user" "0:0" "--network" "none" "ghcr.io/rust-lang/crates-build-env/linux@sha256:4a844ea9eb2546a2d2c7022eacef16ef2e8229c7fbb2c7d4d55a9ceca922f72d" "/opt/rustwide/cargo-home/bin/cargo" "+nightly-2024-10-28" "test" "--frozen", kill_on_drop: false }`
[INFO] [stdout] 8fa9a3080ae0339c33e8eaa1e1e25ab79e27e4b1143b6a30b78fc842a2593350
[INFO] running `Command { std: "docker" "start" "-a" "8fa9a3080ae0339c33e8eaa1e1e25ab79e27e4b1143b6a30b78fc842a2593350", kill_on_drop: false }`
[INFO] [stderr]     Finished `test` profile [unoptimized + debuginfo] target(s) in 0.18s
[INFO] [stderr]      Running unittests lib.rs (/opt/rustwide/target/debug/deps/nmstate-cd25a24ae0929e99)
[INFO] [stdout] 
[INFO] [stdout] running 352 tests
[INFO] [stdout] test unit_tests::base::test_base_iface_mac_address_uppercase_before_verification ... ok
[INFO] [stdout] test unit_tests::base::test_base_iface_stringlized_attributes ... ok
[INFO] [stdout] test unit_tests::base::test_base_iface_serialize_copy_mac_from ... ok
[INFO] [stdout] test gen_conf::tests::test_gen_conf_change_unknown_to_eth ... ok
[INFO] [stdout] test unit_tests::bond::test_balance_slb_invalid_mode_from_current ... ok
[INFO] [stdout] test unit_tests::bond::test_balance_slb_invalid_xmit_from_current ... ok
[INFO] [stdout] test unit_tests::bond::test_balance_slb_valid_override_current ... ok
[INFO] [stdout] test unit_tests::bond::test_bond_ports ... ok
[INFO] [stdout] test unit_tests::bond::test_bond_port_queue_id_overlap ... ok
[INFO] [stdout] test unit_tests::bond::test_bond_stringlized_attributes ... ok
[INFO] [stdout] test unit_tests::bond::test_bond_validate_bond_mode_not_defined_for_new_iface ... ok
[INFO] [stdout] test unit_tests::bond::test_bond_validate_ad_actor_system_mac_address ... ok
[INFO] [stdout] test unit_tests::bond::test_bond_port_queue_id_not_overlap_on_default ... ok
[INFO] [stdout] test unit_tests::bond::test_bond_validate_mac_restricted_with_mac_defined ... ok
[INFO] [stdout] test unit_tests::bond::test_bond_validate_mac_restricted_with_mac_defined_changing_mode ... ok
[INFO] [stdout] test unit_tests::bond::test_bond_validate_mac_restricted_with_mac_defined_for_exist_bond ... ok
[INFO] [stdout] test unit_tests::bond::test_bond_validate_miimon_and_arp_interval ... ok
[INFO] [stdout] test unit_tests::bond::test_bond_validate_mac_restricted_with_mac_defined_changing_opt ... ok
[INFO] [stdout] test unit_tests::bond::test_bond_validate_mac_restricted_with_mac_undefined ... ok
[INFO] [stdout] test unit_tests::bond::test_disable_balance_slb_valid_override_current ... ok
[INFO] [stdout] test unit_tests::bond::test_integer_bond_opts ... ok
[INFO] [stdout] test unit_tests::bridge::test_bridge_validate_diff_group_forward_mask_and_group_fwd_mask ... ok
[INFO] [stdout] test unit_tests::bridge::test_bridge_sanitize_group_forward_mask_and_group_fwd_mask ... ok
[INFO] [stdout] test unit_tests::bond::test_integer_bond_mode ... ok
[INFO] [stdout] test unit_tests::bridge::test_bridge_vlan_filter_no_trunk_tags_with_trunk_mode ... ok
[INFO] [stdout] test unit_tests::bridge::test_bridge_vlan_filter_trunk_tag_overlap_id_vs_id ... ok
[INFO] [stdout] test unit_tests::bridge::test_bridge_vlan_filter_enable_native_with_access_mode ... ok
[INFO] [stdout] test unit_tests::bridge::test_bridge_vlan_filter_trunk_tag_overlap_id_vs_range ... ok
[INFO] [stdout] test unit_tests::bridge::test_bridge_vlan_filter_trunk_tag_overlap_range_vs_range ... ok
[INFO] [stdout] test unit_tests::bridge::test_bridge_vlan_filter_trunk_tag_without_enable_native ... ok
[INFO] [stdout] test unit_tests::bridge::test_bridge_vlan_filter_trunk_tags_with_access_mode ... ok
[INFO] [stdout] test unit_tests::bridge::test_linux_bridge_is_default_pvid_changed ... ok
[INFO] [stdout] test unit_tests::bridge::test_linux_bridge_merge_port_vlan ... ok
[INFO] [stdout] test unit_tests::bridge::test_linux_bridge_partial_ignored ... ok
[INFO] [stdout] test unit_tests::bridge::test_linux_bridge_ignore_port ... ok
[INFO] [stdout] test unit_tests::bridge::test_linux_bridge_interger_multicast_router ... ok
[INFO] [stdout] test unit_tests::bridge::test_linux_bridge_ports ... ok
[INFO] [stdout] test unit_tests::bridge::test_linux_bridge_stringlized_attributes ... ok
[INFO] [stdout] test unit_tests::bridge::test_linux_bridge_partially_disable_vlan_filtering ... ok
[INFO] [stdout] test unit_tests::dns::test_invalid_dns_option_with_value ... ok
[INFO] [stdout] test unit_tests::dns::test_dns_option_with_value ... ok
[INFO] [stdout] test unit_tests::bridge::test_linux_bridge_verify_ignore_port ... ok
[INFO] [stdout] test unit_tests::bridge::test_linux_bridge_vlan_trunk_tags_yaml_serilize ... ok
[INFO] [stdout] test unit_tests::dns::test_dns_verify_uncompressed_srvs ... ok
[INFO] [stdout] test unit_tests::dns::test_is_purge_dns_empty_dict ... ok
[INFO] [stdout] test unit_tests::dns::test_is_purge_dns_full_empty_dict ... ok
[INFO] [stdout] test unit_tests::debug_trait::test_debug_trait ... ok
[INFO] [stdout] test unit_tests::dns::test_not_purge ... ok
[INFO] [stdout] test unit_tests::dns::test_purge_with_empty_server_and_search ... ok
[INFO] [stdout] test unit_tests::ethernet::test_eth_verify_absent_ignore_current_up ... ok
[INFO] [stdout] test unit_tests::ethernet::test_eth_change_veth_peer ... ok
[INFO] [stdout] test unit_tests::ethernet::test_ethernet_stringlized_attributes ... ok
[INFO] [stdout] test unit_tests::ethtool::test_ethtool_sort_features_when_serialize ... ok
[INFO] [stdout] test unit_tests::ethernet::test_mac_identifer_check_iface_type_also ... ok
[INFO] [stdout] test unit_tests::ethernet::test_new_veth_without_peer_config ... ok
[INFO] [stdout] test unit_tests::ethernet::test_veth_change_peer_away_from_missing_peer ... ok
[INFO] [stdout] test unit_tests::ethernet::test_veth_change_peer_away_from_ignored_peer ... ok
[INFO] [stdout] test unit_tests::ethernet::test_mac_identifer_use_fallback_to_mac ... ok
[INFO] [stdout] test unit_tests::ethernet::test_mac_identifer_use_permanent_mac_first ... ok
[INFO] [stdout] test unit_tests::ethtool::test_ethtool_stringlized_attributes ... ok
[INFO] [stdout] test unit_tests::ifaces::test_ifaces_deny_unknonw_attribute ... ok
[INFO] [stdout] test unit_tests::ifaces::test_check_orphan_vlan_change_parent ... ok
[INFO] [stdout] test unit_tests::ifaces::test_ifaces_ignore_iface_in_current ... ok
[INFO] [stdout] test unit_tests::ifaces::test_ifaces_iter_mut ... ok
[INFO] [stdout] test unit_tests::ifaces::test_ifaces_ignore_iface_in_desire ... ok
[INFO] [stdout] test unit_tests::ifaces::test_ifaces_resolve_unknown_bond_iface ... ok
[INFO] [stdout] test unit_tests::ifaces::test_ifaces_iter ... ok
[INFO] [stdout] test unit_tests::ifaces::test_unknown_iface_type ... ok
[INFO] [stdout] test unit_tests::ifaces::test_ifaces_ignore_iface_in_current_but_desired ... ok
[INFO] [stdout] test unit_tests::ifaces::test_vlan_over_ethernet_can_exist_after_ethernet_absent ... ok
[INFO] [stdout] test unit_tests::ifaces::test_resolve_unknown_type_absent_eth ... ok
[INFO] [stdout] test unit_tests::ifaces_ctrller::test_auto_include_ovs_interface ... ok
[INFO] [stdout] test unit_tests::ifaces::test_resolve_unknown_type_absent_multiple ... ok
[INFO] [stdout] test unit_tests::ifaces_ctrller::test_absent_iface_holding_controller_and_ip ... ok
[INFO] [stdout] test unit_tests::ifaces_ctrller::test_auto_absent_ovs_interface ... ok
[INFO] [stdout] test unit_tests::ifaces_ctrller::test_auto_manage_ovs_bond_ports ... ok
[INFO] [stdout] test unit_tests::ifaces_ctrller::test_auto_manage_ports ... ok
[INFO] [stdout] test unit_tests::ifaces_ctrller::test_do_not_auto_manage_ports_if_current_has_ignore ... ok
[INFO] [stdout] test unit_tests::ifaces_ctrller::test_gen_topoligies_ovs_bridge ... ok
[INFO] [stdout] test unit_tests::ifaces_ctrller::test_iface_controller_been_list_in_other_port_list ... ok
[INFO] [stdout] test unit_tests::ifaces_ctrller::test_gen_topoligies_bridge_over_vlan ... ok
[INFO] [stdout] test unit_tests::ifaces_ctrller::test_iface_controller_conflict_with_bond_ports ... ok
[INFO] [stdout] test unit_tests::ifaces_ctrller::test_iface_controller_conflict_with_br_ports ... ok
[INFO] [stdout] test unit_tests::ifaces_ctrller::test_iface_controller_not_conflict_with_bond_ports ... ok
[INFO] [stdout] test unit_tests::ifaces_ctrller::test_iface_controller_conflict_with_empty_br_ports ... ok
[INFO] [stdout] test unit_tests::ifaces_ctrller::test_iface_controller_prop_only_in_desire_dup_ovs_br ... ok
[INFO] [stdout] test unit_tests::ifaces_ctrller::test_iface_controller_prop_only_in_desire ... ok
[INFO] [stdout] test unit_tests::ifaces_ctrller::test_iface_detach_controller_been_list_in_other_port_list ... ok
[INFO] [stdout] test unit_tests::ifaces_ctrller::test_ifaces_up_order_nested_4_depth_worst_case ... ok
[INFO] [stdout] test unit_tests::ifaces_ctrller::test_ifaces_up_order_no_ctrler_reserse_order ... ok
[INFO] [stdout] test unit_tests::ifaces_ctrller::test_ifaces_up_order_nested_5_depth_good_case ... ok
[INFO] [stdout] test unit_tests::ifaces_ctrller::test_overbook_current_bridge_is_deleted ... ok
[INFO] [stdout] test unit_tests::ifaces_ctrller::test_overbook_port_in_single_bridge ... ok
[INFO] [stdout] test unit_tests::ifaces_ctrller::test_ifaces_up_order_nested_5_depth_worst_case ... ok
[INFO] [stdout] test unit_tests::ifaces_ctrller::test_overbook_port_in_two_bridges ... ok
[INFO] [stdout] test unit_tests::ifaces_ctrller::test_overbook_port_used_in_current_bond ... ok
[INFO] [stdout] test unit_tests::ifaces_ctrller::test_overbook_port_used_in_current_bridge ... ok
[INFO] [stdout] test unit_tests::ifaces_ctrller::test_overbook_port_moves_between_bridges ... ok
[INFO] [stdout] test unit_tests::ifaces_ctrller::test_overbook_swap_port_of_bond ... ok
[INFO] [stdout] test unit_tests::infiniband::test_ib_port_of_active_backup_bond_mode_in_desire ... ok
[INFO] [stdout] test unit_tests::infiniband::test_ib_port_of_active_backup_bond_mode_in_current ... ok
[INFO] [stdout] test unit_tests::infiniband::test_ib_autoremove_pkey_if_base_iface_removed ... ok
[INFO] [stdout] test unit_tests::infiniband::test_ib_port_of_active_backup_bond_mode_in_both ... ok
[INFO] [stdout] test unit_tests::infiniband::test_ib_port_of_bond_mode_in_current ... ok
[INFO] [stdout] test unit_tests::infiniband::test_ib_support_integer_pkey ... ok
[INFO] [stdout] test unit_tests::infiniband::test_ib_support_string_pkey ... ok
[INFO] [stdout] test unit_tests::infiniband::test_ib_port_of_bridge_in_desire ... ok
[INFO] [stdout] test unit_tests::infiniband::test_ib_support_hex_string_pkey ... ok
[INFO] [stdout] test unit_tests::infiniband::test_ib_port_of_bond_mode_in_desire ... ok
[INFO] [stdout] test unit_tests::infiniband::test_ib_port_of_bridge_in_current ... ok
[INFO] [stdout] test unit_tests::ip::test_auto_ip_lift_time ... ok
[INFO] [stdout] test unit_tests::ip::test_ip_serlize_allow_extra_address ... ok
[INFO] [stdout] test unit_tests::ip::test_ip_ignore_deserialize_error_of_absent_iface ... ok
[INFO] [stdout] test unit_tests::ip::test_ip_stringlized_attributes ... ok
[INFO] [stdout] test unit_tests::ip::test_ip_allow_extra_address_by_default ... ok
[INFO] [stdout] test unit_tests::ip::test_ipv4_not_allow_extra_address ... ok
[INFO] [stdout] test unit_tests::ip::test_ipv6_mtu_lower_than_1280 ... ok
[INFO] [stdout] test unit_tests::ip::test_ipv6_not_allow_extra_address ... ok
[INFO] [stdout] test unit_tests::ip::test_ipv6_verify_emtpy ... ok
[INFO] [stdout] test unit_tests::ip::test_sanitize_ip_network_invalid_ipv4_prefix_length ... ok
[INFO] [stdout] test unit_tests::ip::test_sanitize_ip_network_empty_str ... ok
[INFO] [stdout] test unit_tests::ip::test_ipv6_verify_valid_prefix ... ok
[INFO] [stdout] test unit_tests::ip::test_ipv4_verify_valid_prefix ... ok
[INFO] [stdout] test unit_tests::gen_diff::test_gen_diff ... ok
[INFO] [stdout] test unit_tests::ip::test_sanitize_ip_network_invalid_ipv6_prefix_length ... ok
[INFO] [stdout] test unit_tests::ip::test_sanitize_ip_network_invalid_str ... ok
[INFO] [stdout] test unit_tests::ip::test_sanitize_ip_network_ipv6_gateway ... ok
[INFO] [stdout] test unit_tests::ip::test_sanitize_ip_network_ipv4_host_only_explicit ... ok
[INFO] [stdout] test unit_tests::ip::test_sanitize_ip_network_ipv4_host_only ... ok
[INFO] [stdout] test unit_tests::ip::test_sanitize_ip_network_ipv4_net ... ok
[INFO] [stdout] test unit_tests::ip::test_sanitize_ip_network_ipv6_host_only ... ok
[INFO] [stdout] test unit_tests::ip::test_sanitize_ip_network_ipv4_gateway ... ok
[INFO] [stdout] test unit_tests::ip::test_sanitize_ip_network_ipv6_host_only_explicit ... ok
[INFO] [stdout] test unit_tests::ip::test_sanitize_ip_network_ipv6_net ... ok
[INFO] [stdout] test unit_tests::ipsec::test_parse_ipsec_interface_from_string_bool ... ok
[INFO] [stdout] test unit_tests::ipsec::test_invalid_ipsec_interface_value ... ok
[INFO] [stdout] test unit_tests::ipsec::test_parse_ipsec_interface_from_interger ... ok
[INFO] [stdout] test unit_tests::lldp::test_lldp_stringlized_attributes ... ok
[INFO] [stdout] test unit_tests::ipsec::test_ipsec_treat_dhcp_off_and_empty_ip_as_disabled ... ok
[INFO] [stdout] test unit_tests::ipsec::test_parse_ipsec_interface_from_string_interger ... ok
[INFO] [stdout] test unit_tests::ip::test_should_not_have_ipv4_in_ipv6_section ... ok
[INFO] [stdout] test unit_tests::ip::test_should_not_have_ipv6_in_ipv4_section ... ok
[INFO] [stdout] test unit_tests::mac_vtap::test_mac_vtap_stringlized_attributes ... ok
[INFO] [stdout] test unit_tests::mac_vlan::test_mac_vlan_stringlized_attributes ... ok
[INFO] [stdout] test unit_tests::net_state::test_invalid_top_key ... ok
[INFO] [stdout] test unit_tests::net_state::test_invalid_top_type ... ok
[INFO] [stdout] test unit_tests::mptcp::test_valid_mptcp_flags ... ok
[INFO] [stdout] test unit_tests::mptcp::test_mptcp_sanitize_remove_per_addr_flag ... ok
[INFO] [stdout] test unit_tests::ipsec::test_ipsec_hide_psk ... ok
[INFO] [stdout] test unit_tests::nm::dns::test_dns_ipv6_link_local_iface_has_ipv6_disabled ... ok
[INFO] [stdout] test unit_tests::nm::dns::test_copy_ip_stack_if_marked_for_dns ... ok
[INFO] [stdout] test unit_tests::nm::dns::test_dns_prefer_desired_over_current ... ok
[INFO] [stdout] test unit_tests::nm::dns::test_dns_not_prefer_iface_ipv6_with_link_local_only_address ... ok
[INFO] [stdout] test unit_tests::nm::route::test_absent_routes_with_iface_only ... ok
[INFO] [stdout] test unit_tests::nm::dns::test_dns_iface_has_no_ip_stack_info ... ok
[INFO] [stdout] test unit_tests::nm::dns::test_dns_ignore_dns_purge_on_absent_iface ... ok
[INFO] [stdout] test unit_tests::nm::dns::test_two_dns_ipv6_link_local_iface ... ok
[INFO] [stdout] test unit_tests::nm::route::test_wildcard_absent_routes ... ok
[INFO] [stdout] test unit_tests::nm::route::test_add_routes_to_new_interface ... ok
[INFO] [stdout] test unit_tests::nm::route::test_route_ignore_absent_ifaces ... ok
[INFO] [stdout] test unit_tests::nm::route_rule::test_add_rules_to_new_interface ... ok
[INFO] [stdout] test unit_tests::nm::route_rule::test_route_rule_use_default_auto_route_table_id ... ok
[INFO] [stdout] test unit_tests::nm::route_rule::test_route_rule_ignore_absent_ifaces ... ok
[INFO] [stdout] test unit_tests::ovn::test_empty_mappings ... ok
[INFO] [stdout] test unit_tests::nm::route_rule::test_route_rule_use_auto_route_table_id ... ok
[INFO] [stdout] test unit_tests::ovn::test_ovn_map_support_state_present ... ok
[INFO] [stdout] test unit_tests::ovn::test_mappings_with_required_data ... ok
[INFO] [stdout] test unit_tests::ovn::test_multiple_mappings_with_required_data ... ok
[INFO] [stdout] test unit_tests::nm::route_rule::test_route_rule_use_loopback ... ok
[INFO] [stdout] test unit_tests::ovn::test_ovn_serialize_state_absent ... ok
[INFO] [stdout] test unit_tests::ovn::test_mappings_missing_bridge ... ok
[INFO] [stdout] test unit_tests::ovn::test_ovsdb_empty_string_to_ovn_bridge_mappings ... ok
[INFO] [stdout] test unit_tests::ovn::test_ovn_duplicate_localnet_keys_are_forbidden_on_desired_state ... ok
[INFO] [stdout] test unit_tests::ovn::test_ovsdb_string_to_multiple_ovn_bridge_mappings ... ok
[INFO] [stdout] test unit_tests::ovn::test_ovsdb_merge_delete_existing_mappings ... ok
[INFO] [stdout] test unit_tests::ovn::test_ovsdb_string_to_ovn_bridge_mappings ... ok
[INFO] [stdout] test unit_tests::ovn::test_ovsdb_merge_with_mappings ... ok
[INFO] [stdout] test unit_tests::ovn::test_ovsdb_string_without_bridge_to_ovn_bridge_mappings ... ok
[INFO] [stdout] test unit_tests::ovn::test_ovsdb_string_without_localnet_to_ovn_bridge_mappings ... ok
[INFO] [stdout] test unit_tests::ovn::test_sanitize_mapping_add_without_bridge ... ok
[INFO] [stdout] test unit_tests::ovn::test_sanitize_correct_mapping_remove ... ok
[INFO] [stdout] test unit_tests::gen_revert::test_gen_revert ... ok
[INFO] [stdout] test unit_tests::ovn::test_sanitize_correct_mapping_add ... ok
[INFO] [stdout] test unit_tests::ovs::test_deny_unknown_field_in_ovs_bond ... ok
[INFO] [stdout] test unit_tests::ovs::test_ovs_bridge_resolve_user_space_iface_type ... ok
[INFO] [stdout] test unit_tests::ovs::test_ovs_bridge_same_name_absent ... ok
[INFO] [stdout] test unit_tests::ovs::test_ovs_bridge_ignore_port ... ok
[INFO] [stdout] test unit_tests::ovs::test_ovs_bridge_ports ... ok
[INFO] [stdout] test unit_tests::ovs::test_ovs_bridge_stringlized_attributes ... ok
[INFO] [stdout] test unit_tests::ovs::test_ignore_patch_ports_for_apply ... ok
[INFO] [stdout] test unit_tests::ovs::test_ovs_bridge_vlan_filter_enable_native_with_access_mode ... ok
[INFO] [stdout] test unit_tests::ovs::test_ovs_bridge_merge_port_vlan ... ok
[INFO] [stdout] test unit_tests::ovs::test_ovs_bridge_vlan_filter_trunk_tag_overlap_id_vs_id ... ok
[INFO] [stdout] test unit_tests::ovs::test_ovs_bridge_vlan_filter_no_trunk_tags_with_trunk_mode ... ok
[INFO] [stdout] test unit_tests::ovs::test_ovs_bridge_vlan_filter_trunk_tags_with_access_mode ... ok
[INFO] [stdout] test unit_tests::ovs::test_ovs_bridge_with_mac ... ok
[INFO] [stdout] test unit_tests::ovs::test_ovs_bridge_verify_ignore_port ... ok
[INFO] [stdout] test unit_tests::ovs::test_ovs_bridge_vlan_filter_trunk_tag_overlap_id_vs_range ... ok
[INFO] [stdout] test unit_tests::ovs::test_ovs_iface_serialize_allow_extra_patch_ports ... ok
[INFO] [stdout] test unit_tests::ovs::test_ovs_bridge_vlan_filter_trunk_tag_overlap_range_vs_range ... ok
[INFO] [stdout] test unit_tests::ovs::test_ovs_bridge_vlan_filter_trunk_tag_without_enable_native ... ok
[INFO] [stdout] test unit_tests::ovs::test_validate_dpdk_n_txq_desc ... ok
[INFO] [stdout] test unit_tests::ovsdb::test_ovsdb_merge_delete_all ... ok
[INFO] [stdout] test unit_tests::ovs::test_ovs_stp_option_as_dict ... ok
[INFO] [stdout] test unit_tests::ovs::test_ovs_stp_option_as_bool ... ok
[INFO] [stdout] test unit_tests::ovsdb::test_ovsdb_merge_delete_all_other_config ... ok
[INFO] [stdout] test unit_tests::ovs::test_validate_dpdk_n_rxq_desc ... ok
[INFO] [stdout] test unit_tests::ovs::test_ovs_mark_orphan_up_on_bridge_with_same_name_iface ... ok
[INFO] [stdout] test unit_tests::ovsdb::test_ovsdb_purge_by_empty_hash ... ok
[INFO] [stdout] test unit_tests::ovs::test_ovs_orphan_check_on_bridge_with_same_name_iface ... ok
[INFO] [stdout] test unit_tests::ovsdb::test_ovsdb_merge_delete_all_external_ids ... ok
[INFO] [stdout] test unit_tests::ovsdb::test_ovsdb_purge_by_empty_section ... ok
[INFO] [stdout] test unit_tests::ovsdb::test_ovsdb_merge_with_override_and_delete ... ok
[INFO] [stdout] test unit_tests::policy::capture::test_policy_capture_equal_to_prop_path ... ok
[INFO] [stdout] test unit_tests::ovsdb::test_ovsdb_verify_null_current ... ok
[INFO] [stdout] test unit_tests::policy::capture::test_policy_capture_simple_store ... ok
[INFO] [stdout] test unit_tests::policy::capture::test_policy_capture_with_replace ... ok
[INFO] [stdout] test unit_tests::ovs::test_ignore_patch_ports_for_verify ... ok
[INFO] [stdout] test unit_tests::policy::capture::test_policy_capture_with_equal ... ok
[INFO] [stdout] test unit_tests::policy::error::test_policy_capture_not_found ... ok
[INFO] [stdout] test unit_tests::policy::capture::test_policy_capture_route_rule ... ok
[INFO] [stdout] test unit_tests::policy::error::test_policy_empty_reference ... ok
[INFO] [stdout] test unit_tests::policy::error::test_policy_equal_capture_no_name_afterwards ... ok
[INFO] [stdout] test unit_tests::policy::error::test_policy_equal_got_2_values ... ok
[INFO] [stdout] test unit_tests::policy::error::test_policy_equal_capture_no_path_afterwards ... ok
[INFO] [stdout] test unit_tests::policy::error::test_policy_equal_got_no_value_defined ... ok
[INFO] [stdout] test unit_tests::policy::error::test_policy_invalid_replace_action_no_equal_after ... ok
[INFO] [stdout] test unit_tests::policy::error::test_policy_ilegal_char ... ok
[INFO] [stdout] test unit_tests::policy::error::test_policy_no_ending_quote ... ok
[INFO] [stdout] test unit_tests::policy::error::test_policy_invalid_equal_action_not_two_equal ... ok
[INFO] [stdout] test unit_tests::policy::error::test_policy_pipe_invalid_capture_two_capture_name ... ok
[INFO] [stdout] test unit_tests::policy::capture::test_policy_capture_retain_only ... ok
[INFO] [stdout] test unit_tests::policy::error::test_policy_pipe_at_end ... ok
[INFO] [stdout] test unit_tests::policy::error::test_policy_pipe_not_started_with_capture ... ok
[INFO] [stdout] test unit_tests::policy::error::test_policy_pipe_invalid_capture_no_capture ... ok
[INFO] [stdout] test unit_tests::policy::error::test_policy_reference_end_before_start ... ok
[INFO] [stdout] test unit_tests::policy::error::test_policy_reference_no_ending ... ok
[INFO] [stdout] test unit_tests::policy::error::test_policy_reference_no_start ... ok
[INFO] [stdout] test unit_tests::policy::error::test_policy_reference_with_two_paths ... ok
[INFO] [stdout] test unit_tests::policy::error::test_policy_reference_capture_not_found ... ok
[INFO] [stdout] test unit_tests::policy::error::test_policy_reference_capture_property_not_found ... ok
[INFO] [stdout] test unit_tests::policy::error::test_policy_reference_capture_concatenate_with_prefix ... ok
[INFO] [stdout] test unit_tests::policy::error::test_policy_replace_capture_no_name_afterwards ... ok
[INFO] [stdout] test unit_tests::policy::error::test_policy_single_colon_at_end ... ok
[INFO] [stdout] test unit_tests::policy::error::test_policy_replace_capture_no_path_afterwards ... ok
[INFO] [stdout] test unit_tests::policy::error::test_policy_replace_got_2_value ... ok
[INFO] [stdout] test unit_tests::policy::error::test_policy_replace_got_no_value_defined ... ok
[INFO] [stdout] test unit_tests::policy::error::test_policy_reference_capture_property_not_array ... ok
[INFO] [stdout] test unit_tests::policy::error::test_policy_two_equals ... ok
[INFO] [stdout] test unit_tests::policy::error::test_policy_two_pipes ... ok
[INFO] [stdout] test unit_tests::policy::error::test_policy_single_equal_at_end ... ok
[INFO] [stdout] test unit_tests::policy::error::test_policy_template_no_capture ... ok
[INFO] [stdout] test unit_tests::policy::error::test_policy_two_references ... ok
[INFO] [stdout] test unit_tests::policy::error::test_policy_value_after_pipe ... ok
[INFO] [stdout] test unit_tests::policy::error::test_policy_two_replaces ... ok
[INFO] [stdout] test unit_tests::policy::net_policy::test_policy_empty_policy ... ok
[INFO] [stdout] test unit_tests::policy::token::test_policy_token_equal_number ... ok
[INFO] [stdout] test unit_tests::policy::token::test_policy_token_path_equal_double_quoted_string ... ok
[INFO] [stdout] test unit_tests::policy::token::test_policy_token_path_equal_unquoted_string ... ok
[INFO] [stdout] test unit_tests::policy::token::test_policy_token_quoted_string ... ok
[INFO] [stdout] test unit_tests::policy::token::test_policy_token_path_equal_path ... ok
[INFO] [stdout] test unit_tests::policy::token::test_policy_token_path_pipe ... ok
[INFO] [stdout] test unit_tests::route::test_route_cwnd_invalid_type ... ok
[INFO] [stdout] test unit_tests::route::test_route_cwnd_zero_invalid ... ok
[INFO] [stdout] test unit_tests::policy::net_policy::test_policy_move_dhcp_gw_eth_to_bridge ... ok
[INFO] [stdout] test unit_tests::route::test_route_invalid_destination ... ok
[INFO] [stdout] test unit_tests::route::test_route_ipv4_ecmp_is_match ... ok
[INFO] [stdout] test unit_tests::policy::net_policy::test_policy_no_capture ... ok
[INFO] [stdout] test unit_tests::policy::net_policy::test_policy_move_static_gw_eth_to_bridge ... ok
[INFO] [stdout] test unit_tests::route::test_route_not_allowing_empty_dst ... ok
[INFO] [stdout] test unit_tests::route::test_route_sanitize_ipv4_host ... ok
[INFO] [stdout] test unit_tests::policy::net_policy::test_policy_convert_dhcp_to_static_with_dns ... ok
[INFO] [stdout] test unit_tests::route::test_route_sanitize_ipv4 ... ok
[INFO] [stdout] test unit_tests::route::test_route_cwnd_is_match ... ok
[INFO] [stdout] test unit_tests::route::test_route_matching_empty_via_with_none ... ok
[INFO] [stdout] test unit_tests::route::test_route_sanitize_ipv6 ... ok
[INFO] [stdout] test unit_tests::route::test_route_sanitize_ipv6_ecmp ... ok
[INFO] [stdout] test unit_tests::route::test_route_sanitize_ipv6_host ... ok
[INFO] [stdout] test unit_tests::route::test_route_valid_default_gateway ... ok
[INFO] [stdout] test unit_tests::route::test_route_stringlized_attributes ... ok
[INFO] [stdout] test unit_tests::route::test_route_sanitize_ipv6_host_not_compact ... ok
[INFO] [stdout] test unit_tests::route::test_route_ignore_iface ... ok
[INFO] [stdout] test unit_tests::route::test_routes_delayed_by_nm ... ok
[INFO] [stdout] test unit_tests::route::test_route_without_options_is_match_with_any ... ok
[INFO] [stdout] test unit_tests::route::test_routes_not_delayed_by_nm ... ok
[INFO] [stdout] test unit_tests::route_rule::test_route_rule_auto_priority_increasing_from_desire ... ok
[INFO] [stdout] test unit_tests::route::test_sort_uniqe_routes ... ok
[INFO] [stdout] test unit_tests::route::test_route_verify_ignore_iface ... ok
[INFO] [stdout] test unit_tests::route_rule::test_route_rule_auto_priority_increasing_from_empty ... ok
[INFO] [stdout] test unit_tests::route_rule::test_route_rule_sanitize_ipv4_from_to ... ok
[INFO] [stdout] test unit_tests::route_rule::test_route_rule_matching_empty_ip_to_with_none ... ok
[INFO] [stdout] test unit_tests::route_rule::test_route_rule_matching_empty_ip_from_with_none ... ok
[INFO] [stdout] test unit_tests::route::test_verify_current_has_more_routes ... ok
[INFO] [stdout] test unit_tests::route_rule::test_route_rule_sanitize_ipv6_family_ip_from ... ok
[INFO] [stdout] test unit_tests::route::test_verify_desire_route_not_found ... ok
[INFO] [stdout] test unit_tests::route::test_verify_absent_route_still_found ... ok
[INFO] [stdout] test unit_tests::route_rule::test_route_rule_sanitize_ipv4_from_to_host ... ok
[INFO] [stdout] test unit_tests::route_rule::test_route_rule_sanitize_ipv6_from_to_host ... ok
[INFO] [stdout] test unit_tests::route_rule::test_route_rule_sanitize_ipv6_from_to ... ok
[INFO] [stdout] test unit_tests::route_rule::test_route_rule_sanitize_none_compact_ipv6_from_to ... ok
[INFO] [stdout] test unit_tests::route_rule::test_route_rule_stringlized_attributes ... ok
[INFO] [stdout] test unit_tests::route_rule::test_sort_uniqe_route_rules ... ok
[INFO] [stdout] test unit_tests::route_rule::test_route_rule_validate_ipv4_family_ip_from ... ok
[INFO] [stdout] test unit_tests::sriov::test_failed_to_resolve_sriov_in_ovs_port_list ... ok
[INFO] [stdout] test unit_tests::sriov::test_has_sriov_and_missing_eth ... ok
[INFO] [stdout] test unit_tests::sriov::test_ignore_sriov_if_not_desired ... ok
[INFO] [stdout] test unit_tests::sriov::test_get_sriov_vf_count ... ok
[INFO] [stdout] test unit_tests::sriov::test_resolve_sriov_port_name_linux_bridge ... ok
[INFO] [stdout] test unit_tests::sriov::test_resolve_sriov_name ... ok
[INFO] [stdout] test unit_tests::sriov::test_resolve_sriov_port_name_bond ... ok
[INFO] [stdout] test unit_tests::sriov::test_sriov_enable_and_use_in_single_yaml ... ok
[INFO] [stdout] test unit_tests::sriov::test_resolve_sriov_name_duplicate ... ok
[INFO] [stdout] test unit_tests::sriov::test_sriov_has_sriov_and_missing_eth_pf_none ... ok
[INFO] [stdout] test unit_tests::sriov::test_resolve_sriov_port_name_ovs_bridge ... ok
[INFO] [stdout] test unit_tests::sriov::test_sriov_not_allow_802_1ad_vlan_protocol_for_vlan_0_and_qos_0 ... ok
[INFO] [stdout] test unit_tests::sriov::test_sriov_vf_revert_to_default ... ok
[INFO] [stdout] test unit_tests::sriov::test_resolve_sriov_port_name_ovs_bond ... ok
[INFO] [stdout] test unit_tests::sriov::test_sriov_vf_auto_fill_vf_conf ... ok
[INFO] [stdout] test unit_tests::sriov::test_verify_sriov_port_name_linux_bridge ... ok
[INFO] [stdout] test unit_tests::sriov::test_sriov_vf_mac_mix_case ... ok
[INFO] [stdout] test unit_tests::sriov::test_verify_sriov_name ... ok
[INFO] [stdout] test unit_tests::statistic::test_statistic_feature_dns ... ok
[INFO] [stdout] test unit_tests::sriov::test_verify_sriov_port_name_ovs_bond ... ok
[INFO] [stdout] test unit_tests::statistic::test_statistic_feature_dhcp_hostname ... ok
[INFO] [stdout] test unit_tests::statistic::test_statistic_feature_hostname ... ok
[INFO] [stdout] test unit_tests::sriov::test_verify_sriov_port_name_bond ... ok
[INFO] [stdout] test unit_tests::sriov::test_verify_sriov_port_name_ovs_bridge ... ok
[INFO] [stdout] test unit_tests::statistic::test_statistic_feature_lldp ... ok
[INFO] [stdout] test unit_tests::statistic::test_statistic_feature_ovn_map ... ok
[INFO] [stdout] test unit_tests::statistic::test_statistic_feature_ovs_patch_with_iface_ovsdb ... ok
[INFO] [stdout] test unit_tests::statistic::test_statistic_feature_route ... ok
[INFO] [stdout] test unit_tests::statistic::test_statistic_feature_route_rule ... ok
[INFO] [stdout] test unit_tests::statistic::test_statistic_feature_mac_based_iface_id ... ok
[INFO] [stdout] test unit_tests::statistic::test_statistic_feature_ovs_dpdk_with_bond ... ok
[INFO] [stdout] test unit_tests::vlan::test_vlan_base_iface_optional ... ok
[INFO] [stdout] test unit_tests::statistic::test_statistic_feature_sriov ... ok
[INFO] [stdout] test unit_tests::vlan::test_vlan_orphan_check_auto_absent ... ok
[INFO] [stdout] test unit_tests::vlan::test_vlan_orphan_but_desired ... ok
[INFO] [stdout] test unit_tests::vlan::test_vlan_get_parent_up_priority_plus_one ... ok
[INFO] [stdout] test unit_tests::vlan::test_vlan_orphan_has_now_parent ... ok
[INFO] [stdout] test unit_tests::vlan::test_vlan_stringlized_attributes ... ok
[INFO] [stdout] test unit_tests::vlan::test_vlan_update ... ok
[INFO] [stdout] test unit_tests::statistic::test_statistic_topology_static_ip ... ok
[INFO] [stdout] test unit_tests::vrf::test_vrf_skip_port_if_null ... ok
[INFO] [stdout] test unit_tests::vrf::test_vrf_on_bond_vlan_got_auto_remove ... ok
[INFO] [stdout] test unit_tests::vxlan::test_vxlan_evpn_config_stringlized_attributes ... ok
[INFO] [stdout] test unit_tests::vrf::test_vrf_ports ... ok
[INFO] [stdout] test unit_tests::vxlan::test_vxlan_stringlized_attributes ... ok
[INFO] [stdout] test unit_tests::vrf::test_vrf_stringlized_attributes ... ok
[INFO] [stdout] test unit_tests::statistic::test_statistic_multple_states ... ok
[INFO] [stdout] test unit_tests::statistic::test_statistic_feature_iface_count ... ok
[INFO] [stdout] test unit_tests::policy::example::test_policy_examples ... FAILED
[INFO] [stdout] 
[INFO] [stdout] failures:
[INFO] [stdout] 
[INFO] [stdout] ---- unit_tests::policy::example::test_policy_examples stdout ----
[INFO] [stdout] thread 'unit_tests::policy::example::test_policy_examples' panicked at unit_tests/policy/example.rs:17:6:
[INFO] [stdout] called `Result::unwrap()` on an `Err` value: Os { code: 2, kind: NotFound, message: "No such file or directory" }
[INFO] [stdout] stack backtrace:
[INFO] [stdout]    0:     0x55c6bb72b96a - std::backtrace_rs::backtrace::libunwind::trace::h207520d6e9873551
[INFO] [stdout]                                at /rustc/df4ca44d3fbc9301ee17f30f4d474e6ae4b05252/library/std/src/../../backtrace/src/backtrace/libunwind.rs:116:5
[INFO] [stdout]    1:     0x55c6bb72b96a - std::backtrace_rs::backtrace::trace_unsynchronized::h2ed7433f370e3eca
[INFO] [stdout]                                at /rustc/df4ca44d3fbc9301ee17f30f4d474e6ae4b05252/library/std/src/../../backtrace/src/backtrace/mod.rs:66:5
[INFO] [stdout]    2:     0x55c6bb72b96a - std::sys::backtrace::_print_fmt::h916fac51166b18d7
[INFO] [stdout]                                at /rustc/df4ca44d3fbc9301ee17f30f4d474e6ae4b05252/library/std/src/sys/backtrace.rs:66:9
[INFO] [stdout]    3:     0x55c6bb72b96a - <std::sys::backtrace::BacktraceLock::print::DisplayBacktrace as core::fmt::Display>::fmt::ha0a4c9b8ce3802e6
[INFO] [stdout]                                at /rustc/df4ca44d3fbc9301ee17f30f4d474e6ae4b05252/library/std/src/sys/backtrace.rs:39:26
[INFO] [stdout]    4:     0x55c6bb757dc3 - core::fmt::rt::Argument::fmt::h4cfc8587d52b3eb5
[INFO] [stdout]                                at /rustc/df4ca44d3fbc9301ee17f30f4d474e6ae4b05252/library/core/src/fmt/rt.rs:177:76
[INFO] [stdout]    5:     0x55c6bb757dc3 - core::fmt::write::h522cc39e5b36ae9f
[INFO] [stdout]                                at /rustc/df4ca44d3fbc9301ee17f30f4d474e6ae4b05252/library/core/src/fmt/mod.rs:1190:21
[INFO] [stdout]    6:     0x55c6bb727e03 - std::io::Write::write_fmt::h7d3c26752da97734
[INFO] [stdout]                                at /rustc/df4ca44d3fbc9301ee17f30f4d474e6ae4b05252/library/std/src/io/mod.rs:1839:15
[INFO] [stdout]    7:     0x55c6bb72b7b2 - std::sys::backtrace::BacktraceLock::print::h4b9e00b29e9c0942
[INFO] [stdout]                                at /rustc/df4ca44d3fbc9301ee17f30f4d474e6ae4b05252/library/std/src/sys/backtrace.rs:42:9
[INFO] [stdout]    8:     0x55c6bb72cdfa - std::panicking::default_hook::{{closure}}::hb59b88280d0324d9
[INFO] [stdout]                                at /rustc/df4ca44d3fbc9301ee17f30f4d474e6ae4b05252/library/std/src/panicking.rs:268:22
[INFO] [stdout]    9:     0x55c6bb72cc04 - std::panicking::default_hook::he1dd496665be4a29
[INFO] [stdout]                                at /rustc/df4ca44d3fbc9301ee17f30f4d474e6ae4b05252/library/std/src/panicking.rs:292:9
[INFO] [stdout]   10:     0x55c6bb5e0b79 - <alloc::boxed::Box<F,A> as core::ops::function::Fn<Args>>::call::h4ff71de18744e1dc
[INFO] [stdout]                                at /rustc/df4ca44d3fbc9301ee17f30f4d474e6ae4b05252/library/alloc/src/boxed.rs:2468:9
[INFO] [stdout]   11:     0x55c6bb5e0b79 - test::test_main::{{closure}}::hcf7c055ce117aa81
[INFO] [stdout]                                at /rustc/df4ca44d3fbc9301ee17f30f4d474e6ae4b05252/library/test/src/lib.rs:133:21
[INFO] [stdout]   12:     0x55c6bb72d4f8 - <alloc::boxed::Box<F,A> as core::ops::function::Fn<Args>>::call::h1d66c6bbd60c9692
[INFO] [stdout]                                at /rustc/df4ca44d3fbc9301ee17f30f4d474e6ae4b05252/library/alloc/src/boxed.rs:2468:9
[INFO] [stdout]   13:     0x55c6bb72d4f8 - std::panicking::rust_panic_with_hook::h2ff17fe8f26dfcf8
[INFO] [stdout]                                at /rustc/df4ca44d3fbc9301ee17f30f4d474e6ae4b05252/library/std/src/panicking.rs:809:13
[INFO] [stdout]   14:     0x55c6bb72d2ba - std::panicking::begin_panic_handler::{{closure}}::h4fad77951c07e101
[INFO] [stdout]                                at /rustc/df4ca44d3fbc9301ee17f30f4d474e6ae4b05252/library/std/src/panicking.rs:674:13
[INFO] [stdout]   15:     0x55c6bb72be49 - std::sys::backtrace::__rust_end_short_backtrace::hb1a25b3da5d0ea08
[INFO] [stdout]                                at /rustc/df4ca44d3fbc9301ee17f30f4d474e6ae4b05252/library/std/src/sys/backtrace.rs:170:18
[INFO] [stdout]   16:     0x55c6bb72cf4c - rust_begin_unwind
[INFO] [stdout]                                at /rustc/df4ca44d3fbc9301ee17f30f4d474e6ae4b05252/library/std/src/panicking.rs:665:5
[INFO] [stdout]   17:     0x55c6bb755960 - core::panicking::panic_fmt::ha9db07b529f9b256
[INFO] [stdout]                                at /rustc/df4ca44d3fbc9301ee17f30f4d474e6ae4b05252/library/core/src/panicking.rs:75:14
[INFO] [stdout]   18:     0x55c6bb755e46 - core::result::unwrap_failed::h5e8218e4d4338b8a
[INFO] [stdout]                                at /rustc/df4ca44d3fbc9301ee17f30f4d474e6ae4b05252/library/core/src/result.rs:1698:5
[INFO] [stdout]   19:     0x55c6bb06756f - core::result::Result<T,E>::unwrap::hdcee171a56643a3e
[INFO] [stdout]                                at /rustc/df4ca44d3fbc9301ee17f30f4d474e6ae4b05252/library/core/src/result.rs:1103:23
[INFO] [stdout]   20:     0x55c6bb06756f - nmstate::unit_tests::policy::example::test_policy_examples::hc9d1f0cbefa3f802
[INFO] [stdout]                                at /opt/rustwide/workdir/unit_tests/policy/example.rs:14:23
[INFO] [stdout]   21:     0x55c6bb067337 - nmstate::unit_tests::policy::example::test_policy_examples::{{closure}}::h51ad09a50a059dc7
[INFO] [stdout]                                at /opt/rustwide/workdir/unit_tests/policy/example.rs:13:26
[INFO] [stdout]   22:     0x55c6baf3a886 - core::ops::function::FnOnce::call_once::hf166fa42b67c2fc9
[INFO] [stdout]                                at /rustc/df4ca44d3fbc9301ee17f30f4d474e6ae4b05252/library/core/src/ops/function.rs:250:5
[INFO] [stdout]   23:     0x55c6bb5e544b - core::ops::function::FnOnce::call_once::h22c3ba5715e93f05
[INFO] [stdout]                                at /rustc/df4ca44d3fbc9301ee17f30f4d474e6ae4b05252/library/core/src/ops/function.rs:250:5
[INFO] [stdout]   24:     0x55c6bb5e544b - test::__rust_begin_short_backtrace::h8e82d8113d0da17f
[INFO] [stdout]                                at /rustc/df4ca44d3fbc9301ee17f30f4d474e6ae4b05252/library/test/src/lib.rs:621:18
[INFO] [stdout]   25:     0x55c6bb5e4dc7 - test::run_test_in_process::{{closure}}::h33235f4f20b7b7c7
[INFO] [stdout]                                at /rustc/df4ca44d3fbc9301ee17f30f4d474e6ae4b05252/library/test/src/lib.rs:644:60
[INFO] [stdout]   26:     0x55c6bb5e4dc7 - <core::panic::unwind_safe::AssertUnwindSafe<F> as core::ops::function::FnOnce<()>>::call_once::hb5043206310c586f
[INFO] [stdout]                                at /rustc/df4ca44d3fbc9301ee17f30f4d474e6ae4b05252/library/core/src/panic/unwind_safe.rs:272:9
[INFO] [stdout]   27:     0x55c6bb5e4dc7 - std::panicking::try::do_call::h9ad4731a60ab23e2
[INFO] [stdout]                                at /rustc/df4ca44d3fbc9301ee17f30f4d474e6ae4b05252/library/std/src/panicking.rs:557:40
[INFO] [stdout]   28:     0x55c6bb5e4dc7 - std::panicking::try::h3824d23db772a716
[INFO] [stdout]                                at /rustc/df4ca44d3fbc9301ee17f30f4d474e6ae4b05252/library/std/src/panicking.rs:520:19
[INFO] [stdout]   29:     0x55c6bb5e4dc7 - std::panic::catch_unwind::h5afd514605fde46b
[INFO] [stdout]                                at /rustc/df4ca44d3fbc9301ee17f30f4d474e6ae4b05252/library/std/src/panic.rs:358:14
[INFO] [stdout]   30:     0x55c6bb5e4dc7 - test::run_test_in_process::h0d5cbfa7067d1720
[INFO] [stdout]                                at /rustc/df4ca44d3fbc9301ee17f30f4d474e6ae4b05252/library/test/src/lib.rs:644:27
[INFO] [stdout]   31:     0x55c6bb5e4dc7 - test::run_test::{{closure}}::h708eb8872708115d
[INFO] [stdout]                                at /rustc/df4ca44d3fbc9301ee17f30f4d474e6ae4b05252/library/test/src/lib.rs:565:43
[INFO] [stdout]   32:     0x55c6bb5a84e4 - test::run_test::{{closure}}::h392c51cee94713ab
[INFO] [stdout]                                at /rustc/df4ca44d3fbc9301ee17f30f4d474e6ae4b05252/library/test/src/lib.rs:595:41
[INFO] [stdout]   33:     0x55c6bb5a84e4 - std::sys::backtrace::__rust_begin_short_backtrace::h2f40290710935a8b
[INFO] [stdout]                                at /rustc/df4ca44d3fbc9301ee17f30f4d474e6ae4b05252/library/std/src/sys/backtrace.rs:154:18
[INFO] [stdout]   34:     0x55c6bb5abc8e - std::thread::Builder::spawn_unchecked_::{{closure}}::{{closure}}::h3fd968d89053a903
[INFO] [stdout]                                at /rustc/df4ca44d3fbc9301ee17f30f4d474e6ae4b05252/library/std/src/thread/mod.rs:541:17
[INFO] [stdout]   35:     0x55c6bb5abc8e - <core::panic::unwind_safe::AssertUnwindSafe<F> as core::ops::function::FnOnce<()>>::call_once::h743f637ba4229880
[INFO] [stdout]                                at /rustc/df4ca44d3fbc9301ee17f30f4d474e6ae4b05252/library/core/src/panic/unwind_safe.rs:272:9
[INFO] [stdout]   36:     0x55c6bb5abc8e - std::panicking::try::do_call::h07440897322525a6
[INFO] [stdout]                                at /rustc/df4ca44d3fbc9301ee17f30f4d474e6ae4b05252/library/std/src/panicking.rs:557:40
[INFO] [stdout]   37:     0x55c6bb5abc8e - std::panicking::try::he5a2e00188156637
[INFO] [stdout]                                at /rustc/df4ca44d3fbc9301ee17f30f4d474e6ae4b05252/library/std/src/panicking.rs:520:19
[INFO] [stdout]   38:     0x55c6bb5abc8e - std::panic::catch_unwind::hbaf3cae49b3c6433
[INFO] [stdout]                                at /rustc/df4ca44d3fbc9301ee17f30f4d474e6ae4b05252/library/std/src/panic.rs:358:14
[INFO] [stdout]   39:     0x55c6bb5abc8e - std::thread::Builder::spawn_unchecked_::{{closure}}::h8e141ea224820bce
[INFO] [stdout]                                at /rustc/df4ca44d3fbc9301ee17f30f4d474e6ae4b05252/library/std/src/thread/mod.rs:540:30
[INFO] [stdout]   40:     0x55c6bb5abc8e - core::ops::function::FnOnce::call_once{{vtable.shim}}::h90d312fedd7b8ea8
[INFO] [stdout]                                at /rustc/df4ca44d3fbc9301ee17f30f4d474e6ae4b05252/library/core/src/ops/function.rs:250:5
[INFO] [stdout]   41:     0x55c6bb73188b - <alloc::boxed::Box<F,A> as core::ops::function::FnOnce<Args>>::call_once::h69aa08ddb6adb8b6
[INFO] [stdout]                                at /rustc/df4ca44d3fbc9301ee17f30f4d474e6ae4b05252/library/alloc/src/boxed.rs:2454:9
[INFO] [stdout]   42:     0x55c6bb73188b - <alloc::boxed::Box<F,A> as core::ops::function::FnOnce<Args>>::call_once::h5aa36efdb79c806f
[INFO] [stdout]                                at /rustc/df4ca44d3fbc9301ee17f30f4d474e6ae4b05252/library/alloc/src/boxed.rs:2454:9
[INFO] [stdout]   43:     0x55c6bb73188b - std::sys::pal::unix::thread::Thread::new::thread_start::h6cd80a1b4be5158d
[INFO] [stdout]                                at /rustc/df4ca44d3fbc9301ee17f30f4d474e6ae4b05252/library/std/src/sys/pal/unix/thread.rs:105:17
[INFO] [stdout]   44:     0x716844304ac3 - <unknown>
[INFO] [stdout]   45:     0x716844395a04 - clone
[INFO] [stdout]   46:                0x0 - <unknown>
[INFO] [stdout] 
[INFO] [stdout] 
[INFO] [stdout] failures:
[INFO] [stdout]     unit_tests::policy::example::test_policy_examples
[INFO] [stdout] 
[INFO] [stdout] test result: FAILED. 351 passed; 1 failed; 0 ignored; 0 measured; 0 filtered out; finished in 0.10s
[INFO] [stdout] 
[INFO] [stderr] error: test failed, to rerun pass `--lib`
[INFO] running `Command { std: "docker" "inspect" "8fa9a3080ae0339c33e8eaa1e1e25ab79e27e4b1143b6a30b78fc842a2593350", kill_on_drop: false }`
[INFO] running `Command { std: "docker" "rm" "-f" "8fa9a3080ae0339c33e8eaa1e1e25ab79e27e4b1143b6a30b78fc842a2593350", kill_on_drop: false }`
[INFO] [stdout] 8fa9a3080ae0339c33e8eaa1e1e25ab79e27e4b1143b6a30b78fc842a2593350
