[INFO] fetching crate nitrate-macro 0.1.0...
[INFO] testing nitrate-macro-0.1.0 against nightly-2024-10-28+rustflags=-Zrandomize-layout for randomize-layout
[INFO] extracting crate nitrate-macro 0.1.0 into /workspace/builds/worker-3-tc2/source
[INFO] validating manifest of crates.io crate nitrate-macro 0.1.0 on toolchain nightly-2024-10-28
[INFO] running `Command { std: CARGO_HOME="/workspace/cargo-home" RUSTUP_HOME="/workspace/rustup-home" "/workspace/cargo-home/bin/cargo" "+nightly-2024-10-28" "metadata" "--manifest-path" "Cargo.toml" "--no-deps", kill_on_drop: false }`
[INFO] started tweaking crates.io crate nitrate-macro 0.1.0
[INFO] finished tweaking crates.io crate nitrate-macro 0.1.0
[INFO] tweaked toml for crates.io crate nitrate-macro 0.1.0 written to /workspace/builds/worker-3-tc2/source/Cargo.toml
[INFO] running `Command { std: CARGO_HOME="/workspace/cargo-home" RUSTUP_HOME="/workspace/rustup-home" "/workspace/cargo-home/bin/cargo" "+nightly-2024-10-28" "generate-lockfile" "--manifest-path" "Cargo.toml", kill_on_drop: false }`
[INFO] [stderr]     Updating crates.io index
[INFO] [stderr]      Locking 4 packages to latest compatible versions
[INFO] [stderr]       Adding syn v1.0.109 (available: v2.0.86)
[INFO] running `Command { std: CARGO_HOME="/workspace/cargo-home" RUSTUP_HOME="/workspace/rustup-home" "/workspace/cargo-home/bin/cargo" "+nightly-2024-10-28" "fetch" "--manifest-path" "Cargo.toml", kill_on_drop: false }`
[INFO] running `Command { std: "docker" "create" "-v" "/var/lib/crater-agent-workspace/builds/worker-3-tc2/target:/opt/rustwide/target:rw,Z" "-v" "/var/lib/crater-agent-workspace/builds/worker-3-tc2/source:/opt/rustwide/workdir:ro,Z" "-v" "/var/lib/crater-agent-workspace/cargo-home:/opt/rustwide/cargo-home:ro,Z" "-v" "/var/lib/crater-agent-workspace/rustup-home:/opt/rustwide/rustup-home:ro,Z" "-e" "SOURCE_DIR=/opt/rustwide/workdir" "-e" "CARGO_TARGET_DIR=/opt/rustwide/target" "-e" "CARGO_HOME=/opt/rustwide/cargo-home" "-e" "RUSTUP_HOME=/opt/rustwide/rustup-home" "-w" "/opt/rustwide/workdir" "-m" "1610612736" "--user" "0:0" "--network" "none" "ghcr.io/rust-lang/crates-build-env/linux@sha256:4a844ea9eb2546a2d2c7022eacef16ef2e8229c7fbb2c7d4d55a9ceca922f72d" "/opt/rustwide/cargo-home/bin/cargo" "+nightly-2024-10-28" "metadata" "--no-deps" "--format-version=1", kill_on_drop: false }`
[INFO] [stdout] 183e3f02bd22b170f65f27e81230cc8a90a28db929e45005efd0c49f68250b29
[INFO] running `Command { std: "docker" "start" "-a" "183e3f02bd22b170f65f27e81230cc8a90a28db929e45005efd0c49f68250b29", kill_on_drop: false }`
[INFO] running `Command { std: "docker" "inspect" "183e3f02bd22b170f65f27e81230cc8a90a28db929e45005efd0c49f68250b29", kill_on_drop: false }`
[INFO] running `Command { std: "docker" "rm" "-f" "183e3f02bd22b170f65f27e81230cc8a90a28db929e45005efd0c49f68250b29", kill_on_drop: false }`
[INFO] [stdout] 183e3f02bd22b170f65f27e81230cc8a90a28db929e45005efd0c49f68250b29
[INFO] running `Command { std: "docker" "create" "-v" "/var/lib/crater-agent-workspace/builds/worker-3-tc2/target:/opt/rustwide/target:rw,Z" "-v" "/var/lib/crater-agent-workspace/builds/worker-3-tc2/source:/opt/rustwide/workdir:ro,Z" "-v" "/var/lib/crater-agent-workspace/cargo-home:/opt/rustwide/cargo-home:ro,Z" "-v" "/var/lib/crater-agent-workspace/rustup-home:/opt/rustwide/rustup-home:ro,Z" "-e" "SOURCE_DIR=/opt/rustwide/workdir" "-e" "CARGO_TARGET_DIR=/opt/rustwide/target" "-e" "CARGO_INCREMENTAL=0" "-e" "RUST_BACKTRACE=full" "-e" "RUSTFLAGS=--cap-lints=forbid -Zrandomize-layout" "-e" "RUSTDOCFLAGS=--cap-lints=forbid" "-e" "CARGO_HOME=/opt/rustwide/cargo-home" "-e" "RUSTUP_HOME=/opt/rustwide/rustup-home" "-w" "/opt/rustwide/workdir" "-m" "1610612736" "--user" "0:0" "--network" "none" "ghcr.io/rust-lang/crates-build-env/linux@sha256:4a844ea9eb2546a2d2c7022eacef16ef2e8229c7fbb2c7d4d55a9ceca922f72d" "/opt/rustwide/cargo-home/bin/cargo" "+nightly-2024-10-28" "build" "--frozen" "--message-format=json", kill_on_drop: false }`
[INFO] [stdout] e5d58802b338ebe63ab74800d17ed7c0b9c150a5b65e6c4b363745f107f0854a
[INFO] running `Command { std: "docker" "start" "-a" "e5d58802b338ebe63ab74800d17ed7c0b9c150a5b65e6c4b363745f107f0854a", kill_on_drop: false }`
[INFO] [stderr]    Compiling syn v1.0.109
[INFO] [stderr]    Compiling nitrate-macro v0.1.0 (/opt/rustwide/workdir)
[INFO] [stderr]     Finished `dev` profile [unoptimized + debuginfo] target(s) in 2.36s
[INFO] running `Command { std: "docker" "inspect" "e5d58802b338ebe63ab74800d17ed7c0b9c150a5b65e6c4b363745f107f0854a", kill_on_drop: false }`
[INFO] running `Command { std: "docker" "rm" "-f" "e5d58802b338ebe63ab74800d17ed7c0b9c150a5b65e6c4b363745f107f0854a", kill_on_drop: false }`
[INFO] [stdout] e5d58802b338ebe63ab74800d17ed7c0b9c150a5b65e6c4b363745f107f0854a
[INFO] running `Command { std: "docker" "create" "-v" "/var/lib/crater-agent-workspace/builds/worker-3-tc2/target:/opt/rustwide/target:rw,Z" "-v" "/var/lib/crater-agent-workspace/builds/worker-3-tc2/source:/opt/rustwide/workdir:ro,Z" "-v" "/var/lib/crater-agent-workspace/cargo-home:/opt/rustwide/cargo-home:ro,Z" "-v" "/var/lib/crater-agent-workspace/rustup-home:/opt/rustwide/rustup-home:ro,Z" "-e" "SOURCE_DIR=/opt/rustwide/workdir" "-e" "CARGO_TARGET_DIR=/opt/rustwide/target" "-e" "CARGO_INCREMENTAL=0" "-e" "RUST_BACKTRACE=full" "-e" "RUSTFLAGS=--cap-lints=forbid -Zrandomize-layout" "-e" "RUSTDOCFLAGS=--cap-lints=forbid" "-e" "CARGO_HOME=/opt/rustwide/cargo-home" "-e" "RUSTUP_HOME=/opt/rustwide/rustup-home" "-w" "/opt/rustwide/workdir" "-m" "1610612736" "--user" "0:0" "--network" "none" "ghcr.io/rust-lang/crates-build-env/linux@sha256:4a844ea9eb2546a2d2c7022eacef16ef2e8229c7fbb2c7d4d55a9ceca922f72d" "/opt/rustwide/cargo-home/bin/cargo" "+nightly-2024-10-28" "test" "--frozen" "--no-run" "--message-format=json", kill_on_drop: false }`
[INFO] [stdout] 7620ac70623e35b852718dbf0c27c2ca27d644310db68817aaea17cf6610c47b
[INFO] running `Command { std: "docker" "start" "-a" "7620ac70623e35b852718dbf0c27c2ca27d644310db68817aaea17cf6610c47b", kill_on_drop: false }`
[INFO] [stderr]    Compiling nitrate-macro v0.1.0 (/opt/rustwide/workdir)
[INFO] [stderr]     Finished `test` profile [unoptimized + debuginfo] target(s) in 0.18s
[INFO] running `Command { std: "docker" "inspect" "7620ac70623e35b852718dbf0c27c2ca27d644310db68817aaea17cf6610c47b", kill_on_drop: false }`
[INFO] running `Command { std: "docker" "rm" "-f" "7620ac70623e35b852718dbf0c27c2ca27d644310db68817aaea17cf6610c47b", kill_on_drop: false }`
[INFO] [stdout] 7620ac70623e35b852718dbf0c27c2ca27d644310db68817aaea17cf6610c47b
[INFO] running `Command { std: "docker" "create" "-v" "/var/lib/crater-agent-workspace/builds/worker-3-tc2/target:/opt/rustwide/target:rw,Z" "-v" "/var/lib/crater-agent-workspace/builds/worker-3-tc2/source:/opt/rustwide/workdir:ro,Z" "-v" "/var/lib/crater-agent-workspace/cargo-home:/opt/rustwide/cargo-home:ro,Z" "-v" "/var/lib/crater-agent-workspace/rustup-home:/opt/rustwide/rustup-home:ro,Z" "-e" "SOURCE_DIR=/opt/rustwide/workdir" "-e" "CARGO_TARGET_DIR=/opt/rustwide/target" "-e" "CARGO_INCREMENTAL=0" "-e" "RUST_BACKTRACE=full" "-e" "RUSTFLAGS=--cap-lints=forbid -Zrandomize-layout" "-e" "RUSTDOCFLAGS=--cap-lints=forbid" "-e" "CARGO_HOME=/opt/rustwide/cargo-home" "-e" "RUSTUP_HOME=/opt/rustwide/rustup-home" "-w" "/opt/rustwide/workdir" "-m" "1610612736" "--user" "0:0" "--network" "none" "ghcr.io/rust-lang/crates-build-env/linux@sha256:4a844ea9eb2546a2d2c7022eacef16ef2e8229c7fbb2c7d4d55a9ceca922f72d" "/opt/rustwide/cargo-home/bin/cargo" "+nightly-2024-10-28" "test" "--frozen", kill_on_drop: false }`
[INFO] [stdout] e2204f6f825aed38317797d017ea5461a1b0aaebe89f21616b506f0fefd70af9
[INFO] running `Command { std: "docker" "start" "-a" "e2204f6f825aed38317797d017ea5461a1b0aaebe89f21616b506f0fefd70af9", kill_on_drop: false }`
[INFO] [stderr]     Finished `test` profile [unoptimized + debuginfo] target(s) in 0.01s
[INFO] [stderr]      Running unittests src/lib.rs (/opt/rustwide/target/debug/deps/nitrate_macro-3e4dddcb50a19004)
[INFO] [stdout] 
[INFO] [stdout] running 0 tests
[INFO] [stdout] 
[INFO] [stdout] test result: ok. 0 passed; 0 failed; 0 ignored; 0 measured; 0 filtered out; finished in 0.00s
[INFO] [stdout] 
[INFO] [stderr]    Doc-tests nitrate_macro
[INFO] [stdout] 
[INFO] [stdout] running 3 tests
[INFO] [stdout] test src/lib.rs - context_derive (line 43) - compile ... FAILED
[INFO] [stdout] test src/lib.rs - context_derive (line 59) - compile ... FAILED
[INFO] [stdout] test src/lib.rs - context_derive (line 23) - compile ... FAILED
[INFO] [stdout] 
[INFO] [stdout] failures:
[INFO] [stdout] 
[INFO] [stdout] ---- src/lib.rs - context_derive (line 43) stdout ----
[INFO] [stdout] error[E0433]: failed to resolve: use of undeclared crate or module `nitrate`
[INFO] [stdout]  --> src/lib.rs:44:5
[INFO] [stdout]   |
[INFO] [stdout] 3 | use nitrate::program::AccountInfo;
[INFO] [stdout]   |     ^^^^^^^ use of undeclared crate or module `nitrate`
[INFO] [stdout] 
[INFO] [stdout] error: aborting due to 1 previous error
[INFO] [stdout] 
[INFO] [stdout] For more information about this error, try `rustc --explain E0433`.
[INFO] [stdout] Couldn't compile the test.
[INFO] [stdout] ---- src/lib.rs - context_derive (line 59) stdout ----
[INFO] [stdout] error: cannot find macro `msg` in this scope
[INFO] [stdout]  --> src/lib.rs:61:1
[INFO] [stdout]   |
[INFO] [stdout] 4 | msg!("Burn asset: {:?}", ctx.accounts.asset.key());
[INFO] [stdout]   | ^^^
[INFO] [stdout] 
[INFO] [stdout] error[E0425]: cannot find value `accounts` in this scope
[INFO] [stdout]  --> src/lib.rs:60:25
[INFO] [stdout]   |
[INFO] [stdout] 3 | let ctx = Burn::context(accounts)?;
[INFO] [stdout]   |                         ^^^^^^^^ not found in this scope
[INFO] [stdout] 
[INFO] [stdout] error[E0433]: failed to resolve: use of undeclared type `Burn`
[INFO] [stdout]  --> src/lib.rs:60:11
[INFO] [stdout]   |
[INFO] [stdout] 3 | let ctx = Burn::context(accounts)?;
[INFO] [stdout]   |           ^^^^ use of undeclared type `Burn`
[INFO] [stdout] 
[INFO] [stdout] error: aborting due to 3 previous errors
[INFO] [stdout] 
[INFO] [stdout] Some errors have detailed explanations: E0425, E0433.
[INFO] [stdout] For more information about an error, try `rustc --explain E0425`.
[INFO] [stdout] Couldn't compile the test.
[INFO] [stdout] ---- src/lib.rs - context_derive (line 23) stdout ----
[INFO] [stdout] error: expected `:`, found `,`
[INFO] [stdout]   --> src/lib.rs:31:10
[INFO] [stdout]    |
[INFO] [stdout] 4  | pub struct Instruction {
[INFO] [stdout]    |            ----------- while parsing this struct
[INFO] [stdout] ...
[INFO] [stdout] 10 |     Close,
[INFO] [stdout]    |          ^ expected `:`
[INFO] [stdout] 
[INFO] [stdout] error: cannot find derive macro `BorshDeserialize` in this scope
[INFO] [stdout]  --> src/lib.rs:24:10
[INFO] [stdout]   |
[INFO] [stdout] 3 | #[derive(BorshDeserialize, BorshSerialize, Clone, Debug, ShankInstruction, Accounts)]
[INFO] [stdout]   |          ^^^^^^^^^^^^^^^^
[INFO] [stdout] 
[INFO] [stdout] error: cannot find derive macro `BorshSerialize` in this scope
[INFO] [stdout]  --> src/lib.rs:24:28
[INFO] [stdout]   |
[INFO] [stdout] 3 | #[derive(BorshDeserialize, BorshSerialize, Clone, Debug, ShankInstruction, Accounts)]
[INFO] [stdout]   |                            ^^^^^^^^^^^^^^
[INFO] [stdout] 
[INFO] [stdout] error: cannot find derive macro `ShankInstruction` in this scope
[INFO] [stdout]  --> src/lib.rs:24:58
[INFO] [stdout]   |
[INFO] [stdout] 3 | #[derive(BorshDeserialize, BorshSerialize, Clone, Debug, ShankInstruction, Accounts)]
[INFO] [stdout]   |                                                          ^^^^^^^^^^^^^^^^
[INFO] [stdout] 
[INFO] [stdout] error: cannot find derive macro `Accounts` in this scope
[INFO] [stdout]  --> src/lib.rs:24:76
[INFO] [stdout]   |
[INFO] [stdout] 3 | #[derive(BorshDeserialize, BorshSerialize, Clone, Debug, ShankInstruction, Accounts)]
[INFO] [stdout]   |                                                                            ^^^^^^^^
[INFO] [stdout]   |
[INFO] [stdout] help: consider importing this derive macro
[INFO] [stdout]   |
[INFO] [stdout] 2 + use nitrate_macro::Accounts;
[INFO] [stdout]   |
[INFO] [stdout] 
[INFO] [stdout] error: aborting due to 5 previous errors
[INFO] [stdout] 
[INFO] [stdout] Couldn't compile the test.
[INFO] [stdout] 
[INFO] [stdout] failures:
[INFO] [stdout]     src/lib.rs - context_derive (line 23)
[INFO] [stdout]     src/lib.rs - context_derive (line 43)
[INFO] [stdout]     src/lib.rs - context_derive (line 59)
[INFO] [stdout] 
[INFO] [stdout] test result: FAILED. 0 passed; 3 failed; 0 ignored; 0 measured; 0 filtered out; finished in 0.05s
[INFO] [stdout] 
[INFO] [stderr] error: doctest failed, to rerun pass `--doc`
[INFO] running `Command { std: "docker" "inspect" "e2204f6f825aed38317797d017ea5461a1b0aaebe89f21616b506f0fefd70af9", kill_on_drop: false }`
[INFO] running `Command { std: "docker" "rm" "-f" "e2204f6f825aed38317797d017ea5461a1b0aaebe89f21616b506f0fefd70af9", kill_on_drop: false }`
[INFO] [stdout] e2204f6f825aed38317797d017ea5461a1b0aaebe89f21616b506f0fefd70af9
