[INFO] fetching crate nil 0.13.0...
[INFO] testing nil-0.13.0 against nightly-2024-10-28 for randomize-layout
[INFO] extracting crate nil 0.13.0 into /workspace/builds/worker-2-tc1/source
[INFO] validating manifest of crates.io crate nil 0.13.0 on toolchain nightly-2024-10-28
[INFO] running `Command { std: CARGO_HOME="/workspace/cargo-home" RUSTUP_HOME="/workspace/rustup-home" "/workspace/cargo-home/bin/cargo" "+nightly-2024-10-28" "metadata" "--manifest-path" "Cargo.toml" "--no-deps", kill_on_drop: false }`
[INFO] started tweaking crates.io crate nil 0.13.0
[INFO] finished tweaking crates.io crate nil 0.13.0
[INFO] tweaked toml for crates.io crate nil 0.13.0 written to /workspace/builds/worker-2-tc1/source/Cargo.toml
[INFO] running `Command { std: CARGO_HOME="/workspace/cargo-home" RUSTUP_HOME="/workspace/rustup-home" "/workspace/cargo-home/bin/cargo" "+nightly-2024-10-28" "generate-lockfile" "--manifest-path" "Cargo.toml", kill_on_drop: false }`
[INFO] [stderr]     Updating crates.io index
[INFO] [stderr]      Locking 25 packages to latest compatible versions
[INFO] running `Command { std: CARGO_HOME="/workspace/cargo-home" RUSTUP_HOME="/workspace/rustup-home" "/workspace/cargo-home/bin/cargo" "+nightly-2024-10-28" "fetch" "--manifest-path" "Cargo.toml", kill_on_drop: false }`
[INFO] [stderr]  Downloading crates ...
[INFO] [stderr]   Downloaded smart-default v0.7.1
[INFO] running `Command { std: "docker" "create" "-v" "/var/lib/crater-agent-workspace/builds/worker-2-tc1/target:/opt/rustwide/target:rw,Z" "-v" "/var/lib/crater-agent-workspace/builds/worker-2-tc1/source:/opt/rustwide/workdir:ro,Z" "-v" "/var/lib/crater-agent-workspace/cargo-home:/opt/rustwide/cargo-home:ro,Z" "-v" "/var/lib/crater-agent-workspace/rustup-home:/opt/rustwide/rustup-home:ro,Z" "-e" "SOURCE_DIR=/opt/rustwide/workdir" "-e" "CARGO_TARGET_DIR=/opt/rustwide/target" "-e" "CARGO_HOME=/opt/rustwide/cargo-home" "-e" "RUSTUP_HOME=/opt/rustwide/rustup-home" "-w" "/opt/rustwide/workdir" "-m" "1610612736" "--user" "0:0" "--network" "none" "ghcr.io/rust-lang/crates-build-env/linux@sha256:4a844ea9eb2546a2d2c7022eacef16ef2e8229c7fbb2c7d4d55a9ceca922f72d" "/opt/rustwide/cargo-home/bin/cargo" "+nightly-2024-10-28" "metadata" "--no-deps" "--format-version=1", kill_on_drop: false }`
[INFO] [stdout] 58354f2bf39ba7f3a6e6156e89d4be1d6bfdee393c5590688c57e6d8dff70a71
[INFO] running `Command { std: "docker" "start" "-a" "58354f2bf39ba7f3a6e6156e89d4be1d6bfdee393c5590688c57e6d8dff70a71", kill_on_drop: false }`
[INFO] running `Command { std: "docker" "inspect" "58354f2bf39ba7f3a6e6156e89d4be1d6bfdee393c5590688c57e6d8dff70a71", kill_on_drop: false }`
[INFO] running `Command { std: "docker" "rm" "-f" "58354f2bf39ba7f3a6e6156e89d4be1d6bfdee393c5590688c57e6d8dff70a71", kill_on_drop: false }`
[INFO] [stdout] 58354f2bf39ba7f3a6e6156e89d4be1d6bfdee393c5590688c57e6d8dff70a71
[INFO] running `Command { std: "docker" "create" "-v" "/var/lib/crater-agent-workspace/builds/worker-2-tc1/target:/opt/rustwide/target:rw,Z" "-v" "/var/lib/crater-agent-workspace/builds/worker-2-tc1/source:/opt/rustwide/workdir:ro,Z" "-v" "/var/lib/crater-agent-workspace/cargo-home:/opt/rustwide/cargo-home:ro,Z" "-v" "/var/lib/crater-agent-workspace/rustup-home:/opt/rustwide/rustup-home:ro,Z" "-e" "SOURCE_DIR=/opt/rustwide/workdir" "-e" "CARGO_TARGET_DIR=/opt/rustwide/target" "-e" "CARGO_INCREMENTAL=0" "-e" "RUST_BACKTRACE=full" "-e" "RUSTFLAGS=--cap-lints=forbid" "-e" "RUSTDOCFLAGS=--cap-lints=forbid" "-e" "CARGO_HOME=/opt/rustwide/cargo-home" "-e" "RUSTUP_HOME=/opt/rustwide/rustup-home" "-w" "/opt/rustwide/workdir" "-m" "1610612736" "--user" "0:0" "--network" "none" "ghcr.io/rust-lang/crates-build-env/linux@sha256:4a844ea9eb2546a2d2c7022eacef16ef2e8229c7fbb2c7d4d55a9ceca922f72d" "/opt/rustwide/cargo-home/bin/cargo" "+nightly-2024-10-28" "build" "--frozen" "--message-format=json", kill_on_drop: false }`
[INFO] [stdout] 12cc897a345084b1d4e7fdbfb1ab7ce330ad0cfb724e8f8c786c9fc501c60baa
[INFO] running `Command { std: "docker" "start" "-a" "12cc897a345084b1d4e7fdbfb1ab7ce330ad0cfb724e8f8c786c9fc501c60baa", kill_on_drop: false }`
[INFO] [stderr]    Compiling smart-default v0.7.1
[INFO] [stderr]    Compiling parking_lot v0.12.3
[INFO] [stderr]    Compiling nil v0.13.0 (/opt/rustwide/workdir)
[INFO] [stderr]     Finished `dev` profile [unoptimized + debuginfo] target(s) in 0.63s
[INFO] running `Command { std: "docker" "inspect" "12cc897a345084b1d4e7fdbfb1ab7ce330ad0cfb724e8f8c786c9fc501c60baa", kill_on_drop: false }`
[INFO] running `Command { std: "docker" "rm" "-f" "12cc897a345084b1d4e7fdbfb1ab7ce330ad0cfb724e8f8c786c9fc501c60baa", kill_on_drop: false }`
[INFO] [stdout] 12cc897a345084b1d4e7fdbfb1ab7ce330ad0cfb724e8f8c786c9fc501c60baa
[INFO] running `Command { std: "docker" "create" "-v" "/var/lib/crater-agent-workspace/builds/worker-2-tc1/target:/opt/rustwide/target:rw,Z" "-v" "/var/lib/crater-agent-workspace/builds/worker-2-tc1/source:/opt/rustwide/workdir:ro,Z" "-v" "/var/lib/crater-agent-workspace/cargo-home:/opt/rustwide/cargo-home:ro,Z" "-v" "/var/lib/crater-agent-workspace/rustup-home:/opt/rustwide/rustup-home:ro,Z" "-e" "SOURCE_DIR=/opt/rustwide/workdir" "-e" "CARGO_TARGET_DIR=/opt/rustwide/target" "-e" "CARGO_INCREMENTAL=0" "-e" "RUST_BACKTRACE=full" "-e" "RUSTFLAGS=--cap-lints=forbid" "-e" "RUSTDOCFLAGS=--cap-lints=forbid" "-e" "CARGO_HOME=/opt/rustwide/cargo-home" "-e" "RUSTUP_HOME=/opt/rustwide/rustup-home" "-w" "/opt/rustwide/workdir" "-m" "1610612736" "--user" "0:0" "--network" "none" "ghcr.io/rust-lang/crates-build-env/linux@sha256:4a844ea9eb2546a2d2c7022eacef16ef2e8229c7fbb2c7d4d55a9ceca922f72d" "/opt/rustwide/cargo-home/bin/cargo" "+nightly-2024-10-28" "test" "--frozen" "--no-run" "--message-format=json", kill_on_drop: false }`
[INFO] [stdout] 98631b73c430d620a3f4451a126ecd8caa26cccdc9385101f20731b214736cac
[INFO] running `Command { std: "docker" "start" "-a" "98631b73c430d620a3f4451a126ecd8caa26cccdc9385101f20731b214736cac", kill_on_drop: false }`
[INFO] [stderr]    Compiling nil v0.13.0 (/opt/rustwide/workdir)
[INFO] [stderr]     Finished `test` profile [unoptimized + debuginfo] target(s) in 0.21s
[INFO] running `Command { std: "docker" "inspect" "98631b73c430d620a3f4451a126ecd8caa26cccdc9385101f20731b214736cac", kill_on_drop: false }`
[INFO] running `Command { std: "docker" "rm" "-f" "98631b73c430d620a3f4451a126ecd8caa26cccdc9385101f20731b214736cac", kill_on_drop: false }`
[INFO] [stdout] 98631b73c430d620a3f4451a126ecd8caa26cccdc9385101f20731b214736cac
[INFO] running `Command { std: "docker" "create" "-v" "/var/lib/crater-agent-workspace/builds/worker-2-tc1/target:/opt/rustwide/target:rw,Z" "-v" "/var/lib/crater-agent-workspace/builds/worker-2-tc1/source:/opt/rustwide/workdir:ro,Z" "-v" "/var/lib/crater-agent-workspace/cargo-home:/opt/rustwide/cargo-home:ro,Z" "-v" "/var/lib/crater-agent-workspace/rustup-home:/opt/rustwide/rustup-home:ro,Z" "-e" "SOURCE_DIR=/opt/rustwide/workdir" "-e" "CARGO_TARGET_DIR=/opt/rustwide/target" "-e" "CARGO_INCREMENTAL=0" "-e" "RUST_BACKTRACE=full" "-e" "RUSTFLAGS=--cap-lints=forbid" "-e" "RUSTDOCFLAGS=--cap-lints=forbid" "-e" "CARGO_HOME=/opt/rustwide/cargo-home" "-e" "RUSTUP_HOME=/opt/rustwide/rustup-home" "-w" "/opt/rustwide/workdir" "-m" "1610612736" "--user" "0:0" "--network" "none" "ghcr.io/rust-lang/crates-build-env/linux@sha256:4a844ea9eb2546a2d2c7022eacef16ef2e8229c7fbb2c7d4d55a9ceca922f72d" "/opt/rustwide/cargo-home/bin/cargo" "+nightly-2024-10-28" "test" "--frozen", kill_on_drop: false }`
[INFO] [stdout] 617d8ada489278d474164f1534f9df3f7d9a1f37265325155ec720a2494d2e5e
[INFO] running `Command { std: "docker" "start" "-a" "617d8ada489278d474164f1534f9df3f7d9a1f37265325155ec720a2494d2e5e", kill_on_drop: false }`
[INFO] [stderr]     Finished `test` profile [unoptimized + debuginfo] target(s) in 0.03s
[INFO] [stderr]      Running unittests src/lib.rs (/opt/rustwide/target/debug/deps/nil-c8f02c143da35a83)
[INFO] [stdout] 
[INFO] [stdout] running 0 tests
[INFO] [stdout] 
[INFO] [stdout] test result: ok. 0 passed; 0 failed; 0 ignored; 0 measured; 0 filtered out; finished in 0.00s
[INFO] [stdout] 
[INFO] [stderr]    Doc-tests nil
[INFO] [stdout] 
[INFO] [stdout] running 3 tests
[INFO] [stdout] test src/lib.rs - flat (line 38) ... ignored
[INFO] [stdout] test src/lib.rs - flat (line 45) ... ignored
[INFO] [stdout] test src/lib.rs - ShortToString (line 71) ... FAILED
[INFO] [stdout] 
[INFO] [stdout] failures:
[INFO] [stdout] 
[INFO] [stdout] ---- src/lib.rs - ShortToString (line 71) stdout ----
[INFO] [stdout] error[E0432]: unresolved import `keystone`
[INFO] [stdout]  --> src/lib.rs:72:5
[INFO] [stdout]   |
[INFO] [stdout] 3 | use keystone::*;
[INFO] [stdout]   |     ^^^^^^^^ use of undeclared crate or module `keystone`
[INFO] [stdout] 
[INFO] [stdout] error[E0599]: no method named `s` found for reference `&'static str` in the current scope
[INFO] [stdout]  --> src/lib.rs:74:28
[INFO] [stdout]   |
[INFO] [stdout] 5 | let string: String = "foo".s();
[INFO] [stdout]   |                            ^ method not found in `&str`
[INFO] [stdout]   |
[INFO] [stdout]   = help: items from traits can only be used if the trait is in scope
[INFO] [stdout] help: trait `ShortToString` which provides `s` is implemented but not in scope; perhaps you want to import it
[INFO] [stdout]   |
[INFO] [stdout] 2 + use nil::ShortToString;
[INFO] [stdout]   |
[INFO] [stdout] 
[INFO] [stdout] error: aborting due to 2 previous errors
[INFO] [stdout] 
[INFO] [stdout] Some errors have detailed explanations: E0432, E0599.
[INFO] [stdout] For more information about an error, try `rustc --explain E0432`.
[INFO] [stdout] Couldn't compile the test.
[INFO] [stdout] 
[INFO] [stdout] failures:
[INFO] [stdout]     src/lib.rs - ShortToString (line 71)
[INFO] [stdout] 
[INFO] [stdout] test result: FAILED. 0 passed; 1 failed; 2 ignored; 0 measured; 0 filtered out; finished in 0.09s
[INFO] [stdout] 
[INFO] [stderr] error: doctest failed, to rerun pass `--doc`
[INFO] running `Command { std: "docker" "inspect" "617d8ada489278d474164f1534f9df3f7d9a1f37265325155ec720a2494d2e5e", kill_on_drop: false }`
[INFO] running `Command { std: "docker" "rm" "-f" "617d8ada489278d474164f1534f9df3f7d9a1f37265325155ec720a2494d2e5e", kill_on_drop: false }`
[INFO] [stdout] 617d8ada489278d474164f1534f9df3f7d9a1f37265325155ec720a2494d2e5e
