[INFO] fetching crate ng-repo 0.1.0-preview.1...
[INFO] testing ng-repo-0.1.0-preview.1 against nightly-2024-10-28 for randomize-layout
[INFO] extracting crate ng-repo 0.1.0-preview.1 into /workspace/builds/worker-5-tc1/source
[INFO] validating manifest of crates.io crate ng-repo 0.1.0-preview.1 on toolchain nightly-2024-10-28
[INFO] running `Command { std: CARGO_HOME="/workspace/cargo-home" RUSTUP_HOME="/workspace/rustup-home" "/workspace/cargo-home/bin/cargo" "+nightly-2024-10-28" "metadata" "--manifest-path" "Cargo.toml" "--no-deps", kill_on_drop: false }`
[INFO] started tweaking crates.io crate ng-repo 0.1.0-preview.1
[INFO] finished tweaking crates.io crate ng-repo 0.1.0-preview.1
[INFO] tweaked toml for crates.io crate ng-repo 0.1.0-preview.1 written to /workspace/builds/worker-5-tc1/source/Cargo.toml
[INFO] running `Command { std: CARGO_HOME="/workspace/cargo-home" RUSTUP_HOME="/workspace/rustup-home" "/workspace/cargo-home/bin/cargo" "+nightly-2024-10-28" "generate-lockfile" "--manifest-path" "Cargo.toml", kill_on_drop: false }`
[INFO] [stderr]     Updating crates.io index
[INFO] [stderr]      Locking 145 packages to latest compatible versions
[INFO] [stderr]       Adding base64-url v2.0.2 (available: v3.0.0)
[INFO] [stderr]       Adding crypto_box v0.8.2 (available: v0.9.1)
[INFO] [stderr]       Adding curve25519-dalek v3.2.0 (available: v3.2.1)
[INFO] [stderr]       Adding ed25519-dalek v1.0.1 (available: v2.1.1)
[INFO] [stderr]       Adding gloo-timers v0.2.6 (available: v0.3.0)
[INFO] [stderr]       Adding num_enum v0.5.11 (available: v0.7.3)
[INFO] [stderr]       Adding rand v0.7.3 (available: v0.8.5)
[INFO] [stderr]       Adding web-time v0.2.4 (available: v1.1.0)
[INFO] [stderr]       Adding x25519-dalek v1.1.1 (available: v1.2.0)
[INFO] running `Command { std: CARGO_HOME="/workspace/cargo-home" RUSTUP_HOME="/workspace/rustup-home" "/workspace/cargo-home/bin/cargo" "+nightly-2024-10-28" "fetch" "--manifest-path" "Cargo.toml", kill_on_drop: false }`
[INFO] [stderr]  Downloading crates ...
[INFO] [stderr]   Downloaded group v0.6.0
[INFO] [stderr]   Downloaded os_info v3.8.2
[INFO] [stderr]   Downloaded slice_as_array v1.1.0
[INFO] [stderr]   Downloaded debug_print v1.0.0
[INFO] [stderr]   Downloaded threshold_crypto v0.4.0
[INFO] [stderr]   Downloaded bit-vec v0.8.0
[INFO] [stderr]   Downloaded bloomfilter v1.0.15
[INFO] [stderr]   Downloaded xsalsa20poly1305 v0.9.1
[INFO] [stderr]   Downloaded crypto_box v0.8.2
[INFO] [stderr]   Downloaded ff v0.6.0
[INFO] [stderr]   Downloaded ff_derive v0.6.0
[INFO] [stderr]   Downloaded serde_bare v0.5.0
[INFO] [stderr]   Downloaded pairing v0.16.0
[INFO] running `Command { std: "docker" "create" "-v" "/var/lib/crater-agent-workspace/builds/worker-5-tc1/target:/opt/rustwide/target:rw,Z" "-v" "/var/lib/crater-agent-workspace/builds/worker-5-tc1/source:/opt/rustwide/workdir:ro,Z" "-v" "/var/lib/crater-agent-workspace/cargo-home:/opt/rustwide/cargo-home:ro,Z" "-v" "/var/lib/crater-agent-workspace/rustup-home:/opt/rustwide/rustup-home:ro,Z" "-e" "SOURCE_DIR=/opt/rustwide/workdir" "-e" "CARGO_TARGET_DIR=/opt/rustwide/target" "-e" "CARGO_HOME=/opt/rustwide/cargo-home" "-e" "RUSTUP_HOME=/opt/rustwide/rustup-home" "-w" "/opt/rustwide/workdir" "-m" "1610612736" "--user" "0:0" "--network" "none" "ghcr.io/rust-lang/crates-build-env/linux@sha256:4a844ea9eb2546a2d2c7022eacef16ef2e8229c7fbb2c7d4d55a9ceca922f72d" "/opt/rustwide/cargo-home/bin/cargo" "+nightly-2024-10-28" "metadata" "--no-deps" "--format-version=1", kill_on_drop: false }`
[INFO] [stdout] c064c9c7f603085d7ef24b8ab62a9a098c46fa2889554ec8540923b7c55d74f1
[INFO] running `Command { std: "docker" "start" "-a" "c064c9c7f603085d7ef24b8ab62a9a098c46fa2889554ec8540923b7c55d74f1", kill_on_drop: false }`
[INFO] running `Command { std: "docker" "inspect" "c064c9c7f603085d7ef24b8ab62a9a098c46fa2889554ec8540923b7c55d74f1", kill_on_drop: false }`
[INFO] running `Command { std: "docker" "rm" "-f" "c064c9c7f603085d7ef24b8ab62a9a098c46fa2889554ec8540923b7c55d74f1", kill_on_drop: false }`
[INFO] [stdout] c064c9c7f603085d7ef24b8ab62a9a098c46fa2889554ec8540923b7c55d74f1
[INFO] running `Command { std: "docker" "create" "-v" "/var/lib/crater-agent-workspace/builds/worker-5-tc1/target:/opt/rustwide/target:rw,Z" "-v" "/var/lib/crater-agent-workspace/builds/worker-5-tc1/source:/opt/rustwide/workdir:ro,Z" "-v" "/var/lib/crater-agent-workspace/cargo-home:/opt/rustwide/cargo-home:ro,Z" "-v" "/var/lib/crater-agent-workspace/rustup-home:/opt/rustwide/rustup-home:ro,Z" "-e" "SOURCE_DIR=/opt/rustwide/workdir" "-e" "CARGO_TARGET_DIR=/opt/rustwide/target" "-e" "CARGO_INCREMENTAL=0" "-e" "RUST_BACKTRACE=full" "-e" "RUSTFLAGS=--cap-lints=forbid" "-e" "RUSTDOCFLAGS=--cap-lints=forbid" "-e" "CARGO_HOME=/opt/rustwide/cargo-home" "-e" "RUSTUP_HOME=/opt/rustwide/rustup-home" "-w" "/opt/rustwide/workdir" "-m" "1610612736" "--user" "0:0" "--network" "none" "ghcr.io/rust-lang/crates-build-env/linux@sha256:4a844ea9eb2546a2d2c7022eacef16ef2e8229c7fbb2c7d4d55a9ceca922f72d" "/opt/rustwide/cargo-home/bin/cargo" "+nightly-2024-10-28" "build" "--frozen" "--message-format=json", kill_on_drop: false }`
[INFO] [stdout] 9b66e396c0d70714de4fb1f2e5cd843359f83c43c7e72bff3a19692c0e4d2216
[INFO] running `Command { std: "docker" "start" "-a" "9b66e396c0d70714de4fb1f2e5cd843359f83c43c7e72bff3a19692c0e4d2216", kill_on_drop: false }`
[INFO] [stderr]    Compiling byteorder v1.5.0
[INFO] [stderr]    Compiling syn v1.0.109
[INFO] [stderr]    Compiling subtle v2.6.1
[INFO] [stderr]    Compiling memchr v2.7.4
[INFO] [stderr]    Compiling cpufeatures v0.2.14
[INFO] [stderr]    Compiling generic-array v0.14.7
[INFO] [stderr]    Compiling num-traits v0.2.19
[INFO] [stderr]    Compiling num-bigint v0.2.6
[INFO] [stderr]    Compiling wasm-bindgen-shared v0.2.95
[INFO] [stderr]    Compiling opaque-debug v0.3.1
[INFO] [stderr]    Compiling syn v2.0.86
[INFO] [stderr]    Compiling getrandom v0.2.15
[INFO] [stderr]    Compiling getrandom v0.1.16
[INFO] [stderr]    Compiling unicode-xid v0.2.6
[INFO] [stderr]    Compiling failure_derive v0.1.8
[INFO] [stderr]    Compiling futures-sink v0.3.31
[INFO] [stderr]    Compiling gimli v0.31.1
[INFO] [stderr]    Compiling bumpalo v3.16.0
[INFO] [stderr]    Compiling crunchy v0.2.2
[INFO] [stderr]    Compiling miniz_oxide v0.8.0
[INFO] [stderr]    Compiling futures-channel v0.3.31
[INFO] [stderr]    Compiling futures-io v0.3.31
[INFO] [stderr]    Compiling tiny-keccak v2.0.2
[INFO] [stderr]    Compiling rustc-demangle v0.1.24
[INFO] [stderr]    Compiling signature v1.6.4
[INFO] [stderr]    Compiling rand_core v0.6.4
[INFO] [stderr]    Compiling rand_core v0.5.1
[INFO] [stderr]    Compiling wasm-bindgen v0.2.95
[INFO] [stderr]    Compiling current_platform v0.2.0
[INFO] [stderr]    Compiling powerfmt v0.2.0
[INFO] [stderr]    Compiling object v0.36.5
[INFO] [stderr]    Compiling rand_xorshift v0.2.0
[INFO] [stderr]    Compiling ed25519 v1.5.3
[INFO] [stderr]    Compiling deranged v0.3.11
[INFO] [stderr]    Compiling arrayvec v0.7.6
[INFO] [stderr]    Compiling time-core v0.1.2
[INFO] [stderr]    Compiling base64 v0.21.7
[INFO] [stderr]    Compiling num-conv v0.1.0
[INFO] [stderr]    Compiling hex_fmt v0.3.0
[INFO] [stderr]    Compiling debug_print v1.0.0
[INFO] [stderr]    Compiling slice_as_array v1.1.0
[INFO] [stderr]    Compiling blake3 v1.5.4
[INFO] [stderr]    Compiling base64-url v2.0.2
[INFO] [stderr]    Compiling crypto-common v0.1.6
[INFO] [stderr]    Compiling inout v0.1.3
[INFO] [stderr]    Compiling digest v0.9.0
[INFO] [stderr]    Compiling block-buffer v0.10.4
[INFO] [stderr]    Compiling block-buffer v0.9.0
[INFO] [stderr]    Compiling universal-hash v0.5.1
[INFO] [stderr]    Compiling aead v0.5.2
[INFO] [stderr]    Compiling time v0.3.36
[INFO] [stderr]    Compiling num-integer v0.1.46
[INFO] [stderr]    Compiling digest v0.10.7
[INFO] [stderr]    Compiling poly1305 v0.8.0
[INFO] [stderr]    Compiling sha2 v0.9.9
[INFO] [stderr]    Compiling blake2 v0.10.6
[INFO] [stderr]    Compiling synstructure v0.12.6
[INFO] [stderr]    Compiling ff_derive v0.6.0
[INFO] [stderr]    Compiling num_enum_derive v0.5.11
[INFO] [stderr]    Compiling addr2line v0.24.2
[INFO] [stderr]    Compiling ff v0.6.0
[INFO] [stderr]    Compiling wasm-bindgen-backend v0.2.95
[INFO] [stderr]    Compiling zeroize_derive v1.4.2
[INFO] [stderr]    Compiling serde_derive v1.0.214
[INFO] [stderr]    Compiling zerocopy-derive v0.7.35
[INFO] [stderr]    Compiling futures-macro v0.3.31
[INFO] [stderr]    Compiling zeroize v1.8.1
[INFO] [stderr]    Compiling backtrace v0.3.74
[INFO] [stderr]    Compiling cipher v0.4.4
[INFO] [stderr]    Compiling curve25519-dalek v3.2.0
[INFO] [stderr]    Compiling num_enum v0.5.11
[INFO] [stderr]    Compiling zerocopy v0.7.35
[INFO] [stderr]    Compiling futures-util v0.3.31
[INFO] [stderr]    Compiling wasm-bindgen-macro-support v0.2.95
[INFO] [stderr]    Compiling salsa20 v0.10.2
[INFO] [stderr]    Compiling chacha20 v0.9.1
[INFO] [stderr]    Compiling xsalsa20poly1305 v0.9.1
[INFO] [stderr]    Compiling chacha20poly1305 v0.10.1
[INFO] [stderr]    Compiling failure v0.1.8
[INFO] [stderr]    Compiling ppv-lite86 v0.2.20
[INFO] [stderr]    Compiling wasm-bindgen-macro v0.2.95
[INFO] [stderr]    Compiling x25519-dalek v1.1.1
[INFO] [stderr]    Compiling rand_chacha v0.2.2
[INFO] [stderr]    Compiling crypto_box v0.8.2
[INFO] [stderr]    Compiling rand v0.7.3
[INFO] [stderr]    Compiling serde v1.0.214
[INFO] [stderr]    Compiling group v0.6.0
[INFO] [stderr]    Compiling futures-executor v0.3.31
[INFO] [stderr]    Compiling pairing v0.16.0
[INFO] [stderr]    Compiling futures v0.3.31
[INFO] [stderr]    Compiling siphasher v1.0.1
[INFO] [stderr]    Compiling bit-vec v0.8.0
[INFO] [stderr]    Compiling ed25519-dalek v1.0.1
[INFO] [stderr]    Compiling threshold_crypto v0.4.0
[INFO] [stderr]    Compiling serde_bare v0.5.0
[INFO] [stderr]    Compiling os_info v3.8.2
[INFO] [stderr]    Compiling serde_bytes v0.11.15
[INFO] [stderr]    Compiling serde_json v1.0.132
[INFO] [stderr]    Compiling bloomfilter v1.0.15
[INFO] [stderr]    Compiling ng-repo v0.1.0-preview.1 (/opt/rustwide/workdir)
[INFO] [stderr]     Finished `dev` profile [unoptimized + debuginfo] target(s) in 20.26s
[INFO] running `Command { std: "docker" "inspect" "9b66e396c0d70714de4fb1f2e5cd843359f83c43c7e72bff3a19692c0e4d2216", kill_on_drop: false }`
[INFO] running `Command { std: "docker" "rm" "-f" "9b66e396c0d70714de4fb1f2e5cd843359f83c43c7e72bff3a19692c0e4d2216", kill_on_drop: false }`
[INFO] [stdout] 9b66e396c0d70714de4fb1f2e5cd843359f83c43c7e72bff3a19692c0e4d2216
[INFO] running `Command { std: "docker" "create" "-v" "/var/lib/crater-agent-workspace/builds/worker-5-tc1/target:/opt/rustwide/target:rw,Z" "-v" "/var/lib/crater-agent-workspace/builds/worker-5-tc1/source:/opt/rustwide/workdir:ro,Z" "-v" "/var/lib/crater-agent-workspace/cargo-home:/opt/rustwide/cargo-home:ro,Z" "-v" "/var/lib/crater-agent-workspace/rustup-home:/opt/rustwide/rustup-home:ro,Z" "-e" "SOURCE_DIR=/opt/rustwide/workdir" "-e" "CARGO_TARGET_DIR=/opt/rustwide/target" "-e" "CARGO_INCREMENTAL=0" "-e" "RUST_BACKTRACE=full" "-e" "RUSTFLAGS=--cap-lints=forbid" "-e" "RUSTDOCFLAGS=--cap-lints=forbid" "-e" "CARGO_HOME=/opt/rustwide/cargo-home" "-e" "RUSTUP_HOME=/opt/rustwide/rustup-home" "-w" "/opt/rustwide/workdir" "-m" "1610612736" "--user" "0:0" "--network" "none" "ghcr.io/rust-lang/crates-build-env/linux@sha256:4a844ea9eb2546a2d2c7022eacef16ef2e8229c7fbb2c7d4d55a9ceca922f72d" "/opt/rustwide/cargo-home/bin/cargo" "+nightly-2024-10-28" "test" "--frozen" "--no-run" "--message-format=json", kill_on_drop: false }`
[INFO] [stdout] 774ef83a1f01c161f8f5f66b698dada9f5246d3d82ec50333e54376899f7e8d1
[INFO] running `Command { std: "docker" "start" "-a" "774ef83a1f01c161f8f5f66b698dada9f5246d3d82ec50333e54376899f7e8d1", kill_on_drop: false }`
[INFO] [stderr]    Compiling ng-repo v0.1.0-preview.1 (/opt/rustwide/workdir)
[INFO] [stdout] warning: use of deprecated struct `time::Instant`: import `time::ext::InstantExt` instead
[INFO] [stdout]    --> src/file.rs:788:15
[INFO] [stdout]     |
[INFO] [stdout] 788 |     use time::Instant;
[INFO] [stdout]     |               ^^^^^^^
[INFO] [stdout]     |
[INFO] [stdout]     = note: `#[warn(deprecated)]` on by default
[INFO] [stdout] 
[INFO] [stdout] 
[INFO] [stdout] warning: use of deprecated tuple struct `time::Instant`: import `time::ext::InstantExt` instead
[INFO] [stdout]    --> src/file.rs:788:15
[INFO] [stdout]     |
[INFO] [stdout] 788 |     use time::Instant;
[INFO] [stdout]     |               ^^^^^^^
[INFO] [stdout] 
[INFO] [stdout] 
[INFO] [stdout] warning: use of deprecated struct `time::Instant`: import `time::ext::InstantExt` instead
[INFO] [stdout]     --> src/file.rs:1514:33
[INFO] [stdout]      |
[INFO] [stdout] 1514 |         let encoding_big_file = Instant::now();
[INFO] [stdout]      |                                 ^^^^^^^
[INFO] [stdout] 
[INFO] [stdout] 
[INFO] [stdout] warning: use of deprecated struct `time::Instant`: import `time::ext::InstantExt` instead
[INFO] [stdout]     --> src/file.rs:1564:33
[INFO] [stdout]      |
[INFO] [stdout] 1564 |         let encoding_big_file = Instant::now();
[INFO] [stdout]      |                                 ^^^^^^^
[INFO] [stdout] 
[INFO] [stdout] 
[INFO] [stderr]     Finished `test` profile [unoptimized + debuginfo] target(s) in 12.26s
[INFO] running `Command { std: "docker" "inspect" "774ef83a1f01c161f8f5f66b698dada9f5246d3d82ec50333e54376899f7e8d1", kill_on_drop: false }`
[INFO] running `Command { std: "docker" "rm" "-f" "774ef83a1f01c161f8f5f66b698dada9f5246d3d82ec50333e54376899f7e8d1", kill_on_drop: false }`
[INFO] [stdout] 774ef83a1f01c161f8f5f66b698dada9f5246d3d82ec50333e54376899f7e8d1
[INFO] running `Command { std: "docker" "create" "-v" "/var/lib/crater-agent-workspace/builds/worker-5-tc1/target:/opt/rustwide/target:rw,Z" "-v" "/var/lib/crater-agent-workspace/builds/worker-5-tc1/source:/opt/rustwide/workdir:ro,Z" "-v" "/var/lib/crater-agent-workspace/cargo-home:/opt/rustwide/cargo-home:ro,Z" "-v" "/var/lib/crater-agent-workspace/rustup-home:/opt/rustwide/rustup-home:ro,Z" "-e" "SOURCE_DIR=/opt/rustwide/workdir" "-e" "CARGO_TARGET_DIR=/opt/rustwide/target" "-e" "CARGO_INCREMENTAL=0" "-e" "RUST_BACKTRACE=full" "-e" "RUSTFLAGS=--cap-lints=forbid" "-e" "RUSTDOCFLAGS=--cap-lints=forbid" "-e" "CARGO_HOME=/opt/rustwide/cargo-home" "-e" "RUSTUP_HOME=/opt/rustwide/rustup-home" "-w" "/opt/rustwide/workdir" "-m" "1610612736" "--user" "0:0" "--network" "none" "ghcr.io/rust-lang/crates-build-env/linux@sha256:4a844ea9eb2546a2d2c7022eacef16ef2e8229c7fbb2c7d4d55a9ceca922f72d" "/opt/rustwide/cargo-home/bin/cargo" "+nightly-2024-10-28" "test" "--frozen", kill_on_drop: false }`
[INFO] [stdout] 821de38d52c0d7b64e2892de1a2dd936497a425a2fafafa37028d5d0d7ba82df
[INFO] running `Command { std: "docker" "start" "-a" "821de38d52c0d7b64e2892de1a2dd936497a425a2fafafa37028d5d0d7ba82df", kill_on_drop: false }`
[INFO] [stderr] warning: use of deprecated struct `time::Instant`: import `time::ext::InstantExt` instead
[INFO] [stderr]    --> src/file.rs:788:15
[INFO] [stderr]     |
[INFO] [stderr] 788 |     use time::Instant;
[INFO] [stderr]     |               ^^^^^^^
[INFO] [stderr]     |
[INFO] [stderr]     = note: `#[warn(deprecated)]` on by default
[INFO] [stderr] 
[INFO] [stderr] warning: use of deprecated tuple struct `time::Instant`: import `time::ext::InstantExt` instead
[INFO] [stderr]    --> src/file.rs:788:15
[INFO] [stderr]     |
[INFO] [stderr] 788 |     use time::Instant;
[INFO] [stderr]     |               ^^^^^^^
[INFO] [stderr] 
[INFO] [stderr] warning: use of deprecated struct `time::Instant`: import `time::ext::InstantExt` instead
[INFO] [stderr]     --> src/file.rs:1514:33
[INFO] [stderr]      |
[INFO] [stderr] 1514 |         let encoding_big_file = Instant::now();
[INFO] [stderr]      |                                 ^^^^^^^
[INFO] [stderr] 
[INFO] [stderr] warning: use of deprecated struct `time::Instant`: import `time::ext::InstantExt` instead
[INFO] [stderr]     --> src/file.rs:1564:33
[INFO] [stderr]      |
[INFO] [stderr] 1564 |         let encoding_big_file = Instant::now();
[INFO] [stderr]      |                                 ^^^^^^^
[INFO] [stderr] 
[INFO] [stderr] warning: `ng-repo` (lib test) generated 4 warnings
[INFO] [stderr]     Finished `test` profile [unoptimized + debuginfo] target(s) in 0.09s
[INFO] [stderr]      Running unittests src/lib.rs (/opt/rustwide/target/debug/deps/ng_repo-f37565027dfcd91b)
[INFO] [stdout] 
[INFO] [stdout] running 32 tests
[INFO] [stdout] test file::test::test_depth_1 ... ignored
[INFO] [stdout] test file::test::test_depth_2 ... ignored
[INFO] [stdout] test file::test::test_depth_4 ... ignored
[INFO] [stdout] test file::test::test_depth_4_big_write_big ... ignored
[INFO] [stdout] test file::test::test_depth_4_big_write_small ... ignored
[INFO] [stdout] test file::test::test_depth_4_write_small ... ignored
[INFO] [stdout] test commit::test::test_load_commit_with_invalid_header ... ok
[INFO] [stdout] test commit::test::test_load_commit_with_body ... ok
[INFO] [stdout] test commit::test::test_commit_load_body_fails ... ok
[INFO] [stdout] test commit::test::test_load_commit_with_body_verify_perms ... ok
[INFO] [stdout] test object::test::test_depth_1 ... ignored
[INFO] [stdout] test object::test::test_depth_2 ... ignored
[INFO] [stdout] test object::test::test_depth_3 ... ignored
[INFO] [stdout] test object::test::test_depth_4 ... ignored
[INFO] [stdout] test branch::test::test_branch ... ok
[INFO] [stdout] test file::test::test_read_random_access_file ... ok
[INFO] [stdout] test file::test::test_write_all_at_once_small_blocks ... ok
[INFO] [stdout] test object::test::test_pubkey_from_str ... ok
[INFO] [stdout] test file::test::test_write_by_increments_small_blocks ... ok
[INFO] [stdout] test file::test::test_read_small_file ... ok
[INFO] [stdout] test file::test::test_write_all_at_once ... ok
[INFO] [stdout] test file::test::test_open ... ok
[INFO] [stdout] test file::test::test_write_by_increments ... ok
[INFO] [stdout] test object::test::test_no_header - should panic ... ok
[INFO] [stdout] test object::test::test_jpg ... FAILED
[INFO] [stdout] test commit::test::test_load_commit_fails_on_non_commit_object ... ok
[INFO] [stdout] test commit::test::test_commit_header_ref_content_fits_or_not ... ok
[INFO] [stdout] test object::test::test_object ... ok
[INFO] [stdout] test object::test::test_depth_0 ... ok
[INFO] [stdout] test file::test::test_depth_0 ... ok
[INFO] [stdout] test object::test::test_block_size ... ok
[INFO] [stdout] test file::test::test_depth_3 ... ok
[INFO] [stdout] 
[INFO] [stdout] failures:
[INFO] [stdout] 
[INFO] [stdout] ---- object::test::test_jpg stdout ----
[INFO] [stdout] DEBUG:====== Object ID AAC6x5EGSVv6tRXlvAMNodU_ygf6lq2TQnzc1KWRi22i
[INFO] [stdout] == Key:    AIKK8vs8mmYR8pGLiJ9UeLH-W_-w3-Vo3oqVYB7fg-6K
[INFO] [stdout] == saved:  false
[INFO] [stdout] == Header: None
[INFO] [stdout] == Blocks: 1
[INFO] [stdout] ========== 000: AAC6x5EGSVv6tRXlvAMNodU_ygf6lq2TQnzc1KWRi22i
[INFO] [stdout] == Depth: 0
[INFO] [stdout] == Header Blocks: 0
[INFO] [stdout] ====== ObjectContent v0 SmallFile ======
[INFO] [stdout] 
[INFO] [stdout] DEBUG:#0: AAC6x5EGSVv6tRXlvAMNodU_ygf6lq2TQnzc1KWRi22i
[INFO] [stdout] thread 'object::test::test_jpg' panicked at src/object.rs:1076:18:
[INFO] [stdout] open block write file: Os { code: 30, kind: ReadOnlyFilesystem, message: "Read-only file system" }
[INFO] [stdout] stack backtrace:
[INFO] [stdout]    0:     0x61a7058b0a5a - std::backtrace_rs::backtrace::libunwind::trace::h207520d6e9873551
[INFO] [stdout]                                at /rustc/df4ca44d3fbc9301ee17f30f4d474e6ae4b05252/library/std/src/../../backtrace/src/backtrace/libunwind.rs:116:5
[INFO] [stdout]    1:     0x61a7058b0a5a - std::backtrace_rs::backtrace::trace_unsynchronized::h2ed7433f370e3eca
[INFO] [stdout]                                at /rustc/df4ca44d3fbc9301ee17f30f4d474e6ae4b05252/library/std/src/../../backtrace/src/backtrace/mod.rs:66:5
[INFO] [stdout]    2:     0x61a7058b0a5a - std::sys::backtrace::_print_fmt::h916fac51166b18d7
[INFO] [stdout]                                at /rustc/df4ca44d3fbc9301ee17f30f4d474e6ae4b05252/library/std/src/sys/backtrace.rs:66:9
[INFO] [stdout]    3:     0x61a7058b0a5a - <std::sys::backtrace::BacktraceLock::print::DisplayBacktrace as core::fmt::Display>::fmt::ha0a4c9b8ce3802e6
[INFO] [stdout]                                at /rustc/df4ca44d3fbc9301ee17f30f4d474e6ae4b05252/library/std/src/sys/backtrace.rs:39:26
[INFO] [stdout]    4:     0x61a7058d80e3 - core::fmt::rt::Argument::fmt::h4cfc8587d52b3eb5
[INFO] [stdout]                                at /rustc/df4ca44d3fbc9301ee17f30f4d474e6ae4b05252/library/core/src/fmt/rt.rs:177:76
[INFO] [stdout]    5:     0x61a7058d80e3 - core::fmt::write::h522cc39e5b36ae9f
[INFO] [stdout]                                at /rustc/df4ca44d3fbc9301ee17f30f4d474e6ae4b05252/library/core/src/fmt/mod.rs:1190:21
[INFO] [stdout]    6:     0x61a7058ad6c3 - std::io::Write::write_fmt::h7d3c26752da97734
[INFO] [stdout]                                at /rustc/df4ca44d3fbc9301ee17f30f4d474e6ae4b05252/library/std/src/io/mod.rs:1839:15
[INFO] [stdout]    7:     0x61a7058b08a2 - std::sys::backtrace::BacktraceLock::print::h4b9e00b29e9c0942
[INFO] [stdout]                                at /rustc/df4ca44d3fbc9301ee17f30f4d474e6ae4b05252/library/std/src/sys/backtrace.rs:42:9
[INFO] [stdout]    8:     0x61a7058b1eea - std::panicking::default_hook::{{closure}}::hb59b88280d0324d9
[INFO] [stdout]                                at /rustc/df4ca44d3fbc9301ee17f30f4d474e6ae4b05252/library/std/src/panicking.rs:268:22
[INFO] [stdout]    9:     0x61a7058b1cf4 - std::panicking::default_hook::he1dd496665be4a29
[INFO] [stdout]                                at /rustc/df4ca44d3fbc9301ee17f30f4d474e6ae4b05252/library/std/src/panicking.rs:292:9
[INFO] [stdout]   10:     0x61a705801ec9 - <alloc::boxed::Box<F,A> as core::ops::function::Fn<Args>>::call::h4ff71de18744e1dc
[INFO] [stdout]                                at /rustc/df4ca44d3fbc9301ee17f30f4d474e6ae4b05252/library/alloc/src/boxed.rs:2468:9
[INFO] [stdout]   11:     0x61a705801ec9 - test::test_main::{{closure}}::hcf7c055ce117aa81
[INFO] [stdout]                                at /rustc/df4ca44d3fbc9301ee17f30f4d474e6ae4b05252/library/test/src/lib.rs:133:21
[INFO] [stdout]   12:     0x61a7058b25e8 - <alloc::boxed::Box<F,A> as core::ops::function::Fn<Args>>::call::h1d66c6bbd60c9692
[INFO] [stdout]                                at /rustc/df4ca44d3fbc9301ee17f30f4d474e6ae4b05252/library/alloc/src/boxed.rs:2468:9
[INFO] [stdout]   13:     0x61a7058b25e8 - std::panicking::rust_panic_with_hook::h2ff17fe8f26dfcf8
[INFO] [stdout]                                at /rustc/df4ca44d3fbc9301ee17f30f4d474e6ae4b05252/library/std/src/panicking.rs:809:13
[INFO] [stdout]   14:     0x61a7058b23aa - std::panicking::begin_panic_handler::{{closure}}::h4fad77951c07e101
[INFO] [stdout]                                at /rustc/df4ca44d3fbc9301ee17f30f4d474e6ae4b05252/library/std/src/panicking.rs:674:13
[INFO] [stdout]   15:     0x61a7058b0f39 - std::sys::backtrace::__rust_end_short_backtrace::hb1a25b3da5d0ea08
[INFO] [stdout]                                at /rustc/df4ca44d3fbc9301ee17f30f4d474e6ae4b05252/library/std/src/sys/backtrace.rs:170:18
[INFO] [stdout]   16:     0x61a7058b203c - rust_begin_unwind
[INFO] [stdout]                                at /rustc/df4ca44d3fbc9301ee17f30f4d474e6ae4b05252/library/std/src/panicking.rs:665:5
[INFO] [stdout]   17:     0x61a7058d6090 - core::panicking::panic_fmt::ha9db07b529f9b256
[INFO] [stdout]                                at /rustc/df4ca44d3fbc9301ee17f30f4d474e6ae4b05252/library/core/src/panicking.rs:75:14
[INFO] [stdout]   18:     0x61a7058d6516 - core::result::unwrap_failed::h5e8218e4d4338b8a
[INFO] [stdout]                                at /rustc/df4ca44d3fbc9301ee17f30f4d474e6ae4b05252/library/core/src/result.rs:1698:5
[INFO] [stdout]   19:     0x61a7056d5b9d - core::result::Result<T,E>::expect::h9b9490f2d4e9d302
[INFO] [stdout]                                at /rustc/df4ca44d3fbc9301ee17f30f4d474e6ae4b05252/library/core/src/result.rs:1060:23
[INFO] [stdout]   20:     0x61a70575aa3d - ng_repo::object::test::test_jpg::h251df57ea0ad4d25
[INFO] [stdout]                                at /opt/rustwide/workdir/src/object.rs:1075:28
[INFO] [stdout]   21:     0x61a70575a097 - ng_repo::object::test::test_jpg::{{closure}}::hf789de88a0d31220
[INFO] [stdout]                                at /opt/rustwide/workdir/src/object.rs:1057:22
[INFO] [stdout]   22:     0x61a70574c5d6 - core::ops::function::FnOnce::call_once::h9e649934c8fa9351
[INFO] [stdout]                                at /rustc/df4ca44d3fbc9301ee17f30f4d474e6ae4b05252/library/core/src/ops/function.rs:250:5
[INFO] [stdout]   23:     0x61a70580679b - core::ops::function::FnOnce::call_once::h22c3ba5715e93f05
[INFO] [stdout]                                at /rustc/df4ca44d3fbc9301ee17f30f4d474e6ae4b05252/library/core/src/ops/function.rs:250:5
[INFO] [stdout]   24:     0x61a70580679b - test::__rust_begin_short_backtrace::h8e82d8113d0da17f
[INFO] [stdout]                                at /rustc/df4ca44d3fbc9301ee17f30f4d474e6ae4b05252/library/test/src/lib.rs:621:18
[INFO] [stdout]   25:     0x61a705806117 - test::run_test_in_process::{{closure}}::h33235f4f20b7b7c7
[INFO] [stdout]                                at /rustc/df4ca44d3fbc9301ee17f30f4d474e6ae4b05252/library/test/src/lib.rs:644:60
[INFO] [stdout]   26:     0x61a705806117 - <core::panic::unwind_safe::AssertUnwindSafe<F> as core::ops::function::FnOnce<()>>::call_once::hb5043206310c586f
[INFO] [stdout]                                at /rustc/df4ca44d3fbc9301ee17f30f4d474e6ae4b05252/library/core/src/panic/unwind_safe.rs:272:9
[INFO] [stdout]   27:     0x61a705806117 - std::panicking::try::do_call::h9ad4731a60ab23e2
[INFO] [stdout]                                at /rustc/df4ca44d3fbc9301ee17f30f4d474e6ae4b05252/library/std/src/panicking.rs:557:40
[INFO] [stdout]   28:     0x61a705806117 - std::panicking::try::h3824d23db772a716
[INFO] [stdout]                                at /rustc/df4ca44d3fbc9301ee17f30f4d474e6ae4b05252/library/std/src/panicking.rs:520:19
[INFO] [stdout]   29:     0x61a705806117 - std::panic::catch_unwind::h5afd514605fde46b
[INFO] [stdout]                                at /rustc/df4ca44d3fbc9301ee17f30f4d474e6ae4b05252/library/std/src/panic.rs:358:14
[INFO] [stdout]   30:     0x61a705806117 - test::run_test_in_process::h0d5cbfa7067d1720
[INFO] [stdout]                                at /rustc/df4ca44d3fbc9301ee17f30f4d474e6ae4b05252/library/test/src/lib.rs:644:27
[INFO] [stdout]   31:     0x61a705806117 - test::run_test::{{closure}}::h708eb8872708115d
[INFO] [stdout]                                at /rustc/df4ca44d3fbc9301ee17f30f4d474e6ae4b05252/library/test/src/lib.rs:565:43
[INFO] [stdout]   32:     0x61a7057c9834 - test::run_test::{{closure}}::h392c51cee94713ab
[INFO] [stdout]                                at /rustc/df4ca44d3fbc9301ee17f30f4d474e6ae4b05252/library/test/src/lib.rs:595:41
[INFO] [stdout]   33:     0x61a7057c9834 - std::sys::backtrace::__rust_begin_short_backtrace::h2f40290710935a8b
[INFO] [stdout]                                at /rustc/df4ca44d3fbc9301ee17f30f4d474e6ae4b05252/library/std/src/sys/backtrace.rs:154:18
[INFO] [stdout]   34:     0x61a7057ccfde - std::thread::Builder::spawn_unchecked_::{{closure}}::{{closure}}::h3fd968d89053a903
[INFO] [stdout]                                at /rustc/df4ca44d3fbc9301ee17f30f4d474e6ae4b05252/library/std/src/thread/mod.rs:541:17
[INFO] [stdout]   35:     0x61a7057ccfde - <core::panic::unwind_safe::AssertUnwindSafe<F> as core::ops::function::FnOnce<()>>::call_once::h743f637ba4229880
[INFO] [stdout]                                at /rustc/df4ca44d3fbc9301ee17f30f4d474e6ae4b05252/library/core/src/panic/unwind_safe.rs:272:9
[INFO] [stdout]   36:     0x61a7057ccfde - std::panicking::try::do_call::h07440897322525a6
[INFO] [stdout]                                at /rustc/df4ca44d3fbc9301ee17f30f4d474e6ae4b05252/library/std/src/panicking.rs:557:40
[INFO] [stdout]   37:     0x61a7057ccfde - std::panicking::try::he5a2e00188156637
[INFO] [stdout]                                at /rustc/df4ca44d3fbc9301ee17f30f4d474e6ae4b05252/library/std/src/panicking.rs:520:19
[INFO] [stdout]   38:     0x61a7057ccfde - std::panic::catch_unwind::hbaf3cae49b3c6433
[INFO] [stdout]                                at /rustc/df4ca44d3fbc9301ee17f30f4d474e6ae4b05252/library/std/src/panic.rs:358:14
[INFO] [stdout]   39:     0x61a7057ccfde - std::thread::Builder::spawn_unchecked_::{{closure}}::h8e141ea224820bce
[INFO] [stdout]                                at /rustc/df4ca44d3fbc9301ee17f30f4d474e6ae4b05252/library/std/src/thread/mod.rs:540:30
[INFO] [stdout]   40:     0x61a7057ccfde - core::ops::function::FnOnce::call_once{{vtable.shim}}::h90d312fedd7b8ea8
[INFO] [stdout]                                at /rustc/df4ca44d3fbc9301ee17f30f4d474e6ae4b05252/library/core/src/ops/function.rs:250:5
[INFO] [stdout]   41:     0x61a7058b63eb - <alloc::boxed::Box<F,A> as core::ops::function::FnOnce<Args>>::call_once::h69aa08ddb6adb8b6
[INFO] [stdout]                                at /rustc/df4ca44d3fbc9301ee17f30f4d474e6ae4b05252/library/alloc/src/boxed.rs:2454:9
[INFO] [stdout]   42:     0x61a7058b63eb - <alloc::boxed::Box<F,A> as core::ops::function::FnOnce<Args>>::call_once::h5aa36efdb79c806f
[INFO] [stdout]                                at /rustc/df4ca44d3fbc9301ee17f30f4d474e6ae4b05252/library/alloc/src/boxed.rs:2454:9
[INFO] [stdout]   43:     0x61a7058b63eb - std::sys::pal::unix::thread::Thread::new::thread_start::h6cd80a1b4be5158d
[INFO] [stdout]                                at /rustc/df4ca44d3fbc9301ee17f30f4d474e6ae4b05252/library/std/src/sys/pal/unix/thread.rs:105:17
[INFO] [stdout]   44:     0x75d10edabac3 - <unknown>
[INFO] [stdout]   45:     0x75d10ee3ca04 - clone
[INFO] [stdout]   46:                0x0 - <unknown>
[INFO] [stdout] 
[INFO] [stdout] 
[INFO] [stdout] failures:
[INFO] [stdout]     object::test::test_jpg
[INFO] [stdout] 
[INFO] [stdout] test result: FAILED. 21 passed; 1 failed; 10 ignored; 0 measured; 0 filtered out; finished in 3.26s
[INFO] [stdout] 
[INFO] [stderr] error: test failed, to rerun pass `--lib`
[INFO] running `Command { std: "docker" "inspect" "821de38d52c0d7b64e2892de1a2dd936497a425a2fafafa37028d5d0d7ba82df", kill_on_drop: false }`
[INFO] running `Command { std: "docker" "rm" "-f" "821de38d52c0d7b64e2892de1a2dd936497a425a2fafafa37028d5d0d7ba82df", kill_on_drop: false }`
[INFO] [stdout] 821de38d52c0d7b64e2892de1a2dd936497a425a2fafafa37028d5d0d7ba82df
