[INFO] fetching crate next-rs 0.0.12...
[INFO] testing next-rs-0.0.12 against nightly-2024-10-28 for randomize-layout
[INFO] extracting crate next-rs 0.0.12 into /workspace/builds/worker-3-tc1/source
[INFO] validating manifest of crates.io crate next-rs 0.0.12 on toolchain nightly-2024-10-28
[INFO] running `Command { std: CARGO_HOME="/workspace/cargo-home" RUSTUP_HOME="/workspace/rustup-home" "/workspace/cargo-home/bin/cargo" "+nightly-2024-10-28" "metadata" "--manifest-path" "Cargo.toml" "--no-deps", kill_on_drop: false }`
[INFO] started tweaking crates.io crate next-rs 0.0.12
[INFO] finished tweaking crates.io crate next-rs 0.0.12
[INFO] tweaked toml for crates.io crate next-rs 0.0.12 written to /workspace/builds/worker-3-tc1/source/Cargo.toml
[INFO] running `Command { std: CARGO_HOME="/workspace/cargo-home" RUSTUP_HOME="/workspace/rustup-home" "/workspace/cargo-home/bin/cargo" "+nightly-2024-10-28" "generate-lockfile" "--manifest-path" "Cargo.toml", kill_on_drop: false }`
[INFO] [stderr]     Updating crates.io index
[INFO] [stderr]      Locking 143 packages to latest compatible versions
[INFO] [stderr]       Adding gloo-net v0.5.0 (available: v0.6.0)
[INFO] running `Command { std: CARGO_HOME="/workspace/cargo-home" RUSTUP_HOME="/workspace/rustup-home" "/workspace/cargo-home/bin/cargo" "+nightly-2024-10-28" "fetch" "--manifest-path" "Cargo.toml", kill_on_drop: false }`
[INFO] [stderr]  Downloading crates ...
[INFO] [stderr]   Downloaded yew-router v0.18.0
[INFO] [stderr]   Downloaded yew-alert v0.1.0
[INFO] [stderr]   Downloaded yew-navbar v0.1.1
[INFO] [stderr]   Downloaded yew-router-macro v0.18.0
[INFO] [stderr]   Downloaded yew-i18n v0.1.2
[INFO] [stderr]   Downloaded yew-accordion v0.1.1
[INFO] [stderr]   Downloaded yew-sidebar v0.1.4
[INFO] [stderr]   Downloaded input_yew v0.1.10
[INFO] [stderr]   Downloaded stylist v0.13.0
[INFO] [stderr]   Downloaded gloo-worker v0.5.0
[INFO] [stderr]   Downloaded stylist-core v0.13.0
[INFO] [stderr]   Downloaded stylist-macros v0.13.0
[INFO] [stderr]   Downloaded gloo v0.11.0
[INFO] running `Command { std: "docker" "create" "-v" "/var/lib/crater-agent-workspace/builds/worker-3-tc1/target:/opt/rustwide/target:rw,Z" "-v" "/var/lib/crater-agent-workspace/builds/worker-3-tc1/source:/opt/rustwide/workdir:ro,Z" "-v" "/var/lib/crater-agent-workspace/cargo-home:/opt/rustwide/cargo-home:ro,Z" "-v" "/var/lib/crater-agent-workspace/rustup-home:/opt/rustwide/rustup-home:ro,Z" "-e" "SOURCE_DIR=/opt/rustwide/workdir" "-e" "CARGO_TARGET_DIR=/opt/rustwide/target" "-e" "CARGO_HOME=/opt/rustwide/cargo-home" "-e" "RUSTUP_HOME=/opt/rustwide/rustup-home" "-w" "/opt/rustwide/workdir" "-m" "1610612736" "--user" "0:0" "--network" "none" "ghcr.io/rust-lang/crates-build-env/linux@sha256:4a844ea9eb2546a2d2c7022eacef16ef2e8229c7fbb2c7d4d55a9ceca922f72d" "/opt/rustwide/cargo-home/bin/cargo" "+nightly-2024-10-28" "metadata" "--no-deps" "--format-version=1", kill_on_drop: false }`
[INFO] [stdout] 1cb032b8538a57b458faac8a6e27e8d72b0d7d20e18cf57e2ccf10e28dac8979
[INFO] running `Command { std: "docker" "start" "-a" "1cb032b8538a57b458faac8a6e27e8d72b0d7d20e18cf57e2ccf10e28dac8979", kill_on_drop: false }`
[INFO] running `Command { std: "docker" "inspect" "1cb032b8538a57b458faac8a6e27e8d72b0d7d20e18cf57e2ccf10e28dac8979", kill_on_drop: false }`
[INFO] running `Command { std: "docker" "rm" "-f" "1cb032b8538a57b458faac8a6e27e8d72b0d7d20e18cf57e2ccf10e28dac8979", kill_on_drop: false }`
[INFO] [stdout] 1cb032b8538a57b458faac8a6e27e8d72b0d7d20e18cf57e2ccf10e28dac8979
[INFO] running `Command { std: "docker" "create" "-v" "/var/lib/crater-agent-workspace/builds/worker-3-tc1/target:/opt/rustwide/target:rw,Z" "-v" "/var/lib/crater-agent-workspace/builds/worker-3-tc1/source:/opt/rustwide/workdir:ro,Z" "-v" "/var/lib/crater-agent-workspace/cargo-home:/opt/rustwide/cargo-home:ro,Z" "-v" "/var/lib/crater-agent-workspace/rustup-home:/opt/rustwide/rustup-home:ro,Z" "-e" "SOURCE_DIR=/opt/rustwide/workdir" "-e" "CARGO_TARGET_DIR=/opt/rustwide/target" "-e" "CARGO_INCREMENTAL=0" "-e" "RUST_BACKTRACE=full" "-e" "RUSTFLAGS=--cap-lints=forbid" "-e" "RUSTDOCFLAGS=--cap-lints=forbid" "-e" "CARGO_HOME=/opt/rustwide/cargo-home" "-e" "RUSTUP_HOME=/opt/rustwide/rustup-home" "-w" "/opt/rustwide/workdir" "-m" "1610612736" "--user" "0:0" "--network" "none" "ghcr.io/rust-lang/crates-build-env/linux@sha256:4a844ea9eb2546a2d2c7022eacef16ef2e8229c7fbb2c7d4d55a9ceca922f72d" "/opt/rustwide/cargo-home/bin/cargo" "+nightly-2024-10-28" "build" "--frozen" "--message-format=json", kill_on_drop: false }`
[INFO] [stdout] 7b221a76707535095f88abf6328b10fd1dbb4998adcbe454d0bf6325b72837c1
[INFO] running `Command { std: "docker" "start" "-a" "7b221a76707535095f88abf6328b10fd1dbb4998adcbe454d0bf6325b72837c1", kill_on_drop: false }`
[INFO] [stderr]    Compiling proc-macro2 v1.0.89
[INFO] [stderr]    Compiling unicode-ident v1.0.13
[INFO] [stderr]    Compiling once_cell v1.20.2
[INFO] [stderr]    Compiling wasm-bindgen-shared v0.2.95
[INFO] [stderr]    Compiling bumpalo v3.16.0
[INFO] [stderr]    Compiling log v0.4.22
[INFO] [stderr]    Compiling wasm-bindgen v0.2.95
[INFO] [stderr]    Compiling cfg-if v1.0.0
[INFO] [stderr]    Compiling serde v1.0.214
[INFO] [stderr]    Compiling memchr v2.7.4
[INFO] [stderr]    Compiling futures-core v0.3.31
[INFO] [stderr]    Compiling futures-sink v0.3.31
[INFO] [stderr]    Compiling itoa v1.0.11
[INFO] [stderr]    Compiling thiserror v1.0.66
[INFO] [stderr]    Compiling serde_json v1.0.132
[INFO] [stderr]    Compiling ryu v1.0.18
[INFO] [stderr]    Compiling autocfg v1.4.0
[INFO] [stderr]    Compiling pin-project-lite v0.2.15
[INFO] [stderr]    Compiling version_check v0.9.5
[INFO] [stderr]    Compiling futures-channel v0.3.31
[INFO] [stderr]    Compiling hashbrown v0.15.0
[INFO] [stderr]    Compiling equivalent v1.0.1
[INFO] [stderr]    Compiling futures-task v0.3.31
[INFO] [stderr]    Compiling pin-utils v0.1.0
[INFO] [stderr]    Compiling rustversion v1.0.18
[INFO] [stderr]    Compiling futures-io v0.3.31
[INFO] [stderr]    Compiling toml_datetime v0.6.8
[INFO] [stderr]    Compiling winnow v0.5.40
[INFO] [stderr]    Compiling syn v1.0.109
[INFO] [stderr]    Compiling bytes v1.8.0
[INFO] [stderr]    Compiling fnv v1.0.7
[INFO] [stderr]    Compiling libc v0.2.161
[INFO] [stderr]    Compiling percent-encoding v2.3.1
[INFO] [stderr]    Compiling prettyplease v0.2.25
[INFO] [stderr]    Compiling tokio v1.41.0
[INFO] [stderr]    Compiling tracing-core v0.1.32
[INFO] [stderr]    Compiling boolinator v2.4.0
[INFO] [stderr]    Compiling proc-macro-error-attr v1.0.4
[INFO] [stderr]    Compiling proc-macro-error v1.0.4
[INFO] [stderr]    Compiling form_urlencoded v1.2.1
[INFO] [stderr]    Compiling urlencoding v2.1.3
[INFO] [stderr]    Compiling route-recognizer v0.3.1
[INFO] [stderr]    Compiling slab v0.4.9
[INFO] [stderr]    Compiling http v0.2.12
[INFO] [stderr]    Compiling quote v1.0.37
[INFO] [stderr]    Compiling indexmap v2.6.0
[INFO] [stderr]    Compiling syn v2.0.86
[INFO] [stderr]    Compiling num_cpus v1.16.0
[INFO] [stderr]    Compiling toml_edit v0.19.15
[INFO] [stderr]    Compiling tokio-stream v0.1.16
[INFO] [stderr]    Compiling proc-macro-crate v1.3.1
[INFO] [stderr]    Compiling wasm-bindgen-backend v0.2.95
[INFO] [stderr]    Compiling serde_derive v1.0.214
[INFO] [stderr]    Compiling thiserror-impl v1.0.66
[INFO] [stderr]    Compiling futures-macro v0.3.31
[INFO] [stderr]    Compiling pin-project-internal v1.1.7
[INFO] [stderr]    Compiling gloo-worker-macros v0.1.0
[INFO] [stderr]    Compiling tracing-attributes v0.1.27
[INFO] [stderr]    Compiling implicit-clone-derive v0.1.1
[INFO] [stderr]    Compiling yew-router-macro v0.18.0
[INFO] [stderr]    Compiling yew-macro v0.21.0
[INFO] [stderr]    Compiling implicit-clone v0.4.9
[INFO] [stderr]    Compiling wasm-bindgen-macro-support v0.2.95
[INFO] [stderr]    Compiling futures-util v0.3.31
[INFO] [stderr]    Compiling pin-project v1.1.7
[INFO] [stderr]    Compiling tracing v0.1.40
[INFO] [stderr]    Compiling wasm-bindgen-macro v0.2.95
[INFO] [stderr]    Compiling js-sys v0.3.72
[INFO] [stderr]    Compiling console_error_panic_hook v0.1.7
[INFO] [stderr]    Compiling futures v0.3.31
[INFO] [stderr]    Compiling pinned v0.1.0
[INFO] [stderr]    Compiling prokio v0.1.0
[INFO] [stderr]    Compiling serde_urlencoded v0.7.1
[INFO] [stderr]    Compiling bincode v1.3.3
[INFO] [stderr]    Compiling web-sys v0.3.72
[INFO] [stderr]    Compiling wasm-bindgen-futures v0.4.45
[INFO] [stderr]    Compiling serde-wasm-bindgen v0.6.5
[INFO] [stderr]    Compiling gloo-timers v0.3.0
[INFO] [stderr]    Compiling gloo-utils v0.2.0
[INFO] [stderr]    Compiling gloo-events v0.2.0
[INFO] [stderr]    Compiling gloo-render v0.2.0
[INFO] [stderr]    Compiling gloo-dialogs v0.2.0
[INFO] [stderr]    Compiling gloo-net v0.4.0
[INFO] [stderr]    Compiling gloo-storage v0.3.0
[INFO] [stderr]    Compiling gloo-worker v0.4.0
[INFO] [stderr]    Compiling gloo-console v0.3.0
[INFO] [stderr]    Compiling gloo-net v0.5.0
[INFO] [stderr]    Compiling gloo-file v0.3.0
[INFO] [stderr]    Compiling gloo-history v0.2.2
[INFO] [stderr]    Compiling gloo v0.10.0
[INFO] [stderr]    Compiling yew v0.21.0
[INFO] [stderr]    Compiling yew-router v0.18.0
[INFO] [stderr]    Compiling next-rs v0.0.12 (/opt/rustwide/workdir)
[INFO] [stdout] warning: unexpected `cfg` condition value: `csr`
[INFO] [stdout]    --> src/lib.rs:108:11
[INFO] [stdout]     |
[INFO] [stdout] 108 |     #[cfg(feature = "csr")]
[INFO] [stdout]     |           ^^^^^^^^^^-----
[INFO] [stdout]     |                     |
[INFO] [stdout]     |                     help: there is a expected value with a similar name: `"css"`
[INFO] [stdout]     |
[INFO] [stdout]     = note: expected values for `feature` are: `accordion`, `alert`, `css`, `default`, `i18n`, `input`, `input_yew`, `navbar`, `sidebar`, `stylist`, `yew`, `yew-accordion`, `yew-alert`, `yew-i18n`, `yew-navbar`, `yew-router`, and `yew-sidebar`
[INFO] [stdout]     = help: consider adding `csr` as a feature in `Cargo.toml`
[INFO] [stdout]     = note: see <https://doc.rust-lang.org/nightly/rustc/check-cfg/cargo-specifics.html> for more information about checking conditional configuration
[INFO] [stdout]     = note: `#[warn(unexpected_cfgs)]` on by default
[INFO] [stdout] 
[INFO] [stdout] 
[INFO] [stdout] warning: unexpected `cfg` condition value: `csr`
[INFO] [stdout]    --> src/lib.rs:120:11
[INFO] [stdout]     |
[INFO] [stdout] 120 |     #[cfg(feature = "csr")]
[INFO] [stdout]     |           ^^^^^^^^^^-----
[INFO] [stdout]     |                     |
[INFO] [stdout]     |                     help: there is a expected value with a similar name: `"css"`
[INFO] [stdout]     |
[INFO] [stdout]     = note: expected values for `feature` are: `accordion`, `alert`, `css`, `default`, `i18n`, `input`, `input_yew`, `navbar`, `sidebar`, `stylist`, `yew`, `yew-accordion`, `yew-alert`, `yew-i18n`, `yew-navbar`, `yew-router`, and `yew-sidebar`
[INFO] [stdout]     = help: consider adding `csr` as a feature in `Cargo.toml`
[INFO] [stdout]     = note: see <https://doc.rust-lang.org/nightly/rustc/check-cfg/cargo-specifics.html> for more information about checking conditional configuration
[INFO] [stdout] 
[INFO] [stdout] 
[INFO] [stdout] warning: use of deprecated method `web_sys::IntersectionObserverInit::threshold`: Use `set_threshold()` instead.
[INFO] [stdout]    --> src/image.rs:247:17
[INFO] [stdout]     |
[INFO] [stdout] 247 |         options.threshold(deps);
[INFO] [stdout]     |                 ^^^^^^^^^
[INFO] [stdout]     |
[INFO] [stdout]     = note: `#[warn(deprecated)]` on by default
[INFO] [stdout] 
[INFO] [stdout] 
[INFO] [stdout] warning: use of deprecated method `web_sys::IntersectionObserverInit::root`: Use `set_root()` instead.
[INFO] [stdout]    --> src/image.rs:248:17
[INFO] [stdout]     |
[INFO] [stdout] 248 |         options.root(Some(
[INFO] [stdout]     |                 ^^^^
[INFO] [stdout] 
[INFO] [stdout] 
[INFO] [stdout] warning: use of deprecated method `web_sys::ScrollToOptions::top`: Use `set_top()` instead.
[INFO] [stdout]    --> src/link.rs:181:38
[INFO] [stdout]     |
[INFO] [stdout] 181 | ...                   .top(offset_top)
[INFO] [stdout]     |                        ^^^
[INFO] [stdout] 
[INFO] [stdout] 
[INFO] [stdout] warning: use of deprecated method `web_sys::ScrollToOptions::behavior`: Use `set_behavior()` instead.
[INFO] [stdout]    --> src/link.rs:182:38
[INFO] [stdout]     |
[INFO] [stdout] 182 | ...                   .behavior(scroll_behavior),
[INFO] [stdout]     |                        ^^^^^^^^
[INFO] [stdout] 
[INFO] [stdout] 
[INFO] [stdout] warning: use of deprecated method `web_sys::ScrollToOptions::top`: Use `set_top()` instead.
[INFO] [stdout]    --> src/link.rs:192:38
[INFO] [stdout]     |
[INFO] [stdout] 192 | ...                   .top(props.scroll_offset)
[INFO] [stdout]     |                        ^^^
[INFO] [stdout] 
[INFO] [stdout] 
[INFO] [stdout] warning: use of deprecated method `web_sys::ScrollToOptions::behavior`: Use `set_behavior()` instead.
[INFO] [stdout]    --> src/link.rs:193:38
[INFO] [stdout]     |
[INFO] [stdout] 193 | ...                   .behavior(scroll_behavior),
[INFO] [stdout]     |                        ^^^^^^^^
[INFO] [stdout] 
[INFO] [stdout] 
[INFO] [stdout] warning: use of deprecated method `web_sys::ScrollToOptions::top`: Use `set_top()` instead.
[INFO] [stdout]    --> src/link.rs:204:34
[INFO] [stdout]     |
[INFO] [stdout] 204 | ...                   .top(props.scroll_offset)
[INFO] [stdout]     |                        ^^^
[INFO] [stdout] 
[INFO] [stdout] 
[INFO] [stdout] warning: use of deprecated method `web_sys::ScrollToOptions::behavior`: Use `set_behavior()` instead.
[INFO] [stdout]    --> src/link.rs:205:34
[INFO] [stdout]     |
[INFO] [stdout] 205 | ...                   .behavior(scroll_behavior),
[INFO] [stdout]     |                        ^^^^^^^^
[INFO] [stdout] 
[INFO] [stdout] 
[INFO] [stdout] warning: use of deprecated method `web_sys::EventListener::handle_event`: Use `set_handle_event()` instead.
[INFO] [stdout]    --> src/router.rs:477:40
[INFO] [stdout]     |
[INFO] [stdout] 477 | ...                   events.handle_event(&Function::new_with_args(
[INFO] [stdout]     |                              ^^^^^^^^^^^^
[INFO] [stdout] 
[INFO] [stdout] 
[INFO] [stdout] warning: use of deprecated method `web_sys::EventListener::handle_event`: Use `set_handle_event()` instead.
[INFO] [stdout]    --> src/router.rs:483:36
[INFO] [stdout]     |
[INFO] [stdout] 483 | ...                   events.handle_event(&Function::new_with_args(
[INFO] [stdout]     |                              ^^^^^^^^^^^^
[INFO] [stdout] 
[INFO] [stdout] 
[INFO] [stdout] warning: use of deprecated method `web_sys::EventListener::handle_event`: Use `set_handle_event()` instead.
[INFO] [stdout]    --> src/router.rs:499:36
[INFO] [stdout]     |
[INFO] [stdout] 499 | ...                   events.handle_event(&Function::new_with_args(
[INFO] [stdout]     |                              ^^^^^^^^^^^^
[INFO] [stdout] 
[INFO] [stdout] 
[INFO] [stderr]     Finished `dev` profile [unoptimized + debuginfo] target(s) in 18.88s
[INFO] running `Command { std: "docker" "inspect" "7b221a76707535095f88abf6328b10fd1dbb4998adcbe454d0bf6325b72837c1", kill_on_drop: false }`
[INFO] running `Command { std: "docker" "rm" "-f" "7b221a76707535095f88abf6328b10fd1dbb4998adcbe454d0bf6325b72837c1", kill_on_drop: false }`
[INFO] [stdout] 7b221a76707535095f88abf6328b10fd1dbb4998adcbe454d0bf6325b72837c1
[INFO] running `Command { std: "docker" "create" "-v" "/var/lib/crater-agent-workspace/builds/worker-3-tc1/target:/opt/rustwide/target:rw,Z" "-v" "/var/lib/crater-agent-workspace/builds/worker-3-tc1/source:/opt/rustwide/workdir:ro,Z" "-v" "/var/lib/crater-agent-workspace/cargo-home:/opt/rustwide/cargo-home:ro,Z" "-v" "/var/lib/crater-agent-workspace/rustup-home:/opt/rustwide/rustup-home:ro,Z" "-e" "SOURCE_DIR=/opt/rustwide/workdir" "-e" "CARGO_TARGET_DIR=/opt/rustwide/target" "-e" "CARGO_INCREMENTAL=0" "-e" "RUST_BACKTRACE=full" "-e" "RUSTFLAGS=--cap-lints=forbid" "-e" "RUSTDOCFLAGS=--cap-lints=forbid" "-e" "CARGO_HOME=/opt/rustwide/cargo-home" "-e" "RUSTUP_HOME=/opt/rustwide/rustup-home" "-w" "/opt/rustwide/workdir" "-m" "1610612736" "--user" "0:0" "--network" "none" "ghcr.io/rust-lang/crates-build-env/linux@sha256:4a844ea9eb2546a2d2c7022eacef16ef2e8229c7fbb2c7d4d55a9ceca922f72d" "/opt/rustwide/cargo-home/bin/cargo" "+nightly-2024-10-28" "test" "--frozen" "--no-run" "--message-format=json", kill_on_drop: false }`
[INFO] [stdout] 5a95f136193c03d58c7776bf50618e63a8cb51f914760800ee5a0434d993e896
[INFO] running `Command { std: "docker" "start" "-a" "5a95f136193c03d58c7776bf50618e63a8cb51f914760800ee5a0434d993e896", kill_on_drop: false }`
[INFO] [stdout] warning: unexpected `cfg` condition value: `csr`
[INFO] [stdout]    --> src/lib.rs:108:11
[INFO] [stdout]     |
[INFO] [stdout] 108 |     #[cfg(feature = "csr")]
[INFO] [stdout]     |           ^^^^^^^^^^-----
[INFO] [stdout]     |                     |
[INFO] [stdout]     |                     help: there is a expected value with a similar name: `"css"`
[INFO] [stdout]     |
[INFO] [stdout]     = note: expected values for `feature` are: `accordion`, `alert`, `css`, `default`, `i18n`, `input`, `input_yew`, `navbar`, `sidebar`, `stylist`, `yew`, `yew-accordion`, `yew-alert`, `yew-i18n`, `yew-navbar`, `yew-router`, and `yew-sidebar`
[INFO] [stdout]     = help: consider adding `csr` as a feature in `Cargo.toml`
[INFO] [stdout]     = note: see <https://doc.rust-lang.org/nightly/rustc/check-cfg/cargo-specifics.html> for more information about checking conditional configuration
[INFO] [stdout]     = note: `#[warn(unexpected_cfgs)]` on by default
[INFO] [stdout] 
[INFO] [stdout] 
[INFO] [stdout] warning: unexpected `cfg` condition value: `csr`
[INFO] [stdout]    --> src/lib.rs:120:11
[INFO] [stdout]     |
[INFO] [stdout] 120 |     #[cfg(feature = "csr")]
[INFO] [stdout]     |           ^^^^^^^^^^-----
[INFO] [stdout]     |                     |
[INFO] [stdout]     |                     help: there is a expected value with a similar name: `"css"`
[INFO] [stdout]     |
[INFO] [stdout]     = note: expected values for `feature` are: `accordion`, `alert`, `css`, `default`, `i18n`, `input`, `input_yew`, `navbar`, `sidebar`, `stylist`, `yew`, `yew-accordion`, `yew-alert`, `yew-i18n`, `yew-navbar`, `yew-router`, and `yew-sidebar`
[INFO] [stdout]     = help: consider adding `csr` as a feature in `Cargo.toml`
[INFO] [stdout]     = note: see <https://doc.rust-lang.org/nightly/rustc/check-cfg/cargo-specifics.html> for more information about checking conditional configuration
[INFO] [stdout] 
[INFO] [stdout] 
[INFO] [stdout] warning: use of deprecated method `web_sys::IntersectionObserverInit::threshold`: Use `set_threshold()` instead.
[INFO] [stdout]    --> src/image.rs:247:17
[INFO] [stdout]     |
[INFO] [stdout] 247 |         options.threshold(deps);
[INFO] [stdout]     |                 ^^^^^^^^^
[INFO] [stdout]     |
[INFO] [stdout]     = note: `#[warn(deprecated)]` on by default
[INFO] [stdout] 
[INFO] [stdout] 
[INFO] [stdout] warning: use of deprecated method `web_sys::IntersectionObserverInit::root`: Use `set_root()` instead.
[INFO] [stdout]    --> src/image.rs:248:17
[INFO] [stdout]     |
[INFO] [stdout] 248 |         options.root(Some(
[INFO] [stdout]     |                 ^^^^
[INFO] [stdout] 
[INFO] [stdout] 
[INFO] [stdout] warning: use of deprecated method `web_sys::ScrollToOptions::top`: Use `set_top()` instead.
[INFO] [stdout]    --> src/link.rs:181:38
[INFO] [stdout]     |
[INFO] [stdout] 181 | ...                   .top(offset_top)
[INFO] [stdout]     |                        ^^^
[INFO] [stdout] 
[INFO] [stdout] 
[INFO] [stdout] warning: use of deprecated method `web_sys::ScrollToOptions::behavior`: Use `set_behavior()` instead.
[INFO] [stdout]    --> src/link.rs:182:38
[INFO] [stdout]     |
[INFO] [stdout] 182 | ...                   .behavior(scroll_behavior),
[INFO] [stdout]     |                        ^^^^^^^^
[INFO] [stdout] 
[INFO] [stdout] 
[INFO] [stdout] warning: use of deprecated method `web_sys::ScrollToOptions::top`: Use `set_top()` instead.
[INFO] [stdout]    --> src/link.rs:192:38
[INFO] [stdout]     |
[INFO] [stdout] 192 | ...                   .top(props.scroll_offset)
[INFO] [stdout]     |                        ^^^
[INFO] [stdout] 
[INFO] [stdout] 
[INFO] [stdout] warning: use of deprecated method `web_sys::ScrollToOptions::behavior`: Use `set_behavior()` instead.
[INFO] [stdout]    --> src/link.rs:193:38
[INFO] [stdout]     |
[INFO] [stdout] 193 | ...                   .behavior(scroll_behavior),
[INFO] [stdout]     |                        ^^^^^^^^
[INFO] [stdout] 
[INFO] [stdout] 
[INFO] [stdout] warning: use of deprecated method `web_sys::ScrollToOptions::top`: Use `set_top()` instead.
[INFO] [stdout]    --> src/link.rs:204:34
[INFO] [stdout]     |
[INFO] [stdout] 204 | ...                   .top(props.scroll_offset)
[INFO] [stdout]     |                        ^^^
[INFO] [stdout] 
[INFO] [stdout] 
[INFO] [stdout] warning: use of deprecated method `web_sys::ScrollToOptions::behavior`: Use `set_behavior()` instead.
[INFO] [stdout]    --> src/link.rs:205:34
[INFO] [stdout]     |
[INFO] [stdout] 205 | ...                   .behavior(scroll_behavior),
[INFO] [stdout]     |                        ^^^^^^^^
[INFO] [stdout] 
[INFO] [stdout] 
[INFO] [stdout] warning: use of deprecated method `web_sys::EventListener::handle_event`: Use `set_handle_event()` instead.
[INFO] [stdout]    --> src/router.rs:477:40
[INFO] [stdout]     |
[INFO] [stdout] 477 | ...                   events.handle_event(&Function::new_with_args(
[INFO] [stdout]     |                              ^^^^^^^^^^^^
[INFO] [stdout] 
[INFO] [stdout] 
[INFO] [stdout] warning: use of deprecated method `web_sys::EventListener::handle_event`: Use `set_handle_event()` instead.
[INFO] [stdout]    --> src/router.rs:483:36
[INFO] [stdout]     |
[INFO] [stdout] 483 | ...                   events.handle_event(&Function::new_with_args(
[INFO] [stdout]     |                              ^^^^^^^^^^^^
[INFO] [stdout] 
[INFO] [stdout] 
[INFO] [stdout] warning: use of deprecated method `web_sys::EventListener::handle_event`: Use `set_handle_event()` instead.
[INFO] [stdout]    --> src/router.rs:499:36
[INFO] [stdout]     |
[INFO] [stdout] 499 | ...                   events.handle_event(&Function::new_with_args(
[INFO] [stdout]     |                              ^^^^^^^^^^^^
[INFO] [stdout] 
[INFO] [stdout] 
[INFO] [stderr]    Compiling next-rs v0.0.12 (/opt/rustwide/workdir)
[INFO] [stdout] warning: unexpected `cfg` condition value: `csr`
[INFO] [stdout]    --> src/lib.rs:108:11
[INFO] [stdout]     |
[INFO] [stdout] 108 |     #[cfg(feature = "csr")]
[INFO] [stdout]     |           ^^^^^^^^^^-----
[INFO] [stdout]     |                     |
[INFO] [stdout]     |                     help: there is a expected value with a similar name: `"css"`
[INFO] [stdout]     |
[INFO] [stdout]     = note: expected values for `feature` are: `accordion`, `alert`, `css`, `default`, `i18n`, `input`, `input_yew`, `navbar`, `sidebar`, `stylist`, `yew`, `yew-accordion`, `yew-alert`, `yew-i18n`, `yew-navbar`, `yew-router`, and `yew-sidebar`
[INFO] [stdout]     = help: consider adding `csr` as a feature in `Cargo.toml`
[INFO] [stdout]     = note: see <https://doc.rust-lang.org/nightly/rustc/check-cfg/cargo-specifics.html> for more information about checking conditional configuration
[INFO] [stdout]     = note: `#[warn(unexpected_cfgs)]` on by default
[INFO] [stdout] 
[INFO] [stdout] 
[INFO] [stdout] warning: unexpected `cfg` condition value: `csr`
[INFO] [stdout]    --> src/lib.rs:120:11
[INFO] [stdout]     |
[INFO] [stdout] 120 |     #[cfg(feature = "csr")]
[INFO] [stdout]     |           ^^^^^^^^^^-----
[INFO] [stdout]     |                     |
[INFO] [stdout]     |                     help: there is a expected value with a similar name: `"css"`
[INFO] [stdout]     |
[INFO] [stdout]     = note: expected values for `feature` are: `accordion`, `alert`, `css`, `default`, `i18n`, `input`, `input_yew`, `navbar`, `sidebar`, `stylist`, `yew`, `yew-accordion`, `yew-alert`, `yew-i18n`, `yew-navbar`, `yew-router`, and `yew-sidebar`
[INFO] [stdout]     = help: consider adding `csr` as a feature in `Cargo.toml`
[INFO] [stdout]     = note: see <https://doc.rust-lang.org/nightly/rustc/check-cfg/cargo-specifics.html> for more information about checking conditional configuration
[INFO] [stdout] 
[INFO] [stdout] 
[INFO] [stdout] warning: use of deprecated method `web_sys::IntersectionObserverInit::threshold`: Use `set_threshold()` instead.
[INFO] [stdout]    --> src/image.rs:247:17
[INFO] [stdout]     |
[INFO] [stdout] 247 |         options.threshold(deps);
[INFO] [stdout]     |                 ^^^^^^^^^
[INFO] [stdout]     |
[INFO] [stdout]     = note: `#[warn(deprecated)]` on by default
[INFO] [stdout] 
[INFO] [stdout] 
[INFO] [stdout] warning: use of deprecated method `web_sys::IntersectionObserverInit::root`: Use `set_root()` instead.
[INFO] [stdout]    --> src/image.rs:248:17
[INFO] [stdout]     |
[INFO] [stdout] 248 |         options.root(Some(
[INFO] [stdout]     |                 ^^^^
[INFO] [stdout] 
[INFO] [stdout] 
[INFO] [stdout] warning: use of deprecated method `web_sys::ScrollToOptions::top`: Use `set_top()` instead.
[INFO] [stdout]    --> src/link.rs:181:38
[INFO] [stdout]     |
[INFO] [stdout] 181 | ...                   .top(offset_top)
[INFO] [stdout]     |                        ^^^
[INFO] [stdout] 
[INFO] [stdout] 
[INFO] [stdout] warning: use of deprecated method `web_sys::ScrollToOptions::behavior`: Use `set_behavior()` instead.
[INFO] [stdout]    --> src/link.rs:182:38
[INFO] [stdout]     |
[INFO] [stdout] 182 | ...                   .behavior(scroll_behavior),
[INFO] [stdout]     |                        ^^^^^^^^
[INFO] [stdout] 
[INFO] [stdout] 
[INFO] [stdout] warning: use of deprecated method `web_sys::ScrollToOptions::top`: Use `set_top()` instead.
[INFO] [stdout]    --> src/link.rs:192:38
[INFO] [stdout]     |
[INFO] [stdout] 192 | ...                   .top(props.scroll_offset)
[INFO] [stdout]     |                        ^^^
[INFO] [stdout] 
[INFO] [stdout] 
[INFO] [stdout] warning: use of deprecated method `web_sys::ScrollToOptions::behavior`: Use `set_behavior()` instead.
[INFO] [stdout]    --> src/link.rs:193:38
[INFO] [stdout]     |
[INFO] [stdout] 193 | ...                   .behavior(scroll_behavior),
[INFO] [stdout]     |                        ^^^^^^^^
[INFO] [stdout] 
[INFO] [stdout] 
[INFO] [stdout] warning: use of deprecated method `web_sys::ScrollToOptions::top`: Use `set_top()` instead.
[INFO] [stdout]    --> src/link.rs:204:34
[INFO] [stdout]     |
[INFO] [stdout] 204 | ...                   .top(props.scroll_offset)
[INFO] [stdout]     |                        ^^^
[INFO] [stdout] 
[INFO] [stdout] 
[INFO] [stdout] warning: use of deprecated method `web_sys::ScrollToOptions::behavior`: Use `set_behavior()` instead.
[INFO] [stdout]    --> src/link.rs:205:34
[INFO] [stdout]     |
[INFO] [stdout] 205 | ...                   .behavior(scroll_behavior),
[INFO] [stdout]     |                        ^^^^^^^^
[INFO] [stdout] 
[INFO] [stdout] 
[INFO] [stdout] warning: use of deprecated method `web_sys::EventListener::handle_event`: Use `set_handle_event()` instead.
[INFO] [stdout]    --> src/router.rs:477:40
[INFO] [stdout]     |
[INFO] [stdout] 477 | ...                   events.handle_event(&Function::new_with_args(
[INFO] [stdout]     |                              ^^^^^^^^^^^^
[INFO] [stdout] 
[INFO] [stdout] 
[INFO] [stdout] warning: use of deprecated method `web_sys::EventListener::handle_event`: Use `set_handle_event()` instead.
[INFO] [stdout]    --> src/router.rs:483:36
[INFO] [stdout]     |
[INFO] [stdout] 483 | ...                   events.handle_event(&Function::new_with_args(
[INFO] [stdout]     |                              ^^^^^^^^^^^^
[INFO] [stdout] 
[INFO] [stdout] 
[INFO] [stdout] warning: use of deprecated method `web_sys::EventListener::handle_event`: Use `set_handle_event()` instead.
[INFO] [stdout]    --> src/router.rs:499:36
[INFO] [stdout]     |
[INFO] [stdout] 499 | ...                   events.handle_event(&Function::new_with_args(
[INFO] [stdout]     |                              ^^^^^^^^^^^^
[INFO] [stdout] 
[INFO] [stdout] 
[INFO] [stderr]     Finished `test` profile [unoptimized + debuginfo] target(s) in 0.47s
[INFO] running `Command { std: "docker" "inspect" "5a95f136193c03d58c7776bf50618e63a8cb51f914760800ee5a0434d993e896", kill_on_drop: false }`
[INFO] running `Command { std: "docker" "rm" "-f" "5a95f136193c03d58c7776bf50618e63a8cb51f914760800ee5a0434d993e896", kill_on_drop: false }`
[INFO] [stdout] 5a95f136193c03d58c7776bf50618e63a8cb51f914760800ee5a0434d993e896
[INFO] running `Command { std: "docker" "create" "-v" "/var/lib/crater-agent-workspace/builds/worker-3-tc1/target:/opt/rustwide/target:rw,Z" "-v" "/var/lib/crater-agent-workspace/builds/worker-3-tc1/source:/opt/rustwide/workdir:ro,Z" "-v" "/var/lib/crater-agent-workspace/cargo-home:/opt/rustwide/cargo-home:ro,Z" "-v" "/var/lib/crater-agent-workspace/rustup-home:/opt/rustwide/rustup-home:ro,Z" "-e" "SOURCE_DIR=/opt/rustwide/workdir" "-e" "CARGO_TARGET_DIR=/opt/rustwide/target" "-e" "CARGO_INCREMENTAL=0" "-e" "RUST_BACKTRACE=full" "-e" "RUSTFLAGS=--cap-lints=forbid" "-e" "RUSTDOCFLAGS=--cap-lints=forbid" "-e" "CARGO_HOME=/opt/rustwide/cargo-home" "-e" "RUSTUP_HOME=/opt/rustwide/rustup-home" "-w" "/opt/rustwide/workdir" "-m" "1610612736" "--user" "0:0" "--network" "none" "ghcr.io/rust-lang/crates-build-env/linux@sha256:4a844ea9eb2546a2d2c7022eacef16ef2e8229c7fbb2c7d4d55a9ceca922f72d" "/opt/rustwide/cargo-home/bin/cargo" "+nightly-2024-10-28" "test" "--frozen", kill_on_drop: false }`
[INFO] [stdout] de1644cd0dcc527a9da33e4c3028a750f5775823242c58bca2885e432444d47d
[INFO] running `Command { std: "docker" "start" "-a" "de1644cd0dcc527a9da33e4c3028a750f5775823242c58bca2885e432444d47d", kill_on_drop: false }`
[INFO] [stderr] warning: unexpected `cfg` condition value: `csr`
[INFO] [stderr]    --> src/lib.rs:108:11
[INFO] [stderr]     |
[INFO] [stderr] 108 |     #[cfg(feature = "csr")]
[INFO] [stderr]     |           ^^^^^^^^^^-----
[INFO] [stderr]     |                     |
[INFO] [stderr]     |                     help: there is a expected value with a similar name: `"css"`
[INFO] [stderr]     |
[INFO] [stderr]     = note: expected values for `feature` are: `accordion`, `alert`, `css`, `default`, `i18n`, `input`, `input_yew`, `navbar`, `sidebar`, `stylist`, `yew`, `yew-accordion`, `yew-alert`, `yew-i18n`, `yew-navbar`, `yew-router`, and `yew-sidebar`
[INFO] [stderr]     = help: consider adding `csr` as a feature in `Cargo.toml`
[INFO] [stderr]     = note: see <https://doc.rust-lang.org/nightly/rustc/check-cfg/cargo-specifics.html> for more information about checking conditional configuration
[INFO] [stderr]     = note: `#[warn(unexpected_cfgs)]` on by default
[INFO] [stderr] 
[INFO] [stderr] warning: unexpected `cfg` condition value: `csr`
[INFO] [stderr]    --> src/lib.rs:120:11
[INFO] [stderr]     |
[INFO] [stderr] 120 |     #[cfg(feature = "csr")]
[INFO] [stderr]     |           ^^^^^^^^^^-----
[INFO] [stderr]     |                     |
[INFO] [stderr]     |                     help: there is a expected value with a similar name: `"css"`
[INFO] [stderr]     |
[INFO] [stderr]     = note: expected values for `feature` are: `accordion`, `alert`, `css`, `default`, `i18n`, `input`, `input_yew`, `navbar`, `sidebar`, `stylist`, `yew`, `yew-accordion`, `yew-alert`, `yew-i18n`, `yew-navbar`, `yew-router`, and `yew-sidebar`
[INFO] [stderr]     = help: consider adding `csr` as a feature in `Cargo.toml`
[INFO] [stderr]     = note: see <https://doc.rust-lang.org/nightly/rustc/check-cfg/cargo-specifics.html> for more information about checking conditional configuration
[INFO] [stderr] 
[INFO] [stderr] warning: use of deprecated method `web_sys::IntersectionObserverInit::threshold`: Use `set_threshold()` instead.
[INFO] [stderr]    --> src/image.rs:247:17
[INFO] [stderr]     |
[INFO] [stderr] 247 |         options.threshold(deps);
[INFO] [stderr]     |                 ^^^^^^^^^
[INFO] [stderr]     |
[INFO] [stderr]     = note: `#[warn(deprecated)]` on by default
[INFO] [stderr] 
[INFO] [stderr] warning: use of deprecated method `web_sys::IntersectionObserverInit::root`: Use `set_root()` instead.
[INFO] [stderr]    --> src/image.rs:248:17
[INFO] [stderr]     |
[INFO] [stderr] 248 |         options.root(Some(
[INFO] [stderr]     |                 ^^^^
[INFO] [stderr] 
[INFO] [stderr] warning: use of deprecated method `web_sys::ScrollToOptions::top`: Use `set_top()` instead.
[INFO] [stderr]    --> src/link.rs:181:38
[INFO] [stderr]     |
[INFO] [stderr] 181 | ...                   .top(offset_top)
[INFO] [stderr]     |                        ^^^
[INFO] [stderr] 
[INFO] [stderr] warning: use of deprecated method `web_sys::ScrollToOptions::behavior`: Use `set_behavior()` instead.
[INFO] [stderr]    --> src/link.rs:182:38
[INFO] [stderr]     |
[INFO] [stderr] 182 | ...                   .behavior(scroll_behavior),
[INFO] [stderr]     |                        ^^^^^^^^
[INFO] [stderr] 
[INFO] [stderr] warning: use of deprecated method `web_sys::ScrollToOptions::top`: Use `set_top()` instead.
[INFO] [stderr]    --> src/link.rs:192:38
[INFO] [stderr]     |
[INFO] [stderr] 192 | ...                   .top(props.scroll_offset)
[INFO] [stderr]     |                        ^^^
[INFO] [stderr] 
[INFO] [stderr] warning: use of deprecated method `web_sys::ScrollToOptions::behavior`: Use `set_behavior()` instead.
[INFO] [stderr]    --> src/link.rs:193:38
[INFO] [stderr]     |
[INFO] [stderr] 193 | ...                   .behavior(scroll_behavior),
[INFO] [stderr]     |                        ^^^^^^^^
[INFO] [stderr] 
[INFO] [stderr] warning: use of deprecated method `web_sys::ScrollToOptions::top`: Use `set_top()` instead.
[INFO] [stderr]    --> src/link.rs:204:34
[INFO] [stderr]     |
[INFO] [stderr] 204 | ...                   .top(props.scroll_offset)
[INFO] [stderr]     |                        ^^^
[INFO] [stderr] 
[INFO] [stderr] warning: use of deprecated method `web_sys::ScrollToOptions::behavior`: Use `set_behavior()` instead.
[INFO] [stderr]    --> src/link.rs:205:34
[INFO] [stderr]     |
[INFO] [stderr] 205 | ...                   .behavior(scroll_behavior),
[INFO] [stderr]     |                        ^^^^^^^^
[INFO] [stderr] 
[INFO] [stderr] warning: use of deprecated method `web_sys::EventListener::handle_event`: Use `set_handle_event()` instead.
[INFO] [stderr]    --> src/router.rs:477:40
[INFO] [stderr]     |
[INFO] [stderr] 477 | ...                   events.handle_event(&Function::new_with_args(
[INFO] [stderr]     |                              ^^^^^^^^^^^^
[INFO] [stderr] 
[INFO] [stderr] warning: use of deprecated method `web_sys::EventListener::handle_event`: Use `set_handle_event()` instead.
[INFO] [stderr]    --> src/router.rs:483:36
[INFO] [stderr]     |
[INFO] [stderr] 483 | ...                   events.handle_event(&Function::new_with_args(
[INFO] [stderr]     |                              ^^^^^^^^^^^^
[INFO] [stderr] 
[INFO] [stderr] warning: use of deprecated method `web_sys::EventListener::handle_event`: Use `set_handle_event()` instead.
[INFO] [stderr]    --> src/router.rs:499:36
[INFO] [stderr]     |
[INFO] [stderr] 499 | ...                   events.handle_event(&Function::new_with_args(
[INFO] [stderr]     |                              ^^^^^^^^^^^^
[INFO] [stderr] 
[INFO] [stderr] warning: `next-rs` (lib) generated 13 warnings
[INFO] [stderr] warning: `next-rs` (lib test) generated 13 warnings (13 duplicates)
[INFO] [stderr]     Finished `test` profile [unoptimized + debuginfo] target(s) in 0.08s
[INFO] [stderr]      Running unittests src/lib.rs (/opt/rustwide/target/debug/deps/next_rs-a89285dd432a882e)
[INFO] [stdout] 
[INFO] [stdout] running 0 tests
[INFO] [stdout] 
[INFO] [stdout] test result: ok. 0 passed; 0 failed; 0 ignored; 0 measured; 0 filtered out; finished in 0.00s
[INFO] [stdout] 
[INFO] [stderr]    Doc-tests next_rs
[INFO] [stdout] 
[INFO] [stdout] running 15 tests
[INFO] [stdout] test src/lib.rs - (line 48) - compile ... FAILED
[INFO] [stdout] test src/head.rs - head::default_head (line 15) ... ok
[INFO] [stdout] test src/router.rs - router::NextRouter (line 739) ... ok
[INFO] [stdout] test src/router.rs - router::BaseRouter (line 563) ... ok
[INFO] [stdout] test src/router.rs - router::Switch::run::inner (line 689) ... ok
[INFO] [stdout] test src/head.rs - head::Head::run::inner (line 161) ... ok
[INFO] [stdout] test src/head.rs - head::Head (line 161) ... ok
[INFO] [stdout] test src/router.rs - router::Switch (line 689) ... ok
[INFO] [stdout] test src/router.rs - router::NextRouter::run::inner (line 739) ... ok
[INFO] [stdout] test src/image.rs - image::Image::run::inner (line 170) ... ok
[INFO] [stdout] test src/link.rs - link::Link::run::inner (line 96) ... ok
[INFO] [stdout] test src/image.rs - image::Image (line 170) ... ok
[INFO] [stdout] test src/link.rs - link::Link (line 96) ... ok
[INFO] [stdout] test src/router.rs - router::BaseRouter::run::inner (line 563) ... ok
[INFO] [stdout] test src/head.rs - head::map_components (line 34) ... ok
[INFO] [stdout] 
[INFO] [stdout] failures:
[INFO] [stdout] 
[INFO] [stdout] ---- src/lib.rs - (line 48) stdout ----
[INFO] [stdout] error[E0432]: unresolved import `next_rs::Navbar`
[INFO] [stdout]    --> src/lib.rs:51:5
[INFO] [stdout]     |
[INFO] [stdout] 6   | use next_rs::Navbar;
[INFO] [stdout]     |     ^^^^^^^^^^^^^^^ no `Navbar` in the root
[INFO] [stdout]     |
[INFO] [stdout] note: found an item that was configured out
[INFO] [stdout]    --> /opt/rustwide/workdir/src/lib.rs:100:28
[INFO] [stdout]     |
[INFO] [stdout] 100 | pub use yew_navbar::{Menu, Navbar, NavbarProps};
[INFO] [stdout]     |                            ^^^^^^
[INFO] [stdout] note: the item is gated behind the `navbar` feature
[INFO] [stdout]    --> /opt/rustwide/workdir/src/lib.rs:99:7
[INFO] [stdout]     |
[INFO] [stdout] 99  | #[cfg(feature = "navbar")]
[INFO] [stdout]     |       ^^^^^^^^^^^^^^^^^^
[INFO] [stdout] 
[INFO] [stdout] error: aborting due to 1 previous error
[INFO] [stdout] 
[INFO] [stdout] For more information about this error, try `rustc --explain E0432`.
[INFO] [stdout] Couldn't compile the test.
[INFO] [stdout] 
[INFO] [stdout] failures:
[INFO] [stdout]     src/lib.rs - (line 48)
[INFO] [stdout] 
[INFO] [stdout] test result: FAILED. 14 passed; 1 failed; 0 ignored; 0 measured; 0 filtered out; finished in 0.25s
[INFO] [stdout] 
[INFO] [stderr] error: doctest failed, to rerun pass `--doc`
[INFO] running `Command { std: "docker" "inspect" "de1644cd0dcc527a9da33e4c3028a750f5775823242c58bca2885e432444d47d", kill_on_drop: false }`
[INFO] running `Command { std: "docker" "rm" "-f" "de1644cd0dcc527a9da33e4c3028a750f5775823242c58bca2885e432444d47d", kill_on_drop: false }`
[INFO] [stdout] de1644cd0dcc527a9da33e4c3028a750f5775823242c58bca2885e432444d47d
