[INFO] fetching crate newron 0.5.1...
[INFO] testing newron-0.5.1 against nightly-2024-10-28 for randomize-layout
[INFO] extracting crate newron 0.5.1 into /workspace/builds/worker-0-tc1/source
[INFO] validating manifest of crates.io crate newron 0.5.1 on toolchain nightly-2024-10-28
[INFO] running `Command { std: CARGO_HOME="/workspace/cargo-home" RUSTUP_HOME="/workspace/rustup-home" "/workspace/cargo-home/bin/cargo" "+nightly-2024-10-28" "metadata" "--manifest-path" "Cargo.toml" "--no-deps", kill_on_drop: false }`
[INFO] started tweaking crates.io crate newron 0.5.1
[INFO] removed 0 missing examples
[INFO] finished tweaking crates.io crate newron 0.5.1
[INFO] tweaked toml for crates.io crate newron 0.5.1 written to /workspace/builds/worker-0-tc1/source/Cargo.toml
[INFO] crate crates.io crate newron 0.5.1 already has a lockfile, it will not be regenerated
[INFO] running `Command { std: CARGO_HOME="/workspace/cargo-home" RUSTUP_HOME="/workspace/rustup-home" "/workspace/cargo-home/bin/cargo" "+nightly-2024-10-28" "fetch" "--manifest-path" "Cargo.toml", kill_on_drop: false }`
[INFO] [stderr]     Blocking waiting for file lock on package cache
[INFO] [stderr]     Blocking waiting for file lock on package cache
[INFO] running `Command { std: "docker" "create" "-v" "/var/lib/crater-agent-workspace/builds/worker-0-tc1/target:/opt/rustwide/target:rw,Z" "-v" "/var/lib/crater-agent-workspace/builds/worker-0-tc1/source:/opt/rustwide/workdir:ro,Z" "-v" "/var/lib/crater-agent-workspace/cargo-home:/opt/rustwide/cargo-home:ro,Z" "-v" "/var/lib/crater-agent-workspace/rustup-home:/opt/rustwide/rustup-home:ro,Z" "-e" "SOURCE_DIR=/opt/rustwide/workdir" "-e" "CARGO_TARGET_DIR=/opt/rustwide/target" "-e" "CARGO_HOME=/opt/rustwide/cargo-home" "-e" "RUSTUP_HOME=/opt/rustwide/rustup-home" "-w" "/opt/rustwide/workdir" "-m" "1610612736" "--user" "0:0" "--network" "none" "ghcr.io/rust-lang/crates-build-env/linux@sha256:4a844ea9eb2546a2d2c7022eacef16ef2e8229c7fbb2c7d4d55a9ceca922f72d" "/opt/rustwide/cargo-home/bin/cargo" "+nightly-2024-10-28" "metadata" "--no-deps" "--format-version=1", kill_on_drop: false }`
[INFO] [stdout] c377809fde5f897628b502ea190bc93f8f1cb71e560ac80670607fd9417fc6e4
[INFO] running `Command { std: "docker" "start" "-a" "c377809fde5f897628b502ea190bc93f8f1cb71e560ac80670607fd9417fc6e4", kill_on_drop: false }`
[INFO] running `Command { std: "docker" "inspect" "c377809fde5f897628b502ea190bc93f8f1cb71e560ac80670607fd9417fc6e4", kill_on_drop: false }`
[INFO] running `Command { std: "docker" "rm" "-f" "c377809fde5f897628b502ea190bc93f8f1cb71e560ac80670607fd9417fc6e4", kill_on_drop: false }`
[INFO] [stdout] c377809fde5f897628b502ea190bc93f8f1cb71e560ac80670607fd9417fc6e4
[INFO] running `Command { std: "docker" "create" "-v" "/var/lib/crater-agent-workspace/builds/worker-0-tc1/target:/opt/rustwide/target:rw,Z" "-v" "/var/lib/crater-agent-workspace/builds/worker-0-tc1/source:/opt/rustwide/workdir:ro,Z" "-v" "/var/lib/crater-agent-workspace/cargo-home:/opt/rustwide/cargo-home:ro,Z" "-v" "/var/lib/crater-agent-workspace/rustup-home:/opt/rustwide/rustup-home:ro,Z" "-e" "SOURCE_DIR=/opt/rustwide/workdir" "-e" "CARGO_TARGET_DIR=/opt/rustwide/target" "-e" "CARGO_INCREMENTAL=0" "-e" "RUST_BACKTRACE=full" "-e" "RUSTFLAGS=--cap-lints=forbid" "-e" "RUSTDOCFLAGS=--cap-lints=forbid" "-e" "CARGO_HOME=/opt/rustwide/cargo-home" "-e" "RUSTUP_HOME=/opt/rustwide/rustup-home" "-w" "/opt/rustwide/workdir" "-m" "1610612736" "--user" "0:0" "--network" "none" "ghcr.io/rust-lang/crates-build-env/linux@sha256:4a844ea9eb2546a2d2c7022eacef16ef2e8229c7fbb2c7d4d55a9ceca922f72d" "/opt/rustwide/cargo-home/bin/cargo" "+nightly-2024-10-28" "build" "--frozen" "--message-format=json", kill_on_drop: false }`
[INFO] [stdout] 6300f972f5ccbc481c09ff8a740e63ef1a790b793fbdcfc202d6c06a6bfd4b77
[INFO] running `Command { std: "docker" "start" "-a" "6300f972f5ccbc481c09ff8a740e63ef1a790b793fbdcfc202d6c06a6bfd4b77", kill_on_drop: false }`
[INFO] [stderr]    Compiling newron v0.5.1 (/opt/rustwide/workdir)
[INFO] [stdout] warning: unused import: `crate::utils`
[INFO] [stdout]   --> src/sequential.rs:13:5
[INFO] [stdout]    |
[INFO] [stdout] 13 | use crate::utils;
[INFO] [stdout]    |     ^^^^^^^^^^^^
[INFO] [stdout]    |
[INFO] [stdout]    = note: `#[warn(unused_imports)]` on by default
[INFO] [stdout] 
[INFO] [stdout] 
[INFO] [stdout] warning: unused variable: `header`
[INFO] [stdout]   --> src/dataset.rs:89:34
[INFO] [stdout]    |
[INFO] [stdout] 89 |     pub fn from_csv(path: &Path, header: bool) -> Result<Dataset, DatasetError> {
[INFO] [stdout]    |                                  ^^^^^^ help: if this is intentional, prefix it with an underscore: `_header`
[INFO] [stdout]    |
[INFO] [stdout]    = note: `#[warn(unused_variables)]` on by default
[INFO] [stdout] 
[INFO] [stdout] 
[INFO] [stdout] warning: unused variable: `recall_score`
[INFO] [stdout]    --> src/sequential.rs:213:37
[INFO] [stdout]     |
[INFO] [stdout] 213 | ...                   let recall_score = cm.recall_score(class);
[INFO] [stdout]     |                           ^^^^^^^^^^^^ help: if this is intentional, prefix it with an underscore: `_recall_score`
[INFO] [stdout] 
[INFO] [stdout] 
[INFO] [stdout] warning: unused variable: `precision_score`
[INFO] [stdout]    --> src/sequential.rs:217:37
[INFO] [stdout]     |
[INFO] [stdout] 217 | ...                   let precision_score = cm.precision_score(class);
[INFO] [stdout]     |                           ^^^^^^^^^^^^^^^ help: if this is intentional, prefix it with an underscore: `_precision_score`
[INFO] [stdout] 
[INFO] [stdout] 
[INFO] [stdout] warning: unused variable: `f1_score`
[INFO] [stdout]    --> src/sequential.rs:221:37
[INFO] [stdout]     |
[INFO] [stdout] 221 | ...                   let f1_score = cm.f1_score(class);
[INFO] [stdout]     |                           ^^^^^^^^ help: if this is intentional, prefix it with an underscore: `_f1_score`
[INFO] [stdout] 
[INFO] [stdout] 
[INFO] [stdout] warning: method `rand_range` is never used
[INFO] [stdout]   --> src/random.rs:36:12
[INFO] [stdout]    |
[INFO] [stdout] 10 | impl Rand{
[INFO] [stdout]    | --------- method in this implementation
[INFO] [stdout] ...
[INFO] [stdout] 36 |     pub fn rand_range(&mut self, a: i32, b: i32) -> i32 {
[INFO] [stdout]    |            ^^^^^^^^^^
[INFO] [stdout]    |
[INFO] [stdout]    = note: `#[warn(dead_code)]` on by default
[INFO] [stdout] 
[INFO] [stdout] 
[INFO] [stderr]     Finished `dev` profile [unoptimized + debuginfo] target(s) in 0.67s
[INFO] running `Command { std: "docker" "inspect" "6300f972f5ccbc481c09ff8a740e63ef1a790b793fbdcfc202d6c06a6bfd4b77", kill_on_drop: false }`
[INFO] running `Command { std: "docker" "rm" "-f" "6300f972f5ccbc481c09ff8a740e63ef1a790b793fbdcfc202d6c06a6bfd4b77", kill_on_drop: false }`
[INFO] [stdout] 6300f972f5ccbc481c09ff8a740e63ef1a790b793fbdcfc202d6c06a6bfd4b77
[INFO] running `Command { std: "docker" "create" "-v" "/var/lib/crater-agent-workspace/builds/worker-0-tc1/target:/opt/rustwide/target:rw,Z" "-v" "/var/lib/crater-agent-workspace/builds/worker-0-tc1/source:/opt/rustwide/workdir:ro,Z" "-v" "/var/lib/crater-agent-workspace/cargo-home:/opt/rustwide/cargo-home:ro,Z" "-v" "/var/lib/crater-agent-workspace/rustup-home:/opt/rustwide/rustup-home:ro,Z" "-e" "SOURCE_DIR=/opt/rustwide/workdir" "-e" "CARGO_TARGET_DIR=/opt/rustwide/target" "-e" "CARGO_INCREMENTAL=0" "-e" "RUST_BACKTRACE=full" "-e" "RUSTFLAGS=--cap-lints=forbid" "-e" "RUSTDOCFLAGS=--cap-lints=forbid" "-e" "CARGO_HOME=/opt/rustwide/cargo-home" "-e" "RUSTUP_HOME=/opt/rustwide/rustup-home" "-w" "/opt/rustwide/workdir" "-m" "1610612736" "--user" "0:0" "--network" "none" "ghcr.io/rust-lang/crates-build-env/linux@sha256:4a844ea9eb2546a2d2c7022eacef16ef2e8229c7fbb2c7d4d55a9ceca922f72d" "/opt/rustwide/cargo-home/bin/cargo" "+nightly-2024-10-28" "test" "--frozen" "--no-run" "--message-format=json", kill_on_drop: false }`
[INFO] [stdout] d8c0b5e763f87f95197d6ca144b4a671a453bc7350d7f9233d50c4a5765f561c
[INFO] running `Command { std: "docker" "start" "-a" "d8c0b5e763f87f95197d6ca144b4a671a453bc7350d7f9233d50c4a5765f561c", kill_on_drop: false }`
[INFO] [stdout] warning: unused import: `crate::utils`
[INFO] [stdout]   --> src/sequential.rs:13:5
[INFO] [stdout]    |
[INFO] [stdout] 13 | use crate::utils;
[INFO] [stdout]    |     ^^^^^^^^^^^^
[INFO] [stdout]    |
[INFO] [stdout]    = note: `#[warn(unused_imports)]` on by default
[INFO] [stdout] 
[INFO] [stdout] 
[INFO] [stdout] warning: unused variable: `header`
[INFO] [stdout]   --> src/dataset.rs:89:34
[INFO] [stdout]    |
[INFO] [stdout] 89 |     pub fn from_csv(path: &Path, header: bool) -> Result<Dataset, DatasetError> {
[INFO] [stdout]    |                                  ^^^^^^ help: if this is intentional, prefix it with an underscore: `_header`
[INFO] [stdout]    |
[INFO] [stdout]    = note: `#[warn(unused_variables)]` on by default
[INFO] [stdout] 
[INFO] [stdout] 
[INFO] [stdout] warning: unused variable: `recall_score`
[INFO] [stdout]    --> src/sequential.rs:213:37
[INFO] [stdout]     |
[INFO] [stdout] 213 | ...                   let recall_score = cm.recall_score(class);
[INFO] [stdout]     |                           ^^^^^^^^^^^^ help: if this is intentional, prefix it with an underscore: `_recall_score`
[INFO] [stdout] 
[INFO] [stdout] 
[INFO] [stdout] warning: unused variable: `precision_score`
[INFO] [stdout]    --> src/sequential.rs:217:37
[INFO] [stdout]     |
[INFO] [stdout] 217 | ...                   let precision_score = cm.precision_score(class);
[INFO] [stdout]     |                           ^^^^^^^^^^^^^^^ help: if this is intentional, prefix it with an underscore: `_precision_score`
[INFO] [stdout] 
[INFO] [stdout] 
[INFO] [stdout] warning: unused variable: `f1_score`
[INFO] [stdout]    --> src/sequential.rs:221:37
[INFO] [stdout]     |
[INFO] [stdout] 221 | ...                   let f1_score = cm.f1_score(class);
[INFO] [stdout]     |                           ^^^^^^^^ help: if this is intentional, prefix it with an underscore: `_f1_score`
[INFO] [stdout] 
[INFO] [stdout] 
[INFO] [stdout] warning: method `rand_range` is never used
[INFO] [stdout]   --> src/random.rs:36:12
[INFO] [stdout]    |
[INFO] [stdout] 10 | impl Rand{
[INFO] [stdout]    | --------- method in this implementation
[INFO] [stdout] ...
[INFO] [stdout] 36 |     pub fn rand_range(&mut self, a: i32, b: i32) -> i32 {
[INFO] [stdout]    |            ^^^^^^^^^^
[INFO] [stdout]    |
[INFO] [stdout]    = note: `#[warn(dead_code)]` on by default
[INFO] [stdout] 
[INFO] [stdout] 
[INFO] [stderr]    Compiling newron v0.5.1 (/opt/rustwide/workdir)
[INFO] [stdout] warning: unused imports: `ColumnType` and `RowType`
[INFO] [stdout]  --> examples/linear_regression.rs:1:23
[INFO] [stdout]   |
[INFO] [stdout] 1 | use newron::dataset::{RowType, Dataset, ColumnType};
[INFO] [stdout]   |                       ^^^^^^^           ^^^^^^^^^^
[INFO] [stdout]   |
[INFO] [stdout]   = note: `#[warn(unused_imports)]` on by default
[INFO] [stdout] 
[INFO] [stdout] 
[INFO] [stdout] warning: unused import: `crate::utils`
[INFO] [stdout]   --> src/sequential.rs:13:5
[INFO] [stdout]    |
[INFO] [stdout] 13 | use crate::utils;
[INFO] [stdout]    |     ^^^^^^^^^^^^
[INFO] [stdout]    |
[INFO] [stdout]    = note: `#[warn(unused_imports)]` on by default
[INFO] [stdout] 
[INFO] [stdout] 
[INFO] [stdout] warning: unused variable: `header`
[INFO] [stdout]   --> src/dataset.rs:89:34
[INFO] [stdout]    |
[INFO] [stdout] 89 |     pub fn from_csv(path: &Path, header: bool) -> Result<Dataset, DatasetError> {
[INFO] [stdout]    |                                  ^^^^^^ help: if this is intentional, prefix it with an underscore: `_header`
[INFO] [stdout]    |
[INFO] [stdout]    = note: `#[warn(unused_variables)]` on by default
[INFO] [stdout] 
[INFO] [stdout] 
[INFO] [stdout] warning: unused variable: `recall_score`
[INFO] [stdout]    --> src/sequential.rs:213:37
[INFO] [stdout]     |
[INFO] [stdout] 213 | ...                   let recall_score = cm.recall_score(class);
[INFO] [stdout]     |                           ^^^^^^^^^^^^ help: if this is intentional, prefix it with an underscore: `_recall_score`
[INFO] [stdout] 
[INFO] [stdout] 
[INFO] [stdout] warning: unused variable: `precision_score`
[INFO] [stdout]    --> src/sequential.rs:217:37
[INFO] [stdout]     |
[INFO] [stdout] 217 | ...                   let precision_score = cm.precision_score(class);
[INFO] [stdout]     |                           ^^^^^^^^^^^^^^^ help: if this is intentional, prefix it with an underscore: `_precision_score`
[INFO] [stdout] 
[INFO] [stdout] 
[INFO] [stdout] warning: unused variable: `f1_score`
[INFO] [stdout]    --> src/sequential.rs:221:37
[INFO] [stdout]     |
[INFO] [stdout] 221 | ...                   let f1_score = cm.f1_score(class);
[INFO] [stdout]     |                           ^^^^^^^^ help: if this is intentional, prefix it with an underscore: `_f1_score`
[INFO] [stdout] 
[INFO] [stdout] 
[INFO] [stdout] warning: method `rand_range` is never used
[INFO] [stdout]   --> src/random.rs:36:12
[INFO] [stdout]    |
[INFO] [stdout] 10 | impl Rand{
[INFO] [stdout]    | --------- method in this implementation
[INFO] [stdout] ...
[INFO] [stdout] 36 |     pub fn rand_range(&mut self, a: i32, b: i32) -> i32 {
[INFO] [stdout]    |            ^^^^^^^^^^
[INFO] [stdout]    |
[INFO] [stdout]    = note: `#[warn(dead_code)]` on by default
[INFO] [stdout] 
[INFO] [stdout] 
[INFO] [stderr]     Finished `test` profile [unoptimized + debuginfo] target(s) in 0.93s
[INFO] running `Command { std: "docker" "inspect" "d8c0b5e763f87f95197d6ca144b4a671a453bc7350d7f9233d50c4a5765f561c", kill_on_drop: false }`
[INFO] running `Command { std: "docker" "rm" "-f" "d8c0b5e763f87f95197d6ca144b4a671a453bc7350d7f9233d50c4a5765f561c", kill_on_drop: false }`
[INFO] [stdout] d8c0b5e763f87f95197d6ca144b4a671a453bc7350d7f9233d50c4a5765f561c
[INFO] running `Command { std: "docker" "create" "-v" "/var/lib/crater-agent-workspace/builds/worker-0-tc1/target:/opt/rustwide/target:rw,Z" "-v" "/var/lib/crater-agent-workspace/builds/worker-0-tc1/source:/opt/rustwide/workdir:ro,Z" "-v" "/var/lib/crater-agent-workspace/cargo-home:/opt/rustwide/cargo-home:ro,Z" "-v" "/var/lib/crater-agent-workspace/rustup-home:/opt/rustwide/rustup-home:ro,Z" "-e" "SOURCE_DIR=/opt/rustwide/workdir" "-e" "CARGO_TARGET_DIR=/opt/rustwide/target" "-e" "CARGO_INCREMENTAL=0" "-e" "RUST_BACKTRACE=full" "-e" "RUSTFLAGS=--cap-lints=forbid" "-e" "RUSTDOCFLAGS=--cap-lints=forbid" "-e" "CARGO_HOME=/opt/rustwide/cargo-home" "-e" "RUSTUP_HOME=/opt/rustwide/rustup-home" "-w" "/opt/rustwide/workdir" "-m" "1610612736" "--user" "0:0" "--network" "none" "ghcr.io/rust-lang/crates-build-env/linux@sha256:4a844ea9eb2546a2d2c7022eacef16ef2e8229c7fbb2c7d4d55a9ceca922f72d" "/opt/rustwide/cargo-home/bin/cargo" "+nightly-2024-10-28" "test" "--frozen", kill_on_drop: false }`
[INFO] [stdout] 8b7b3871362b22f6131179a980d4feaa0de9ca3f7038ece86a24b48c0b616263
[INFO] running `Command { std: "docker" "start" "-a" "8b7b3871362b22f6131179a980d4feaa0de9ca3f7038ece86a24b48c0b616263", kill_on_drop: false }`
[INFO] [stderr] warning: unused import: `crate::utils`
[INFO] [stderr]   --> src/sequential.rs:13:5
[INFO] [stderr]    |
[INFO] [stderr] 13 | use crate::utils;
[INFO] [stderr]    |     ^^^^^^^^^^^^
[INFO] [stderr]    |
[INFO] [stderr]    = note: `#[warn(unused_imports)]` on by default
[INFO] [stderr] 
[INFO] [stderr] warning: unused variable: `header`
[INFO] [stderr]   --> src/dataset.rs:89:34
[INFO] [stderr]    |
[INFO] [stderr] 89 |     pub fn from_csv(path: &Path, header: bool) -> Result<Dataset, DatasetError> {
[INFO] [stderr]    |                                  ^^^^^^ help: if this is intentional, prefix it with an underscore: `_header`
[INFO] [stderr]    |
[INFO] [stderr]    = note: `#[warn(unused_variables)]` on by default
[INFO] [stderr] 
[INFO] [stderr] warning: unused variable: `recall_score`
[INFO] [stderr]    --> src/sequential.rs:213:37
[INFO] [stderr]     |
[INFO] [stderr] 213 | ...                   let recall_score = cm.recall_score(class);
[INFO] [stderr]     |                           ^^^^^^^^^^^^ help: if this is intentional, prefix it with an underscore: `_recall_score`
[INFO] [stderr] 
[INFO] [stderr] warning: unused variable: `precision_score`
[INFO] [stderr]    --> src/sequential.rs:217:37
[INFO] [stderr]     |
[INFO] [stderr] 217 | ...                   let precision_score = cm.precision_score(class);
[INFO] [stderr]     |                           ^^^^^^^^^^^^^^^ help: if this is intentional, prefix it with an underscore: `_precision_score`
[INFO] [stderr] 
[INFO] [stderr] warning: unused variable: `f1_score`
[INFO] [stderr]    --> src/sequential.rs:221:37
[INFO] [stderr]     |
[INFO] [stderr] 221 | ...                   let f1_score = cm.f1_score(class);
[INFO] [stderr]     |                           ^^^^^^^^ help: if this is intentional, prefix it with an underscore: `_f1_score`
[INFO] [stderr] 
[INFO] [stderr] warning: method `rand_range` is never used
[INFO] [stderr]   --> src/random.rs:36:12
[INFO] [stderr]    |
[INFO] [stderr] 10 | impl Rand{
[INFO] [stderr]    | --------- method in this implementation
[INFO] [stderr] ...
[INFO] [stderr] 36 |     pub fn rand_range(&mut self, a: i32, b: i32) -> i32 {
[INFO] [stderr]    |            ^^^^^^^^^^
[INFO] [stderr]    |
[INFO] [stderr]    = note: `#[warn(dead_code)]` on by default
[INFO] [stderr] 
[INFO] [stderr] warning: `newron` (lib) generated 6 warnings (run `cargo fix --lib -p newron` to apply 1 suggestion)
[INFO] [stderr] warning: unused imports: `ColumnType` and `RowType`
[INFO] [stderr]  --> examples/linear_regression.rs:1:23
[INFO] [stderr]   |
[INFO] [stderr] 1 | use newron::dataset::{RowType, Dataset, ColumnType};
[INFO] [stderr]   |                       ^^^^^^^           ^^^^^^^^^^
[INFO] [stderr]   |
[INFO] [stderr]   = note: `#[warn(unused_imports)]` on by default
[INFO] [stderr] 
[INFO] [stderr] warning: `newron` (example "linear_regression") generated 1 warning (run `cargo fix --example "linear_regression"` to apply 1 suggestion)
[INFO] [stderr] warning: `newron` (lib test) generated 6 warnings (6 duplicates)
[INFO] [stderr]     Finished `test` profile [unoptimized + debuginfo] target(s) in 0.00s
[INFO] [stderr]      Running unittests src/lib.rs (/opt/rustwide/target/debug/deps/newron-d552dc16fbc1be70)
[INFO] [stdout] 
[INFO] [stdout] running 0 tests
[INFO] [stdout] 
[INFO] [stdout] test result: ok. 0 passed; 0 failed; 0 ignored; 0 measured; 0 filtered out; finished in 0.00s
[INFO] [stdout] 
[INFO] [stderr]      Running tests/categorical_entropy.rs (/opt/rustwide/target/debug/deps/categorical_entropy-6035c22a40890cca)
[INFO] [stdout] 
[INFO] [stdout] running 2 tests
[INFO] [stdout] test categorical_entropy_tests::test_categorical_entropy_loss_grad ... ok
[INFO] [stdout] test categorical_entropy_tests::test_categorical_entropy_loss ... ok
[INFO] [stdout] 
[INFO] [stdout] test result: ok. 2 passed; 0 failed; 0 ignored; 0 measured; 0 filtered out; finished in 0.00s
[INFO] [stdout] 
[INFO] [stderr]      Running tests/dataset.rs (/opt/rustwide/target/debug/deps/dataset-ba40a664b5e10636)
[INFO] [stdout] 
[INFO] [stdout] running 2 tests
[INFO] [stdout] test dataset_tests::test_dataset_debug_trait ... ok
[INFO] [stdout] test dataset_tests::test_load_csv ... FAILED
[INFO] [stdout] 
[INFO] [stdout] failures:
[INFO] [stdout] 
[INFO] [stdout] ---- dataset_tests::test_load_csv stdout ----
[INFO] [stdout] thread 'dataset_tests::test_load_csv' panicked at src/dataset.rs:92:43:
[INFO] [stdout] called `Result::unwrap()` on an `Err` value: Os { code: 2, kind: NotFound, message: "No such file or directory" }
[INFO] [stdout] stack backtrace:
[INFO] [stdout]    0:     0x5b9a226ed2da - std::backtrace_rs::backtrace::libunwind::trace::h207520d6e9873551
[INFO] [stdout]                                at /rustc/df4ca44d3fbc9301ee17f30f4d474e6ae4b05252/library/std/src/../../backtrace/src/backtrace/libunwind.rs:116:5
[INFO] [stdout]    1:     0x5b9a226ed2da - std::backtrace_rs::backtrace::trace_unsynchronized::h2ed7433f370e3eca
[INFO] [stdout]                                at /rustc/df4ca44d3fbc9301ee17f30f4d474e6ae4b05252/library/std/src/../../backtrace/src/backtrace/mod.rs:66:5
[INFO] [stdout]    2:     0x5b9a226ed2da - std::sys::backtrace::_print_fmt::h916fac51166b18d7
[INFO] [stdout]                                at /rustc/df4ca44d3fbc9301ee17f30f4d474e6ae4b05252/library/std/src/sys/backtrace.rs:66:9
[INFO] [stdout]    3:     0x5b9a226ed2da - <std::sys::backtrace::BacktraceLock::print::DisplayBacktrace as core::fmt::Display>::fmt::ha0a4c9b8ce3802e6
[INFO] [stdout]                                at /rustc/df4ca44d3fbc9301ee17f30f4d474e6ae4b05252/library/std/src/sys/backtrace.rs:39:26
[INFO] [stdout]    4:     0x5b9a22714803 - core::fmt::rt::Argument::fmt::h4cfc8587d52b3eb5
[INFO] [stdout]                                at /rustc/df4ca44d3fbc9301ee17f30f4d474e6ae4b05252/library/core/src/fmt/rt.rs:177:76
[INFO] [stdout]    5:     0x5b9a22714803 - core::fmt::write::h522cc39e5b36ae9f
[INFO] [stdout]                                at /rustc/df4ca44d3fbc9301ee17f30f4d474e6ae4b05252/library/core/src/fmt/mod.rs:1190:21
[INFO] [stdout]    6:     0x5b9a226e9f43 - std::io::Write::write_fmt::h7d3c26752da97734
[INFO] [stdout]                                at /rustc/df4ca44d3fbc9301ee17f30f4d474e6ae4b05252/library/std/src/io/mod.rs:1839:15
[INFO] [stdout]    7:     0x5b9a226ed122 - std::sys::backtrace::BacktraceLock::print::h4b9e00b29e9c0942
[INFO] [stdout]                                at /rustc/df4ca44d3fbc9301ee17f30f4d474e6ae4b05252/library/std/src/sys/backtrace.rs:42:9
[INFO] [stdout]    8:     0x5b9a226ee76a - std::panicking::default_hook::{{closure}}::hb59b88280d0324d9
[INFO] [stdout]                                at /rustc/df4ca44d3fbc9301ee17f30f4d474e6ae4b05252/library/std/src/panicking.rs:268:22
[INFO] [stdout]    9:     0x5b9a226ee574 - std::panicking::default_hook::he1dd496665be4a29
[INFO] [stdout]                                at /rustc/df4ca44d3fbc9301ee17f30f4d474e6ae4b05252/library/std/src/panicking.rs:292:9
[INFO] [stdout]   10:     0x5b9a226a79d9 - <alloc::boxed::Box<F,A> as core::ops::function::Fn<Args>>::call::h4ff71de18744e1dc
[INFO] [stdout]                                at /rustc/df4ca44d3fbc9301ee17f30f4d474e6ae4b05252/library/alloc/src/boxed.rs:2468:9
[INFO] [stdout]   11:     0x5b9a226a79d9 - test::test_main::{{closure}}::hcf7c055ce117aa81
[INFO] [stdout]                                at /rustc/df4ca44d3fbc9301ee17f30f4d474e6ae4b05252/library/test/src/lib.rs:133:21
[INFO] [stdout]   12:     0x5b9a226eee68 - <alloc::boxed::Box<F,A> as core::ops::function::Fn<Args>>::call::h1d66c6bbd60c9692
[INFO] [stdout]                                at /rustc/df4ca44d3fbc9301ee17f30f4d474e6ae4b05252/library/alloc/src/boxed.rs:2468:9
[INFO] [stdout]   13:     0x5b9a226eee68 - std::panicking::rust_panic_with_hook::h2ff17fe8f26dfcf8
[INFO] [stdout]                                at /rustc/df4ca44d3fbc9301ee17f30f4d474e6ae4b05252/library/std/src/panicking.rs:809:13
[INFO] [stdout]   14:     0x5b9a226eec2a - std::panicking::begin_panic_handler::{{closure}}::h4fad77951c07e101
[INFO] [stdout]                                at /rustc/df4ca44d3fbc9301ee17f30f4d474e6ae4b05252/library/std/src/panicking.rs:674:13
[INFO] [stdout]   15:     0x5b9a226ed7b9 - std::sys::backtrace::__rust_end_short_backtrace::hb1a25b3da5d0ea08
[INFO] [stdout]                                at /rustc/df4ca44d3fbc9301ee17f30f4d474e6ae4b05252/library/std/src/sys/backtrace.rs:170:18
[INFO] [stdout]   16:     0x5b9a226ee8bc - rust_begin_unwind
[INFO] [stdout]                                at /rustc/df4ca44d3fbc9301ee17f30f4d474e6ae4b05252/library/std/src/panicking.rs:665:5
[INFO] [stdout]   17:     0x5b9a22713200 - core::panicking::panic_fmt::ha9db07b529f9b256
[INFO] [stdout]                                at /rustc/df4ca44d3fbc9301ee17f30f4d474e6ae4b05252/library/core/src/panicking.rs:75:14
[INFO] [stdout]   18:     0x5b9a22713646 - core::result::unwrap_failed::h5e8218e4d4338b8a
[INFO] [stdout]                                at /rustc/df4ca44d3fbc9301ee17f30f4d474e6ae4b05252/library/core/src/result.rs:1698:5
[INFO] [stdout]   19:     0x5b9a226bba54 - core::result::Result<T,E>::unwrap::h85e796e51e650d9a
[INFO] [stdout]                                at /rustc/df4ca44d3fbc9301ee17f30f4d474e6ae4b05252/library/core/src/result.rs:1103:23
[INFO] [stdout]   20:     0x5b9a226bba54 - newron::dataset::Dataset::from_csv::h647a6a42bccb18a5
[INFO] [stdout]                                at /opt/rustwide/workdir/src/dataset.rs:92:26
[INFO] [stdout]   21:     0x5b9a2266d78b - dataset::dataset_tests::test_load_csv::h083d0d3e96b91b7a
[INFO] [stdout]                                at /opt/rustwide/workdir/tests/dataset.rs:32:23
[INFO] [stdout]   22:     0x5b9a2266d747 - dataset::dataset_tests::test_load_csv::{{closure}}::h368215bef09f9850
[INFO] [stdout]                                at /opt/rustwide/workdir/tests/dataset.rs:31:23
[INFO] [stdout]   23:     0x5b9a2266c466 - core::ops::function::FnOnce::call_once::hfea531f5ad7b2a59
[INFO] [stdout]                                at /rustc/df4ca44d3fbc9301ee17f30f4d474e6ae4b05252/library/core/src/ops/function.rs:250:5
[INFO] [stdout]   24:     0x5b9a226ac2ab - core::ops::function::FnOnce::call_once::h22c3ba5715e93f05
[INFO] [stdout]                                at /rustc/df4ca44d3fbc9301ee17f30f4d474e6ae4b05252/library/core/src/ops/function.rs:250:5
[INFO] [stdout]   25:     0x5b9a226ac2ab - test::__rust_begin_short_backtrace::h8e82d8113d0da17f
[INFO] [stdout]                                at /rustc/df4ca44d3fbc9301ee17f30f4d474e6ae4b05252/library/test/src/lib.rs:621:18
[INFO] [stdout]   26:     0x5b9a226abc27 - test::run_test_in_process::{{closure}}::h33235f4f20b7b7c7
[INFO] [stdout]                                at /rustc/df4ca44d3fbc9301ee17f30f4d474e6ae4b05252/library/test/src/lib.rs:644:60
[INFO] [stdout]   27:     0x5b9a226abc27 - <core::panic::unwind_safe::AssertUnwindSafe<F> as core::ops::function::FnOnce<()>>::call_once::hb5043206310c586f
[INFO] [stdout]                                at /rustc/df4ca44d3fbc9301ee17f30f4d474e6ae4b05252/library/core/src/panic/unwind_safe.rs:272:9
[INFO] [stdout]   28:     0x5b9a226abc27 - std::panicking::try::do_call::h9ad4731a60ab23e2
[INFO] [stdout]                                at /rustc/df4ca44d3fbc9301ee17f30f4d474e6ae4b05252/library/std/src/panicking.rs:557:40
[INFO] [stdout]   29:     0x5b9a226abc27 - std::panicking::try::h3824d23db772a716
[INFO] [stdout]                                at /rustc/df4ca44d3fbc9301ee17f30f4d474e6ae4b05252/library/std/src/panicking.rs:520:19
[INFO] [stdout]   30:     0x5b9a226abc27 - std::panic::catch_unwind::h5afd514605fde46b
[INFO] [stdout]                                at /rustc/df4ca44d3fbc9301ee17f30f4d474e6ae4b05252/library/std/src/panic.rs:358:14
[INFO] [stdout]   31:     0x5b9a226abc27 - test::run_test_in_process::h0d5cbfa7067d1720
[INFO] [stdout]                                at /rustc/df4ca44d3fbc9301ee17f30f4d474e6ae4b05252/library/test/src/lib.rs:644:27
[INFO] [stdout]   32:     0x5b9a226abc27 - test::run_test::{{closure}}::h708eb8872708115d
[INFO] [stdout]                                at /rustc/df4ca44d3fbc9301ee17f30f4d474e6ae4b05252/library/test/src/lib.rs:565:43
[INFO] [stdout]   33:     0x5b9a2266f344 - test::run_test::{{closure}}::h392c51cee94713ab
[INFO] [stdout]                                at /rustc/df4ca44d3fbc9301ee17f30f4d474e6ae4b05252/library/test/src/lib.rs:595:41
[INFO] [stdout]   34:     0x5b9a2266f344 - std::sys::backtrace::__rust_begin_short_backtrace::h2f40290710935a8b
[INFO] [stdout]                                at /rustc/df4ca44d3fbc9301ee17f30f4d474e6ae4b05252/library/std/src/sys/backtrace.rs:154:18
[INFO] [stdout]   35:     0x5b9a22672aee - std::thread::Builder::spawn_unchecked_::{{closure}}::{{closure}}::h3fd968d89053a903
[INFO] [stdout]                                at /rustc/df4ca44d3fbc9301ee17f30f4d474e6ae4b05252/library/std/src/thread/mod.rs:541:17
[INFO] [stdout]   36:     0x5b9a22672aee - <core::panic::unwind_safe::AssertUnwindSafe<F> as core::ops::function::FnOnce<()>>::call_once::h743f637ba4229880
[INFO] [stdout]                                at /rustc/df4ca44d3fbc9301ee17f30f4d474e6ae4b05252/library/core/src/panic/unwind_safe.rs:272:9
[INFO] [stdout]   37:     0x5b9a22672aee - std::panicking::try::do_call::h07440897322525a6
[INFO] [stdout]                                at /rustc/df4ca44d3fbc9301ee17f30f4d474e6ae4b05252/library/std/src/panicking.rs:557:40
[INFO] [stdout]   38:     0x5b9a22672aee - std::panicking::try::he5a2e00188156637
[INFO] [stdout]                                at /rustc/df4ca44d3fbc9301ee17f30f4d474e6ae4b05252/library/std/src/panicking.rs:520:19
[INFO] [stdout]   39:     0x5b9a22672aee - std::panic::catch_unwind::hbaf3cae49b3c6433
[INFO] [stdout]                                at /rustc/df4ca44d3fbc9301ee17f30f4d474e6ae4b05252/library/std/src/panic.rs:358:14
[INFO] [stdout]   40:     0x5b9a22672aee - std::thread::Builder::spawn_unchecked_::{{closure}}::h8e141ea224820bce
[INFO] [stdout]                                at /rustc/df4ca44d3fbc9301ee17f30f4d474e6ae4b05252/library/std/src/thread/mod.rs:540:30
[INFO] [stdout]   41:     0x5b9a22672aee - core::ops::function::FnOnce::call_once{{vtable.shim}}::h90d312fedd7b8ea8
[INFO] [stdout]                                at /rustc/df4ca44d3fbc9301ee17f30f4d474e6ae4b05252/library/core/src/ops/function.rs:250:5
[INFO] [stdout]   42:     0x5b9a226f2c6b - <alloc::boxed::Box<F,A> as core::ops::function::FnOnce<Args>>::call_once::h69aa08ddb6adb8b6
[INFO] [stdout]                                at /rustc/df4ca44d3fbc9301ee17f30f4d474e6ae4b05252/library/alloc/src/boxed.rs:2454:9
[INFO] [stdout]   43:     0x5b9a226f2c6b - <alloc::boxed::Box<F,A> as core::ops::function::FnOnce<Args>>::call_once::h5aa36efdb79c806f
[INFO] [stdout]                                at /rustc/df4ca44d3fbc9301ee17f30f4d474e6ae4b05252/library/alloc/src/boxed.rs:2454:9
[INFO] [stdout]   44:     0x5b9a226f2c6b - std::sys::pal::unix::thread::Thread::new::thread_start::h6cd80a1b4be5158d
[INFO] [stdout]                                at /rustc/df4ca44d3fbc9301ee17f30f4d474e6ae4b05252/library/std/src/sys/pal/unix/thread.rs:105:17
[INFO] [stdout]   45:     0x734db557dac3 - <unknown>
[INFO] [stdout]   46:     0x734db560ea04 - clone
[INFO] [stdout]   47:                0x0 - <unknown>
[INFO] [stdout] 
[INFO] [stdout] 
[INFO] [stdout] failures:
[INFO] [stdout]     dataset_tests::test_load_csv
[INFO] [stdout] 
[INFO] [stdout] test result: FAILED. 1 passed; 1 failed; 0 ignored; 0 measured; 0 filtered out; finished in 0.01s
[INFO] [stdout] 
[INFO] [stderr] error: test failed, to rerun pass `--test dataset`
[INFO] running `Command { std: "docker" "inspect" "8b7b3871362b22f6131179a980d4feaa0de9ca3f7038ece86a24b48c0b616263", kill_on_drop: false }`
[INFO] running `Command { std: "docker" "rm" "-f" "8b7b3871362b22f6131179a980d4feaa0de9ca3f7038ece86a24b48c0b616263", kill_on_drop: false }`
[INFO] [stdout] 8b7b3871362b22f6131179a980d4feaa0de9ca3f7038ece86a24b48c0b616263
