[INFO] fetching crate neweden 0.3.3...
[INFO] testing neweden-0.3.3 against nightly-2024-10-28+rustflags=-Zrandomize-layout for randomize-layout
[INFO] extracting crate neweden 0.3.3 into /workspace/builds/worker-1-tc2/source
[INFO] validating manifest of crates.io crate neweden 0.3.3 on toolchain nightly-2024-10-28
[INFO] running `Command { std: CARGO_HOME="/workspace/cargo-home" RUSTUP_HOME="/workspace/rustup-home" "/workspace/cargo-home/bin/cargo" "+nightly-2024-10-28" "metadata" "--manifest-path" "Cargo.toml" "--no-deps", kill_on_drop: false }`
[INFO] started tweaking crates.io crate neweden 0.3.3
[INFO] finished tweaking crates.io crate neweden 0.3.3
[INFO] tweaked toml for crates.io crate neweden 0.3.3 written to /workspace/builds/worker-1-tc2/source/Cargo.toml
[INFO] running `Command { std: CARGO_HOME="/workspace/cargo-home" RUSTUP_HOME="/workspace/rustup-home" "/workspace/cargo-home/bin/cargo" "+nightly-2024-10-28" "generate-lockfile" "--manifest-path" "Cargo.toml", kill_on_drop: false }`
[INFO] [stderr]     Updating crates.io index
[INFO] [stderr]      Locking 51 packages to latest compatible versions
[INFO] [stderr]       Adding diesel v1.4.8 (available: v2.2.4)
[INFO] [stderr]       Adding rstar v0.11.0 (available: v0.12.0)
[INFO] [stderr]       Adding rusqlite v0.29.0 (available: v0.32.1)
[INFO] running `Command { std: CARGO_HOME="/workspace/cargo-home" RUSTUP_HOME="/workspace/rustup-home" "/workspace/cargo-home/bin/cargo" "+nightly-2024-10-28" "fetch" "--manifest-path" "Cargo.toml", kill_on_drop: false }`
[INFO] running `Command { std: "docker" "create" "-v" "/var/lib/crater-agent-workspace/builds/worker-1-tc2/target:/opt/rustwide/target:rw,Z" "-v" "/var/lib/crater-agent-workspace/builds/worker-1-tc2/source:/opt/rustwide/workdir:ro,Z" "-v" "/var/lib/crater-agent-workspace/cargo-home:/opt/rustwide/cargo-home:ro,Z" "-v" "/var/lib/crater-agent-workspace/rustup-home:/opt/rustwide/rustup-home:ro,Z" "-e" "SOURCE_DIR=/opt/rustwide/workdir" "-e" "CARGO_TARGET_DIR=/opt/rustwide/target" "-e" "CARGO_HOME=/opt/rustwide/cargo-home" "-e" "RUSTUP_HOME=/opt/rustwide/rustup-home" "-w" "/opt/rustwide/workdir" "-m" "1610612736" "--user" "0:0" "--network" "none" "ghcr.io/rust-lang/crates-build-env/linux@sha256:4a844ea9eb2546a2d2c7022eacef16ef2e8229c7fbb2c7d4d55a9ceca922f72d" "/opt/rustwide/cargo-home/bin/cargo" "+nightly-2024-10-28" "metadata" "--no-deps" "--format-version=1", kill_on_drop: false }`
[INFO] [stdout] f0f4a7aceed24e967af752ed29c589610b278087f2149ca6f635f6acc31f6487
[INFO] running `Command { std: "docker" "start" "-a" "f0f4a7aceed24e967af752ed29c589610b278087f2149ca6f635f6acc31f6487", kill_on_drop: false }`
[INFO] running `Command { std: "docker" "inspect" "f0f4a7aceed24e967af752ed29c589610b278087f2149ca6f635f6acc31f6487", kill_on_drop: false }`
[INFO] running `Command { std: "docker" "rm" "-f" "f0f4a7aceed24e967af752ed29c589610b278087f2149ca6f635f6acc31f6487", kill_on_drop: false }`
[INFO] [stdout] f0f4a7aceed24e967af752ed29c589610b278087f2149ca6f635f6acc31f6487
[INFO] running `Command { std: "docker" "create" "-v" "/var/lib/crater-agent-workspace/builds/worker-1-tc2/target:/opt/rustwide/target:rw,Z" "-v" "/var/lib/crater-agent-workspace/builds/worker-1-tc2/source:/opt/rustwide/workdir:ro,Z" "-v" "/var/lib/crater-agent-workspace/cargo-home:/opt/rustwide/cargo-home:ro,Z" "-v" "/var/lib/crater-agent-workspace/rustup-home:/opt/rustwide/rustup-home:ro,Z" "-e" "SOURCE_DIR=/opt/rustwide/workdir" "-e" "CARGO_TARGET_DIR=/opt/rustwide/target" "-e" "CARGO_INCREMENTAL=0" "-e" "RUST_BACKTRACE=full" "-e" "RUSTFLAGS=--cap-lints=forbid -Zrandomize-layout" "-e" "RUSTDOCFLAGS=--cap-lints=forbid" "-e" "CARGO_HOME=/opt/rustwide/cargo-home" "-e" "RUSTUP_HOME=/opt/rustwide/rustup-home" "-w" "/opt/rustwide/workdir" "-m" "1610612736" "--user" "0:0" "--network" "none" "ghcr.io/rust-lang/crates-build-env/linux@sha256:4a844ea9eb2546a2d2c7022eacef16ef2e8229c7fbb2c7d4d55a9ceca922f72d" "/opt/rustwide/cargo-home/bin/cargo" "+nightly-2024-10-28" "build" "--frozen" "--message-format=json", kill_on_drop: false }`
[INFO] [stdout] dc78e68817fbb5dc7efc7a7d1fc7690fabaac30196b261fe4b6f097e6aef6b1a
[INFO] running `Command { std: "docker" "start" "-a" "dc78e68817fbb5dc7efc7a7d1fc7690fabaac30196b261fe4b6f097e6aef6b1a", kill_on_drop: false }`
[INFO] [stderr]    Compiling autocfg v1.4.0
[INFO] [stderr]    Compiling semver v1.0.23
[INFO] [stderr]    Compiling proc-macro2 v1.0.89
[INFO] [stderr]    Compiling unicode-ident v1.0.13
[INFO] [stderr]    Compiling libm v0.2.11
[INFO] [stderr]    Compiling scopeguard v1.2.0
[INFO] [stderr]    Compiling byteorder v1.5.0
[INFO] [stderr]    Compiling thiserror v1.0.66
[INFO] [stderr]    Compiling stable_deref_trait v1.2.0
[INFO] [stderr]    Compiling equivalent v1.0.1
[INFO] [stderr]    Compiling anyhow v1.0.92
[INFO] [stderr]    Compiling hash32 v0.2.1
[INFO] [stderr]    Compiling hashbrown v0.15.0
[INFO] [stderr]    Compiling smallvec v1.13.2
[INFO] [stderr]    Compiling rustc-hash v2.0.0
[INFO] [stderr]    Compiling num-traits v0.2.19
[INFO] [stderr]    Compiling lock_api v0.4.12
[INFO] [stderr]    Compiling rustc_version v0.4.1
[INFO] [stderr]    Compiling heapless v0.7.17
[INFO] [stderr]    Compiling spin v0.9.8
[INFO] [stderr]    Compiling quote v1.0.37
[INFO] [stderr]    Compiling indexmap v2.6.0
[INFO] [stderr]    Compiling syn v2.0.86
[INFO] [stderr]    Compiling integer-sqrt v0.1.5
[INFO] [stderr]    Compiling rstar v0.11.0
[INFO] [stderr]    Compiling thiserror-impl v1.0.66
[INFO] [stderr]    Compiling deprecate-until v0.1.1
[INFO] [stderr]    Compiling pathfinding v4.11.0
[INFO] [stderr]    Compiling neweden v0.3.3 (/opt/rustwide/workdir)
[INFO] [stdout] warning: unexpected `cfg` condition value: `rpc`
[INFO] [stdout]   --> src/source/mod.rs:12:7
[INFO] [stdout]    |
[INFO] [stdout] 12 | #[cfg(feature = "rpc")]
[INFO] [stdout]    |       ^^^^^^^^^^^^^^^
[INFO] [stdout]    |
[INFO] [stdout]    = note: expected values for `feature` are: `diesel`, `postgres`, `rusqlite`, and `sqlite`
[INFO] [stdout]    = help: consider adding `rpc` as a feature in `Cargo.toml`
[INFO] [stdout]    = note: see <https://doc.rust-lang.org/nightly/rustc/check-cfg/cargo-specifics.html> for more information about checking conditional configuration
[INFO] [stdout]    = note: `#[warn(unexpected_cfgs)]` on by default
[INFO] [stdout] 
[INFO] [stdout] 
[INFO] [stderr]     Finished `dev` profile [unoptimized + debuginfo] target(s) in 9.48s
[INFO] running `Command { std: "docker" "inspect" "dc78e68817fbb5dc7efc7a7d1fc7690fabaac30196b261fe4b6f097e6aef6b1a", kill_on_drop: false }`
[INFO] running `Command { std: "docker" "rm" "-f" "dc78e68817fbb5dc7efc7a7d1fc7690fabaac30196b261fe4b6f097e6aef6b1a", kill_on_drop: false }`
[INFO] [stdout] dc78e68817fbb5dc7efc7a7d1fc7690fabaac30196b261fe4b6f097e6aef6b1a
[INFO] running `Command { std: "docker" "create" "-v" "/var/lib/crater-agent-workspace/builds/worker-1-tc2/target:/opt/rustwide/target:rw,Z" "-v" "/var/lib/crater-agent-workspace/builds/worker-1-tc2/source:/opt/rustwide/workdir:ro,Z" "-v" "/var/lib/crater-agent-workspace/cargo-home:/opt/rustwide/cargo-home:ro,Z" "-v" "/var/lib/crater-agent-workspace/rustup-home:/opt/rustwide/rustup-home:ro,Z" "-e" "SOURCE_DIR=/opt/rustwide/workdir" "-e" "CARGO_TARGET_DIR=/opt/rustwide/target" "-e" "CARGO_INCREMENTAL=0" "-e" "RUST_BACKTRACE=full" "-e" "RUSTFLAGS=--cap-lints=forbid -Zrandomize-layout" "-e" "RUSTDOCFLAGS=--cap-lints=forbid" "-e" "CARGO_HOME=/opt/rustwide/cargo-home" "-e" "RUSTUP_HOME=/opt/rustwide/rustup-home" "-w" "/opt/rustwide/workdir" "-m" "1610612736" "--user" "0:0" "--network" "none" "ghcr.io/rust-lang/crates-build-env/linux@sha256:4a844ea9eb2546a2d2c7022eacef16ef2e8229c7fbb2c7d4d55a9ceca922f72d" "/opt/rustwide/cargo-home/bin/cargo" "+nightly-2024-10-28" "test" "--frozen" "--no-run" "--message-format=json", kill_on_drop: false }`
[INFO] [stdout] ca92b78c9b58471899e65ba7e36c030ec6fda47c6bfd1a8c3b3ac8f1d5e2a94f
[INFO] running `Command { std: "docker" "start" "-a" "ca92b78c9b58471899e65ba7e36c030ec6fda47c6bfd1a8c3b3ac8f1d5e2a94f", kill_on_drop: false }`
[INFO] [stdout] warning: unexpected `cfg` condition value: `rpc`
[INFO] [stdout]   --> src/source/mod.rs:12:7
[INFO] [stdout]    |
[INFO] [stdout] 12 | #[cfg(feature = "rpc")]
[INFO] [stdout]    |       ^^^^^^^^^^^^^^^
[INFO] [stdout]    |
[INFO] [stdout]    = note: expected values for `feature` are: `diesel`, `postgres`, `rusqlite`, and `sqlite`
[INFO] [stdout]    = help: consider adding `rpc` as a feature in `Cargo.toml`
[INFO] [stdout]    = note: see <https://doc.rust-lang.org/nightly/rustc/check-cfg/cargo-specifics.html> for more information about checking conditional configuration
[INFO] [stdout]    = note: `#[warn(unexpected_cfgs)]` on by default
[INFO] [stdout] 
[INFO] [stdout] 
[INFO] [stderr]    Compiling neweden v0.3.3 (/opt/rustwide/workdir)
[INFO] [stdout] warning: unexpected `cfg` condition value: `rpc`
[INFO] [stdout]   --> src/source/mod.rs:12:7
[INFO] [stdout]    |
[INFO] [stdout] 12 | #[cfg(feature = "rpc")]
[INFO] [stdout]    |       ^^^^^^^^^^^^^^^
[INFO] [stdout]    |
[INFO] [stdout]    = note: expected values for `feature` are: `diesel`, `postgres`, `rusqlite`, and `sqlite`
[INFO] [stdout]    = help: consider adding `rpc` as a feature in `Cargo.toml`
[INFO] [stdout]    = note: see <https://doc.rust-lang.org/nightly/rustc/check-cfg/cargo-specifics.html> for more information about checking conditional configuration
[INFO] [stdout]    = note: `#[warn(unexpected_cfgs)]` on by default
[INFO] [stdout] 
[INFO] [stdout] 
[INFO] [stderr]     Finished `test` profile [unoptimized + debuginfo] target(s) in 0.42s
[INFO] running `Command { std: "docker" "inspect" "ca92b78c9b58471899e65ba7e36c030ec6fda47c6bfd1a8c3b3ac8f1d5e2a94f", kill_on_drop: false }`
[INFO] running `Command { std: "docker" "rm" "-f" "ca92b78c9b58471899e65ba7e36c030ec6fda47c6bfd1a8c3b3ac8f1d5e2a94f", kill_on_drop: false }`
[INFO] [stdout] ca92b78c9b58471899e65ba7e36c030ec6fda47c6bfd1a8c3b3ac8f1d5e2a94f
[INFO] running `Command { std: "docker" "create" "-v" "/var/lib/crater-agent-workspace/builds/worker-1-tc2/target:/opt/rustwide/target:rw,Z" "-v" "/var/lib/crater-agent-workspace/builds/worker-1-tc2/source:/opt/rustwide/workdir:ro,Z" "-v" "/var/lib/crater-agent-workspace/cargo-home:/opt/rustwide/cargo-home:ro,Z" "-v" "/var/lib/crater-agent-workspace/rustup-home:/opt/rustwide/rustup-home:ro,Z" "-e" "SOURCE_DIR=/opt/rustwide/workdir" "-e" "CARGO_TARGET_DIR=/opt/rustwide/target" "-e" "CARGO_INCREMENTAL=0" "-e" "RUST_BACKTRACE=full" "-e" "RUSTFLAGS=--cap-lints=forbid -Zrandomize-layout" "-e" "RUSTDOCFLAGS=--cap-lints=forbid" "-e" "CARGO_HOME=/opt/rustwide/cargo-home" "-e" "RUSTUP_HOME=/opt/rustwide/rustup-home" "-w" "/opt/rustwide/workdir" "-m" "1610612736" "--user" "0:0" "--network" "none" "ghcr.io/rust-lang/crates-build-env/linux@sha256:4a844ea9eb2546a2d2c7022eacef16ef2e8229c7fbb2c7d4d55a9ceca922f72d" "/opt/rustwide/cargo-home/bin/cargo" "+nightly-2024-10-28" "test" "--frozen", kill_on_drop: false }`
[INFO] [stdout] dba7d942e512b7514ab5b6bababca4ce83c7bdf775a27393bc173be56971717c
[INFO] running `Command { std: "docker" "start" "-a" "dba7d942e512b7514ab5b6bababca4ce83c7bdf775a27393bc173be56971717c", kill_on_drop: false }`
[INFO] [stderr] warning: unexpected `cfg` condition value: `rpc`
[INFO] [stderr]   --> src/source/mod.rs:12:7
[INFO] [stderr]    |
[INFO] [stderr] 12 | #[cfg(feature = "rpc")]
[INFO] [stderr]    |       ^^^^^^^^^^^^^^^
[INFO] [stderr]    |
[INFO] [stderr]    = note: expected values for `feature` are: `diesel`, `postgres`, `rusqlite`, and `sqlite`
[INFO] [stderr]    = help: consider adding `rpc` as a feature in `Cargo.toml`
[INFO] [stderr]    = note: see <https://doc.rust-lang.org/nightly/rustc/check-cfg/cargo-specifics.html> for more information about checking conditional configuration
[INFO] [stderr]    = note: `#[warn(unexpected_cfgs)]` on by default
[INFO] [stderr] 
[INFO] [stderr] warning: `neweden` (lib) generated 1 warning
[INFO] [stderr] warning: `neweden` (lib test) generated 1 warning (1 duplicate)
[INFO] [stderr]     Finished `test` profile [unoptimized + debuginfo] target(s) in 0.06s
[INFO] [stderr]      Running unittests src/lib.rs (/opt/rustwide/target/debug/deps/neweden-f4f3ec7796b7d9d8)
[INFO] [stdout] 
[INFO] [stdout] running 2 tests
[INFO] [stderr]    Doc-tests neweden
[INFO] [stdout] test tests::it_works ... ok
[INFO] [stdout] test types::tests::test_ship_range_calculation ... ok
[INFO] [stdout] 
[INFO] [stdout] test result: ok. 2 passed; 0 failed; 0 ignored; 0 measured; 0 filtered out; finished in 0.00s
[INFO] [stdout] 
[INFO] [stdout] 
[INFO] [stdout] running 7 tests
[INFO] [stdout] test src/types.rs - types::Universe (line 426) ... FAILED
[INFO] [stdout] test src/types.rs - types::ExtendedUniverse (line 558) ... FAILED
[INFO] [stdout] test src/types.rs - types::BridgeType (line 115) ... ok
[INFO] [stdout] test src/types.rs - types::JumpdriveShip (line 162) ... ok
[INFO] [stdout] test src/types.rs - types::SystemId (line 11) ... ok
[INFO] [stdout] test src/types.rs - types::SecurityClass (line 49) ... ok
[INFO] [stdout] test src/types.rs - types::SystemClass (line 227) ... ok
[INFO] [stdout] 
[INFO] [stdout] failures:
[INFO] [stdout] 
[INFO] [stdout] ---- src/types.rs - types::Universe (line 426) stdout ----
[INFO] [stdout] error[E0432]: unresolved import `neweden::source::sqlite`
[INFO] [stdout]   --> src/types.rs:429:22
[INFO] [stdout]    |
[INFO] [stdout] 6  | use neweden::source::sqlite::DatabaseBuilder;
[INFO] [stdout]    |                      ^^^^^^ could not find `sqlite` in `source`
[INFO] [stdout]    |
[INFO] [stdout] note: found an item that was configured out
[INFO] [stdout]   --> /opt/rustwide/workdir/src/source/mod.rs:10:9
[INFO] [stdout]    |
[INFO] [stdout] 10 | pub mod sqlite;
[INFO] [stdout]    |         ^^^^^^
[INFO] [stdout] note: the item is gated behind the `sqlite` feature
[INFO] [stdout]   --> /opt/rustwide/workdir/src/source/mod.rs:9:7
[INFO] [stdout]    |
[INFO] [stdout] 9  | #[cfg(feature = "sqlite")]
[INFO] [stdout]    |       ^^^^^^^^^^^^^^^^^^
[INFO] [stdout] 
[INFO] [stdout] error: aborting due to 1 previous error
[INFO] [stdout] 
[INFO] [stdout] For more information about this error, try `rustc --explain E0432`.
[INFO] [stdout] Couldn't compile the test.
[INFO] [stdout] ---- src/types.rs - types::ExtendedUniverse (line 558) stdout ----
[INFO] [stdout] error[E0432]: unresolved import `neweden::source::sqlite`
[INFO] [stdout]   --> src/types.rs:561:22
[INFO] [stdout]    |
[INFO] [stdout] 6  | use neweden::source::sqlite::DatabaseBuilder;
[INFO] [stdout]    |                      ^^^^^^ could not find `sqlite` in `source`
[INFO] [stdout]    |
[INFO] [stdout] note: found an item that was configured out
[INFO] [stdout]   --> /opt/rustwide/workdir/src/source/mod.rs:10:9
[INFO] [stdout]    |
[INFO] [stdout] 10 | pub mod sqlite;
[INFO] [stdout]    |         ^^^^^^
[INFO] [stdout] note: the item is gated behind the `sqlite` feature
[INFO] [stdout]   --> /opt/rustwide/workdir/src/source/mod.rs:9:7
[INFO] [stdout]    |
[INFO] [stdout] 9  | #[cfg(feature = "sqlite")]
[INFO] [stdout]    |       ^^^^^^^^^^^^^^^^^^
[INFO] [stdout] 
[INFO] [stdout] error[E0599]: no method named `collect` found for enum `Option<neweden::navigation::Path<'_>>` in the current scope
[INFO] [stdout]   --> src/types.rs:578:6
[INFO] [stdout]    |
[INFO] [stdout] 19 |   let path = PathBuilder::new(&extended)
[INFO] [stdout]    |  ____________-
[INFO] [stdout] 20 | |     .waypoint(extended.get_system(&30002718.into()).unwrap()) // from Rancer
[INFO] [stdout] 21 | |     .waypoint(extended.get_system(&30000049.into()).unwrap()) // to Camal
[INFO] [stdout] 22 | |     .build() // returns an iterator
[INFO] [stdout] 23 | |     .collect::<Vec<_>>();
[INFO] [stdout]    | |     -^^^^^^^ `Option<neweden::navigation::Path<'_>>` is not an iterator
[INFO] [stdout]    | |_____|
[INFO] [stdout]    |
[INFO] [stdout]    |
[INFO] [stdout] help: call `.into_iter()` first
[INFO] [stdout]    |
[INFO] [stdout] 23 |     .into_iter().collect::<Vec<_>>();
[INFO] [stdout]    |      ++++++++++++
[INFO] [stdout] 
[INFO] [stdout] error: aborting due to 2 previous errors
[INFO] [stdout] 
[INFO] [stdout] Some errors have detailed explanations: E0432, E0599.
[INFO] [stdout] For more information about an error, try `rustc --explain E0432`.
[INFO] [stdout] Couldn't compile the test.
[INFO] [stdout] 
[INFO] [stdout] failures:
[INFO] [stdout]     src/types.rs - types::ExtendedUniverse (line 558)
[INFO] [stdout]     src/types.rs - types::Universe (line 426)
[INFO] [stdout] 
[INFO] [stdout] test result: FAILED. 5 passed; 2 failed; 0 ignored; 0 measured; 0 filtered out; finished in 0.50s
[INFO] [stdout] 
[INFO] [stderr] error: doctest failed, to rerun pass `--doc`
[INFO] running `Command { std: "docker" "inspect" "dba7d942e512b7514ab5b6bababca4ce83c7bdf775a27393bc173be56971717c", kill_on_drop: false }`
[INFO] running `Command { std: "docker" "rm" "-f" "dba7d942e512b7514ab5b6bababca4ce83c7bdf775a27393bc173be56971717c", kill_on_drop: false }`
[INFO] [stdout] dba7d942e512b7514ab5b6bababca4ce83c7bdf775a27393bc173be56971717c
