[INFO] fetching crate new_project_2 0.1.0...
[INFO] testing new_project_2-0.1.0 against nightly-2024-10-28+rustflags=-Zrandomize-layout for randomize-layout
[INFO] extracting crate new_project_2 0.1.0 into /workspace/builds/worker-7-tc2/source
[INFO] validating manifest of crates.io crate new_project_2 0.1.0 on toolchain nightly-2024-10-28
[INFO] running `Command { std: CARGO_HOME="/workspace/cargo-home" RUSTUP_HOME="/workspace/rustup-home" "/workspace/cargo-home/bin/cargo" "+nightly-2024-10-28" "metadata" "--manifest-path" "Cargo.toml" "--no-deps", kill_on_drop: false }`
[INFO] started tweaking crates.io crate new_project_2 0.1.0
[INFO] finished tweaking crates.io crate new_project_2 0.1.0
[INFO] tweaked toml for crates.io crate new_project_2 0.1.0 written to /workspace/builds/worker-7-tc2/source/Cargo.toml
[INFO] crate crates.io crate new_project_2 0.1.0 already has a lockfile, it will not be regenerated
[INFO] running `Command { std: CARGO_HOME="/workspace/cargo-home" RUSTUP_HOME="/workspace/rustup-home" "/workspace/cargo-home/bin/cargo" "+nightly-2024-10-28" "fetch" "--manifest-path" "Cargo.toml", kill_on_drop: false }`
[INFO] running `Command { std: "docker" "create" "-v" "/var/lib/crater-agent-workspace/builds/worker-7-tc2/target:/opt/rustwide/target:rw,Z" "-v" "/var/lib/crater-agent-workspace/builds/worker-7-tc2/source:/opt/rustwide/workdir:ro,Z" "-v" "/var/lib/crater-agent-workspace/cargo-home:/opt/rustwide/cargo-home:ro,Z" "-v" "/var/lib/crater-agent-workspace/rustup-home:/opt/rustwide/rustup-home:ro,Z" "-e" "SOURCE_DIR=/opt/rustwide/workdir" "-e" "CARGO_TARGET_DIR=/opt/rustwide/target" "-e" "CARGO_HOME=/opt/rustwide/cargo-home" "-e" "RUSTUP_HOME=/opt/rustwide/rustup-home" "-w" "/opt/rustwide/workdir" "-m" "1610612736" "--user" "0:0" "--network" "none" "ghcr.io/rust-lang/crates-build-env/linux@sha256:4a844ea9eb2546a2d2c7022eacef16ef2e8229c7fbb2c7d4d55a9ceca922f72d" "/opt/rustwide/cargo-home/bin/cargo" "+nightly-2024-10-28" "metadata" "--no-deps" "--format-version=1", kill_on_drop: false }`
[INFO] [stdout] f4b02e7790e1cbbb9d668cb6cc5673d4427d95a9f5d5ebec9048fa9dda0a4940
[INFO] running `Command { std: "docker" "start" "-a" "f4b02e7790e1cbbb9d668cb6cc5673d4427d95a9f5d5ebec9048fa9dda0a4940", kill_on_drop: false }`
[INFO] running `Command { std: "docker" "inspect" "f4b02e7790e1cbbb9d668cb6cc5673d4427d95a9f5d5ebec9048fa9dda0a4940", kill_on_drop: false }`
[INFO] running `Command { std: "docker" "rm" "-f" "f4b02e7790e1cbbb9d668cb6cc5673d4427d95a9f5d5ebec9048fa9dda0a4940", kill_on_drop: false }`
[INFO] [stdout] f4b02e7790e1cbbb9d668cb6cc5673d4427d95a9f5d5ebec9048fa9dda0a4940
[INFO] running `Command { std: "docker" "create" "-v" "/var/lib/crater-agent-workspace/builds/worker-7-tc2/target:/opt/rustwide/target:rw,Z" "-v" "/var/lib/crater-agent-workspace/builds/worker-7-tc2/source:/opt/rustwide/workdir:ro,Z" "-v" "/var/lib/crater-agent-workspace/cargo-home:/opt/rustwide/cargo-home:ro,Z" "-v" "/var/lib/crater-agent-workspace/rustup-home:/opt/rustwide/rustup-home:ro,Z" "-e" "SOURCE_DIR=/opt/rustwide/workdir" "-e" "CARGO_TARGET_DIR=/opt/rustwide/target" "-e" "CARGO_INCREMENTAL=0" "-e" "RUST_BACKTRACE=full" "-e" "RUSTFLAGS=--cap-lints=forbid -Zrandomize-layout" "-e" "RUSTDOCFLAGS=--cap-lints=forbid" "-e" "CARGO_HOME=/opt/rustwide/cargo-home" "-e" "RUSTUP_HOME=/opt/rustwide/rustup-home" "-w" "/opt/rustwide/workdir" "-m" "1610612736" "--user" "0:0" "--network" "none" "ghcr.io/rust-lang/crates-build-env/linux@sha256:4a844ea9eb2546a2d2c7022eacef16ef2e8229c7fbb2c7d4d55a9ceca922f72d" "/opt/rustwide/cargo-home/bin/cargo" "+nightly-2024-10-28" "build" "--frozen" "--message-format=json", kill_on_drop: false }`
[INFO] [stdout] 07f33a26eb391a337965639b7bd836bc5432bb09c84874b6d5d87c3c9a22fcce
[INFO] running `Command { std: "docker" "start" "-a" "07f33a26eb391a337965639b7bd836bc5432bb09c84874b6d5d87c3c9a22fcce", kill_on_drop: false }`
[INFO] [stderr]    Compiling new_project_2 v0.1.0 (/opt/rustwide/workdir)
[INFO] [stderr]     Finished `dev` profile [unoptimized + debuginfo] target(s) in 0.23s
[INFO] running `Command { std: "docker" "inspect" "07f33a26eb391a337965639b7bd836bc5432bb09c84874b6d5d87c3c9a22fcce", kill_on_drop: false }`
[INFO] running `Command { std: "docker" "rm" "-f" "07f33a26eb391a337965639b7bd836bc5432bb09c84874b6d5d87c3c9a22fcce", kill_on_drop: false }`
[INFO] [stdout] 07f33a26eb391a337965639b7bd836bc5432bb09c84874b6d5d87c3c9a22fcce
[INFO] running `Command { std: "docker" "create" "-v" "/var/lib/crater-agent-workspace/builds/worker-7-tc2/target:/opt/rustwide/target:rw,Z" "-v" "/var/lib/crater-agent-workspace/builds/worker-7-tc2/source:/opt/rustwide/workdir:ro,Z" "-v" "/var/lib/crater-agent-workspace/cargo-home:/opt/rustwide/cargo-home:ro,Z" "-v" "/var/lib/crater-agent-workspace/rustup-home:/opt/rustwide/rustup-home:ro,Z" "-e" "SOURCE_DIR=/opt/rustwide/workdir" "-e" "CARGO_TARGET_DIR=/opt/rustwide/target" "-e" "CARGO_INCREMENTAL=0" "-e" "RUST_BACKTRACE=full" "-e" "RUSTFLAGS=--cap-lints=forbid -Zrandomize-layout" "-e" "RUSTDOCFLAGS=--cap-lints=forbid" "-e" "CARGO_HOME=/opt/rustwide/cargo-home" "-e" "RUSTUP_HOME=/opt/rustwide/rustup-home" "-w" "/opt/rustwide/workdir" "-m" "1610612736" "--user" "0:0" "--network" "none" "ghcr.io/rust-lang/crates-build-env/linux@sha256:4a844ea9eb2546a2d2c7022eacef16ef2e8229c7fbb2c7d4d55a9ceca922f72d" "/opt/rustwide/cargo-home/bin/cargo" "+nightly-2024-10-28" "test" "--frozen" "--no-run" "--message-format=json", kill_on_drop: false }`
[INFO] [stdout] b6eb4f3ab25bdfd0b1f93696b6285cb0dd1ff12e56de6ad8e88703a7de2c2c2d
[INFO] running `Command { std: "docker" "start" "-a" "b6eb4f3ab25bdfd0b1f93696b6285cb0dd1ff12e56de6ad8e88703a7de2c2c2d", kill_on_drop: false }`
[INFO] [stderr]    Compiling new_project_2 v0.1.0 (/opt/rustwide/workdir)
[INFO] [stderr]     Finished `test` profile [unoptimized + debuginfo] target(s) in 0.29s
[INFO] running `Command { std: "docker" "inspect" "b6eb4f3ab25bdfd0b1f93696b6285cb0dd1ff12e56de6ad8e88703a7de2c2c2d", kill_on_drop: false }`
[INFO] running `Command { std: "docker" "rm" "-f" "b6eb4f3ab25bdfd0b1f93696b6285cb0dd1ff12e56de6ad8e88703a7de2c2c2d", kill_on_drop: false }`
[INFO] [stdout] b6eb4f3ab25bdfd0b1f93696b6285cb0dd1ff12e56de6ad8e88703a7de2c2c2d
[INFO] running `Command { std: "docker" "create" "-v" "/var/lib/crater-agent-workspace/builds/worker-7-tc2/target:/opt/rustwide/target:rw,Z" "-v" "/var/lib/crater-agent-workspace/builds/worker-7-tc2/source:/opt/rustwide/workdir:ro,Z" "-v" "/var/lib/crater-agent-workspace/cargo-home:/opt/rustwide/cargo-home:ro,Z" "-v" "/var/lib/crater-agent-workspace/rustup-home:/opt/rustwide/rustup-home:ro,Z" "-e" "SOURCE_DIR=/opt/rustwide/workdir" "-e" "CARGO_TARGET_DIR=/opt/rustwide/target" "-e" "CARGO_INCREMENTAL=0" "-e" "RUST_BACKTRACE=full" "-e" "RUSTFLAGS=--cap-lints=forbid -Zrandomize-layout" "-e" "RUSTDOCFLAGS=--cap-lints=forbid" "-e" "CARGO_HOME=/opt/rustwide/cargo-home" "-e" "RUSTUP_HOME=/opt/rustwide/rustup-home" "-w" "/opt/rustwide/workdir" "-m" "1610612736" "--user" "0:0" "--network" "none" "ghcr.io/rust-lang/crates-build-env/linux@sha256:4a844ea9eb2546a2d2c7022eacef16ef2e8229c7fbb2c7d4d55a9ceca922f72d" "/opt/rustwide/cargo-home/bin/cargo" "+nightly-2024-10-28" "test" "--frozen", kill_on_drop: false }`
[INFO] [stdout] eaaf2e5c06499f1e20dae866ee28431207a37f7d4bc6cec9a7ddad6330db0040
[INFO] running `Command { std: "docker" "start" "-a" "eaaf2e5c06499f1e20dae866ee28431207a37f7d4bc6cec9a7ddad6330db0040", kill_on_drop: false }`
[INFO] [stderr]     Finished `test` profile [unoptimized + debuginfo] target(s) in 0.01s
[INFO] [stderr]      Running unittests src/lib.rs (/opt/rustwide/target/debug/deps/new_project_2-9effbb3083c0d092)
[INFO] [stdout] 
[INFO] [stdout] running 0 tests
[INFO] [stdout] 
[INFO] [stdout] test result: ok. 0 passed; 0 failed; 0 ignored; 0 measured; 0 filtered out; finished in 0.00s
[INFO] [stdout] 
[INFO] [stderr]      Running unittests src/main.rs (/opt/rustwide/target/debug/deps/new_project_2-b0beef94b4a2b18d)
[INFO] [stdout] 
[INFO] [stdout] running 0 tests
[INFO] [stdout] 
[INFO] [stdout] test result: ok. 0 passed; 0 failed; 0 ignored; 0 measured; 0 filtered out; finished in 0.00s
[INFO] [stdout] 
[INFO] [stderr]    Doc-tests new_project_2
[INFO] [stdout] 
[INFO] [stdout] running 2 tests
[INFO] [stdout] test src/lib.rs - cube (line 36) ... FAILED
[INFO] [stdout] test src/lib.rs - square (line 19) ... FAILED
[INFO] [stdout] 
[INFO] [stdout] failures:
[INFO] [stdout] 
[INFO] [stdout] ---- src/lib.rs - cube (line 36) stdout ----
[INFO] [stdout] error[E0433]: failed to resolve: use of undeclared crate or module `new_project`
[INFO] [stdout]  --> src/lib.rs:38:14
[INFO] [stdout]   |
[INFO] [stdout] 4 | let answer = new_project::cube(n);
[INFO] [stdout]   |              ^^^^^^^^^^^ use of undeclared crate or module `new_project`
[INFO] [stdout]   |
[INFO] [stdout] help: there is a crate or module with a similar name
[INFO] [stdout]   |
[INFO] [stdout] 4 | let answer = new_project_2::cube(n);
[INFO] [stdout]   |              ~~~~~~~~~~~~~
[INFO] [stdout] 
[INFO] [stdout] error: aborting due to 1 previous error
[INFO] [stdout] 
[INFO] [stdout] For more information about this error, try `rustc --explain E0433`.
[INFO] [stdout] Couldn't compile the test.
[INFO] [stdout] ---- src/lib.rs - square (line 19) stdout ----
[INFO] [stdout] error[E0433]: failed to resolve: use of undeclared crate or module `new_project`
[INFO] [stdout]  --> src/lib.rs:21:14
[INFO] [stdout]   |
[INFO] [stdout] 4 | let answer = new_project::square(n);
[INFO] [stdout]   |              ^^^^^^^^^^^ use of undeclared crate or module `new_project`
[INFO] [stdout]   |
[INFO] [stdout] help: there is a crate or module with a similar name
[INFO] [stdout]   |
[INFO] [stdout] 4 | let answer = new_project_2::square(n);
[INFO] [stdout]   |              ~~~~~~~~~~~~~
[INFO] [stdout] 
[INFO] [stdout] error: aborting due to 1 previous error
[INFO] [stdout] 
[INFO] [stdout] For more information about this error, try `rustc --explain E0433`.
[INFO] [stdout] Couldn't compile the test.
[INFO] [stdout] 
[INFO] [stdout] failures:
[INFO] [stdout]     src/lib.rs - cube (line 36)
[INFO] [stdout]     src/lib.rs - square (line 19)
[INFO] [stdout] 
[INFO] [stdout] test result: FAILED. 0 passed; 2 failed; 0 ignored; 0 measured; 0 filtered out; finished in 0.10s
[INFO] [stdout] 
[INFO] [stderr] error: doctest failed, to rerun pass `--doc`
[INFO] running `Command { std: "docker" "inspect" "eaaf2e5c06499f1e20dae866ee28431207a37f7d4bc6cec9a7ddad6330db0040", kill_on_drop: false }`
[INFO] running `Command { std: "docker" "rm" "-f" "eaaf2e5c06499f1e20dae866ee28431207a37f7d4bc6cec9a7ddad6330db0040", kill_on_drop: false }`
[INFO] [stdout] eaaf2e5c06499f1e20dae866ee28431207a37f7d4bc6cec9a7ddad6330db0040
