[INFO] fetching crate new-pkl 0.1.1...
[INFO] testing new-pkl-0.1.1 against nightly-2024-10-28 for randomize-layout
[INFO] extracting crate new-pkl 0.1.1 into /workspace/builds/worker-3-tc1/source
[INFO] validating manifest of crates.io crate new-pkl 0.1.1 on toolchain nightly-2024-10-28
[INFO] running `Command { std: CARGO_HOME="/workspace/cargo-home" RUSTUP_HOME="/workspace/rustup-home" "/workspace/cargo-home/bin/cargo" "+nightly-2024-10-28" "metadata" "--manifest-path" "Cargo.toml" "--no-deps", kill_on_drop: false }`
[INFO] started tweaking crates.io crate new-pkl 0.1.1
[INFO] finished tweaking crates.io crate new-pkl 0.1.1
[INFO] tweaked toml for crates.io crate new-pkl 0.1.1 written to /workspace/builds/worker-3-tc1/source/Cargo.toml
[INFO] crate crates.io crate new-pkl 0.1.1 already has a lockfile, it will not be regenerated
[INFO] running `Command { std: CARGO_HOME="/workspace/cargo-home" RUSTUP_HOME="/workspace/rustup-home" "/workspace/cargo-home/bin/cargo" "+nightly-2024-10-28" "fetch" "--manifest-path" "Cargo.toml", kill_on_drop: false }`
[INFO] [stderr]  Downloading crates ...
[INFO] [stderr]   Downloaded logos-derive v0.14.0
[INFO] [stderr]   Downloaded logos-codegen v0.14.0
[INFO] [stderr]   Downloaded logos v0.14.0
[INFO] running `Command { std: "docker" "create" "-v" "/var/lib/crater-agent-workspace/builds/worker-3-tc1/target:/opt/rustwide/target:rw,Z" "-v" "/var/lib/crater-agent-workspace/builds/worker-3-tc1/source:/opt/rustwide/workdir:ro,Z" "-v" "/var/lib/crater-agent-workspace/cargo-home:/opt/rustwide/cargo-home:ro,Z" "-v" "/var/lib/crater-agent-workspace/rustup-home:/opt/rustwide/rustup-home:ro,Z" "-e" "SOURCE_DIR=/opt/rustwide/workdir" "-e" "CARGO_TARGET_DIR=/opt/rustwide/target" "-e" "CARGO_HOME=/opt/rustwide/cargo-home" "-e" "RUSTUP_HOME=/opt/rustwide/rustup-home" "-w" "/opt/rustwide/workdir" "-m" "1610612736" "--user" "0:0" "--network" "none" "ghcr.io/rust-lang/crates-build-env/linux@sha256:4a844ea9eb2546a2d2c7022eacef16ef2e8229c7fbb2c7d4d55a9ceca922f72d" "/opt/rustwide/cargo-home/bin/cargo" "+nightly-2024-10-28" "metadata" "--no-deps" "--format-version=1", kill_on_drop: false }`
[INFO] [stdout] bd697bf6a720a42018b12d2474771719843b9e4f141dfa68da92c169c5232918
[INFO] running `Command { std: "docker" "start" "-a" "bd697bf6a720a42018b12d2474771719843b9e4f141dfa68da92c169c5232918", kill_on_drop: false }`
[INFO] running `Command { std: "docker" "inspect" "bd697bf6a720a42018b12d2474771719843b9e4f141dfa68da92c169c5232918", kill_on_drop: false }`
[INFO] running `Command { std: "docker" "rm" "-f" "bd697bf6a720a42018b12d2474771719843b9e4f141dfa68da92c169c5232918", kill_on_drop: false }`
[INFO] [stdout] bd697bf6a720a42018b12d2474771719843b9e4f141dfa68da92c169c5232918
[INFO] running `Command { std: "docker" "create" "-v" "/var/lib/crater-agent-workspace/builds/worker-3-tc1/target:/opt/rustwide/target:rw,Z" "-v" "/var/lib/crater-agent-workspace/builds/worker-3-tc1/source:/opt/rustwide/workdir:ro,Z" "-v" "/var/lib/crater-agent-workspace/cargo-home:/opt/rustwide/cargo-home:ro,Z" "-v" "/var/lib/crater-agent-workspace/rustup-home:/opt/rustwide/rustup-home:ro,Z" "-e" "SOURCE_DIR=/opt/rustwide/workdir" "-e" "CARGO_TARGET_DIR=/opt/rustwide/target" "-e" "CARGO_INCREMENTAL=0" "-e" "RUST_BACKTRACE=full" "-e" "RUSTFLAGS=--cap-lints=forbid" "-e" "RUSTDOCFLAGS=--cap-lints=forbid" "-e" "CARGO_HOME=/opt/rustwide/cargo-home" "-e" "RUSTUP_HOME=/opt/rustwide/rustup-home" "-w" "/opt/rustwide/workdir" "-m" "1610612736" "--user" "0:0" "--network" "none" "ghcr.io/rust-lang/crates-build-env/linux@sha256:4a844ea9eb2546a2d2c7022eacef16ef2e8229c7fbb2c7d4d55a9ceca922f72d" "/opt/rustwide/cargo-home/bin/cargo" "+nightly-2024-10-28" "build" "--frozen" "--message-format=json", kill_on_drop: false }`
[INFO] [stdout] cd139782a4689c58f8eeebdbf21716c3d5f8a9c18b9c75abef6843f7d907801a
[INFO] running `Command { std: "docker" "start" "-a" "cd139782a4689c58f8eeebdbf21716c3d5f8a9c18b9c75abef6843f7d907801a", kill_on_drop: false }`
[INFO] [stderr]    Compiling proc-macro2 v1.0.85
[INFO] [stderr]    Compiling regex-syntax v0.8.4
[INFO] [stderr]    Compiling fnv v1.0.7
[INFO] [stderr]    Compiling beef v0.5.2
[INFO] [stderr]    Compiling lazy_static v1.4.0
[INFO] [stderr]    Compiling quote v1.0.36
[INFO] [stderr]    Compiling syn v2.0.66
[INFO] [stderr]    Compiling logos-codegen v0.14.0
[INFO] [stderr]    Compiling logos-derive v0.14.0
[INFO] [stderr]    Compiling logos v0.14.0
[INFO] [stderr]    Compiling new-pkl v0.1.1 (/opt/rustwide/workdir)
[INFO] [stderr]     Finished `dev` profile [unoptimized + debuginfo] target(s) in 5.54s
[INFO] running `Command { std: "docker" "inspect" "cd139782a4689c58f8eeebdbf21716c3d5f8a9c18b9c75abef6843f7d907801a", kill_on_drop: false }`
[INFO] running `Command { std: "docker" "rm" "-f" "cd139782a4689c58f8eeebdbf21716c3d5f8a9c18b9c75abef6843f7d907801a", kill_on_drop: false }`
[INFO] [stdout] cd139782a4689c58f8eeebdbf21716c3d5f8a9c18b9c75abef6843f7d907801a
[INFO] running `Command { std: "docker" "create" "-v" "/var/lib/crater-agent-workspace/builds/worker-3-tc1/target:/opt/rustwide/target:rw,Z" "-v" "/var/lib/crater-agent-workspace/builds/worker-3-tc1/source:/opt/rustwide/workdir:ro,Z" "-v" "/var/lib/crater-agent-workspace/cargo-home:/opt/rustwide/cargo-home:ro,Z" "-v" "/var/lib/crater-agent-workspace/rustup-home:/opt/rustwide/rustup-home:ro,Z" "-e" "SOURCE_DIR=/opt/rustwide/workdir" "-e" "CARGO_TARGET_DIR=/opt/rustwide/target" "-e" "CARGO_INCREMENTAL=0" "-e" "RUST_BACKTRACE=full" "-e" "RUSTFLAGS=--cap-lints=forbid" "-e" "RUSTDOCFLAGS=--cap-lints=forbid" "-e" "CARGO_HOME=/opt/rustwide/cargo-home" "-e" "RUSTUP_HOME=/opt/rustwide/rustup-home" "-w" "/opt/rustwide/workdir" "-m" "1610612736" "--user" "0:0" "--network" "none" "ghcr.io/rust-lang/crates-build-env/linux@sha256:4a844ea9eb2546a2d2c7022eacef16ef2e8229c7fbb2c7d4d55a9ceca922f72d" "/opt/rustwide/cargo-home/bin/cargo" "+nightly-2024-10-28" "test" "--frozen" "--no-run" "--message-format=json", kill_on_drop: false }`
[INFO] [stdout] 5ac5de0a375aab19731df5de45ba37ca2bb6925ccb2db213eff098cbb29c06bc
[INFO] running `Command { std: "docker" "start" "-a" "5ac5de0a375aab19731df5de45ba37ca2bb6925ccb2db213eff098cbb29c06bc", kill_on_drop: false }`
[INFO] [stderr]    Compiling new-pkl v0.1.1 (/opt/rustwide/workdir)
[INFO] [stderr]     Finished `test` profile [unoptimized + debuginfo] target(s) in 1.04s
[INFO] running `Command { std: "docker" "inspect" "5ac5de0a375aab19731df5de45ba37ca2bb6925ccb2db213eff098cbb29c06bc", kill_on_drop: false }`
[INFO] running `Command { std: "docker" "rm" "-f" "5ac5de0a375aab19731df5de45ba37ca2bb6925ccb2db213eff098cbb29c06bc", kill_on_drop: false }`
[INFO] [stdout] 5ac5de0a375aab19731df5de45ba37ca2bb6925ccb2db213eff098cbb29c06bc
[INFO] running `Command { std: "docker" "create" "-v" "/var/lib/crater-agent-workspace/builds/worker-3-tc1/target:/opt/rustwide/target:rw,Z" "-v" "/var/lib/crater-agent-workspace/builds/worker-3-tc1/source:/opt/rustwide/workdir:ro,Z" "-v" "/var/lib/crater-agent-workspace/cargo-home:/opt/rustwide/cargo-home:ro,Z" "-v" "/var/lib/crater-agent-workspace/rustup-home:/opt/rustwide/rustup-home:ro,Z" "-e" "SOURCE_DIR=/opt/rustwide/workdir" "-e" "CARGO_TARGET_DIR=/opt/rustwide/target" "-e" "CARGO_INCREMENTAL=0" "-e" "RUST_BACKTRACE=full" "-e" "RUSTFLAGS=--cap-lints=forbid" "-e" "RUSTDOCFLAGS=--cap-lints=forbid" "-e" "CARGO_HOME=/opt/rustwide/cargo-home" "-e" "RUSTUP_HOME=/opt/rustwide/rustup-home" "-w" "/opt/rustwide/workdir" "-m" "1610612736" "--user" "0:0" "--network" "none" "ghcr.io/rust-lang/crates-build-env/linux@sha256:4a844ea9eb2546a2d2c7022eacef16ef2e8229c7fbb2c7d4d55a9ceca922f72d" "/opt/rustwide/cargo-home/bin/cargo" "+nightly-2024-10-28" "test" "--frozen", kill_on_drop: false }`
[INFO] [stdout] 0afa4b2f59f7439ff579f4074e664c5e61ea635bcadaf3e2f743b7d9b0a0986a
[INFO] running `Command { std: "docker" "start" "-a" "0afa4b2f59f7439ff579f4074e664c5e61ea635bcadaf3e2f743b7d9b0a0986a", kill_on_drop: false }`
[INFO] [stderr]     Finished `test` profile [unoptimized + debuginfo] target(s) in 0.01s
[INFO] [stderr]      Running unittests src/lib.rs (/opt/rustwide/target/debug/deps/new_pkl-90d43e9cfd85e9db)
[INFO] [stdout] 
[INFO] [stdout] running 0 tests
[INFO] [stdout] 
[INFO] [stdout] test result: ok. 0 passed; 0 failed; 0 ignored; 0 measured; 0 filtered out; finished in 0.00s
[INFO] [stdout] 
[INFO] [stderr]      Running unittests src/main.rs (/opt/rustwide/target/debug/deps/new_pkl-1abe1aff12689504)
[INFO] [stdout] 
[INFO] [stdout] running 0 tests
[INFO] [stdout] 
[INFO] [stdout] test result: ok. 0 passed; 0 failed; 0 ignored; 0 measured; 0 filtered out; finished in 0.00s
[INFO] [stdout] 
[INFO] [stderr]    Doc-tests new_pkl
[INFO] [stdout] 
[INFO] [stdout] running 1 test
[INFO] [stdout] test src/table.rs - table::PklTable<'a>::extends (line 85) ... FAILED
[INFO] [stdout] 
[INFO] [stdout] failures:
[INFO] [stdout] 
[INFO] [stdout] ---- src/table.rs - table::PklTable<'a>::extends (line 85) stdout ----
[INFO] [stdout] error[E0433]: failed to resolve: use of undeclared type `PklValue`
[INFO] [stdout]  --> src/table.rs:87:23
[INFO] [stdout]   |
[INFO] [stdout] 4 | table1.insert("var1", PklValue::Int(1));
[INFO] [stdout]   |                       ^^^^^^^^ use of undeclared type `PklValue`
[INFO] [stdout]   |
[INFO] [stdout] help: consider importing this enum
[INFO] [stdout]   |
[INFO] [stdout] 2 + use new_pkl::PklValue;
[INFO] [stdout]   |
[INFO] [stdout] 
[INFO] [stdout] error[E0433]: failed to resolve: use of undeclared type `PklValue`
[INFO] [stdout]  --> src/table.rs:90:23
[INFO] [stdout]   |
[INFO] [stdout] 7 | table2.insert("var2", PklValue::Int(2));
[INFO] [stdout]   |                       ^^^^^^^^ use of undeclared type `PklValue`
[INFO] [stdout]   |
[INFO] [stdout] help: consider importing this enum
[INFO] [stdout]   |
[INFO] [stdout] 2 + use new_pkl::PklValue;
[INFO] [stdout]   |
[INFO] [stdout] 
[INFO] [stdout] error[E0433]: failed to resolve: use of undeclared type `PklValue`
[INFO] [stdout]   --> src/table.rs:94:38
[INFO] [stdout]    |
[INFO] [stdout] 11 | assert_eq!(table1.get("var1"), Some(&PklValue::Int(1)));
[INFO] [stdout]    |                                      ^^^^^^^^ use of undeclared type `PklValue`
[INFO] [stdout]    |
[INFO] [stdout] help: consider importing this enum
[INFO] [stdout]    |
[INFO] [stdout] 2  + use new_pkl::PklValue;
[INFO] [stdout]    |
[INFO] [stdout] 
[INFO] [stdout] error[E0433]: failed to resolve: use of undeclared type `PklValue`
[INFO] [stdout]   --> src/table.rs:95:38
[INFO] [stdout]    |
[INFO] [stdout] 12 | assert_eq!(table1.get("var2"), Some(&PklValue::Int(2)));
[INFO] [stdout]    |                                      ^^^^^^^^ use of undeclared type `PklValue`
[INFO] [stdout]    |
[INFO] [stdout] help: consider importing this enum
[INFO] [stdout]    |
[INFO] [stdout] 2  + use new_pkl::PklValue;
[INFO] [stdout]    |
[INFO] [stdout] 
[INFO] [stdout] error[E0433]: failed to resolve: use of undeclared type `PklTable`
[INFO] [stdout]  --> src/table.rs:86:18
[INFO] [stdout]   |
[INFO] [stdout] 3 | let mut table1 = PklTable::new();
[INFO] [stdout]   |                  ^^^^^^^^ use of undeclared type `PklTable`
[INFO] [stdout] 
[INFO] [stdout] error[E0433]: failed to resolve: use of undeclared type `PklTable`
[INFO] [stdout]  --> src/table.rs:89:18
[INFO] [stdout]   |
[INFO] [stdout] 6 | let mut table2 = PklTable::new();
[INFO] [stdout]   |                  ^^^^^^^^ use of undeclared type `PklTable`
[INFO] [stdout] 
[INFO] [stdout] error: aborting due to 6 previous errors
[INFO] [stdout] 
[INFO] [stdout] For more information about this error, try `rustc --explain E0433`.
[INFO] [stdout] Couldn't compile the test.
[INFO] [stdout] 
[INFO] [stdout] failures:
[INFO] [stdout]     src/table.rs - table::PklTable<'a>::extends (line 85)
[INFO] [stdout] 
[INFO] [stdout] test result: FAILED. 0 passed; 1 failed; 0 ignored; 0 measured; 0 filtered out; finished in 0.06s
[INFO] [stdout] 
[INFO] [stderr] error: doctest failed, to rerun pass `--doc`
[INFO] running `Command { std: "docker" "inspect" "0afa4b2f59f7439ff579f4074e664c5e61ea635bcadaf3e2f743b7d9b0a0986a", kill_on_drop: false }`
[INFO] running `Command { std: "docker" "rm" "-f" "0afa4b2f59f7439ff579f4074e664c5e61ea635bcadaf3e2f743b7d9b0a0986a", kill_on_drop: false }`
[INFO] [stdout] 0afa4b2f59f7439ff579f4074e664c5e61ea635bcadaf3e2f743b7d9b0a0986a
