[INFO] fetching crate network-types 0.0.7...
[INFO] testing network-types-0.0.7 against nightly-2024-10-28 for randomize-layout
[INFO] extracting crate network-types 0.0.7 into /workspace/builds/worker-7-tc1/source
[INFO] validating manifest of crates.io crate network-types 0.0.7 on toolchain nightly-2024-10-28
[INFO] running `Command { std: CARGO_HOME="/workspace/cargo-home" RUSTUP_HOME="/workspace/rustup-home" "/workspace/cargo-home/bin/cargo" "+nightly-2024-10-28" "metadata" "--manifest-path" "Cargo.toml" "--no-deps", kill_on_drop: false }`
[INFO] started tweaking crates.io crate network-types 0.0.7
[INFO] finished tweaking crates.io crate network-types 0.0.7
[INFO] tweaked toml for crates.io crate network-types 0.0.7 written to /workspace/builds/worker-7-tc1/source/Cargo.toml
[INFO] running `Command { std: CARGO_HOME="/workspace/cargo-home" RUSTUP_HOME="/workspace/rustup-home" "/workspace/cargo-home/bin/cargo" "+nightly-2024-10-28" "generate-lockfile" "--manifest-path" "Cargo.toml", kill_on_drop: false }`
[INFO] [stderr]     Updating crates.io index
[INFO] [stderr]      Locking 7 packages to latest compatible versions
[INFO] running `Command { std: CARGO_HOME="/workspace/cargo-home" RUSTUP_HOME="/workspace/rustup-home" "/workspace/cargo-home/bin/cargo" "+nightly-2024-10-28" "fetch" "--manifest-path" "Cargo.toml", kill_on_drop: false }`
[INFO] running `Command { std: "docker" "create" "-v" "/var/lib/crater-agent-workspace/builds/worker-7-tc1/target:/opt/rustwide/target:rw,Z" "-v" "/var/lib/crater-agent-workspace/builds/worker-7-tc1/source:/opt/rustwide/workdir:ro,Z" "-v" "/var/lib/crater-agent-workspace/cargo-home:/opt/rustwide/cargo-home:ro,Z" "-v" "/var/lib/crater-agent-workspace/rustup-home:/opt/rustwide/rustup-home:ro,Z" "-e" "SOURCE_DIR=/opt/rustwide/workdir" "-e" "CARGO_TARGET_DIR=/opt/rustwide/target" "-e" "CARGO_HOME=/opt/rustwide/cargo-home" "-e" "RUSTUP_HOME=/opt/rustwide/rustup-home" "-w" "/opt/rustwide/workdir" "-m" "1610612736" "--user" "0:0" "--network" "none" "ghcr.io/rust-lang/crates-build-env/linux@sha256:4a844ea9eb2546a2d2c7022eacef16ef2e8229c7fbb2c7d4d55a9ceca922f72d" "/opt/rustwide/cargo-home/bin/cargo" "+nightly-2024-10-28" "metadata" "--no-deps" "--format-version=1", kill_on_drop: false }`
[INFO] [stdout] 23a600efcbecc72413856f94103d0f43ec61314333f0456e9abb53b81911a496
[INFO] running `Command { std: "docker" "start" "-a" "23a600efcbecc72413856f94103d0f43ec61314333f0456e9abb53b81911a496", kill_on_drop: false }`
[INFO] running `Command { std: "docker" "inspect" "23a600efcbecc72413856f94103d0f43ec61314333f0456e9abb53b81911a496", kill_on_drop: false }`
[INFO] running `Command { std: "docker" "rm" "-f" "23a600efcbecc72413856f94103d0f43ec61314333f0456e9abb53b81911a496", kill_on_drop: false }`
[INFO] [stdout] 23a600efcbecc72413856f94103d0f43ec61314333f0456e9abb53b81911a496
[INFO] running `Command { std: "docker" "create" "-v" "/var/lib/crater-agent-workspace/builds/worker-7-tc1/target:/opt/rustwide/target:rw,Z" "-v" "/var/lib/crater-agent-workspace/builds/worker-7-tc1/source:/opt/rustwide/workdir:ro,Z" "-v" "/var/lib/crater-agent-workspace/cargo-home:/opt/rustwide/cargo-home:ro,Z" "-v" "/var/lib/crater-agent-workspace/rustup-home:/opt/rustwide/rustup-home:ro,Z" "-e" "SOURCE_DIR=/opt/rustwide/workdir" "-e" "CARGO_TARGET_DIR=/opt/rustwide/target" "-e" "CARGO_INCREMENTAL=0" "-e" "RUST_BACKTRACE=full" "-e" "RUSTFLAGS=--cap-lints=forbid" "-e" "RUSTDOCFLAGS=--cap-lints=forbid" "-e" "CARGO_HOME=/opt/rustwide/cargo-home" "-e" "RUSTUP_HOME=/opt/rustwide/rustup-home" "-w" "/opt/rustwide/workdir" "-m" "1610612736" "--user" "0:0" "--network" "none" "ghcr.io/rust-lang/crates-build-env/linux@sha256:4a844ea9eb2546a2d2c7022eacef16ef2e8229c7fbb2c7d4d55a9ceca922f72d" "/opt/rustwide/cargo-home/bin/cargo" "+nightly-2024-10-28" "build" "--frozen" "--message-format=json", kill_on_drop: false }`
[INFO] [stdout] ce4f1fa6327595ea32d049f06904aa11d8225b6147a4c28e922008be69b93a48
[INFO] running `Command { std: "docker" "start" "-a" "ce4f1fa6327595ea32d049f06904aa11d8225b6147a4c28e922008be69b93a48", kill_on_drop: false }`
[INFO] [stderr]    Compiling network-types v0.0.7 (/opt/rustwide/workdir)
[INFO] [stdout] warning: unexpected `cfg` condition value: `std`
[INFO] [stdout]    --> src/lib.rs:120:17
[INFO] [stdout]     |
[INFO] [stdout] 120 | #![cfg_attr(not(feature = "std"), no_std)]
[INFO] [stdout]     |                 ^^^^^^^^^^^^^^^
[INFO] [stdout]     |
[INFO] [stdout]     = note: expected values for `feature` are: `serde`
[INFO] [stdout]     = help: consider adding `std` as a feature in `Cargo.toml`
[INFO] [stdout]     = note: see <https://doc.rust-lang.org/nightly/rustc/check-cfg/cargo-specifics.html> for more information about checking conditional configuration
[INFO] [stdout]     = note: `#[warn(unexpected_cfgs)]` on by default
[INFO] [stdout] 
[INFO] [stdout] 
[INFO] [stderr]     Finished `dev` profile [unoptimized + debuginfo] target(s) in 0.13s
[INFO] running `Command { std: "docker" "inspect" "ce4f1fa6327595ea32d049f06904aa11d8225b6147a4c28e922008be69b93a48", kill_on_drop: false }`
[INFO] running `Command { std: "docker" "rm" "-f" "ce4f1fa6327595ea32d049f06904aa11d8225b6147a4c28e922008be69b93a48", kill_on_drop: false }`
[INFO] [stdout] ce4f1fa6327595ea32d049f06904aa11d8225b6147a4c28e922008be69b93a48
[INFO] running `Command { std: "docker" "create" "-v" "/var/lib/crater-agent-workspace/builds/worker-7-tc1/target:/opt/rustwide/target:rw,Z" "-v" "/var/lib/crater-agent-workspace/builds/worker-7-tc1/source:/opt/rustwide/workdir:ro,Z" "-v" "/var/lib/crater-agent-workspace/cargo-home:/opt/rustwide/cargo-home:ro,Z" "-v" "/var/lib/crater-agent-workspace/rustup-home:/opt/rustwide/rustup-home:ro,Z" "-e" "SOURCE_DIR=/opt/rustwide/workdir" "-e" "CARGO_TARGET_DIR=/opt/rustwide/target" "-e" "CARGO_INCREMENTAL=0" "-e" "RUST_BACKTRACE=full" "-e" "RUSTFLAGS=--cap-lints=forbid" "-e" "RUSTDOCFLAGS=--cap-lints=forbid" "-e" "CARGO_HOME=/opt/rustwide/cargo-home" "-e" "RUSTUP_HOME=/opt/rustwide/rustup-home" "-w" "/opt/rustwide/workdir" "-m" "1610612736" "--user" "0:0" "--network" "none" "ghcr.io/rust-lang/crates-build-env/linux@sha256:4a844ea9eb2546a2d2c7022eacef16ef2e8229c7fbb2c7d4d55a9ceca922f72d" "/opt/rustwide/cargo-home/bin/cargo" "+nightly-2024-10-28" "test" "--frozen" "--no-run" "--message-format=json", kill_on_drop: false }`
[INFO] [stdout] 38b00e1302ab16b5d26e58845cc3ff6bcf8a74cd593c0b8bf8b9c56567955a86
[INFO] running `Command { std: "docker" "start" "-a" "38b00e1302ab16b5d26e58845cc3ff6bcf8a74cd593c0b8bf8b9c56567955a86", kill_on_drop: false }`
[INFO] [stderr]    Compiling serde v1.0.214
[INFO] [stdout] warning: unexpected `cfg` condition value: `std`
[INFO] [stdout]    --> src/lib.rs:120:17
[INFO] [stdout]     |
[INFO] [stdout] 120 | #![cfg_attr(not(feature = "std"), no_std)]
[INFO] [stdout]     |                 ^^^^^^^^^^^^^^^
[INFO] [stdout]     |
[INFO] [stdout]     = note: expected values for `feature` are: `serde`
[INFO] [stdout]     = help: consider adding `std` as a feature in `Cargo.toml`
[INFO] [stdout]     = note: see <https://doc.rust-lang.org/nightly/rustc/check-cfg/cargo-specifics.html> for more information about checking conditional configuration
[INFO] [stdout]     = note: `#[warn(unexpected_cfgs)]` on by default
[INFO] [stdout] 
[INFO] [stdout] 
[INFO] [stderr]    Compiling bincode v2.0.0-rc.3
[INFO] [stderr]    Compiling network-types v0.0.7 (/opt/rustwide/workdir)
[INFO] [stdout] warning: unexpected `cfg` condition value: `std`
[INFO] [stdout]    --> src/lib.rs:120:17
[INFO] [stdout]     |
[INFO] [stdout] 120 | #![cfg_attr(not(feature = "std"), no_std)]
[INFO] [stdout]     |                 ^^^^^^^^^^^^^^^
[INFO] [stdout]     |
[INFO] [stdout]     = note: expected values for `feature` are: `serde`
[INFO] [stdout]     = help: consider adding `std` as a feature in `Cargo.toml`
[INFO] [stdout]     = note: see <https://doc.rust-lang.org/nightly/rustc/check-cfg/cargo-specifics.html> for more information about checking conditional configuration
[INFO] [stdout]     = note: `#[warn(unexpected_cfgs)]` on by default
[INFO] [stdout] 
[INFO] [stdout] 
[INFO] [stderr]     Finished `test` profile [unoptimized + debuginfo] target(s) in 4.57s
[INFO] running `Command { std: "docker" "inspect" "38b00e1302ab16b5d26e58845cc3ff6bcf8a74cd593c0b8bf8b9c56567955a86", kill_on_drop: false }`
[INFO] running `Command { std: "docker" "rm" "-f" "38b00e1302ab16b5d26e58845cc3ff6bcf8a74cd593c0b8bf8b9c56567955a86", kill_on_drop: false }`
[INFO] [stdout] 38b00e1302ab16b5d26e58845cc3ff6bcf8a74cd593c0b8bf8b9c56567955a86
[INFO] running `Command { std: "docker" "create" "-v" "/var/lib/crater-agent-workspace/builds/worker-7-tc1/target:/opt/rustwide/target:rw,Z" "-v" "/var/lib/crater-agent-workspace/builds/worker-7-tc1/source:/opt/rustwide/workdir:ro,Z" "-v" "/var/lib/crater-agent-workspace/cargo-home:/opt/rustwide/cargo-home:ro,Z" "-v" "/var/lib/crater-agent-workspace/rustup-home:/opt/rustwide/rustup-home:ro,Z" "-e" "SOURCE_DIR=/opt/rustwide/workdir" "-e" "CARGO_TARGET_DIR=/opt/rustwide/target" "-e" "CARGO_INCREMENTAL=0" "-e" "RUST_BACKTRACE=full" "-e" "RUSTFLAGS=--cap-lints=forbid" "-e" "RUSTDOCFLAGS=--cap-lints=forbid" "-e" "CARGO_HOME=/opt/rustwide/cargo-home" "-e" "RUSTUP_HOME=/opt/rustwide/rustup-home" "-w" "/opt/rustwide/workdir" "-m" "1610612736" "--user" "0:0" "--network" "none" "ghcr.io/rust-lang/crates-build-env/linux@sha256:4a844ea9eb2546a2d2c7022eacef16ef2e8229c7fbb2c7d4d55a9ceca922f72d" "/opt/rustwide/cargo-home/bin/cargo" "+nightly-2024-10-28" "test" "--frozen", kill_on_drop: false }`
[INFO] [stdout] b2e48f458924c23d6bdb10cd2e6e5ae91a4b9f549d545dbac28be0564cc975ba
[INFO] running `Command { std: "docker" "start" "-a" "b2e48f458924c23d6bdb10cd2e6e5ae91a4b9f549d545dbac28be0564cc975ba", kill_on_drop: false }`
[INFO] [stderr] warning: unexpected `cfg` condition value: `std`
[INFO] [stderr]    --> src/lib.rs:120:17
[INFO] [stderr]     |
[INFO] [stderr] 120 | #![cfg_attr(not(feature = "std"), no_std)]
[INFO] [stderr]     |                 ^^^^^^^^^^^^^^^
[INFO] [stderr]     |
[INFO] [stderr]     = note: expected values for `feature` are: `serde`
[INFO] [stderr]     = help: consider adding `std` as a feature in `Cargo.toml`
[INFO] [stderr]     = note: see <https://doc.rust-lang.org/nightly/rustc/check-cfg/cargo-specifics.html> for more information about checking conditional configuration
[INFO] [stderr]     = note: `#[warn(unexpected_cfgs)]` on by default
[INFO] [stderr] 
[INFO] [stderr] warning: `network-types` (lib) generated 1 warning
[INFO] [stderr] warning: `network-types` (lib test) generated 1 warning (1 duplicate)
[INFO] [stderr]     Finished `test` profile [unoptimized + debuginfo] target(s) in 0.02s
[INFO] [stderr]      Running unittests src/lib.rs (/opt/rustwide/target/debug/deps/network_types-75a564a621f648bc)
[INFO] [stdout] 
[INFO] [stdout] running 2 tests
[INFO] [stdout] test ip::tests::test_v6 ... ok
[INFO] [stdout] test ip::tests::test_v4 ... ok
[INFO] [stdout] 
[INFO] [stdout] test result: ok. 2 passed; 0 failed; 0 ignored; 0 measured; 0 filtered out; finished in 0.00s
[INFO] [stdout] 
[INFO] [stderr]    Doc-tests network_types
[INFO] [stdout] 
[INFO] [stdout] running 1 test
[INFO] [stdout] test src/lib.rs - (line 12) ... FAILED
[INFO] [stdout] 
[INFO] [stdout] failures:
[INFO] [stdout] 
[INFO] [stdout] ---- src/lib.rs - (line 12) stdout ----
[INFO] [stdout] error[E0433]: failed to resolve: use of undeclared crate or module `aya_ebpf`
[INFO] [stdout]  --> src/lib.rs:16:5
[INFO] [stdout]   |
[INFO] [stdout] 7 | use aya_ebpf::{bindings::xdp_action, macros::xdp, programs::XdpContext};
[INFO] [stdout]   |     ^^^^^^^^ use of undeclared crate or module `aya_ebpf`
[INFO] [stdout] 
[INFO] [stdout] error[E0432]: unresolved import `aya_log_ebpf`
[INFO] [stdout]  --> src/lib.rs:17:5
[INFO] [stdout]   |
[INFO] [stdout] 8 | use aya_log_ebpf::info;
[INFO] [stdout]   |     ^^^^^^^^^^^^ use of undeclared crate or module `aya_log_ebpf`
[INFO] [stdout] 
[INFO] [stdout] error: aborting due to 2 previous errors
[INFO] [stdout] 
[INFO] [stdout] Some errors have detailed explanations: E0432, E0433.
[INFO] [stdout] For more information about an error, try `rustc --explain E0432`.
[INFO] [stdout] Couldn't compile the test.
[INFO] [stdout] 
[INFO] [stdout] failures:
[INFO] [stdout]     src/lib.rs - (line 12)
[INFO] [stdout] 
[INFO] [stdout] test result: FAILED. 0 passed; 1 failed; 0 ignored; 0 measured; 0 filtered out; finished in 0.06s
[INFO] [stdout] 
[INFO] [stderr] error: doctest failed, to rerun pass `--doc`
[INFO] running `Command { std: "docker" "inspect" "b2e48f458924c23d6bdb10cd2e6e5ae91a4b9f549d545dbac28be0564cc975ba", kill_on_drop: false }`
[INFO] running `Command { std: "docker" "rm" "-f" "b2e48f458924c23d6bdb10cd2e6e5ae91a4b9f549d545dbac28be0564cc975ba", kill_on_drop: false }`
[INFO] [stdout] b2e48f458924c23d6bdb10cd2e6e5ae91a4b9f549d545dbac28be0564cc975ba
