[INFO] fetching crate netsock 0.2.0...
[INFO] testing netsock-0.2.0 against nightly-2024-10-28+rustflags=-Zrandomize-layout for randomize-layout
[INFO] extracting crate netsock 0.2.0 into /workspace/builds/worker-0-tc2/source
[INFO] validating manifest of crates.io crate netsock 0.2.0 on toolchain nightly-2024-10-28
[INFO] running `Command { std: CARGO_HOME="/workspace/cargo-home" RUSTUP_HOME="/workspace/rustup-home" "/workspace/cargo-home/bin/cargo" "+nightly-2024-10-28" "metadata" "--manifest-path" "Cargo.toml" "--no-deps", kill_on_drop: false }`
[INFO] started tweaking crates.io crate netsock 0.2.0
[INFO] removed 0 missing examples
[INFO] finished tweaking crates.io crate netsock 0.2.0
[INFO] tweaked toml for crates.io crate netsock 0.2.0 written to /workspace/builds/worker-0-tc2/source/Cargo.toml
[INFO] crate crates.io crate netsock 0.2.0 already has a lockfile, it will not be regenerated
[INFO] running `Command { std: CARGO_HOME="/workspace/cargo-home" RUSTUP_HOME="/workspace/rustup-home" "/workspace/cargo-home/bin/cargo" "+nightly-2024-10-28" "fetch" "--manifest-path" "Cargo.toml", kill_on_drop: false }`
[INFO] running `Command { std: "docker" "create" "-v" "/var/lib/crater-agent-workspace/builds/worker-0-tc2/target:/opt/rustwide/target:rw,Z" "-v" "/var/lib/crater-agent-workspace/builds/worker-0-tc2/source:/opt/rustwide/workdir:ro,Z" "-v" "/var/lib/crater-agent-workspace/cargo-home:/opt/rustwide/cargo-home:ro,Z" "-v" "/var/lib/crater-agent-workspace/rustup-home:/opt/rustwide/rustup-home:ro,Z" "-e" "SOURCE_DIR=/opt/rustwide/workdir" "-e" "CARGO_TARGET_DIR=/opt/rustwide/target" "-e" "CARGO_HOME=/opt/rustwide/cargo-home" "-e" "RUSTUP_HOME=/opt/rustwide/rustup-home" "-w" "/opt/rustwide/workdir" "-m" "1610612736" "--user" "0:0" "--network" "none" "ghcr.io/rust-lang/crates-build-env/linux@sha256:4a844ea9eb2546a2d2c7022eacef16ef2e8229c7fbb2c7d4d55a9ceca922f72d" "/opt/rustwide/cargo-home/bin/cargo" "+nightly-2024-10-28" "metadata" "--no-deps" "--format-version=1", kill_on_drop: false }`
[INFO] [stdout] 2b7ef4f57f4fc0b481b8bfdf0bce66541d306410620c0543853825eef05366da
[INFO] running `Command { std: "docker" "start" "-a" "2b7ef4f57f4fc0b481b8bfdf0bce66541d306410620c0543853825eef05366da", kill_on_drop: false }`
[INFO] running `Command { std: "docker" "inspect" "2b7ef4f57f4fc0b481b8bfdf0bce66541d306410620c0543853825eef05366da", kill_on_drop: false }`
[INFO] running `Command { std: "docker" "rm" "-f" "2b7ef4f57f4fc0b481b8bfdf0bce66541d306410620c0543853825eef05366da", kill_on_drop: false }`
[INFO] [stdout] 2b7ef4f57f4fc0b481b8bfdf0bce66541d306410620c0543853825eef05366da
[INFO] running `Command { std: "docker" "create" "-v" "/var/lib/crater-agent-workspace/builds/worker-0-tc2/target:/opt/rustwide/target:rw,Z" "-v" "/var/lib/crater-agent-workspace/builds/worker-0-tc2/source:/opt/rustwide/workdir:ro,Z" "-v" "/var/lib/crater-agent-workspace/cargo-home:/opt/rustwide/cargo-home:ro,Z" "-v" "/var/lib/crater-agent-workspace/rustup-home:/opt/rustwide/rustup-home:ro,Z" "-e" "SOURCE_DIR=/opt/rustwide/workdir" "-e" "CARGO_TARGET_DIR=/opt/rustwide/target" "-e" "CARGO_INCREMENTAL=0" "-e" "RUST_BACKTRACE=full" "-e" "RUSTFLAGS=--cap-lints=forbid -Zrandomize-layout" "-e" "RUSTDOCFLAGS=--cap-lints=forbid" "-e" "CARGO_HOME=/opt/rustwide/cargo-home" "-e" "RUSTUP_HOME=/opt/rustwide/rustup-home" "-w" "/opt/rustwide/workdir" "-m" "1610612736" "--user" "0:0" "--network" "none" "ghcr.io/rust-lang/crates-build-env/linux@sha256:4a844ea9eb2546a2d2c7022eacef16ef2e8229c7fbb2c7d4d55a9ceca922f72d" "/opt/rustwide/cargo-home/bin/cargo" "+nightly-2024-10-28" "build" "--frozen" "--message-format=json", kill_on_drop: false }`
[INFO] [stdout] 1aea9836655391777c6b94424a10617d4b47082297f687a211b75b46c687f054
[INFO] running `Command { std: "docker" "start" "-a" "1aea9836655391777c6b94424a10617d4b47082297f687a211b75b46c687f054", kill_on_drop: false }`
[INFO] [stderr]    Compiling proc-macro2 v1.0.79
[INFO] [stderr]    Compiling unicode-ident v1.0.12
[INFO] [stderr]    Compiling thiserror v1.0.58
[INFO] [stderr]    Compiling libc v0.2.153
[INFO] [stderr]    Compiling bitflags v2.5.0
[INFO] [stderr]    Compiling quote v1.0.35
[INFO] [stderr]    Compiling syn v2.0.58
[INFO] [stderr]    Compiling thiserror-impl v1.0.58
[INFO] [stderr]    Compiling netsock v0.2.0 (/opt/rustwide/workdir)
[INFO] [stderr]     Finished `dev` profile [unoptimized + debuginfo] target(s) in 5.08s
[INFO] running `Command { std: "docker" "inspect" "1aea9836655391777c6b94424a10617d4b47082297f687a211b75b46c687f054", kill_on_drop: false }`
[INFO] running `Command { std: "docker" "rm" "-f" "1aea9836655391777c6b94424a10617d4b47082297f687a211b75b46c687f054", kill_on_drop: false }`
[INFO] [stdout] 1aea9836655391777c6b94424a10617d4b47082297f687a211b75b46c687f054
[INFO] running `Command { std: "docker" "create" "-v" "/var/lib/crater-agent-workspace/builds/worker-0-tc2/target:/opt/rustwide/target:rw,Z" "-v" "/var/lib/crater-agent-workspace/builds/worker-0-tc2/source:/opt/rustwide/workdir:ro,Z" "-v" "/var/lib/crater-agent-workspace/cargo-home:/opt/rustwide/cargo-home:ro,Z" "-v" "/var/lib/crater-agent-workspace/rustup-home:/opt/rustwide/rustup-home:ro,Z" "-e" "SOURCE_DIR=/opt/rustwide/workdir" "-e" "CARGO_TARGET_DIR=/opt/rustwide/target" "-e" "CARGO_INCREMENTAL=0" "-e" "RUST_BACKTRACE=full" "-e" "RUSTFLAGS=--cap-lints=forbid -Zrandomize-layout" "-e" "RUSTDOCFLAGS=--cap-lints=forbid" "-e" "CARGO_HOME=/opt/rustwide/cargo-home" "-e" "RUSTUP_HOME=/opt/rustwide/rustup-home" "-w" "/opt/rustwide/workdir" "-m" "1610612736" "--user" "0:0" "--network" "none" "ghcr.io/rust-lang/crates-build-env/linux@sha256:4a844ea9eb2546a2d2c7022eacef16ef2e8229c7fbb2c7d4d55a9ceca922f72d" "/opt/rustwide/cargo-home/bin/cargo" "+nightly-2024-10-28" "test" "--frozen" "--no-run" "--message-format=json", kill_on_drop: false }`
[INFO] [stdout] 528af84d45d513bab28d0da2c5175890227b3775c5a7ec3a7ca5987a909e4489
[INFO] running `Command { std: "docker" "start" "-a" "528af84d45d513bab28d0da2c5175890227b3775c5a7ec3a7ca5987a909e4489", kill_on_drop: false }`
[INFO] [stderr]    Compiling serde v1.0.197
[INFO] [stderr]    Compiling serde_json v1.0.115
[INFO] [stderr]    Compiling ryu v1.0.17
[INFO] [stderr]    Compiling netsock v0.2.0 (/opt/rustwide/workdir)
[INFO] [stderr]     Finished `test` profile [unoptimized + debuginfo] target(s) in 5.21s
[INFO] running `Command { std: "docker" "inspect" "528af84d45d513bab28d0da2c5175890227b3775c5a7ec3a7ca5987a909e4489", kill_on_drop: false }`
[INFO] running `Command { std: "docker" "rm" "-f" "528af84d45d513bab28d0da2c5175890227b3775c5a7ec3a7ca5987a909e4489", kill_on_drop: false }`
[INFO] [stdout] 528af84d45d513bab28d0da2c5175890227b3775c5a7ec3a7ca5987a909e4489
[INFO] running `Command { std: "docker" "create" "-v" "/var/lib/crater-agent-workspace/builds/worker-0-tc2/target:/opt/rustwide/target:rw,Z" "-v" "/var/lib/crater-agent-workspace/builds/worker-0-tc2/source:/opt/rustwide/workdir:ro,Z" "-v" "/var/lib/crater-agent-workspace/cargo-home:/opt/rustwide/cargo-home:ro,Z" "-v" "/var/lib/crater-agent-workspace/rustup-home:/opt/rustwide/rustup-home:ro,Z" "-e" "SOURCE_DIR=/opt/rustwide/workdir" "-e" "CARGO_TARGET_DIR=/opt/rustwide/target" "-e" "CARGO_INCREMENTAL=0" "-e" "RUST_BACKTRACE=full" "-e" "RUSTFLAGS=--cap-lints=forbid -Zrandomize-layout" "-e" "RUSTDOCFLAGS=--cap-lints=forbid" "-e" "CARGO_HOME=/opt/rustwide/cargo-home" "-e" "RUSTUP_HOME=/opt/rustwide/rustup-home" "-w" "/opt/rustwide/workdir" "-m" "1610612736" "--user" "0:0" "--network" "none" "ghcr.io/rust-lang/crates-build-env/linux@sha256:4a844ea9eb2546a2d2c7022eacef16ef2e8229c7fbb2c7d4d55a9ceca922f72d" "/opt/rustwide/cargo-home/bin/cargo" "+nightly-2024-10-28" "test" "--frozen", kill_on_drop: false }`
[INFO] [stdout] 58c15da0e77148eeb6680442b6603831faaf1fe0027a1179f104556dd14d0024
[INFO] running `Command { std: "docker" "start" "-a" "58c15da0e77148eeb6680442b6603831faaf1fe0027a1179f104556dd14d0024", kill_on_drop: false }`
[INFO] [stderr]     Finished `test` profile [unoptimized + debuginfo] target(s) in 0.04s
[INFO] [stderr]      Running unittests src/lib.rs (/opt/rustwide/target/debug/deps/netsock-22f480d380e83e9b)
[INFO] [stdout] 
[INFO] [stdout] running 0 tests
[INFO] [stdout] 
[INFO] [stdout] test result: ok. 0 passed; 0 failed; 0 ignored; 0 measured; 0 filtered out; finished in 0.00s
[INFO] [stdout] 
[INFO] [stderr]    Doc-tests netsock
[INFO] [stdout] 
[INFO] [stdout] running 4 tests
[INFO] [stdout] test src/family.rs - family::AddressFamilyFlags (line 21) ... FAILED
[INFO] [stdout] test src/protocol.rs - protocol::ProtocolFlags (line 21) ... FAILED
[INFO] [stdout] test src/sys/linux/mod.rs - sys::linux::iter_sockets (line 38) ... FAILED
[INFO] [stdout] test src/sys/shared.rs - sys::shared::get_sockets (line 31) ... FAILED
[INFO] [stdout] 
[INFO] [stdout] failures:
[INFO] [stdout] 
[INFO] [stdout] ---- src/family.rs - family::AddressFamilyFlags (line 21) stdout ----
[INFO] [stdout] error[E0432]: unresolved import `your_crate`
[INFO] [stdout]  --> src/family.rs:22:5
[INFO] [stdout]   |
[INFO] [stdout] 3 | use your_crate::AddressFamilyFlags;
[INFO] [stdout]   |     ^^^^^^^^^^ use of undeclared crate or module `your_crate`
[INFO] [stdout] 
[INFO] [stdout] error: aborting due to 1 previous error
[INFO] [stdout] 
[INFO] [stdout] For more information about this error, try `rustc --explain E0432`.
[INFO] [stdout] Couldn't compile the test.
[INFO] [stdout] ---- src/protocol.rs - protocol::ProtocolFlags (line 21) stdout ----
[INFO] [stdout] error[E0432]: unresolved import `your_crate`
[INFO] [stdout]  --> src/protocol.rs:22:5
[INFO] [stdout]   |
[INFO] [stdout] 3 | use your_crate::ProtocolFlags;
[INFO] [stdout]   |     ^^^^^^^^^^ use of undeclared crate or module `your_crate`
[INFO] [stdout] 
[INFO] [stdout] error: aborting due to 1 previous error
[INFO] [stdout] 
[INFO] [stdout] For more information about this error, try `rustc --explain E0432`.
[INFO] [stdout] Couldn't compile the test.
[INFO] [stdout] ---- src/sys/linux/mod.rs - sys::linux::iter_sockets (line 38) stdout ----
[INFO] [stdout] error[E0433]: failed to resolve: use of undeclared type `AddressFamilyFlags`
[INFO] [stdout]  --> src/sys/linux/mod.rs:39:16
[INFO] [stdout]   |
[INFO] [stdout] 3 | let af_flags = AddressFamilyFlags::IPV4 | AddressFamilyFlags::IPV6;
[INFO] [stdout]   |                ^^^^^^^^^^^^^^^^^^ use of undeclared type `AddressFamilyFlags`
[INFO] [stdout]   |
[INFO] [stdout] help: consider importing this struct
[INFO] [stdout]   |
[INFO] [stdout] 2 + use netsock::family::AddressFamilyFlags;
[INFO] [stdout]   |
[INFO] [stdout] 
[INFO] [stdout] error[E0433]: failed to resolve: use of undeclared type `AddressFamilyFlags`
[INFO] [stdout]  --> src/sys/linux/mod.rs:39:43
[INFO] [stdout]   |
[INFO] [stdout] 3 | let af_flags = AddressFamilyFlags::IPV4 | AddressFamilyFlags::IPV6;
[INFO] [stdout]   |                                           ^^^^^^^^^^^^^^^^^^ use of undeclared type `AddressFamilyFlags`
[INFO] [stdout]   |
[INFO] [stdout] help: consider importing this struct
[INFO] [stdout]   |
[INFO] [stdout] 2 + use netsock::family::AddressFamilyFlags;
[INFO] [stdout]   |
[INFO] [stdout] 
[INFO] [stdout] error[E0433]: failed to resolve: use of undeclared type `ProtocolFlags`
[INFO] [stdout]  --> src/sys/linux/mod.rs:40:19
[INFO] [stdout]   |
[INFO] [stdout] 4 | let proto_flags = ProtocolFlags::TCP | ProtocolFlags::UDP;
[INFO] [stdout]   |                   ^^^^^^^^^^^^^ use of undeclared type `ProtocolFlags`
[INFO] [stdout]   |
[INFO] [stdout] help: consider importing this struct
[INFO] [stdout]   |
[INFO] [stdout] 2 + use netsock::protocol::ProtocolFlags;
[INFO] [stdout]   |
[INFO] [stdout] 
[INFO] [stdout] error[E0433]: failed to resolve: use of undeclared type `ProtocolFlags`
[INFO] [stdout]  --> src/sys/linux/mod.rs:40:40
[INFO] [stdout]   |
[INFO] [stdout] 4 | let proto_flags = ProtocolFlags::TCP | ProtocolFlags::UDP;
[INFO] [stdout]   |                                        ^^^^^^^^^^^^^ use of undeclared type `ProtocolFlags`
[INFO] [stdout]   |
[INFO] [stdout] help: consider importing this struct
[INFO] [stdout]   |
[INFO] [stdout] 2 + use netsock::protocol::ProtocolFlags;
[INFO] [stdout]   |
[INFO] [stdout] 
[INFO] [stdout] error[E0425]: cannot find function `iter_sockets` in this scope
[INFO] [stdout]  --> src/sys/linux/mod.rs:42:26
[INFO] [stdout]   |
[INFO] [stdout] 6 | if let Ok(socket_iter) = iter_sockets(af_flags, proto_flags) {
[INFO] [stdout]   |                          ^^^^^^^^^^^^ not found in this scope
[INFO] [stdout]   |
[INFO] [stdout] help: consider importing this function
[INFO] [stdout]   |
[INFO] [stdout] 2 + use netsock::iter_sockets;
[INFO] [stdout]   |
[INFO] [stdout] 
[INFO] [stdout] error: aborting due to 5 previous errors
[INFO] [stdout] 
[INFO] [stdout] Some errors have detailed explanations: E0425, E0433.
[INFO] [stdout] For more information about an error, try `rustc --explain E0425`.
[INFO] [stdout] Couldn't compile the test.
[INFO] [stdout] ---- src/sys/shared.rs - sys::shared::get_sockets (line 31) stdout ----
[INFO] [stdout] error[E0433]: failed to resolve: use of undeclared type `AddressFamilyFlags`
[INFO] [stdout]  --> src/sys/shared.rs:32:16
[INFO] [stdout]   |
[INFO] [stdout] 3 | let af_flags = AddressFamilyFlags::IPV4 | AddressFamilyFlags::IPV6;
[INFO] [stdout]   |                ^^^^^^^^^^^^^^^^^^ use of undeclared type `AddressFamilyFlags`
[INFO] [stdout]   |
[INFO] [stdout] help: consider importing this struct
[INFO] [stdout]   |
[INFO] [stdout] 2 + use netsock::family::AddressFamilyFlags;
[INFO] [stdout]   |
[INFO] [stdout] 
[INFO] [stdout] error[E0433]: failed to resolve: use of undeclared type `AddressFamilyFlags`
[INFO] [stdout]  --> src/sys/shared.rs:32:43
[INFO] [stdout]   |
[INFO] [stdout] 3 | let af_flags = AddressFamilyFlags::IPV4 | AddressFamilyFlags::IPV6;
[INFO] [stdout]   |                                           ^^^^^^^^^^^^^^^^^^ use of undeclared type `AddressFamilyFlags`
[INFO] [stdout]   |
[INFO] [stdout] help: consider importing this struct
[INFO] [stdout]   |
[INFO] [stdout] 2 + use netsock::family::AddressFamilyFlags;
[INFO] [stdout]   |
[INFO] [stdout] 
[INFO] [stdout] error[E0433]: failed to resolve: use of undeclared type `ProtocolFlags`
[INFO] [stdout]  --> src/sys/shared.rs:33:19
[INFO] [stdout]   |
[INFO] [stdout] 4 | let proto_flags = ProtocolFlags::TCP | ProtocolFlags::UDP;
[INFO] [stdout]   |                   ^^^^^^^^^^^^^ use of undeclared type `ProtocolFlags`
[INFO] [stdout]   |
[INFO] [stdout] help: consider importing this struct
[INFO] [stdout]   |
[INFO] [stdout] 2 + use netsock::protocol::ProtocolFlags;
[INFO] [stdout]   |
[INFO] [stdout] 
[INFO] [stdout] error[E0433]: failed to resolve: use of undeclared type `ProtocolFlags`
[INFO] [stdout]  --> src/sys/shared.rs:33:40
[INFO] [stdout]   |
[INFO] [stdout] 4 | let proto_flags = ProtocolFlags::TCP | ProtocolFlags::UDP;
[INFO] [stdout]   |                                        ^^^^^^^^^^^^^ use of undeclared type `ProtocolFlags`
[INFO] [stdout]   |
[INFO] [stdout] help: consider importing this struct
[INFO] [stdout]   |
[INFO] [stdout] 2 + use netsock::protocol::ProtocolFlags;
[INFO] [stdout]   |
[INFO] [stdout] 
[INFO] [stdout] error[E0425]: cannot find function `get_sockets` in this scope
[INFO] [stdout]  --> src/sys/shared.rs:35:7
[INFO] [stdout]   |
[INFO] [stdout] 6 | match get_sockets(af_flags, proto_flags) {
[INFO] [stdout]   |       ^^^^^^^^^^^ not found in this scope
[INFO] [stdout]   |
[INFO] [stdout] help: consider importing this function
[INFO] [stdout]   |
[INFO] [stdout] 2 + use netsock::get_sockets;
[INFO] [stdout]   |
[INFO] [stdout] 
[INFO] [stdout] error: aborting due to 5 previous errors
[INFO] [stdout] 
[INFO] [stdout] Some errors have detailed explanations: E0425, E0433.
[INFO] [stdout] For more information about an error, try `rustc --explain E0425`.
[INFO] [stdout] Couldn't compile the test.
[INFO] [stdout] 
[INFO] [stdout] failures:
[INFO] [stdout]     src/family.rs - family::AddressFamilyFlags (line 21)
[INFO] [stdout]     src/protocol.rs - protocol::ProtocolFlags (line 21)
[INFO] [stdout]     src/sys/linux/mod.rs - sys::linux::iter_sockets (line 38)
[INFO] [stdout]     src/sys/shared.rs - sys::shared::get_sockets (line 31)
[INFO] [stdout] 
[INFO] [stdout] test result: FAILED. 0 passed; 4 failed; 0 ignored; 0 measured; 0 filtered out; finished in 0.11s
[INFO] [stdout] 
[INFO] [stderr] error: doctest failed, to rerun pass `--doc`
[INFO] running `Command { std: "docker" "inspect" "58c15da0e77148eeb6680442b6603831faaf1fe0027a1179f104556dd14d0024", kill_on_drop: false }`
[INFO] running `Command { std: "docker" "rm" "-f" "58c15da0e77148eeb6680442b6603831faaf1fe0027a1179f104556dd14d0024", kill_on_drop: false }`
[INFO] [stdout] 58c15da0e77148eeb6680442b6603831faaf1fe0027a1179f104556dd14d0024
