[INFO] fetching crate netem-trace 0.3.4...
[INFO] testing netem-trace-0.3.4 against nightly-2024-10-28 for randomize-layout
[INFO] extracting crate netem-trace 0.3.4 into /workspace/builds/worker-4-tc1/source
[INFO] validating manifest of crates.io crate netem-trace 0.3.4 on toolchain nightly-2024-10-28
[INFO] running `Command { std: CARGO_HOME="/workspace/cargo-home" RUSTUP_HOME="/workspace/rustup-home" "/workspace/cargo-home/bin/cargo" "+nightly-2024-10-28" "metadata" "--manifest-path" "Cargo.toml" "--no-deps", kill_on_drop: false }`
[INFO] started tweaking crates.io crate netem-trace 0.3.4
[INFO] finished tweaking crates.io crate netem-trace 0.3.4
[INFO] tweaked toml for crates.io crate netem-trace 0.3.4 written to /workspace/builds/worker-4-tc1/source/Cargo.toml
[INFO] running `Command { std: CARGO_HOME="/workspace/cargo-home" RUSTUP_HOME="/workspace/rustup-home" "/workspace/cargo-home/bin/cargo" "+nightly-2024-10-28" "generate-lockfile" "--manifest-path" "Cargo.toml", kill_on_drop: false }`
[INFO] [stderr]     Updating crates.io index
[INFO] [stderr]      Locking 39 packages to latest compatible versions
[INFO] running `Command { std: CARGO_HOME="/workspace/cargo-home" RUSTUP_HOME="/workspace/rustup-home" "/workspace/cargo-home/bin/cargo" "+nightly-2024-10-28" "fetch" "--manifest-path" "Cargo.toml", kill_on_drop: false }`
[INFO] [stderr]  Downloading crates ...
[INFO] [stderr]   Downloaded bandwidth v0.3.0
[INFO] [stderr]   Downloaded human-bandwidth v0.1.1
[INFO] running `Command { std: "docker" "create" "-v" "/var/lib/crater-agent-workspace/builds/worker-4-tc1/target:/opt/rustwide/target:rw,Z" "-v" "/var/lib/crater-agent-workspace/builds/worker-4-tc1/source:/opt/rustwide/workdir:ro,Z" "-v" "/var/lib/crater-agent-workspace/cargo-home:/opt/rustwide/cargo-home:ro,Z" "-v" "/var/lib/crater-agent-workspace/rustup-home:/opt/rustwide/rustup-home:ro,Z" "-e" "SOURCE_DIR=/opt/rustwide/workdir" "-e" "CARGO_TARGET_DIR=/opt/rustwide/target" "-e" "CARGO_HOME=/opt/rustwide/cargo-home" "-e" "RUSTUP_HOME=/opt/rustwide/rustup-home" "-w" "/opt/rustwide/workdir" "-m" "1610612736" "--user" "0:0" "--network" "none" "ghcr.io/rust-lang/crates-build-env/linux@sha256:4a844ea9eb2546a2d2c7022eacef16ef2e8229c7fbb2c7d4d55a9ceca922f72d" "/opt/rustwide/cargo-home/bin/cargo" "+nightly-2024-10-28" "metadata" "--no-deps" "--format-version=1", kill_on_drop: false }`
[INFO] [stdout] 44df422a792637ec0fb06f39b2930cfbd0d7a646fc31e33a8d98c68ca11db23d
[INFO] running `Command { std: "docker" "start" "-a" "44df422a792637ec0fb06f39b2930cfbd0d7a646fc31e33a8d98c68ca11db23d", kill_on_drop: false }`
[INFO] running `Command { std: "docker" "inspect" "44df422a792637ec0fb06f39b2930cfbd0d7a646fc31e33a8d98c68ca11db23d", kill_on_drop: false }`
[INFO] running `Command { std: "docker" "rm" "-f" "44df422a792637ec0fb06f39b2930cfbd0d7a646fc31e33a8d98c68ca11db23d", kill_on_drop: false }`
[INFO] [stdout] 44df422a792637ec0fb06f39b2930cfbd0d7a646fc31e33a8d98c68ca11db23d
[INFO] running `Command { std: "docker" "create" "-v" "/var/lib/crater-agent-workspace/builds/worker-4-tc1/target:/opt/rustwide/target:rw,Z" "-v" "/var/lib/crater-agent-workspace/builds/worker-4-tc1/source:/opt/rustwide/workdir:ro,Z" "-v" "/var/lib/crater-agent-workspace/cargo-home:/opt/rustwide/cargo-home:ro,Z" "-v" "/var/lib/crater-agent-workspace/rustup-home:/opt/rustwide/rustup-home:ro,Z" "-e" "SOURCE_DIR=/opt/rustwide/workdir" "-e" "CARGO_TARGET_DIR=/opt/rustwide/target" "-e" "CARGO_INCREMENTAL=0" "-e" "RUST_BACKTRACE=full" "-e" "RUSTFLAGS=--cap-lints=forbid" "-e" "RUSTDOCFLAGS=--cap-lints=forbid" "-e" "CARGO_HOME=/opt/rustwide/cargo-home" "-e" "RUSTUP_HOME=/opt/rustwide/rustup-home" "-w" "/opt/rustwide/workdir" "-m" "1610612736" "--user" "0:0" "--network" "none" "ghcr.io/rust-lang/crates-build-env/linux@sha256:4a844ea9eb2546a2d2c7022eacef16ef2e8229c7fbb2c7d4d55a9ceca922f72d" "/opt/rustwide/cargo-home/bin/cargo" "+nightly-2024-10-28" "build" "--frozen" "--message-format=json", kill_on_drop: false }`
[INFO] [stdout] c3002c529a478da1c6e0ebd7a901686536792d2ab6c96471e256ea259b8042fd
[INFO] running `Command { std: "docker" "start" "-a" "c3002c529a478da1c6e0ebd7a901686536792d2ab6c96471e256ea259b8042fd", kill_on_drop: false }`
[INFO] [stderr]    Compiling libc v0.2.161
[INFO] [stderr]    Compiling byteorder v1.5.0
[INFO] [stderr]    Compiling num-traits v0.2.19
[INFO] [stderr]    Compiling dyn-clone v1.0.17
[INFO] [stderr]    Compiling syn v2.0.86
[INFO] [stderr]    Compiling bandwidth v0.3.0
[INFO] [stderr]    Compiling getrandom v0.2.15
[INFO] [stderr]    Compiling rand_core v0.6.4
[INFO] [stderr]    Compiling zerocopy-derive v0.7.35
[INFO] [stderr]    Compiling zerocopy v0.7.35
[INFO] [stderr]    Compiling ppv-lite86 v0.2.20
[INFO] [stderr]    Compiling rand_chacha v0.3.1
[INFO] [stderr]    Compiling rand v0.8.5
[INFO] [stderr]    Compiling rand_distr v0.4.3
[INFO] [stderr]    Compiling netem-trace v0.3.4 (/opt/rustwide/workdir)
[INFO] [stderr]     Finished `dev` profile [unoptimized + debuginfo] target(s) in 3.19s
[INFO] running `Command { std: "docker" "inspect" "c3002c529a478da1c6e0ebd7a901686536792d2ab6c96471e256ea259b8042fd", kill_on_drop: false }`
[INFO] running `Command { std: "docker" "rm" "-f" "c3002c529a478da1c6e0ebd7a901686536792d2ab6c96471e256ea259b8042fd", kill_on_drop: false }`
[INFO] [stdout] c3002c529a478da1c6e0ebd7a901686536792d2ab6c96471e256ea259b8042fd
[INFO] running `Command { std: "docker" "create" "-v" "/var/lib/crater-agent-workspace/builds/worker-4-tc1/target:/opt/rustwide/target:rw,Z" "-v" "/var/lib/crater-agent-workspace/builds/worker-4-tc1/source:/opt/rustwide/workdir:ro,Z" "-v" "/var/lib/crater-agent-workspace/cargo-home:/opt/rustwide/cargo-home:ro,Z" "-v" "/var/lib/crater-agent-workspace/rustup-home:/opt/rustwide/rustup-home:ro,Z" "-e" "SOURCE_DIR=/opt/rustwide/workdir" "-e" "CARGO_TARGET_DIR=/opt/rustwide/target" "-e" "CARGO_INCREMENTAL=0" "-e" "RUST_BACKTRACE=full" "-e" "RUSTFLAGS=--cap-lints=forbid" "-e" "RUSTDOCFLAGS=--cap-lints=forbid" "-e" "CARGO_HOME=/opt/rustwide/cargo-home" "-e" "RUSTUP_HOME=/opt/rustwide/rustup-home" "-w" "/opt/rustwide/workdir" "-m" "1610612736" "--user" "0:0" "--network" "none" "ghcr.io/rust-lang/crates-build-env/linux@sha256:4a844ea9eb2546a2d2c7022eacef16ef2e8229c7fbb2c7d4d55a9ceca922f72d" "/opt/rustwide/cargo-home/bin/cargo" "+nightly-2024-10-28" "test" "--frozen" "--no-run" "--message-format=json", kill_on_drop: false }`
[INFO] [stdout] 5212e0844ceb7c5db01259dac285e112036ee2902e7e0a58567bf7936352dc5b
[INFO] running `Command { std: "docker" "start" "-a" "5212e0844ceb7c5db01259dac285e112036ee2902e7e0a58567bf7936352dc5b", kill_on_drop: false }`
[INFO] [stderr]    Compiling serde v1.0.214
[INFO] [stderr]    Compiling serde_json v1.0.132
[INFO] [stderr]    Compiling netem-trace v0.3.4 (/opt/rustwide/workdir)
[INFO] [stderr]     Finished `test` profile [unoptimized + debuginfo] target(s) in 2.74s
[INFO] running `Command { std: "docker" "inspect" "5212e0844ceb7c5db01259dac285e112036ee2902e7e0a58567bf7936352dc5b", kill_on_drop: false }`
[INFO] running `Command { std: "docker" "rm" "-f" "5212e0844ceb7c5db01259dac285e112036ee2902e7e0a58567bf7936352dc5b", kill_on_drop: false }`
[INFO] [stdout] 5212e0844ceb7c5db01259dac285e112036ee2902e7e0a58567bf7936352dc5b
[INFO] running `Command { std: "docker" "create" "-v" "/var/lib/crater-agent-workspace/builds/worker-4-tc1/target:/opt/rustwide/target:rw,Z" "-v" "/var/lib/crater-agent-workspace/builds/worker-4-tc1/source:/opt/rustwide/workdir:ro,Z" "-v" "/var/lib/crater-agent-workspace/cargo-home:/opt/rustwide/cargo-home:ro,Z" "-v" "/var/lib/crater-agent-workspace/rustup-home:/opt/rustwide/rustup-home:ro,Z" "-e" "SOURCE_DIR=/opt/rustwide/workdir" "-e" "CARGO_TARGET_DIR=/opt/rustwide/target" "-e" "CARGO_INCREMENTAL=0" "-e" "RUST_BACKTRACE=full" "-e" "RUSTFLAGS=--cap-lints=forbid" "-e" "RUSTDOCFLAGS=--cap-lints=forbid" "-e" "CARGO_HOME=/opt/rustwide/cargo-home" "-e" "RUSTUP_HOME=/opt/rustwide/rustup-home" "-w" "/opt/rustwide/workdir" "-m" "1610612736" "--user" "0:0" "--network" "none" "ghcr.io/rust-lang/crates-build-env/linux@sha256:4a844ea9eb2546a2d2c7022eacef16ef2e8229c7fbb2c7d4d55a9ceca922f72d" "/opt/rustwide/cargo-home/bin/cargo" "+nightly-2024-10-28" "test" "--frozen", kill_on_drop: false }`
[INFO] [stdout] 887c5ed43372eb45b71d51aa5dd14e45af04f5a11cbdbea95a630b962e061ed4
[INFO] running `Command { std: "docker" "start" "-a" "887c5ed43372eb45b71d51aa5dd14e45af04f5a11cbdbea95a630b962e061ed4", kill_on_drop: false }`
[INFO] [stderr]     Finished `test` profile [unoptimized + debuginfo] target(s) in 0.02s
[INFO] [stderr]      Running unittests src/lib.rs (/opt/rustwide/target/debug/deps/netem_trace-d1920e17255cc7f1)
[INFO] [stdout] 
[INFO] [stdout] running 7 tests
[INFO] [stdout] test model::delay::test::test_static_delay_model ... ok
[INFO] [stdout] test model::duplicate::test::test_static_loss_model ... ok
[INFO] [stdout] test model::loss::test::test_static_loss_model ... ok
[INFO] [stdout] test test::test_forever ... ok
[INFO] [stdout] test test::test_normalized_bw_model ... ok
[INFO] [stdout] test test::test_static_bw_model ... ok
[INFO] [stdout] test test::test_sawtooth_bw_model ... ok
[INFO] [stdout] 
[INFO] [stdout] test result: ok. 7 passed; 0 failed; 0 ignored; 0 measured; 0 filtered out; finished in 0.00s
[INFO] [stdout] 
[INFO] [stderr]    Doc-tests netem_trace
[INFO] [stdout] 
[INFO] [stdout] running 27 tests
[INFO] [stdout] test src/model/bw.rs - model::bw::RepeatedBwPattern (line 404) ... FAILED
[INFO] [stdout] test src/model/bw.rs - model::bw (line 28) ... FAILED
[INFO] [stdout] test src/lib.rs - (line 24) ... FAILED
[INFO] [stdout] test src/lib.rs - (line 58) ... ok
[INFO] [stdout] test src/model/bw.rs - model::bw::NormalizedBw (line 145) ... ok
[INFO] [stdout] test src/model/bw.rs - model::bw::NormalizedBw (line 129) ... ok
[INFO] [stdout] test src/model/bw.rs - model::bw::RepeatedBwPattern (line 436) ... FAILED
[INFO] [stdout] test src/lib.rs - (line 11) ... ok
[INFO] [stdout] test src/model/bw.rs - model::bw (line 15) ... ok
[INFO] [stdout] test src/model/delay.rs - model::delay::RepeatedDelayPattern (line 127) ... FAILED
[INFO] [stdout] test src/model/delay.rs - model::delay (line 27) ... FAILED
[INFO] [stdout] test src/model/delay.rs - model::delay::RepeatedDelayPattern (line 159) ... FAILED
[INFO] [stdout] test src/model/bw.rs - model::bw::SawtoothBw (line 284) ... ok
[INFO] [stdout] test src/model/bw.rs - model::bw::SawtoothBw (line 233) ... ok
[INFO] [stdout] test src/model/duplicate.rs - model::duplicate::RepeatedDuplicatePattern (line 123) ... FAILED
[INFO] [stdout] test src/model/duplicate.rs - model::duplicate (line 27) ... FAILED
[INFO] [stdout] test src/model/delay.rs - model::delay::StaticDelay (line 79) ... ok
[INFO] [stdout] test src/model/bw.rs - model::bw::StaticBw (line 85) ... ok
[INFO] [stdout] test src/model/delay.rs - model::delay (line 14) ... ok
[INFO] [stdout] test src/model/duplicate.rs - model::duplicate::RepeatedDuplicatePattern (line 155) ... FAILED
[INFO] [stdout] test src/model/loss.rs - model::loss (line 27) ... FAILED
[INFO] [stdout] test src/model/loss.rs - model::loss::RepeatedLossPattern (line 155) ... FAILED
[INFO] [stdout] test src/model/loss.rs - model::loss::RepeatedLossPattern (line 123) ... FAILED
[INFO] [stdout] test src/model/duplicate.rs - model::duplicate (line 14) ... ok
[INFO] [stdout] test src/model/duplicate.rs - model::duplicate::StaticDuplicate (line 79) ... ok
[INFO] [stdout] test src/model/loss.rs - model::loss (line 14) ... ok
[INFO] [stdout] test src/model/loss.rs - model::loss::StaticLoss (line 79) ... ok
[INFO] [stdout] 
[INFO] [stdout] failures:
[INFO] [stdout] 
[INFO] [stdout] ---- src/model/bw.rs - model::bw::RepeatedBwPattern (line 404) stdout ----
[INFO] [stdout] error[E0277]: the trait bound `dyn BwTraceConfig: serde::de::Deserialize<'_>` is not satisfied
[INFO] [stdout]     --> src/model/bw.rs:414:35
[INFO] [stdout]      |
[INFO] [stdout] 13   | let des: Box<dyn BwTraceConfig> = serde_json::from_str(config_file_content).unwrap();
[INFO] [stdout]      |                                   ^^^^^^^^^^^^^^^^^^^^^^^^^^^^^^^^^^^^^^^^^ the trait `serde::de::Deserialize<'_>` is not implemented for `dyn BwTraceConfig`, which is required by `Box<dyn BwTraceConfig>: serde::de::Deserialize<'_>`
[INFO] [stdout]      |
[INFO] [stdout]      = note: for local types consider adding `#[derive(serde::Deserialize)]` to your `dyn BwTraceConfig` type
[INFO] [stdout]      = note: for types from other crates check whether the crate offers a `serde` feature flag
[INFO] [stdout]      = help: the following other types implement trait `serde::de::Deserialize<'de>`:
[INFO] [stdout]                &'a Path
[INFO] [stdout]                &'a [u8]
[INFO] [stdout]                &'a str
[INFO] [stdout]                ()
[INFO] [stdout]                (T,)
[INFO] [stdout]                (T0, T1)
[INFO] [stdout]                (T0, T1, T2)
[INFO] [stdout]                (T0, T1, T2, T3)
[INFO] [stdout]              and 142 others
[INFO] [stdout]      = note: required for `Box<dyn BwTraceConfig>` to implement `serde::de::Deserialize<'_>`
[INFO] [stdout] note: required by a bound in `serde_json::from_str`
[INFO] [stdout]     --> /opt/rustwide/cargo-home/registry/src/index.crates.io-6f17d22bba15001f/serde_json-1.0.132/src/de.rs:2694:8
[INFO] [stdout]      |
[INFO] [stdout] 2692 | pub fn from_str<'a, T>(s: &'a str) -> Result<T>
[INFO] [stdout]      |        -------- required by a bound in this function
[INFO] [stdout] 2693 | where
[INFO] [stdout] 2694 |     T: de::Deserialize<'a>,
[INFO] [stdout]      |        ^^^^^^^^^^^^^^^^^^^ required by this bound in `from_str`
[INFO] [stdout] 
[INFO] [stdout] error: aborting due to 1 previous error
[INFO] [stdout] 
[INFO] [stdout] For more information about this error, try `rustc --explain E0277`.
[INFO] [stdout] Couldn't compile the test.
[INFO] [stdout] ---- src/model/bw.rs - model::bw (line 28) stdout ----
[INFO] [stdout] error[E0277]: the trait bound `dyn BwTraceConfig: serde::de::Deserialize<'_>` is not satisfied
[INFO] [stdout]     --> src/model/bw.rs:38:35
[INFO] [stdout]      |
[INFO] [stdout] 13   | let des: Box<dyn BwTraceConfig> = serde_json::from_str(config_file_content).unwrap();
[INFO] [stdout]      |                                   ^^^^^^^^^^^^^^^^^^^^^^^^^^^^^^^^^^^^^^^^^ the trait `serde::de::Deserialize<'_>` is not implemented for `dyn BwTraceConfig`, which is required by `Box<dyn BwTraceConfig>: serde::de::Deserialize<'_>`
[INFO] [stdout]      |
[INFO] [stdout]      = note: for local types consider adding `#[derive(serde::Deserialize)]` to your `dyn BwTraceConfig` type
[INFO] [stdout]      = note: for types from other crates check whether the crate offers a `serde` feature flag
[INFO] [stdout]      = help: the following other types implement trait `serde::de::Deserialize<'de>`:
[INFO] [stdout]                &'a Path
[INFO] [stdout]                &'a [u8]
[INFO] [stdout]                &'a str
[INFO] [stdout]                ()
[INFO] [stdout]                (T,)
[INFO] [stdout]                (T0, T1)
[INFO] [stdout]                (T0, T1, T2)
[INFO] [stdout]                (T0, T1, T2, T3)
[INFO] [stdout]              and 142 others
[INFO] [stdout]      = note: required for `Box<dyn BwTraceConfig>` to implement `serde::de::Deserialize<'_>`
[INFO] [stdout] note: required by a bound in `serde_json::from_str`
[INFO] [stdout]     --> /opt/rustwide/cargo-home/registry/src/index.crates.io-6f17d22bba15001f/serde_json-1.0.132/src/de.rs:2694:8
[INFO] [stdout]      |
[INFO] [stdout] 2692 | pub fn from_str<'a, T>(s: &'a str) -> Result<T>
[INFO] [stdout]      |        -------- required by a bound in this function
[INFO] [stdout] 2693 | where
[INFO] [stdout] 2694 |     T: de::Deserialize<'a>,
[INFO] [stdout]      |        ^^^^^^^^^^^^^^^^^^^ required by this bound in `from_str`
[INFO] [stdout] 
[INFO] [stdout] error: aborting due to 1 previous error
[INFO] [stdout] 
[INFO] [stdout] For more information about this error, try `rustc --explain E0277`.
[INFO] [stdout] Couldn't compile the test.
[INFO] [stdout] ---- src/lib.rs - (line 24) stdout ----
[INFO] [stdout] error[E0277]: the trait bound `dyn BwTraceConfig: serde::de::Deserialize<'_>` is not satisfied
[INFO] [stdout]     --> src/lib.rs:34:35
[INFO] [stdout]      |
[INFO] [stdout] 13   | let des: Box<dyn BwTraceConfig> = serde_json::from_str(config_file_content).unwrap();
[INFO] [stdout]      |                                   ^^^^^^^^^^^^^^^^^^^^^^^^^^^^^^^^^^^^^^^^^ the trait `serde::de::Deserialize<'_>` is not implemented for `dyn BwTraceConfig`, which is required by `Box<dyn BwTraceConfig>: serde::de::Deserialize<'_>`
[INFO] [stdout]      |
[INFO] [stdout]      = note: for local types consider adding `#[derive(serde::Deserialize)]` to your `dyn BwTraceConfig` type
[INFO] [stdout]      = note: for types from other crates check whether the crate offers a `serde` feature flag
[INFO] [stdout]      = help: the following other types implement trait `serde::de::Deserialize<'de>`:
[INFO] [stdout]                &'a Path
[INFO] [stdout]                &'a [u8]
[INFO] [stdout]                &'a str
[INFO] [stdout]                ()
[INFO] [stdout]                (T,)
[INFO] [stdout]                (T0, T1)
[INFO] [stdout]                (T0, T1, T2)
[INFO] [stdout]                (T0, T1, T2, T3)
[INFO] [stdout]              and 142 others
[INFO] [stdout]      = note: required for `Box<dyn BwTraceConfig>` to implement `serde::de::Deserialize<'_>`
[INFO] [stdout] note: required by a bound in `serde_json::from_str`
[INFO] [stdout]     --> /opt/rustwide/cargo-home/registry/src/index.crates.io-6f17d22bba15001f/serde_json-1.0.132/src/de.rs:2694:8
[INFO] [stdout]      |
[INFO] [stdout] 2692 | pub fn from_str<'a, T>(s: &'a str) -> Result<T>
[INFO] [stdout]      |        -------- required by a bound in this function
[INFO] [stdout] 2693 | where
[INFO] [stdout] 2694 |     T: de::Deserialize<'a>,
[INFO] [stdout]      |        ^^^^^^^^^^^^^^^^^^^ required by this bound in `from_str`
[INFO] [stdout] 
[INFO] [stdout] error: aborting due to 1 previous error
[INFO] [stdout] 
[INFO] [stdout] For more information about this error, try `rustc --explain E0277`.
[INFO] [stdout] Couldn't compile the test.
[INFO] [stdout] ---- src/model/bw.rs - model::bw::RepeatedBwPattern (line 436) stdout ----
[INFO] [stdout] error[E0277]: the trait bound `dyn BwTraceConfig: serde::ser::Serialize` is not satisfied
[INFO] [stdout]     --> src/model/bw.rs:453:37
[INFO] [stdout]      |
[INFO] [stdout] 20   | let ser_str = serde_json::to_string(&ser).unwrap();
[INFO] [stdout]      |               --------------------- ^^^^ the trait `serde::ser::Serialize` is not implemented for `dyn BwTraceConfig`, which is required by `Box<dyn BwTraceConfig>: serde::ser::Serialize`
[INFO] [stdout]      |               |
[INFO] [stdout]      |               required by a bound introduced by this call
[INFO] [stdout]      |
[INFO] [stdout]      = note: for local types consider adding `#[derive(serde::Serialize)]` to your `dyn BwTraceConfig` type
[INFO] [stdout]      = note: for types from other crates check whether the crate offers a `serde` feature flag
[INFO] [stdout]      = help: the following other types implement trait `serde::ser::Serialize`:
[INFO] [stdout]                &'a T
[INFO] [stdout]                &'a mut T
[INFO] [stdout]                ()
[INFO] [stdout]                (T,)
[INFO] [stdout]                (T0, T1)
[INFO] [stdout]                (T0, T1, T2)
[INFO] [stdout]                (T0, T1, T2, T3)
[INFO] [stdout]                (T0, T1, T2, T3, T4)
[INFO] [stdout]              and 131 others
[INFO] [stdout]      = note: required for `Box<dyn BwTraceConfig>` to implement `serde::ser::Serialize`
[INFO] [stdout] note: required by a bound in `serde_json::to_string`
[INFO] [stdout]     --> /opt/rustwide/cargo-home/registry/src/index.crates.io-6f17d22bba15001f/serde_json-1.0.132/src/ser.rs:2211:17
[INFO] [stdout]      |
[INFO] [stdout] 2209 | pub fn to_string<T>(value: &T) -> Result<String>
[INFO] [stdout]      |        --------- required by a bound in this function
[INFO] [stdout] 2210 | where
[INFO] [stdout] 2211 |     T: ?Sized + Serialize,
[INFO] [stdout]      |                 ^^^^^^^^^ required by this bound in `to_string`
[INFO] [stdout] 
[INFO] [stdout] error: aborting due to 1 previous error
[INFO] [stdout] 
[INFO] [stdout] For more information about this error, try `rustc --explain E0277`.
[INFO] [stdout] Couldn't compile the test.
[INFO] [stdout] ---- src/model/delay.rs - model::delay::RepeatedDelayPattern (line 127) stdout ----
[INFO] [stdout] error[E0277]: the trait bound `dyn DelayTraceConfig: serde::de::Deserialize<'_>` is not satisfied
[INFO] [stdout]     --> src/model/delay.rs:137:38
[INFO] [stdout]      |
[INFO] [stdout] 13   | let des: Box<dyn DelayTraceConfig> = serde_json::from_str(config_file_content).unwrap();
[INFO] [stdout]      |                                      ^^^^^^^^^^^^^^^^^^^^^^^^^^^^^^^^^^^^^^^^^ the trait `serde::de::Deserialize<'_>` is not implemented for `dyn DelayTraceConfig`, which is required by `Box<dyn DelayTraceConfig>: serde::de::Deserialize<'_>`
[INFO] [stdout]      |
[INFO] [stdout]      = note: for local types consider adding `#[derive(serde::Deserialize)]` to your `dyn DelayTraceConfig` type
[INFO] [stdout]      = note: for types from other crates check whether the crate offers a `serde` feature flag
[INFO] [stdout]      = help: the following other types implement trait `serde::de::Deserialize<'de>`:
[INFO] [stdout]                &'a Path
[INFO] [stdout]                &'a [u8]
[INFO] [stdout]                &'a str
[INFO] [stdout]                ()
[INFO] [stdout]                (T,)
[INFO] [stdout]                (T0, T1)
[INFO] [stdout]                (T0, T1, T2)
[INFO] [stdout]                (T0, T1, T2, T3)
[INFO] [stdout]              and 142 others
[INFO] [stdout]      = note: required for `Box<dyn DelayTraceConfig>` to implement `serde::de::Deserialize<'_>`
[INFO] [stdout] note: required by a bound in `serde_json::from_str`
[INFO] [stdout]     --> /opt/rustwide/cargo-home/registry/src/index.crates.io-6f17d22bba15001f/serde_json-1.0.132/src/de.rs:2694:8
[INFO] [stdout]      |
[INFO] [stdout] 2692 | pub fn from_str<'a, T>(s: &'a str) -> Result<T>
[INFO] [stdout]      |        -------- required by a bound in this function
[INFO] [stdout] 2693 | where
[INFO] [stdout] 2694 |     T: de::Deserialize<'a>,
[INFO] [stdout]      |        ^^^^^^^^^^^^^^^^^^^ required by this bound in `from_str`
[INFO] [stdout] 
[INFO] [stdout] error: aborting due to 1 previous error
[INFO] [stdout] 
[INFO] [stdout] For more information about this error, try `rustc --explain E0277`.
[INFO] [stdout] Couldn't compile the test.
[INFO] [stdout] ---- src/model/delay.rs - model::delay (line 27) stdout ----
[INFO] [stdout] error[E0277]: the trait bound `dyn DelayTraceConfig: serde::de::Deserialize<'_>` is not satisfied
[INFO] [stdout]     --> src/model/delay.rs:37:38
[INFO] [stdout]      |
[INFO] [stdout] 13   | let des: Box<dyn DelayTraceConfig> = serde_json::from_str(config_file_content).unwrap();
[INFO] [stdout]      |                                      ^^^^^^^^^^^^^^^^^^^^^^^^^^^^^^^^^^^^^^^^^ the trait `serde::de::Deserialize<'_>` is not implemented for `dyn DelayTraceConfig`, which is required by `Box<dyn DelayTraceConfig>: serde::de::Deserialize<'_>`
[INFO] [stdout]      |
[INFO] [stdout]      = note: for local types consider adding `#[derive(serde::Deserialize)]` to your `dyn DelayTraceConfig` type
[INFO] [stdout]      = note: for types from other crates check whether the crate offers a `serde` feature flag
[INFO] [stdout]      = help: the following other types implement trait `serde::de::Deserialize<'de>`:
[INFO] [stdout]                &'a Path
[INFO] [stdout]                &'a [u8]
[INFO] [stdout]                &'a str
[INFO] [stdout]                ()
[INFO] [stdout]                (T,)
[INFO] [stdout]                (T0, T1)
[INFO] [stdout]                (T0, T1, T2)
[INFO] [stdout]                (T0, T1, T2, T3)
[INFO] [stdout]              and 142 others
[INFO] [stdout]      = note: required for `Box<dyn DelayTraceConfig>` to implement `serde::de::Deserialize<'_>`
[INFO] [stdout] note: required by a bound in `serde_json::from_str`
[INFO] [stdout]     --> /opt/rustwide/cargo-home/registry/src/index.crates.io-6f17d22bba15001f/serde_json-1.0.132/src/de.rs:2694:8
[INFO] [stdout]      |
[INFO] [stdout] 2692 | pub fn from_str<'a, T>(s: &'a str) -> Result<T>
[INFO] [stdout]      |        -------- required by a bound in this function
[INFO] [stdout] 2693 | where
[INFO] [stdout] 2694 |     T: de::Deserialize<'a>,
[INFO] [stdout]      |        ^^^^^^^^^^^^^^^^^^^ required by this bound in `from_str`
[INFO] [stdout] 
[INFO] [stdout] error: aborting due to 1 previous error
[INFO] [stdout] 
[INFO] [stdout] For more information about this error, try `rustc --explain E0277`.
[INFO] [stdout] Couldn't compile the test.
[INFO] [stdout] ---- src/model/delay.rs - model::delay::RepeatedDelayPattern (line 159) stdout ----
[INFO] [stdout] error[E0277]: the trait bound `dyn DelayTraceConfig: serde::ser::Serialize` is not satisfied
[INFO] [stdout]     --> src/model/delay.rs:176:37
[INFO] [stdout]      |
[INFO] [stdout] 20   | let ser_str = serde_json::to_string(&ser).unwrap();
[INFO] [stdout]      |               --------------------- ^^^^ the trait `serde::ser::Serialize` is not implemented for `dyn DelayTraceConfig`, which is required by `Box<dyn DelayTraceConfig>: serde::ser::Serialize`
[INFO] [stdout]      |               |
[INFO] [stdout]      |               required by a bound introduced by this call
[INFO] [stdout]      |
[INFO] [stdout]      = note: for local types consider adding `#[derive(serde::Serialize)]` to your `dyn DelayTraceConfig` type
[INFO] [stdout]      = note: for types from other crates check whether the crate offers a `serde` feature flag
[INFO] [stdout]      = help: the following other types implement trait `serde::ser::Serialize`:
[INFO] [stdout]                &'a T
[INFO] [stdout]                &'a mut T
[INFO] [stdout]                ()
[INFO] [stdout]                (T,)
[INFO] [stdout]                (T0, T1)
[INFO] [stdout]                (T0, T1, T2)
[INFO] [stdout]                (T0, T1, T2, T3)
[INFO] [stdout]                (T0, T1, T2, T3, T4)
[INFO] [stdout]              and 131 others
[INFO] [stdout]      = note: required for `Box<dyn DelayTraceConfig>` to implement `serde::ser::Serialize`
[INFO] [stdout] note: required by a bound in `serde_json::to_string`
[INFO] [stdout]     --> /opt/rustwide/cargo-home/registry/src/index.crates.io-6f17d22bba15001f/serde_json-1.0.132/src/ser.rs:2211:17
[INFO] [stdout]      |
[INFO] [stdout] 2209 | pub fn to_string<T>(value: &T) -> Result<String>
[INFO] [stdout]      |        --------- required by a bound in this function
[INFO] [stdout] 2210 | where
[INFO] [stdout] 2211 |     T: ?Sized + Serialize,
[INFO] [stdout]      |                 ^^^^^^^^^ required by this bound in `to_string`
[INFO] [stdout] 
[INFO] [stdout] error: aborting due to 1 previous error
[INFO] [stdout] 
[INFO] [stdout] For more information about this error, try `rustc --explain E0277`.
[INFO] [stdout] Couldn't compile the test.
[INFO] [stdout] ---- src/model/duplicate.rs - model::duplicate::RepeatedDuplicatePattern (line 123) stdout ----
[INFO] [stdout] error[E0277]: the trait bound `dyn DuplicateTraceConfig: serde::de::Deserialize<'_>` is not satisfied
[INFO] [stdout]     --> src/model/duplicate.rs:133:42
[INFO] [stdout]      |
[INFO] [stdout] 13   | let des: Box<dyn DuplicateTraceConfig> = serde_json::from_str(config_file_content).unwrap();
[INFO] [stdout]      |                                          ^^^^^^^^^^^^^^^^^^^^^^^^^^^^^^^^^^^^^^^^^ the trait `serde::de::Deserialize<'_>` is not implemented for `dyn DuplicateTraceConfig`, which is required by `Box<dyn DuplicateTraceConfig>: serde::de::Deserialize<'_>`
[INFO] [stdout]      |
[INFO] [stdout]      = note: for local types consider adding `#[derive(serde::Deserialize)]` to your `dyn DuplicateTraceConfig` type
[INFO] [stdout]      = note: for types from other crates check whether the crate offers a `serde` feature flag
[INFO] [stdout]      = help: the following other types implement trait `serde::de::Deserialize<'de>`:
[INFO] [stdout]                &'a Path
[INFO] [stdout]                &'a [u8]
[INFO] [stdout]                &'a str
[INFO] [stdout]                ()
[INFO] [stdout]                (T,)
[INFO] [stdout]                (T0, T1)
[INFO] [stdout]                (T0, T1, T2)
[INFO] [stdout]                (T0, T1, T2, T3)
[INFO] [stdout]              and 142 others
[INFO] [stdout]      = note: required for `Box<dyn DuplicateTraceConfig>` to implement `serde::de::Deserialize<'_>`
[INFO] [stdout] note: required by a bound in `serde_json::from_str`
[INFO] [stdout]     --> /opt/rustwide/cargo-home/registry/src/index.crates.io-6f17d22bba15001f/serde_json-1.0.132/src/de.rs:2694:8
[INFO] [stdout]      |
[INFO] [stdout] 2692 | pub fn from_str<'a, T>(s: &'a str) -> Result<T>
[INFO] [stdout]      |        -------- required by a bound in this function
[INFO] [stdout] 2693 | where
[INFO] [stdout] 2694 |     T: de::Deserialize<'a>,
[INFO] [stdout]      |        ^^^^^^^^^^^^^^^^^^^ required by this bound in `from_str`
[INFO] [stdout] 
[INFO] [stdout] error: aborting due to 1 previous error
[INFO] [stdout] 
[INFO] [stdout] For more information about this error, try `rustc --explain E0277`.
[INFO] [stdout] Couldn't compile the test.
[INFO] [stdout] ---- src/model/duplicate.rs - model::duplicate (line 27) stdout ----
[INFO] [stdout] error[E0277]: the trait bound `dyn DuplicateTraceConfig: serde::de::Deserialize<'_>` is not satisfied
[INFO] [stdout]     --> src/model/duplicate.rs:37:42
[INFO] [stdout]      |
[INFO] [stdout] 13   | let des: Box<dyn DuplicateTraceConfig> = serde_json::from_str(config_file_content).unwrap();
[INFO] [stdout]      |                                          ^^^^^^^^^^^^^^^^^^^^^^^^^^^^^^^^^^^^^^^^^ the trait `serde::de::Deserialize<'_>` is not implemented for `dyn DuplicateTraceConfig`, which is required by `Box<dyn DuplicateTraceConfig>: serde::de::Deserialize<'_>`
[INFO] [stdout]      |
[INFO] [stdout]      = note: for local types consider adding `#[derive(serde::Deserialize)]` to your `dyn DuplicateTraceConfig` type
[INFO] [stdout]      = note: for types from other crates check whether the crate offers a `serde` feature flag
[INFO] [stdout]      = help: the following other types implement trait `serde::de::Deserialize<'de>`:
[INFO] [stdout]                &'a Path
[INFO] [stdout]                &'a [u8]
[INFO] [stdout]                &'a str
[INFO] [stdout]                ()
[INFO] [stdout]                (T,)
[INFO] [stdout]                (T0, T1)
[INFO] [stdout]                (T0, T1, T2)
[INFO] [stdout]                (T0, T1, T2, T3)
[INFO] [stdout]              and 142 others
[INFO] [stdout]      = note: required for `Box<dyn DuplicateTraceConfig>` to implement `serde::de::Deserialize<'_>`
[INFO] [stdout] note: required by a bound in `serde_json::from_str`
[INFO] [stdout]     --> /opt/rustwide/cargo-home/registry/src/index.crates.io-6f17d22bba15001f/serde_json-1.0.132/src/de.rs:2694:8
[INFO] [stdout]      |
[INFO] [stdout] 2692 | pub fn from_str<'a, T>(s: &'a str) -> Result<T>
[INFO] [stdout]      |        -------- required by a bound in this function
[INFO] [stdout] 2693 | where
[INFO] [stdout] 2694 |     T: de::Deserialize<'a>,
[INFO] [stdout]      |        ^^^^^^^^^^^^^^^^^^^ required by this bound in `from_str`
[INFO] [stdout] 
[INFO] [stdout] error: aborting due to 1 previous error
[INFO] [stdout] 
[INFO] [stdout] For more information about this error, try `rustc --explain E0277`.
[INFO] [stdout] Couldn't compile the test.
[INFO] [stdout] ---- src/model/duplicate.rs - model::duplicate::RepeatedDuplicatePattern (line 155) stdout ----
[INFO] [stdout] error[E0277]: the trait bound `dyn DuplicateTraceConfig: serde::ser::Serialize` is not satisfied
[INFO] [stdout]     --> src/model/duplicate.rs:172:37
[INFO] [stdout]      |
[INFO] [stdout] 20   | let ser_str = serde_json::to_string(&ser).unwrap();
[INFO] [stdout]      |               --------------------- ^^^^ the trait `serde::ser::Serialize` is not implemented for `dyn DuplicateTraceConfig`, which is required by `Box<dyn DuplicateTraceConfig>: serde::ser::Serialize`
[INFO] [stdout]      |               |
[INFO] [stdout]      |               required by a bound introduced by this call
[INFO] [stdout]      |
[INFO] [stdout]      = note: for local types consider adding `#[derive(serde::Serialize)]` to your `dyn DuplicateTraceConfig` type
[INFO] [stdout]      = note: for types from other crates check whether the crate offers a `serde` feature flag
[INFO] [stdout]      = help: the following other types implement trait `serde::ser::Serialize`:
[INFO] [stdout]                &'a T
[INFO] [stdout]                &'a mut T
[INFO] [stdout]                ()
[INFO] [stdout]                (T,)
[INFO] [stdout]                (T0, T1)
[INFO] [stdout]                (T0, T1, T2)
[INFO] [stdout]                (T0, T1, T2, T3)
[INFO] [stdout]                (T0, T1, T2, T3, T4)
[INFO] [stdout]              and 131 others
[INFO] [stdout]      = note: required for `Box<dyn DuplicateTraceConfig>` to implement `serde::ser::Serialize`
[INFO] [stdout] note: required by a bound in `serde_json::to_string`
[INFO] [stdout]     --> /opt/rustwide/cargo-home/registry/src/index.crates.io-6f17d22bba15001f/serde_json-1.0.132/src/ser.rs:2211:17
[INFO] [stdout]      |
[INFO] [stdout] 2209 | pub fn to_string<T>(value: &T) -> Result<String>
[INFO] [stdout]      |        --------- required by a bound in this function
[INFO] [stdout] 2210 | where
[INFO] [stdout] 2211 |     T: ?Sized + Serialize,
[INFO] [stdout]      |                 ^^^^^^^^^ required by this bound in `to_string`
[INFO] [stdout] 
[INFO] [stdout] error: aborting due to 1 previous error
[INFO] [stdout] 
[INFO] [stdout] For more information about this error, try `rustc --explain E0277`.
[INFO] [stdout] Couldn't compile the test.
[INFO] [stdout] ---- src/model/loss.rs - model::loss (line 27) stdout ----
[INFO] [stdout] error[E0277]: the trait bound `dyn LossTraceConfig: serde::de::Deserialize<'_>` is not satisfied
[INFO] [stdout]     --> src/model/loss.rs:37:37
[INFO] [stdout]      |
[INFO] [stdout] 13   | let des: Box<dyn LossTraceConfig> = serde_json::from_str(config_file_content).unwrap();
[INFO] [stdout]      |                                     ^^^^^^^^^^^^^^^^^^^^^^^^^^^^^^^^^^^^^^^^^ the trait `serde::de::Deserialize<'_>` is not implemented for `dyn LossTraceConfig`, which is required by `Box<dyn LossTraceConfig>: serde::de::Deserialize<'_>`
[INFO] [stdout]      |
[INFO] [stdout]      = note: for local types consider adding `#[derive(serde::Deserialize)]` to your `dyn LossTraceConfig` type
[INFO] [stdout]      = note: for types from other crates check whether the crate offers a `serde` feature flag
[INFO] [stdout]      = help: the following other types implement trait `serde::de::Deserialize<'de>`:
[INFO] [stdout]                &'a Path
[INFO] [stdout]                &'a [u8]
[INFO] [stdout]                &'a str
[INFO] [stdout]                ()
[INFO] [stdout]                (T,)
[INFO] [stdout]                (T0, T1)
[INFO] [stdout]                (T0, T1, T2)
[INFO] [stdout]                (T0, T1, T2, T3)
[INFO] [stdout]              and 142 others
[INFO] [stdout]      = note: required for `Box<dyn LossTraceConfig>` to implement `serde::de::Deserialize<'_>`
[INFO] [stdout] note: required by a bound in `serde_json::from_str`
[INFO] [stdout]     --> /opt/rustwide/cargo-home/registry/src/index.crates.io-6f17d22bba15001f/serde_json-1.0.132/src/de.rs:2694:8
[INFO] [stdout]      |
[INFO] [stdout] 2692 | pub fn from_str<'a, T>(s: &'a str) -> Result<T>
[INFO] [stdout]      |        -------- required by a bound in this function
[INFO] [stdout] 2693 | where
[INFO] [stdout] 2694 |     T: de::Deserialize<'a>,
[INFO] [stdout]      |        ^^^^^^^^^^^^^^^^^^^ required by this bound in `from_str`
[INFO] [stdout] 
[INFO] [stdout] error: aborting due to 1 previous error
[INFO] [stdout] 
[INFO] [stdout] For more information about this error, try `rustc --explain E0277`.
[INFO] [stdout] Couldn't compile the test.
[INFO] [stdout] ---- src/model/loss.rs - model::loss::RepeatedLossPattern (line 155) stdout ----
[INFO] [stdout] error[E0277]: the trait bound `dyn LossTraceConfig: serde::ser::Serialize` is not satisfied
[INFO] [stdout]     --> src/model/loss.rs:172:37
[INFO] [stdout]      |
[INFO] [stdout] 20   | let ser_str = serde_json::to_string(&ser).unwrap();
[INFO] [stdout]      |               --------------------- ^^^^ the trait `serde::ser::Serialize` is not implemented for `dyn LossTraceConfig`, which is required by `Box<dyn LossTraceConfig>: serde::ser::Serialize`
[INFO] [stdout]      |               |
[INFO] [stdout]      |               required by a bound introduced by this call
[INFO] [stdout]      |
[INFO] [stdout]      = note: for local types consider adding `#[derive(serde::Serialize)]` to your `dyn LossTraceConfig` type
[INFO] [stdout]      = note: for types from other crates check whether the crate offers a `serde` feature flag
[INFO] [stdout]      = help: the following other types implement trait `serde::ser::Serialize`:
[INFO] [stdout]                &'a T
[INFO] [stdout]                &'a mut T
[INFO] [stdout]                ()
[INFO] [stdout]                (T,)
[INFO] [stdout]                (T0, T1)
[INFO] [stdout]                (T0, T1, T2)
[INFO] [stdout]                (T0, T1, T2, T3)
[INFO] [stdout]                (T0, T1, T2, T3, T4)
[INFO] [stdout]              and 131 others
[INFO] [stdout]      = note: required for `Box<dyn LossTraceConfig>` to implement `serde::ser::Serialize`
[INFO] [stdout] note: required by a bound in `serde_json::to_string`
[INFO] [stdout]     --> /opt/rustwide/cargo-home/registry/src/index.crates.io-6f17d22bba15001f/serde_json-1.0.132/src/ser.rs:2211:17
[INFO] [stdout]      |
[INFO] [stdout] 2209 | pub fn to_string<T>(value: &T) -> Result<String>
[INFO] [stdout]      |        --------- required by a bound in this function
[INFO] [stdout] 2210 | where
[INFO] [stdout] 2211 |     T: ?Sized + Serialize,
[INFO] [stdout]      |                 ^^^^^^^^^ required by this bound in `to_string`
[INFO] [stdout] 
[INFO] [stdout] error: aborting due to 1 previous error
[INFO] [stdout] 
[INFO] [stdout] For more information about this error, try `rustc --explain E0277`.
[INFO] [stdout] Couldn't compile the test.
[INFO] [stdout] ---- src/model/loss.rs - model::loss::RepeatedLossPattern (line 123) stdout ----
[INFO] [stdout] error[E0277]: the trait bound `dyn LossTraceConfig: serde::de::Deserialize<'_>` is not satisfied
[INFO] [stdout]     --> src/model/loss.rs:133:37
[INFO] [stdout]      |
[INFO] [stdout] 13   | let des: Box<dyn LossTraceConfig> = serde_json::from_str(config_file_content).unwrap();
[INFO] [stdout]      |                                     ^^^^^^^^^^^^^^^^^^^^^^^^^^^^^^^^^^^^^^^^^ the trait `serde::de::Deserialize<'_>` is not implemented for `dyn LossTraceConfig`, which is required by `Box<dyn LossTraceConfig>: serde::de::Deserialize<'_>`
[INFO] [stdout]      |
[INFO] [stdout]      = note: for local types consider adding `#[derive(serde::Deserialize)]` to your `dyn LossTraceConfig` type
[INFO] [stdout]      = note: for types from other crates check whether the crate offers a `serde` feature flag
[INFO] [stdout]      = help: the following other types implement trait `serde::de::Deserialize<'de>`:
[INFO] [stdout]                &'a Path
[INFO] [stdout]                &'a [u8]
[INFO] [stdout]                &'a str
[INFO] [stdout]                ()
[INFO] [stdout]                (T,)
[INFO] [stdout]                (T0, T1)
[INFO] [stdout]                (T0, T1, T2)
[INFO] [stdout]                (T0, T1, T2, T3)
[INFO] [stdout]              and 142 others
[INFO] [stdout]      = note: required for `Box<dyn LossTraceConfig>` to implement `serde::de::Deserialize<'_>`
[INFO] [stdout] note: required by a bound in `serde_json::from_str`
[INFO] [stdout]     --> /opt/rustwide/cargo-home/registry/src/index.crates.io-6f17d22bba15001f/serde_json-1.0.132/src/de.rs:2694:8
[INFO] [stdout]      |
[INFO] [stdout] 2692 | pub fn from_str<'a, T>(s: &'a str) -> Result<T>
[INFO] [stdout]      |        -------- required by a bound in this function
[INFO] [stdout] 2693 | where
[INFO] [stdout] 2694 |     T: de::Deserialize<'a>,
[INFO] [stdout]      |        ^^^^^^^^^^^^^^^^^^^ required by this bound in `from_str`
[INFO] [stdout] 
[INFO] [stdout] error: aborting due to 1 previous error
[INFO] [stdout] 
[INFO] [stdout] For more information about this error, try `rustc --explain E0277`.
[INFO] [stdout] Couldn't compile the test.
[INFO] [stdout] 
[INFO] [stdout] failures:
[INFO] [stdout]     src/lib.rs - (line 24)
[INFO] [stdout]     src/model/bw.rs - model::bw (line 28)
[INFO] [stdout]     src/model/bw.rs - model::bw::RepeatedBwPattern (line 404)
[INFO] [stdout]     src/model/bw.rs - model::bw::RepeatedBwPattern (line 436)
[INFO] [stdout]     src/model/delay.rs - model::delay (line 27)
[INFO] [stdout]     src/model/delay.rs - model::delay::RepeatedDelayPattern (line 127)
[INFO] [stdout]     src/model/delay.rs - model::delay::RepeatedDelayPattern (line 159)
[INFO] [stdout]     src/model/duplicate.rs - model::duplicate (line 27)
[INFO] [stdout]     src/model/duplicate.rs - model::duplicate::RepeatedDuplicatePattern (line 123)
[INFO] [stdout]     src/model/duplicate.rs - model::duplicate::RepeatedDuplicatePattern (line 155)
[INFO] [stdout]     src/model/loss.rs - model::loss (line 27)
[INFO] [stdout]     src/model/loss.rs - model::loss::RepeatedLossPattern (line 123)
[INFO] [stdout]     src/model/loss.rs - model::loss::RepeatedLossPattern (line 155)
[INFO] [stdout] 
[INFO] [stdout] test result: FAILED. 14 passed; 13 failed; 0 ignored; 0 measured; 0 filtered out; finished in 0.36s
[INFO] [stdout] 
[INFO] [stderr] error: doctest failed, to rerun pass `--doc`
[INFO] running `Command { std: "docker" "inspect" "887c5ed43372eb45b71d51aa5dd14e45af04f5a11cbdbea95a630b962e061ed4", kill_on_drop: false }`
[INFO] running `Command { std: "docker" "rm" "-f" "887c5ed43372eb45b71d51aa5dd14e45af04f5a11cbdbea95a630b962e061ed4", kill_on_drop: false }`
[INFO] [stdout] 887c5ed43372eb45b71d51aa5dd14e45af04f5a11cbdbea95a630b962e061ed4
