[INFO] fetching crate neon 1.1.0-alpha.1...
[INFO] testing neon-1.1.0-alpha.1 against nightly-2024-10-28+rustflags=-Zrandomize-layout for randomize-layout
[INFO] extracting crate neon 1.1.0-alpha.1 into /workspace/builds/worker-5-tc2/source
[INFO] validating manifest of crates.io crate neon 1.1.0-alpha.1 on toolchain nightly-2024-10-28
[INFO] running `Command { std: CARGO_HOME="/workspace/cargo-home" RUSTUP_HOME="/workspace/rustup-home" "/workspace/cargo-home/bin/cargo" "+nightly-2024-10-28" "metadata" "--manifest-path" "Cargo.toml" "--no-deps", kill_on_drop: false }`
[INFO] started tweaking crates.io crate neon 1.1.0-alpha.1
[INFO] finished tweaking crates.io crate neon 1.1.0-alpha.1
[INFO] tweaked toml for crates.io crate neon 1.1.0-alpha.1 written to /workspace/builds/worker-5-tc2/source/Cargo.toml
[INFO] running `Command { std: CARGO_HOME="/workspace/cargo-home" RUSTUP_HOME="/workspace/rustup-home" "/workspace/cargo-home/bin/cargo" "+nightly-2024-10-28" "generate-lockfile" "--manifest-path" "Cargo.toml", kill_on_drop: false }`
[INFO] [stderr]     Updating crates.io index
[INFO] [stderr]      Locking 83 packages to latest compatible versions
[INFO] [stderr]       Adding aquamarine v0.3.3 (available: v0.6.0)
[INFO] [stderr]       Adding itertools v0.10.5 (available: v0.13.0)
[INFO] running `Command { std: CARGO_HOME="/workspace/cargo-home" RUSTUP_HOME="/workspace/rustup-home" "/workspace/cargo-home/bin/cargo" "+nightly-2024-10-28" "fetch" "--manifest-path" "Cargo.toml", kill_on_drop: false }`
[INFO] running `Command { std: "docker" "create" "-v" "/var/lib/crater-agent-workspace/builds/worker-5-tc2/target:/opt/rustwide/target:rw,Z" "-v" "/var/lib/crater-agent-workspace/builds/worker-5-tc2/source:/opt/rustwide/workdir:ro,Z" "-v" "/var/lib/crater-agent-workspace/cargo-home:/opt/rustwide/cargo-home:ro,Z" "-v" "/var/lib/crater-agent-workspace/rustup-home:/opt/rustwide/rustup-home:ro,Z" "-e" "SOURCE_DIR=/opt/rustwide/workdir" "-e" "CARGO_TARGET_DIR=/opt/rustwide/target" "-e" "CARGO_HOME=/opt/rustwide/cargo-home" "-e" "RUSTUP_HOME=/opt/rustwide/rustup-home" "-w" "/opt/rustwide/workdir" "-m" "1610612736" "--user" "0:0" "--network" "none" "ghcr.io/rust-lang/crates-build-env/linux@sha256:4a844ea9eb2546a2d2c7022eacef16ef2e8229c7fbb2c7d4d55a9ceca922f72d" "/opt/rustwide/cargo-home/bin/cargo" "+nightly-2024-10-28" "metadata" "--no-deps" "--format-version=1", kill_on_drop: false }`
[INFO] [stdout] b31969d655509924c65bba87e94e6bfc611e262e613765aeca483d201ecc8d35
[INFO] running `Command { std: "docker" "start" "-a" "b31969d655509924c65bba87e94e6bfc611e262e613765aeca483d201ecc8d35", kill_on_drop: false }`
[INFO] running `Command { std: "docker" "inspect" "b31969d655509924c65bba87e94e6bfc611e262e613765aeca483d201ecc8d35", kill_on_drop: false }`
[INFO] running `Command { std: "docker" "rm" "-f" "b31969d655509924c65bba87e94e6bfc611e262e613765aeca483d201ecc8d35", kill_on_drop: false }`
[INFO] [stdout] b31969d655509924c65bba87e94e6bfc611e262e613765aeca483d201ecc8d35
[INFO] running `Command { std: "docker" "create" "-v" "/var/lib/crater-agent-workspace/builds/worker-5-tc2/target:/opt/rustwide/target:rw,Z" "-v" "/var/lib/crater-agent-workspace/builds/worker-5-tc2/source:/opt/rustwide/workdir:ro,Z" "-v" "/var/lib/crater-agent-workspace/cargo-home:/opt/rustwide/cargo-home:ro,Z" "-v" "/var/lib/crater-agent-workspace/rustup-home:/opt/rustwide/rustup-home:ro,Z" "-e" "SOURCE_DIR=/opt/rustwide/workdir" "-e" "CARGO_TARGET_DIR=/opt/rustwide/target" "-e" "CARGO_INCREMENTAL=0" "-e" "RUST_BACKTRACE=full" "-e" "RUSTFLAGS=--cap-lints=forbid -Zrandomize-layout" "-e" "RUSTDOCFLAGS=--cap-lints=forbid" "-e" "CARGO_HOME=/opt/rustwide/cargo-home" "-e" "RUSTUP_HOME=/opt/rustwide/rustup-home" "-w" "/opt/rustwide/workdir" "-m" "1610612736" "--user" "0:0" "--network" "none" "ghcr.io/rust-lang/crates-build-env/linux@sha256:4a844ea9eb2546a2d2c7022eacef16ef2e8229c7fbb2c7d4d55a9ceca922f72d" "/opt/rustwide/cargo-home/bin/cargo" "+nightly-2024-10-28" "build" "--frozen" "--message-format=json", kill_on_drop: false }`
[INFO] [stdout] c88f5c16e0a6635131cee23e3be78d2f8b0374349d03b05fdd1f221560adfde2
[INFO] running `Command { std: "docker" "start" "-a" "c88f5c16e0a6635131cee23e3be78d2f8b0374349d03b05fdd1f221560adfde2", kill_on_drop: false }`
[INFO] [stderr]    Compiling send_wrapper v0.6.0
[INFO] [stderr]    Compiling either v1.13.0
[INFO] [stderr]    Compiling libloading v0.8.5
[INFO] [stderr]    Compiling syn v2.0.86
[INFO] [stderr]    Compiling linkme-impl v0.3.29
[INFO] [stderr]    Compiling neon-macros v1.1.0-alpha.1
[INFO] [stderr]    Compiling linkme v0.3.29
[INFO] [stderr]    Compiling neon v1.1.0-alpha.1 (/opt/rustwide/workdir)
[INFO] [stderr]     Finished `dev` profile [unoptimized + debuginfo] target(s) in 6.41s
[INFO] running `Command { std: "docker" "inspect" "c88f5c16e0a6635131cee23e3be78d2f8b0374349d03b05fdd1f221560adfde2", kill_on_drop: false }`
[INFO] running `Command { std: "docker" "rm" "-f" "c88f5c16e0a6635131cee23e3be78d2f8b0374349d03b05fdd1f221560adfde2", kill_on_drop: false }`
[INFO] [stdout] c88f5c16e0a6635131cee23e3be78d2f8b0374349d03b05fdd1f221560adfde2
[INFO] running `Command { std: "docker" "create" "-v" "/var/lib/crater-agent-workspace/builds/worker-5-tc2/target:/opt/rustwide/target:rw,Z" "-v" "/var/lib/crater-agent-workspace/builds/worker-5-tc2/source:/opt/rustwide/workdir:ro,Z" "-v" "/var/lib/crater-agent-workspace/cargo-home:/opt/rustwide/cargo-home:ro,Z" "-v" "/var/lib/crater-agent-workspace/rustup-home:/opt/rustwide/rustup-home:ro,Z" "-e" "SOURCE_DIR=/opt/rustwide/workdir" "-e" "CARGO_TARGET_DIR=/opt/rustwide/target" "-e" "CARGO_INCREMENTAL=0" "-e" "RUST_BACKTRACE=full" "-e" "RUSTFLAGS=--cap-lints=forbid -Zrandomize-layout" "-e" "RUSTDOCFLAGS=--cap-lints=forbid" "-e" "CARGO_HOME=/opt/rustwide/cargo-home" "-e" "RUSTUP_HOME=/opt/rustwide/rustup-home" "-w" "/opt/rustwide/workdir" "-m" "1610612736" "--user" "0:0" "--network" "none" "ghcr.io/rust-lang/crates-build-env/linux@sha256:4a844ea9eb2546a2d2c7022eacef16ef2e8229c7fbb2c7d4d55a9ceca922f72d" "/opt/rustwide/cargo-home/bin/cargo" "+nightly-2024-10-28" "test" "--frozen" "--no-run" "--message-format=json", kill_on_drop: false }`
[INFO] [stdout] ba0e74a3597cbc191e39b5f041a3018e33b416e451cf9785701c136bfc37674b
[INFO] running `Command { std: "docker" "start" "-a" "ba0e74a3597cbc191e39b5f041a3018e33b416e451cf9785701c136bfc37674b", kill_on_drop: false }`
[INFO] [stderr]    Compiling glob v0.3.1
[INFO] [stderr]    Compiling prettyplease v0.2.25
[INFO] [stderr]    Compiling rustix v0.38.38
[INFO] [stderr]    Compiling regex-syntax v0.8.5
[INFO] [stderr]    Compiling linux-raw-sys v0.4.14
[INFO] [stderr]    Compiling bitflags v2.6.0
[INFO] [stderr]    Compiling memchr v2.7.4
[INFO] [stderr]    Compiling minimal-lexical v0.2.1
[INFO] [stderr]    Compiling home v0.5.9
[INFO] [stderr]    Compiling bindgen v0.65.1
[INFO] [stderr]    Compiling lazycell v1.3.0
[INFO] [stderr]    Compiling rustc-hash v1.1.0
[INFO] [stderr]    Compiling peeking_take_while v0.1.2
[INFO] [stderr]    Compiling log v0.4.22
[INFO] [stderr]    Compiling syn v2.0.86
[INFO] [stderr]    Compiling bitflags v1.3.2
[INFO] [stderr]    Compiling lazy_static v1.5.0
[INFO] [stderr]    Compiling linkify v0.10.0
[INFO] [stderr]    Compiling itertools v0.10.5
[INFO] [stderr]    Compiling widestring v1.1.0
[INFO] [stderr]    Compiling easy-cast v0.5.2
[INFO] [stderr]    Compiling clang-sys v1.8.1
[INFO] [stderr]    Compiling nom v7.1.3
[INFO] [stderr]    Compiling regex-automata v0.4.8
[INFO] [stderr]    Compiling which v4.4.2
[INFO] [stderr]    Compiling cexpr v0.6.0
[INFO] [stderr]    Compiling regex v1.11.1
[INFO] [stderr]    Compiling linkme-impl v0.3.29
[INFO] [stderr]    Compiling thiserror-impl v1.0.66
[INFO] [stderr]    Compiling neon-macros v1.1.0-alpha.1
[INFO] [stderr]    Compiling linkme v0.3.29
[INFO] [stderr]    Compiling neon v1.1.0-alpha.1 (/opt/rustwide/workdir)
[INFO] [stderr]    Compiling thiserror v1.0.66
[INFO] [stderr]    Compiling psd v0.3.5
[INFO] [stderr]    Compiling nodejs-sys v0.15.0
[INFO] [stderr]     Finished `test` profile [unoptimized + debuginfo] target(s) in 12.48s
[INFO] running `Command { std: "docker" "inspect" "ba0e74a3597cbc191e39b5f041a3018e33b416e451cf9785701c136bfc37674b", kill_on_drop: false }`
[INFO] running `Command { std: "docker" "rm" "-f" "ba0e74a3597cbc191e39b5f041a3018e33b416e451cf9785701c136bfc37674b", kill_on_drop: false }`
[INFO] [stdout] ba0e74a3597cbc191e39b5f041a3018e33b416e451cf9785701c136bfc37674b
[INFO] running `Command { std: "docker" "create" "-v" "/var/lib/crater-agent-workspace/builds/worker-5-tc2/target:/opt/rustwide/target:rw,Z" "-v" "/var/lib/crater-agent-workspace/builds/worker-5-tc2/source:/opt/rustwide/workdir:ro,Z" "-v" "/var/lib/crater-agent-workspace/cargo-home:/opt/rustwide/cargo-home:ro,Z" "-v" "/var/lib/crater-agent-workspace/rustup-home:/opt/rustwide/rustup-home:ro,Z" "-e" "SOURCE_DIR=/opt/rustwide/workdir" "-e" "CARGO_TARGET_DIR=/opt/rustwide/target" "-e" "CARGO_INCREMENTAL=0" "-e" "RUST_BACKTRACE=full" "-e" "RUSTFLAGS=--cap-lints=forbid -Zrandomize-layout" "-e" "RUSTDOCFLAGS=--cap-lints=forbid" "-e" "CARGO_HOME=/opt/rustwide/cargo-home" "-e" "RUSTUP_HOME=/opt/rustwide/rustup-home" "-w" "/opt/rustwide/workdir" "-m" "1610612736" "--user" "0:0" "--network" "none" "ghcr.io/rust-lang/crates-build-env/linux@sha256:4a844ea9eb2546a2d2c7022eacef16ef2e8229c7fbb2c7d4d55a9ceca922f72d" "/opt/rustwide/cargo-home/bin/cargo" "+nightly-2024-10-28" "test" "--frozen", kill_on_drop: false }`
[INFO] [stdout] e51d1f557a6ef884d8f7e40b737b55ed5cfff4da6f5a84dd56cecd547f12c16e
[INFO] running `Command { std: "docker" "start" "-a" "e51d1f557a6ef884d8f7e40b737b55ed5cfff4da6f5a84dd56cecd547f12c16e", kill_on_drop: false }`
[INFO] [stderr]     Finished `test` profile [unoptimized + debuginfo] target(s) in 0.08s
[INFO] [stderr]      Running unittests src/lib.rs (/opt/rustwide/target/debug/deps/neon-a55ab0e82a14bed9)
[INFO] [stdout] 
[INFO] [stdout] running 4 tests
[INFO] [stdout] test types_impl::buffer::lock::tests::test_nonoverlapping_borrows ... ok
[INFO] [stdout] test types_impl::buffer::lock::tests::test_overlapping_borrows ... ok
[INFO] [stdout] test types_impl::buffer::lock::tests::test_overlapping_immutable_borrows ... ok
[INFO] [stderr]     Checking cfg-if v1.0.0
[INFO] [stderr]     Checking once_cell v1.20.2
[INFO] [stderr]     Checking either v1.13.0
[INFO] [stderr]     Checking send_wrapper v0.6.0
[INFO] [stderr]     Checking smallvec v1.13.2
[INFO] [stderr]     Checking libc v0.2.161
[INFO] [stderr]     Checking semver v1.0.23
[INFO] [stderr]     Checking linkme v0.3.29
[INFO] [stderr]     Checking libloading v0.8.5
[INFO] [stderr]     Checking getrandom v0.2.15
[INFO] [stderr]     Checking neon v1.1.0-alpha.1 (/opt/rustwide/workdir)
[INFO] [stderr]     Finished `dev` profile [unoptimized + debuginfo] target(s) in 3.92s
[INFO] [stderr]     Finished `dev` profile [unoptimized + debuginfo] target(s) in 0.04s
[INFO] [stderr]     Finished `dev` profile [unoptimized + debuginfo] target(s) in 0.03s
[INFO] [stderr]     Finished `dev` profile [unoptimized + debuginfo] target(s) in 0.03s
[INFO] [stderr]     Finished `dev` profile [unoptimized + debuginfo] target(s) in 0.04s
[INFO] [stderr]     Finished `dev` profile [unoptimized + debuginfo] target(s) in 0.04s
[INFO] [stderr]     Finished `dev` profile [unoptimized + debuginfo] target(s) in 0.03s
[INFO] [stderr]     Finished `dev` profile [unoptimized + debuginfo] target(s) in 0.04s
[INFO] [stderr]     Checking neon v1.1.0-alpha.1 (/opt/rustwide/workdir)
[INFO] [stderr]     Finished `dev` profile [unoptimized + debuginfo] target(s) in 2.88s
[INFO] [stderr]     Finished `dev` profile [unoptimized + debuginfo] target(s) in 0.03s
[INFO] [stderr]     Finished `dev` profile [unoptimized + debuginfo] target(s) in 0.03s
[INFO] [stderr]     Finished `dev` profile [unoptimized + debuginfo] target(s) in 0.03s
[INFO] [stderr]     Finished `dev` profile [unoptimized + debuginfo] target(s) in 0.03s
[INFO] [stderr]     Finished `dev` profile [unoptimized + debuginfo] target(s) in 0.02s
[INFO] [stderr]     Finished `dev` profile [unoptimized + debuginfo] target(s) in 0.03s
[INFO] [stderr]     Finished `dev` profile [unoptimized + debuginfo] target(s) in 0.03s
[INFO] [stderr]     Checking pin-project-lite v0.2.15
[INFO] [stderr]     Checking tokio v1.41.0
[INFO] [stderr]     Checking neon v1.1.0-alpha.1 (/opt/rustwide/workdir)
[INFO] [stderr]     Finished `dev` profile [unoptimized + debuginfo] target(s) in 3.69s
[INFO] [stderr]     Finished `dev` profile [unoptimized + debuginfo] target(s) in 0.03s
[INFO] [stderr]     Finished `dev` profile [unoptimized + debuginfo] target(s) in 0.03s
[INFO] [stderr]     Finished `dev` profile [unoptimized + debuginfo] target(s) in 0.03s
[INFO] [stderr]     Finished `dev` profile [unoptimized + debuginfo] target(s) in 0.03s
[INFO] [stderr]     Finished `dev` profile [unoptimized + debuginfo] target(s) in 0.03s
[INFO] [stderr]     Finished `dev` profile [unoptimized + debuginfo] target(s) in 0.03s
[INFO] [stderr]     Finished `dev` profile [unoptimized + debuginfo] target(s) in 0.03s
[INFO] [stderr]    Compiling serde v1.0.214
[INFO] [stderr]     Checking ryu v1.0.18
[INFO] [stderr]     Checking memchr v2.7.4
[INFO] [stderr]     Checking itoa v1.0.11
[INFO] [stderr]     Checking serde_json v1.0.132
[INFO] [stderr]     Checking neon v1.1.0-alpha.1 (/opt/rustwide/workdir)
[INFO] [stderr]     Finished `dev` profile [unoptimized + debuginfo] target(s) in 5.75s
[INFO] [stderr]     Finished `dev` profile [unoptimized + debuginfo] target(s) in 0.03s
[INFO] [stderr]     Finished `dev` profile [unoptimized + debuginfo] target(s) in 0.03s
[INFO] [stderr]     Finished `dev` profile [unoptimized + debuginfo] target(s) in 0.03s
[INFO] [stderr]     Finished `dev` profile [unoptimized + debuginfo] target(s) in 0.03s
[INFO] [stderr]     Finished `dev` profile [unoptimized + debuginfo] target(s) in 0.03s
[INFO] [stderr]     Finished `dev` profile [unoptimized + debuginfo] target(s) in 0.03s
[INFO] [stderr]     Finished `dev` profile [unoptimized + debuginfo] target(s) in 0.03s
[INFO] [stderr]     Checking tokio v1.41.0
[INFO] [stderr]     Checking neon v1.1.0-alpha.1 (/opt/rustwide/workdir)
[INFO] [stderr]     Finished `dev` profile [unoptimized + debuginfo] target(s) in 4.89s
[INFO] [stderr]     Finished `dev` profile [unoptimized + debuginfo] target(s) in 0.03s
[INFO] [stderr]     Finished `dev` profile [unoptimized + debuginfo] target(s) in 0.03s
[INFO] [stderr]     Finished `dev` profile [unoptimized + debuginfo] target(s) in 0.03s
[INFO] [stderr]     Finished `dev` profile [unoptimized + debuginfo] target(s) in 0.03s
[INFO] [stderr]     Finished `dev` profile [unoptimized + debuginfo] target(s) in 0.03s
[INFO] [stderr]     Finished `dev` profile [unoptimized + debuginfo] target(s) in 0.03s
[INFO] [stderr]     Finished `dev` profile [unoptimized + debuginfo] target(s) in 0.03s
[INFO] [stderr]     Finished `dev` profile [unoptimized + debuginfo] target(s) in 0.04s
[INFO] [stderr]     Finished `dev` profile [unoptimized + debuginfo] target(s) in 0.05s
[INFO] [stderr]     Finished `dev` profile [unoptimized + debuginfo] target(s) in 0.05s
[INFO] [stderr]     Finished `dev` profile [unoptimized + debuginfo] target(s) in 0.05s
[INFO] [stderr]     Finished `dev` profile [unoptimized + debuginfo] target(s) in 0.05s
[INFO] [stderr]     Finished `dev` profile [unoptimized + debuginfo] target(s) in 0.03s
[INFO] [stderr]     Finished `dev` profile [unoptimized + debuginfo] target(s) in 0.03s
[INFO] [stderr]     Finished `dev` profile [unoptimized + debuginfo] target(s) in 0.03s
[INFO] [stderr]     Checking neon v1.1.0-alpha.1 (/opt/rustwide/workdir)
[INFO] [stderr]     Finished `dev` profile [unoptimized + debuginfo] target(s) in 3.00s
[INFO] [stderr]     Finished `dev` profile [unoptimized + debuginfo] target(s) in 0.03s
[INFO] [stderr]     Finished `dev` profile [unoptimized + debuginfo] target(s) in 0.03s
[INFO] [stderr]     Finished `dev` profile [unoptimized + debuginfo] target(s) in 0.03s
[INFO] [stderr]     Finished `dev` profile [unoptimized + debuginfo] target(s) in 0.03s
[INFO] [stderr]     Finished `dev` profile [unoptimized + debuginfo] target(s) in 0.03s
[INFO] [stderr]     Finished `dev` profile [unoptimized + debuginfo] target(s) in 0.03s
[INFO] [stderr]     Finished `dev` profile [unoptimized + debuginfo] target(s) in 0.03s
[INFO] [stderr]     Checking neon v1.1.0-alpha.1 (/opt/rustwide/workdir)
[INFO] [stderr]     Finished `dev` profile [unoptimized + debuginfo] target(s) in 2.68s
[INFO] [stderr]     Finished `dev` profile [unoptimized + debuginfo] target(s) in 0.03s
[INFO] [stderr]     Finished `dev` profile [unoptimized + debuginfo] target(s) in 0.03s
[INFO] [stderr]     Finished `dev` profile [unoptimized + debuginfo] target(s) in 0.03s
[INFO] [stderr]     Finished `dev` profile [unoptimized + debuginfo] target(s) in 0.03s
[INFO] [stderr]     Finished `dev` profile [unoptimized + debuginfo] target(s) in 0.03s
[INFO] [stderr]     Finished `dev` profile [unoptimized + debuginfo] target(s) in 0.03s
[INFO] [stderr]     Finished `dev` profile [unoptimized + debuginfo] target(s) in 0.03s
[INFO] [stderr]     Checking neon v1.1.0-alpha.1 (/opt/rustwide/workdir)
[INFO] [stderr]     Finished `dev` profile [unoptimized + debuginfo] target(s) in 2.58s
[INFO] [stderr]     Finished `dev` profile [unoptimized + debuginfo] target(s) in 0.03s
[INFO] [stderr]     Finished `dev` profile [unoptimized + debuginfo] target(s) in 0.03s
[INFO] [stderr]     Finished `dev` profile [unoptimized + debuginfo] target(s) in 0.03s
[INFO] [stderr]     Finished `dev` profile [unoptimized + debuginfo] target(s) in 0.03s
[INFO] [stderr]     Finished `dev` profile [unoptimized + debuginfo] target(s) in 0.03s
[INFO] [stderr]     Finished `dev` profile [unoptimized + debuginfo] target(s) in 0.03s
[INFO] [stderr]     Finished `dev` profile [unoptimized + debuginfo] target(s) in 0.03s
[INFO] [stderr]     Finished `dev` profile [unoptimized + debuginfo] target(s) in 0.03s
[INFO] [stderr]     Finished `dev` profile [unoptimized + debuginfo] target(s) in 0.03s
[INFO] [stderr]     Finished `dev` profile [unoptimized + debuginfo] target(s) in 0.03s
[INFO] [stderr]     Finished `dev` profile [unoptimized + debuginfo] target(s) in 0.03s
[INFO] [stderr]     Finished `dev` profile [unoptimized + debuginfo] target(s) in 0.03s
[INFO] [stderr]     Finished `dev` profile [unoptimized + debuginfo] target(s) in 0.03s
[INFO] [stderr]     Finished `dev` profile [unoptimized + debuginfo] target(s) in 0.03s
[INFO] [stderr]     Finished `dev` profile [unoptimized + debuginfo] target(s) in 0.03s
[INFO] [stderr]     Checking neon v1.1.0-alpha.1 (/opt/rustwide/workdir)
[INFO] [stderr]     Finished `dev` profile [unoptimized + debuginfo] target(s) in 2.87s
[INFO] [stderr]     Finished `dev` profile [unoptimized + debuginfo] target(s) in 0.03s
[INFO] [stderr]     Finished `dev` profile [unoptimized + debuginfo] target(s) in 0.03s
[INFO] [stderr]     Finished `dev` profile [unoptimized + debuginfo] target(s) in 0.04s
[INFO] [stderr]     Finished `dev` profile [unoptimized + debuginfo] target(s) in 0.04s
[INFO] [stderr]     Finished `dev` profile [unoptimized + debuginfo] target(s) in 0.03s
[INFO] [stderr]     Finished `dev` profile [unoptimized + debuginfo] target(s) in 0.03s
[INFO] [stderr]     Finished `dev` profile [unoptimized + debuginfo] target(s) in 0.03s
[INFO] [stderr]     Finished `dev` profile [unoptimized + debuginfo] target(s) in 0.03s
[INFO] [stderr]     Finished `dev` profile [unoptimized + debuginfo] target(s) in 0.03s
[INFO] [stderr]     Finished `dev` profile [unoptimized + debuginfo] target(s) in 0.03s
[INFO] [stderr]     Finished `dev` profile [unoptimized + debuginfo] target(s) in 0.03s
[INFO] [stderr]     Finished `dev` profile [unoptimized + debuginfo] target(s) in 0.03s
[INFO] [stderr]     Finished `dev` profile [unoptimized + debuginfo] target(s) in 0.03s
[INFO] [stderr]     Finished `dev` profile [unoptimized + debuginfo] target(s) in 0.03s
[INFO] [stderr]     Finished `dev` profile [unoptimized + debuginfo] target(s) in 0.03s
[INFO] [stderr]     Finished `dev` profile [unoptimized + debuginfo] target(s) in 0.03s
[INFO] [stderr]     Finished `dev` profile [unoptimized + debuginfo] target(s) in 0.03s
[INFO] [stderr]     Finished `dev` profile [unoptimized + debuginfo] target(s) in 0.03s
[INFO] [stderr]     Finished `dev` profile [unoptimized + debuginfo] target(s) in 0.03s
[INFO] [stderr]     Finished `dev` profile [unoptimized + debuginfo] target(s) in 0.03s
[INFO] [stderr]     Finished `dev` profile [unoptimized + debuginfo] target(s) in 0.03s
[INFO] [stderr]     Finished `dev` profile [unoptimized + debuginfo] target(s) in 0.03s
[INFO] [stderr]     Finished `dev` profile [unoptimized + debuginfo] target(s) in 0.03s
[INFO] [stderr]     Checking neon v1.1.0-alpha.1 (/opt/rustwide/workdir)
[INFO] [stderr]     Finished `dev` profile [unoptimized + debuginfo] target(s) in 2.54s
[INFO] [stderr]     Finished `dev` profile [unoptimized + debuginfo] target(s) in 0.03s
[INFO] [stderr]     Finished `dev` profile [unoptimized + debuginfo] target(s) in 0.03s
[INFO] [stderr]     Finished `dev` profile [unoptimized + debuginfo] target(s) in 0.03s
[INFO] [stderr]     Finished `dev` profile [unoptimized + debuginfo] target(s) in 0.03s
[INFO] [stderr]     Finished `dev` profile [unoptimized + debuginfo] target(s) in 0.03s
[INFO] [stderr]     Finished `dev` profile [unoptimized + debuginfo] target(s) in 0.03s
[INFO] [stderr]     Finished `dev` profile [unoptimized + debuginfo] target(s) in 0.03s
[INFO] [stderr]     Finished `dev` profile [unoptimized + debuginfo] target(s) in 0.03s
[INFO] [stderr]     Finished `dev` profile [unoptimized + debuginfo] target(s) in 0.03s
[INFO] [stderr]     Finished `dev` profile [unoptimized + debuginfo] target(s) in 0.03s
[INFO] [stderr]     Finished `dev` profile [unoptimized + debuginfo] target(s) in 0.03s
[INFO] [stderr]     Finished `dev` profile [unoptimized + debuginfo] target(s) in 0.03s
[INFO] [stderr]     Finished `dev` profile [unoptimized + debuginfo] target(s) in 0.03s
[INFO] [stderr]     Finished `dev` profile [unoptimized + debuginfo] target(s) in 0.03s
[INFO] [stderr]     Finished `dev` profile [unoptimized + debuginfo] target(s) in 0.03s
[INFO] [stderr]     Finished `dev` profile [unoptimized + debuginfo] target(s) in 0.03s
[INFO] [stderr]     Finished `dev` profile [unoptimized + debuginfo] target(s) in 0.03s
[INFO] [stderr]     Finished `dev` profile [unoptimized + debuginfo] target(s) in 0.03s
[INFO] [stderr]     Finished `dev` profile [unoptimized + debuginfo] target(s) in 0.03s
[INFO] [stderr]     Finished `dev` profile [unoptimized + debuginfo] target(s) in 0.03s
[INFO] [stderr]     Finished `dev` profile [unoptimized + debuginfo] target(s) in 0.03s
[INFO] [stderr]     Finished `dev` profile [unoptimized + debuginfo] target(s) in 0.03s
[INFO] [stderr]     Finished `dev` profile [unoptimized + debuginfo] target(s) in 0.03s
[INFO] [stderr]     Checking neon v1.1.0-alpha.1 (/opt/rustwide/workdir)
[INFO] [stderr]     Finished `dev` profile [unoptimized + debuginfo] target(s) in 2.54s
[INFO] [stderr]     Finished `dev` profile [unoptimized + debuginfo] target(s) in 0.03s
[INFO] [stderr]     Finished `dev` profile [unoptimized + debuginfo] target(s) in 0.03s
[INFO] [stderr]     Finished `dev` profile [unoptimized + debuginfo] target(s) in 0.03s
[INFO] [stderr]     Finished `dev` profile [unoptimized + debuginfo] target(s) in 0.03s
[INFO] [stderr]     Finished `dev` profile [unoptimized + debuginfo] target(s) in 0.03s
[INFO] [stderr]     Finished `dev` profile [unoptimized + debuginfo] target(s) in 0.03s
[INFO] [stderr]     Finished `dev` profile [unoptimized + debuginfo] target(s) in 0.03s
[INFO] [stderr]     Finished `dev` profile [unoptimized + debuginfo] target(s) in 0.03s
[INFO] [stderr]     Finished `dev` profile [unoptimized + debuginfo] target(s) in 0.03s
[INFO] [stderr]     Finished `dev` profile [unoptimized + debuginfo] target(s) in 0.03s
[INFO] [stderr]     Finished `dev` profile [unoptimized + debuginfo] target(s) in 0.03s
[INFO] [stderr]     Finished `dev` profile [unoptimized + debuginfo] target(s) in 0.03s
[INFO] [stderr]     Finished `dev` profile [unoptimized + debuginfo] target(s) in 0.03s
[INFO] [stderr]     Finished `dev` profile [unoptimized + debuginfo] target(s) in 0.03s
[INFO] [stderr]     Finished `dev` profile [unoptimized + debuginfo] target(s) in 0.03s
[INFO] [stderr]     Finished `dev` profile [unoptimized + debuginfo] target(s) in 0.03s
[INFO] [stderr]     Finished `dev` profile [unoptimized + debuginfo] target(s) in 0.03s
[INFO] [stderr]     Finished `dev` profile [unoptimized + debuginfo] target(s) in 0.03s
[INFO] [stderr]     Finished `dev` profile [unoptimized + debuginfo] target(s) in 0.03s
[INFO] [stderr]     Finished `dev` profile [unoptimized + debuginfo] target(s) in 0.03s
[INFO] [stderr]     Finished `dev` profile [unoptimized + debuginfo] target(s) in 0.03s
[INFO] [stderr]     Finished `dev` profile [unoptimized + debuginfo] target(s) in 0.03s
[INFO] [stderr]     Finished `dev` profile [unoptimized + debuginfo] target(s) in 0.03s
[INFO] [stderr]     Checking neon v1.1.0-alpha.1 (/opt/rustwide/workdir)
[INFO] [stderr]     Finished `dev` profile [unoptimized + debuginfo] target(s) in 2.57s
[INFO] [stderr]     Finished `dev` profile [unoptimized + debuginfo] target(s) in 0.03s
[INFO] [stderr]     Finished `dev` profile [unoptimized + debuginfo] target(s) in 0.03s
[INFO] [stderr]     Finished `dev` profile [unoptimized + debuginfo] target(s) in 0.03s
[INFO] [stderr]     Finished `dev` profile [unoptimized + debuginfo] target(s) in 0.03s
[INFO] [stderr]     Finished `dev` profile [unoptimized + debuginfo] target(s) in 0.03s
[INFO] [stderr]     Finished `dev` profile [unoptimized + debuginfo] target(s) in 0.03s
[INFO] [stderr]     Finished `dev` profile [unoptimized + debuginfo] target(s) in 0.03s
[INFO] [stderr]     Finished `dev` profile [unoptimized + debuginfo] target(s) in 0.03s
[INFO] [stderr]     Finished `dev` profile [unoptimized + debuginfo] target(s) in 0.03s
[INFO] [stderr]     Finished `dev` profile [unoptimized + debuginfo] target(s) in 0.03s
[INFO] [stderr]     Finished `dev` profile [unoptimized + debuginfo] target(s) in 0.03s
[INFO] [stderr]     Finished `dev` profile [unoptimized + debuginfo] target(s) in 0.03s
[INFO] [stderr]     Finished `dev` profile [unoptimized + debuginfo] target(s) in 0.03s
[INFO] [stderr]     Finished `dev` profile [unoptimized + debuginfo] target(s) in 0.03s
[INFO] [stderr]     Finished `dev` profile [unoptimized + debuginfo] target(s) in 0.03s
[INFO] [stderr]     Finished `dev` profile [unoptimized + debuginfo] target(s) in 0.03s
[INFO] [stderr]     Finished `dev` profile [unoptimized + debuginfo] target(s) in 0.03s
[INFO] [stderr]     Finished `dev` profile [unoptimized + debuginfo] target(s) in 0.03s
[INFO] [stderr]     Finished `dev` profile [unoptimized + debuginfo] target(s) in 0.03s
[INFO] [stderr]     Finished `dev` profile [unoptimized + debuginfo] target(s) in 0.03s
[INFO] [stderr]     Finished `dev` profile [unoptimized + debuginfo] target(s) in 0.03s
[INFO] [stderr]     Finished `dev` profile [unoptimized + debuginfo] target(s) in 0.03s
[INFO] [stderr]     Finished `dev` profile [unoptimized + debuginfo] target(s) in 0.03s
[INFO] [stderr]     Finished `dev` profile [unoptimized + debuginfo] target(s) in 0.03s
[INFO] [stderr]     Finished `dev` profile [unoptimized + debuginfo] target(s) in 0.03s
[INFO] [stderr]     Finished `dev` profile [unoptimized + debuginfo] target(s) in 0.03s
[INFO] [stderr]     Finished `dev` profile [unoptimized + debuginfo] target(s) in 0.03s
[INFO] [stderr]     Finished `dev` profile [unoptimized + debuginfo] target(s) in 0.03s
[INFO] [stderr]     Finished `dev` profile [unoptimized + debuginfo] target(s) in 0.03s
[INFO] [stderr]     Finished `dev` profile [unoptimized + debuginfo] target(s) in 0.03s
[INFO] [stderr]     Finished `dev` profile [unoptimized + debuginfo] target(s) in 0.03s
[INFO] [stderr]     Finished `dev` profile [unoptimized + debuginfo] target(s) in 0.03s
[INFO] [stderr]     Finished `dev` profile [unoptimized + debuginfo] target(s) in 0.03s
[INFO] [stderr]     Finished `dev` profile [unoptimized + debuginfo] target(s) in 0.03s
[INFO] [stderr]     Finished `dev` profile [unoptimized + debuginfo] target(s) in 0.03s
[INFO] [stderr]     Finished `dev` profile [unoptimized + debuginfo] target(s) in 0.03s
[INFO] [stderr]     Finished `dev` profile [unoptimized + debuginfo] target(s) in 0.03s
[INFO] [stderr]     Finished `dev` profile [unoptimized + debuginfo] target(s) in 0.03s
[INFO] [stderr]     Finished `dev` profile [unoptimized + debuginfo] target(s) in 0.03s
[INFO] [stderr]     Finished `dev` profile [unoptimized + debuginfo] target(s) in 0.03s
[INFO] [stderr]     Finished `dev` profile [unoptimized + debuginfo] target(s) in 0.03s
[INFO] [stderr]     Finished `dev` profile [unoptimized + debuginfo] target(s) in 0.03s
[INFO] [stderr]     Finished `dev` profile [unoptimized + debuginfo] target(s) in 0.03s
[INFO] [stderr]     Finished `dev` profile [unoptimized + debuginfo] target(s) in 0.03s
[INFO] [stderr]     Finished `dev` profile [unoptimized + debuginfo] target(s) in 0.03s
[INFO] [stderr]     Finished `dev` profile [unoptimized + debuginfo] target(s) in 0.03s
[INFO] [stderr]     Finished `dev` profile [unoptimized + debuginfo] target(s) in 0.03s
[INFO] [stderr]     Finished `dev` profile [unoptimized + debuginfo] target(s) in 0.03s
[INFO] [stderr]     Finished `dev` profile [unoptimized + debuginfo] target(s) in 0.03s
[INFO] [stderr]     Finished `dev` profile [unoptimized + debuginfo] target(s) in 0.03s
[INFO] [stderr]     Finished `dev` profile [unoptimized + debuginfo] target(s) in 0.03s
[INFO] [stderr]     Finished `dev` profile [unoptimized + debuginfo] target(s) in 0.03s
[INFO] [stderr]     Finished `dev` profile [unoptimized + debuginfo] target(s) in 0.03s
[INFO] [stderr]     Finished `dev` profile [unoptimized + debuginfo] target(s) in 0.03s
[INFO] [stderr]     Finished `dev` profile [unoptimized + debuginfo] target(s) in 0.03s
[INFO] [stderr]     Finished `dev` profile [unoptimized + debuginfo] target(s) in 0.03s
[INFO] [stderr]     Finished `dev` profile [unoptimized + debuginfo] target(s) in 0.03s
[INFO] [stderr]     Finished `dev` profile [unoptimized + debuginfo] target(s) in 0.03s
[INFO] [stderr]     Finished `dev` profile [unoptimized + debuginfo] target(s) in 0.03s
[INFO] [stderr]     Finished `dev` profile [unoptimized + debuginfo] target(s) in 0.03s
[INFO] [stderr]     Finished `dev` profile [unoptimized + debuginfo] target(s) in 0.03s
[INFO] [stderr]     Finished `dev` profile [unoptimized + debuginfo] target(s) in 0.03s
[INFO] [stderr]     Finished `dev` profile [unoptimized + debuginfo] target(s) in 0.03s
[INFO] [stderr]     Finished `dev` profile [unoptimized + debuginfo] target(s) in 0.03s
[INFO] [stderr]     Finished `dev` profile [unoptimized + debuginfo] target(s) in 0.03s
[INFO] [stderr]     Finished `dev` profile [unoptimized + debuginfo] target(s) in 0.03s
[INFO] [stderr]     Finished `dev` profile [unoptimized + debuginfo] target(s) in 0.03s
[INFO] [stderr]     Finished `dev` profile [unoptimized + debuginfo] target(s) in 0.03s
[INFO] [stderr]     Finished `dev` profile [unoptimized + debuginfo] target(s) in 0.03s
[INFO] [stderr]     Finished `dev` profile [unoptimized + debuginfo] target(s) in 0.03s
[INFO] [stderr]     Finished `dev` profile [unoptimized + debuginfo] target(s) in 0.03s
[INFO] [stderr]     Finished `dev` profile [unoptimized + debuginfo] target(s) in 0.03s
[INFO] [stderr]     Finished `dev` profile [unoptimized + debuginfo] target(s) in 0.03s
[INFO] [stderr]     Finished `dev` profile [unoptimized + debuginfo] target(s) in 0.03s
[INFO] [stderr]     Finished `dev` profile [unoptimized + debuginfo] target(s) in 0.03s
[INFO] [stderr]     Finished `dev` profile [unoptimized + debuginfo] target(s) in 0.03s
[INFO] [stderr]     Finished `dev` profile [unoptimized + debuginfo] target(s) in 0.03s
[INFO] [stderr]     Finished `dev` profile [unoptimized + debuginfo] target(s) in 0.03s
[INFO] [stderr]     Finished `dev` profile [unoptimized + debuginfo] target(s) in 0.03s
[INFO] [stderr]     Finished `dev` profile [unoptimized + debuginfo] target(s) in 0.03s
[INFO] [stderr]     Finished `dev` profile [unoptimized + debuginfo] target(s) in 0.03s
[INFO] [stderr]     Finished `dev` profile [unoptimized + debuginfo] target(s) in 0.05s
[INFO] [stderr]     Finished `dev` profile [unoptimized + debuginfo] target(s) in 0.03s
[INFO] [stderr]     Finished `dev` profile [unoptimized + debuginfo] target(s) in 0.03s
[INFO] [stderr]     Finished `dev` profile [unoptimized + debuginfo] target(s) in 0.03s
[INFO] [stderr]     Finished `dev` profile [unoptimized + debuginfo] target(s) in 0.03s
[INFO] [stderr]     Finished `dev` profile [unoptimized + debuginfo] target(s) in 0.03s
[INFO] [stderr]     Finished `dev` profile [unoptimized + debuginfo] target(s) in 0.03s
[INFO] [stderr]     Finished `dev` profile [unoptimized + debuginfo] target(s) in 0.03s
[INFO] [stderr]     Finished `dev` profile [unoptimized + debuginfo] target(s) in 0.03s
[INFO] [stderr]     Finished `dev` profile [unoptimized + debuginfo] target(s) in 0.03s
[INFO] [stderr]     Finished `dev` profile [unoptimized + debuginfo] target(s) in 0.03s
[INFO] [stderr]     Finished `dev` profile [unoptimized + debuginfo] target(s) in 0.03s
[INFO] [stderr]     Finished `dev` profile [unoptimized + debuginfo] target(s) in 0.03s
[INFO] [stderr]     Finished `dev` profile [unoptimized + debuginfo] target(s) in 0.03s
[INFO] [stderr]     Finished `dev` profile [unoptimized + debuginfo] target(s) in 0.03s
[INFO] [stderr]     Finished `dev` profile [unoptimized + debuginfo] target(s) in 0.06s
[INFO] [stderr]     Finished `dev` profile [unoptimized + debuginfo] target(s) in 0.06s
[INFO] [stderr]     Finished `dev` profile [unoptimized + debuginfo] target(s) in 0.06s
[INFO] [stderr]     Finished `dev` profile [unoptimized + debuginfo] target(s) in 0.05s
[INFO] [stderr]     Finished `dev` profile [unoptimized + debuginfo] target(s) in 0.05s
[INFO] [stderr]     Finished `dev` profile [unoptimized + debuginfo] target(s) in 0.05s
[INFO] [stderr]     Finished `dev` profile [unoptimized + debuginfo] target(s) in 0.05s
[INFO] [stderr]    Doc-tests neon
[INFO] [stdout] test feature_matrix ... ok
[INFO] [stdout] 
[INFO] [stdout] test result: ok. 4 passed; 0 failed; 0 ignored; 0 measured; 0 filtered out; finished in 50.37s
[INFO] [stdout] 
[INFO] [stdout] 
[INFO] [stdout] running 108 tests
[INFO] [stdout] test src/context/mod.rs - context (line 72) ... ok
[INFO] [stdout] test src/context/mod.rs - context::Context::task (line 627) ... ok
[INFO] [stdout] test src/context/mod.rs - context::Context::boxed (line 566) ... ok
[INFO] [stdout] test src/context/mod.rs - context (line 16) ... ok
[INFO] [stdout] test src/context/mod.rs - context::FunctionContext<'cx>::args_opt (line 854) ... ok
[INFO] [stdout] test src/context/mod.rs - context::Context::promise (line 608) ... ok
[INFO] [stdout] test src/event/channel.rs - event::channel::Channel (line 59) ... ok
[INFO] [stdout] test src/context/mod.rs - context (line 104) ... ok
[INFO] [stdout] test src/context/mod.rs - context::FunctionContext<'cx>::args (line 834) ... ok
[INFO] [stdout] test src/context/mod.rs - context (line 44) ... ok
[INFO] [stdout] test src/event/mod.rs - event (line 31) ... ok
[INFO] [stdout] test src/handle/mod.rs - handle (line 19) ... ok
[INFO] [stdout] test src/event/task.rs - event::task::TaskBuilder (line 13) ... ok
[INFO] [stdout] test src/context/mod.rs - context::Context::global (line 496) ... ok
[INFO] [stdout] test src/context/mod.rs - context (line 27) ... ok
[INFO] [stdout] test src/event/mod.rs - event (line 62) ... ok
[INFO] [stdout] test src/handle/mod.rs - handle::Handle<'a,T>::is_a (line 148) - compile ... ok
[INFO] [stdout] test src/lib.rs - (line 46) - compile ... ok
[INFO] [stdout] test src/lib.rs - (line 64) ... ok
[INFO] [stdout] test src/handle/root.rs - handle::root::Root<T>::clone (line 110) ... ok
[INFO] [stdout] test src/macros.rs - macros::export (line 146) ... ok
[INFO] [stdout] test src/lib.rs - Exports::export (line 165) ... ok
[INFO] [stdout] test src/macros.rs - macros::export (line 165) ... ok
[INFO] [stdout] test src/lib.rs - Exports::export (line 152) ... ok
[INFO] [stdout] test src/macros.rs - macros::export (line 251) ... FAILED
[INFO] [stdout] test src/macros.rs - macros::export (line 133) ... ok
[INFO] [stdout] test src/handle/mod.rs - handle (line 34) ... ok
[INFO] [stdout] test src/macros.rs - macros::export (line 198) ... ok
[INFO] [stdout] test src/macros.rs - macros::export (line 188) ... ok
[INFO] [stdout] test src/macros.rs - macros::export (line 58) ... FAILED
[INFO] [stdout] test src/macros.rs - macros::export (line 80) ... FAILED
[INFO] [stdout] test src/sys/bindings/mod.rs - sys::bindings::generate (line 42) ... ignored
[INFO] [stdout] test src/sys/bindings/mod.rs - sys::bindings::generate (line 51) ... ignored
[INFO] [stdout] test src/macros.rs - macros::export (line 218) ... ok
[INFO] [stdout] test src/macros.rs - macros::export (line 92) ... FAILED
[INFO] [stdout] test src/macros.rs - macros::export (line 292) ... ok
[INFO] [stdout] test src/macros.rs - macros::export (line 120) ... ok
[INFO] [stdout] test src/macros.rs - macros::export (line 105) ... ok
[INFO] [stdout] test src/macros.rs - macros::export (line 35) ... ok
[INFO] [stdout] test src/sys/mod.rs - sys (line 18) - compile ... ok
[INFO] [stdout] test src/sys/mod.rs - sys (line 52) - compile ... ok
[INFO] [stdout] test src/macros.rs - macros::export (line 275) ... ok
[INFO] [stdout] test src/macros.rs - macros::export (line 48) ... ok
[INFO] [stdout] test src/object/mod.rs - object (line 17) ... ok
[INFO] [stdout] test src/macros.rs - macros::main (line 13) ... ok
[INFO] [stdout] test src/macros.rs - macros::export (line 68) ... ok
[INFO] [stdout] test src/object/mod.rs - object::PropOptions<'a,'cx,O,K>::prop (line 190) ... ok
[INFO] [stdout] test src/object/mod.rs - object::PropOptions (line 149) ... ok
[INFO] [stdout] test src/thread/mod.rs - thread (line 34) ... ok
[INFO] [stdout] test src/result/mod.rs - result (line 25) ... ok
[INFO] [stdout] test src/thread/mod.rs - thread (line 11) ... ok
[INFO] [stdout] test src/types_docs.rs - types_docs::exports (line 42) ... ok
[INFO] [stdout] test src/types_docs.rs - types_docs::exports (line 30) ... ok
[INFO] [stdout] test src/types_impl/bigint.rs - types_impl::bigint::JsBigInt::from_i128 (line 133) ... ok
[INFO] [stdout] test src/types_impl/bigint.rs - types_impl::bigint::JsBigInt::from_i64 (line 66) ... ok
[INFO] [stdout] test src/types_impl/bigint.rs - types_impl::bigint::JsBigInt::from_u128 (line 158) ... ok
[INFO] [stdout] test src/types_impl/buffer/types.rs - types_impl::buffer::types::JsTypedArray<T>::len (line 761) ... ignored
[INFO] [stdout] test src/thread/mod.rs - thread (line 61) ... ok
[INFO] [stdout] test src/types_impl/bigint.rs - types_impl::bigint::JsBigInt::from_digits_le (line 177) ... ok
[INFO] [stdout] test src/types_impl/bigint.rs - types_impl::bigint::JsBigInt::from_u64 (line 94) ... ok
[INFO] [stdout] test src/types_impl/bigint.rs - types_impl::bigint::JsBigInt::read_digits_le (line 363) ... ok
[INFO] [stdout] test src/types_impl/boxed.rs - types_impl::boxed::Finalize (line 280) ... ok
[INFO] [stdout] test src/types_impl/boxed.rs - types_impl::boxed::Finalize (line 290) ... ok
[INFO] [stdout] test src/types_impl/boxed.rs - types_impl::boxed::JsBox (line 71) ... ok
[INFO] [stdout] test src/types_impl/boxed.rs - types_impl::boxed::JsBox (line 93) ... ok
[INFO] [stdout] test src/types_impl/buffer/mod.rs - types_impl::buffer::Region (line 214) ... ok
[INFO] [stdout] test src/types_impl/boxed.rs - types_impl::boxed::JsBox (line 57) ... ok
[INFO] [stdout] test src/types_impl/buffer/mod.rs - types_impl::buffer::TypedArray (line 34) ... ok
[INFO] [stdout] test src/types_impl/buffer/types.rs - types_impl::buffer::types::Handle<'cx,JsArrayBuffer>::region (line 314) ... ok
[INFO] [stdout] test src/types_impl/buffer/types.rs - types_impl::buffer::types::JsTypedArray (line 466) ... ok
[INFO] [stdout] test src/types_impl/buffer/types.rs - types_impl::buffer::types::JsArrayBuffer (line 219) ... ok
[INFO] [stdout] test src/types_impl/buffer/types.rs - types_impl::buffer::types::JsBuffer (line 34) ... ok
[INFO] [stdout] test src/types_impl/error.rs - types_impl::error::JsError (line 20) ... ok
[INFO] [stdout] test src/types_impl/date.rs - types_impl::date::JsDate (line 25) ... ok
[INFO] [stdout] test src/types_impl/extract/mod.rs - types_impl::extract (line 23) ... ok
[INFO] [stdout] test src/types_impl/extract/mod.rs - types_impl::extract (line 37) ... ok
[INFO] [stdout] test src/types_impl/extract/mod.rs - types_impl::extract (line 77) ... ok
[INFO] [stdout] test src/types_impl/extract/error.rs - types_impl::extract::error::Error (line 65) ... ok
[INFO] [stdout] test src/types_impl/extract/mod.rs - types_impl::extract (line 56) ... ok
[INFO] [stdout] test src/types_impl/function/mod.rs - types_impl::function::BindOptions (line 22) ... ok
[INFO] [stdout] test src/types_impl/function/mod.rs - types_impl::function::CallOptions (line 109) ... ok
[INFO] [stdout] test src/types_impl/extract/mod.rs - types_impl::extract (line 9) ... ok
[INFO] [stdout] test src/types_impl/mod.rs - types_impl::JsBigInt (line 1275) ... ok
[INFO] [stdout] test src/types_impl/mod.rs - types_impl::JsArray (line 841) ... ok
[INFO] [stdout] test src/types_impl/mod.rs - types_impl::JsFunction (line 1004) ... ok
[INFO] [stdout] test src/types_impl/mod.rs - types_impl::JsBoolean (line 342) ... ok
[INFO] [stdout] test src/types_impl/mod.rs - types_impl::JsFunction (line 963) ... ok
[INFO] [stdout] test src/types_impl/mod.rs - types_impl::JsFunction (line 983) ... ok
[INFO] [stdout] test src/types_impl/extract/boxed.rs - types_impl::extract::boxed::Boxed (line 16) ... ok
[INFO] [stdout] test src/types_impl/function/mod.rs - types_impl::function::ConstructOptions (line 168) ... ok
[INFO] [stdout] test src/types_impl/mod.rs - types_impl::JsFunction::bind (line 1176) ... ok
[INFO] [stdout] test src/types_impl/mod.rs - types_impl::JsNumber (line 688) ... ok
[INFO] [stdout] test src/types_impl/mod.rs - types_impl::JsNull (line 273) ... ok
[INFO] [stdout] test src/types_impl/mod.rs - types_impl::JsObject (line 760) ... ok
[INFO] [stdout] test src/types_impl/mod.rs - types_impl::JsString::new (line 620) ... ok
[INFO] [stdout] test src/types_impl/mod.rs - types_impl::JsString (line 415) ... ok
[INFO] [stdout] test src/types_impl/extract/with.rs - types_impl::extract::with::With (line 11) ... ok
[INFO] [stdout] test src/types_impl/mod.rs - types_impl::JsString::size (line 493) ... ok
[INFO] [stdout] test src/types_impl/mod.rs - types_impl::JsString::value (line 540) ... ok
[INFO] [stdout] test src/types_impl/mod.rs - types_impl::JsString::size_utf16 (line 519) ... ok
[INFO] [stdout] test src/types_impl/mod.rs - types_impl::JsString::to_utf16 (line 571) ... ok
[INFO] [stdout] test src/types_impl/mod.rs - types_impl::JsString::try_new (line 645) ... ok
[INFO] [stdout] test src/types_impl/mod.rs - types_impl::JsString::to_utf16 (line 585) ... ok
[INFO] [stdout] test src/types_impl/mod.rs - types_impl::JsValue (line 136) ... ok
[INFO] [stdout] test src/types_impl/mod.rs - types_impl::JsUndefined (line 201) ... ok
[INFO] [stdout] test src/types_impl/promise.rs - types_impl::promise::Deferred::settle_with (line 345) ... ok
[INFO] [stdout] test src/types_impl/promise.rs - types_impl::promise::JsPromise (line 68) ... ok
[INFO] [stdout] test src/types_impl/promise.rs - types_impl::promise::JsPromise (line 90) ... ok
[INFO] [stdout] 
[INFO] [stdout] failures:
[INFO] [stdout] 
[INFO] [stdout] ---- src/macros.rs - macros::export (line 251) stdout ----
[INFO] [stdout] error[E0425]: cannot find function `spawn` in module `neon::macro_internal`
[INFO] [stdout]   --> src/macros.rs:261:1
[INFO] [stdout]    |
[INFO] [stdout] 13 | #[neon::export(context)]
[INFO] [stdout]    | ^^^^^^^^^^^^^^^^^^^^^^^^ not found in `neon::macro_internal`
[INFO] [stdout]    |
[INFO] [stdout]    = note: this error originates in the attribute macro `neon::export` (in Nightly builds, run with -Z macro-backtrace for more info)
[INFO] [stdout] help: consider importing this function
[INFO] [stdout]    |
[INFO] [stdout] 2  + use std::thread::spawn;
[INFO] [stdout]    |
[INFO] [stdout] 
[INFO] [stdout] error[E0282]: type annotations needed
[INFO] [stdout]   --> src/macros.rs:261:1
[INFO] [stdout]    |
[INFO] [stdout] 13 | #[neon::export(context)]
[INFO] [stdout]    | ^^^^^^^^^^^^^^^^^^^^^^^^ cannot infer type
[INFO] [stdout]    |
[INFO] [stdout]    = note: this error originates in the attribute macro `neon::export` (in Nightly builds, run with -Z macro-backtrace for more info)
[INFO] [stdout] 
[INFO] [stdout] error: aborting due to 2 previous errors
[INFO] [stdout] 
[INFO] [stdout] Some errors have detailed explanations: E0282, E0425.
[INFO] [stdout] For more information about an error, try `rustc --explain E0282`.
[INFO] [stdout] Couldn't compile the test.
[INFO] [stdout] ---- src/macros.rs - macros::export (line 58) stdout ----
[INFO] [stdout] error[E0425]: cannot find function, tuple struct or tuple variant `Json` in module `neon::types::extract`
[INFO] [stdout]    --> src/macros.rs:60:1
[INFO] [stdout]     |
[INFO] [stdout] 5   | #[neon::export(json)]
[INFO] [stdout]     | ^^^^^^^^^^^^^^^^^^^^^ not found in `neon::types::extract`
[INFO] [stdout]     |
[INFO] [stdout] note: found an item that was configured out
[INFO] [stdout]    --> /opt/rustwide/workdir/src/types_impl/extract/mod.rs:117:21
[INFO] [stdout]     |
[INFO] [stdout] 117 | pub use self::json::Json;
[INFO] [stdout]     |                     ^^^^
[INFO] [stdout] note: the item is gated behind the `serde` feature
[INFO] [stdout]    --> /opt/rustwide/workdir/src/types_impl/extract/mod.rs:115:7
[INFO] [stdout]     |
[INFO] [stdout] 115 | #[cfg(feature = "serde")]
[INFO] [stdout]     |       ^^^^^^^^^^^^^^^^^
[INFO] [stdout]     = note: this error originates in the attribute macro `neon::export` (in Nightly builds, run with -Z macro-backtrace for more info)
[INFO] [stdout] 
[INFO] [stdout] error: aborting due to 1 previous error
[INFO] [stdout] 
[INFO] [stdout] For more information about this error, try `rustc --explain E0425`.
[INFO] [stdout] Couldn't compile the test.
[INFO] [stdout] ---- src/macros.rs - macros::export (line 80) stdout ----
[INFO] [stdout] error[E0432]: unresolved import `neon::types::extract::Json`
[INFO] [stdout]    --> src/macros.rs:82:5
[INFO] [stdout]     |
[INFO] [stdout] 5   | use neon::types::extract::Json;
[INFO] [stdout]     |     ^^^^^^^^^^^^^^^^^^^^^^^^^^ no `Json` in `types_impl::extract`
[INFO] [stdout]     |
[INFO] [stdout] note: found an item that was configured out
[INFO] [stdout]    --> /opt/rustwide/workdir/src/types_impl/extract/mod.rs:117:21
[INFO] [stdout]     |
[INFO] [stdout] 117 | pub use self::json::Json;
[INFO] [stdout]     |                     ^^^^
[INFO] [stdout] note: the item is gated behind the `serde` feature
[INFO] [stdout]    --> /opt/rustwide/workdir/src/types_impl/extract/mod.rs:115:7
[INFO] [stdout]     |
[INFO] [stdout] 115 | #[cfg(feature = "serde")]
[INFO] [stdout]     |       ^^^^^^^^^^^^^^^^^
[INFO] [stdout] 
[INFO] [stdout] error: aborting due to 1 previous error
[INFO] [stdout] 
[INFO] [stdout] For more information about this error, try `rustc --explain E0432`.
[INFO] [stdout] Couldn't compile the test.
[INFO] [stdout] ---- src/macros.rs - macros::export (line 92) stdout ----
[INFO] [stdout] error[E0432]: unresolved import `neon`
[INFO] [stdout]   --> src/macros.rs:94:1
[INFO] [stdout]    |
[INFO] [stdout] 5  | #[neon::export(json)]
[INFO] [stdout]    | ^^^^^^^^^^^^^^^^^^^^^ no `NeonJsonTag` in `macro_internal`
[INFO] [stdout]    |
[INFO] [stdout] note: found an item that was configured out
[INFO] [stdout]   --> /opt/rustwide/workdir/src/macro_internal/mod.rs:36:12
[INFO] [stdout]    |
[INFO] [stdout] 36 | pub struct NeonJsonTag;
[INFO] [stdout]    |            ^^^^^^^^^^^
[INFO] [stdout] note: the item is gated behind the `serde` feature
[INFO] [stdout]   --> /opt/rustwide/workdir/src/macro_internal/mod.rs:35:7
[INFO] [stdout]    |
[INFO] [stdout] 35 | #[cfg(feature = "serde")]
[INFO] [stdout]    |       ^^^^^^^^^^^^^^^^^
[INFO] [stdout]    = note: this error originates in the attribute macro `neon::export` (in Nightly builds, run with -Z macro-backtrace for more info)
[INFO] [stdout] 
[INFO] [stdout] error[E0531]: cannot find tuple struct or tuple variant `Json` in module `neon::types::extract`
[INFO] [stdout]    --> src/macros.rs:94:1
[INFO] [stdout]     |
[INFO] [stdout] 5   | #[neon::export(json)]
[INFO] [stdout]     | ^^^^^^^^^^^^^^^^^^^^^ not found in `neon::types::extract`
[INFO] [stdout]     |
[INFO] [stdout] note: found an item that was configured out
[INFO] [stdout]    --> /opt/rustwide/workdir/src/types_impl/extract/mod.rs:117:21
[INFO] [stdout]     |
[INFO] [stdout] 117 | pub use self::json::Json;
[INFO] [stdout]     |                     ^^^^
[INFO] [stdout] note: the item is gated behind the `serde` feature
[INFO] [stdout]    --> /opt/rustwide/workdir/src/types_impl/extract/mod.rs:115:7
[INFO] [stdout]     |
[INFO] [stdout] 115 | #[cfg(feature = "serde")]
[INFO] [stdout]     |       ^^^^^^^^^^^^^^^^^
[INFO] [stdout]     = note: this error originates in the attribute macro `neon::export` (in Nightly builds, run with -Z macro-backtrace for more info)
[INFO] [stdout] 
[INFO] [stdout] error: aborting due to 2 previous errors
[INFO] [stdout] 
[INFO] [stdout] Some errors have detailed explanations: E0432, E0531.
[INFO] [stdout] For more information about an error, try `rustc --explain E0432`.
[INFO] [stdout] Couldn't compile the test.
[INFO] [stdout] 
[INFO] [stdout] failures:
[INFO] [stdout]     src/macros.rs - macros::export (line 251)
[INFO] [stdout]     src/macros.rs - macros::export (line 58)
[INFO] [stdout]     src/macros.rs - macros::export (line 80)
[INFO] [stdout]     src/macros.rs - macros::export (line 92)
[INFO] [stdout] 
[INFO] [stdout] test result: FAILED. 101 passed; 4 failed; 3 ignored; 0 measured; 0 filtered out; finished in 1.29s
[INFO] [stdout] 
[INFO] [stderr] error: doctest failed, to rerun pass `--doc`
[INFO] running `Command { std: "docker" "inspect" "e51d1f557a6ef884d8f7e40b737b55ed5cfff4da6f5a84dd56cecd547f12c16e", kill_on_drop: false }`
[INFO] running `Command { std: "docker" "rm" "-f" "e51d1f557a6ef884d8f7e40b737b55ed5cfff4da6f5a84dd56cecd547f12c16e", kill_on_drop: false }`
[INFO] [stdout] e51d1f557a6ef884d8f7e40b737b55ed5cfff4da6f5a84dd56cecd547f12c16e
