[INFO] fetching crate neon-serde4 1.0.0-1...
[INFO] testing neon-serde4-1.0.0-1 against nightly-2024-10-28 for randomize-layout
[INFO] extracting crate neon-serde4 1.0.0-1 into /workspace/builds/worker-5-tc1/source
[INFO] validating manifest of crates.io crate neon-serde4 1.0.0-1 on toolchain nightly-2024-10-28
[INFO] running `Command { std: CARGO_HOME="/workspace/cargo-home" RUSTUP_HOME="/workspace/rustup-home" "/workspace/cargo-home/bin/cargo" "+nightly-2024-10-28" "metadata" "--manifest-path" "Cargo.toml" "--no-deps", kill_on_drop: false }`
[INFO] started tweaking crates.io crate neon-serde4 1.0.0-1
[INFO] finished tweaking crates.io crate neon-serde4 1.0.0-1
[INFO] tweaked toml for crates.io crate neon-serde4 1.0.0-1 written to /workspace/builds/worker-5-tc1/source/Cargo.toml
[INFO] running `Command { std: CARGO_HOME="/workspace/cargo-home" RUSTUP_HOME="/workspace/rustup-home" "/workspace/cargo-home/bin/cargo" "+nightly-2024-10-28" "generate-lockfile" "--manifest-path" "Cargo.toml", kill_on_drop: false }`
[INFO] [stderr]     Updating crates.io index
[INFO] [stderr]      Locking 34 packages to latest compatible versions
[INFO] running `Command { std: CARGO_HOME="/workspace/cargo-home" RUSTUP_HOME="/workspace/rustup-home" "/workspace/cargo-home/bin/cargo" "+nightly-2024-10-28" "fetch" "--manifest-path" "Cargo.toml", kill_on_drop: false }`
[INFO] [stderr]  Downloading crates ...
[INFO] [stderr]   Downloaded syn-mid v0.6.0
[INFO] [stderr]   Downloaded neon-macros v1.0.0
[INFO] [stderr]   Downloaded neon v1.0.0
[INFO] running `Command { std: "docker" "create" "-v" "/var/lib/crater-agent-workspace/builds/worker-5-tc1/target:/opt/rustwide/target:rw,Z" "-v" "/var/lib/crater-agent-workspace/builds/worker-5-tc1/source:/opt/rustwide/workdir:ro,Z" "-v" "/var/lib/crater-agent-workspace/cargo-home:/opt/rustwide/cargo-home:ro,Z" "-v" "/var/lib/crater-agent-workspace/rustup-home:/opt/rustwide/rustup-home:ro,Z" "-e" "SOURCE_DIR=/opt/rustwide/workdir" "-e" "CARGO_TARGET_DIR=/opt/rustwide/target" "-e" "CARGO_HOME=/opt/rustwide/cargo-home" "-e" "RUSTUP_HOME=/opt/rustwide/rustup-home" "-w" "/opt/rustwide/workdir" "-m" "1610612736" "--user" "0:0" "--network" "none" "ghcr.io/rust-lang/crates-build-env/linux@sha256:4a844ea9eb2546a2d2c7022eacef16ef2e8229c7fbb2c7d4d55a9ceca922f72d" "/opt/rustwide/cargo-home/bin/cargo" "+nightly-2024-10-28" "metadata" "--no-deps" "--format-version=1", kill_on_drop: false }`
[INFO] [stdout] 92b99c5dd9e35da10234d3fe3781e788f1c29d39f37bff3681d69d966215c259
[INFO] running `Command { std: "docker" "start" "-a" "92b99c5dd9e35da10234d3fe3781e788f1c29d39f37bff3681d69d966215c259", kill_on_drop: false }`
[INFO] running `Command { std: "docker" "inspect" "92b99c5dd9e35da10234d3fe3781e788f1c29d39f37bff3681d69d966215c259", kill_on_drop: false }`
[INFO] running `Command { std: "docker" "rm" "-f" "92b99c5dd9e35da10234d3fe3781e788f1c29d39f37bff3681d69d966215c259", kill_on_drop: false }`
[INFO] [stdout] 92b99c5dd9e35da10234d3fe3781e788f1c29d39f37bff3681d69d966215c259
[INFO] running `Command { std: "docker" "create" "-v" "/var/lib/crater-agent-workspace/builds/worker-5-tc1/target:/opt/rustwide/target:rw,Z" "-v" "/var/lib/crater-agent-workspace/builds/worker-5-tc1/source:/opt/rustwide/workdir:ro,Z" "-v" "/var/lib/crater-agent-workspace/cargo-home:/opt/rustwide/cargo-home:ro,Z" "-v" "/var/lib/crater-agent-workspace/rustup-home:/opt/rustwide/rustup-home:ro,Z" "-e" "SOURCE_DIR=/opt/rustwide/workdir" "-e" "CARGO_TARGET_DIR=/opt/rustwide/target" "-e" "CARGO_INCREMENTAL=0" "-e" "RUST_BACKTRACE=full" "-e" "RUSTFLAGS=--cap-lints=forbid" "-e" "RUSTDOCFLAGS=--cap-lints=forbid" "-e" "CARGO_HOME=/opt/rustwide/cargo-home" "-e" "RUSTUP_HOME=/opt/rustwide/rustup-home" "-w" "/opt/rustwide/workdir" "-m" "1610612736" "--user" "0:0" "--network" "none" "ghcr.io/rust-lang/crates-build-env/linux@sha256:4a844ea9eb2546a2d2c7022eacef16ef2e8229c7fbb2c7d4d55a9ceca922f72d" "/opt/rustwide/cargo-home/bin/cargo" "+nightly-2024-10-28" "build" "--frozen" "--message-format=json", kill_on_drop: false }`
[INFO] [stdout] 5b0f271307f6aa5a482de722006132336cebadf3e20a00cc7f134d72eb1c082f
[INFO] running `Command { std: "docker" "start" "-a" "5b0f271307f6aa5a482de722006132336cebadf3e20a00cc7f134d72eb1c082f", kill_on_drop: false }`
[INFO] [stderr]    Compiling num-traits v0.2.19
[INFO] [stderr]    Compiling proc-macro2 v1.0.89
[INFO] [stderr]    Compiling libc v0.2.161
[INFO] [stderr]    Compiling semver v1.0.23
[INFO] [stderr]    Compiling serde v1.0.214
[INFO] [stderr]    Compiling smallvec v1.13.2
[INFO] [stderr]    Compiling libloading v0.8.5
[INFO] [stderr]    Compiling send_wrapper v0.6.0
[INFO] [stderr]    Compiling num-integer v0.1.46
[INFO] [stderr]    Compiling num-complex v0.4.6
[INFO] [stderr]    Compiling quote v1.0.37
[INFO] [stderr]    Compiling getrandom v0.2.15
[INFO] [stderr]    Compiling syn v2.0.86
[INFO] [stderr]    Compiling num-iter v0.1.45
[INFO] [stderr]    Compiling num-rational v0.4.2
[INFO] [stderr]    Compiling num v0.4.3
[INFO] [stderr]    Compiling syn-mid v0.6.0
[INFO] [stderr]    Compiling neon-macros v1.0.0
[INFO] [stderr]    Compiling neon v1.0.0
[INFO] [stderr]    Compiling neon-serde4 v1.0.0-1 (/opt/rustwide/workdir)
[INFO] [stderr]     Finished `dev` profile [unoptimized + debuginfo] target(s) in 7.14s
[INFO] running `Command { std: "docker" "inspect" "5b0f271307f6aa5a482de722006132336cebadf3e20a00cc7f134d72eb1c082f", kill_on_drop: false }`
[INFO] running `Command { std: "docker" "rm" "-f" "5b0f271307f6aa5a482de722006132336cebadf3e20a00cc7f134d72eb1c082f", kill_on_drop: false }`
[INFO] [stdout] 5b0f271307f6aa5a482de722006132336cebadf3e20a00cc7f134d72eb1c082f
[INFO] running `Command { std: "docker" "create" "-v" "/var/lib/crater-agent-workspace/builds/worker-5-tc1/target:/opt/rustwide/target:rw,Z" "-v" "/var/lib/crater-agent-workspace/builds/worker-5-tc1/source:/opt/rustwide/workdir:ro,Z" "-v" "/var/lib/crater-agent-workspace/cargo-home:/opt/rustwide/cargo-home:ro,Z" "-v" "/var/lib/crater-agent-workspace/rustup-home:/opt/rustwide/rustup-home:ro,Z" "-e" "SOURCE_DIR=/opt/rustwide/workdir" "-e" "CARGO_TARGET_DIR=/opt/rustwide/target" "-e" "CARGO_INCREMENTAL=0" "-e" "RUST_BACKTRACE=full" "-e" "RUSTFLAGS=--cap-lints=forbid" "-e" "RUSTDOCFLAGS=--cap-lints=forbid" "-e" "CARGO_HOME=/opt/rustwide/cargo-home" "-e" "RUSTUP_HOME=/opt/rustwide/rustup-home" "-w" "/opt/rustwide/workdir" "-m" "1610612736" "--user" "0:0" "--network" "none" "ghcr.io/rust-lang/crates-build-env/linux@sha256:4a844ea9eb2546a2d2c7022eacef16ef2e8229c7fbb2c7d4d55a9ceca922f72d" "/opt/rustwide/cargo-home/bin/cargo" "+nightly-2024-10-28" "test" "--frozen" "--no-run" "--message-format=json", kill_on_drop: false }`
[INFO] [stdout] 1da866cfe36df5e1ad3eb6f40d209c20f296bbce1182eadc0bc986b1e32ca294
[INFO] running `Command { std: "docker" "start" "-a" "1da866cfe36df5e1ad3eb6f40d209c20f296bbce1182eadc0bc986b1e32ca294", kill_on_drop: false }`
[INFO] [stderr]    Compiling neon-serde4 v1.0.0-1 (/opt/rustwide/workdir)
[INFO] [stderr]     Finished `test` profile [unoptimized + debuginfo] target(s) in 0.38s
[INFO] running `Command { std: "docker" "inspect" "1da866cfe36df5e1ad3eb6f40d209c20f296bbce1182eadc0bc986b1e32ca294", kill_on_drop: false }`
[INFO] running `Command { std: "docker" "rm" "-f" "1da866cfe36df5e1ad3eb6f40d209c20f296bbce1182eadc0bc986b1e32ca294", kill_on_drop: false }`
[INFO] [stdout] 1da866cfe36df5e1ad3eb6f40d209c20f296bbce1182eadc0bc986b1e32ca294
[INFO] running `Command { std: "docker" "create" "-v" "/var/lib/crater-agent-workspace/builds/worker-5-tc1/target:/opt/rustwide/target:rw,Z" "-v" "/var/lib/crater-agent-workspace/builds/worker-5-tc1/source:/opt/rustwide/workdir:ro,Z" "-v" "/var/lib/crater-agent-workspace/cargo-home:/opt/rustwide/cargo-home:ro,Z" "-v" "/var/lib/crater-agent-workspace/rustup-home:/opt/rustwide/rustup-home:ro,Z" "-e" "SOURCE_DIR=/opt/rustwide/workdir" "-e" "CARGO_TARGET_DIR=/opt/rustwide/target" "-e" "CARGO_INCREMENTAL=0" "-e" "RUST_BACKTRACE=full" "-e" "RUSTFLAGS=--cap-lints=forbid" "-e" "RUSTDOCFLAGS=--cap-lints=forbid" "-e" "CARGO_HOME=/opt/rustwide/cargo-home" "-e" "RUSTUP_HOME=/opt/rustwide/rustup-home" "-w" "/opt/rustwide/workdir" "-m" "1610612736" "--user" "0:0" "--network" "none" "ghcr.io/rust-lang/crates-build-env/linux@sha256:4a844ea9eb2546a2d2c7022eacef16ef2e8229c7fbb2c7d4d55a9ceca922f72d" "/opt/rustwide/cargo-home/bin/cargo" "+nightly-2024-10-28" "test" "--frozen", kill_on_drop: false }`
[INFO] [stdout] 155717fa6dd15fd641752278c0af950fa84051e818c8cd6ce3e8c4f87617b8f2
[INFO] running `Command { std: "docker" "start" "-a" "155717fa6dd15fd641752278c0af950fa84051e818c8cd6ce3e8c4f87617b8f2", kill_on_drop: false }`
[INFO] [stderr]     Finished `test` profile [unoptimized + debuginfo] target(s) in 0.05s
[INFO] [stderr]      Running unittests src/lib.rs (/opt/rustwide/target/debug/deps/neon_serde4-03d117d3c02db0df)
[INFO] [stderr]    Doc-tests neon_serde4
[INFO] [stdout] 
[INFO] [stdout] running 2 tests
[INFO] [stdout] test tests::test_it_compiles ... ok
[INFO] [stdout] test tests::test_it_compiles_2 ... ok
[INFO] [stdout] 
[INFO] [stdout] test result: ok. 2 passed; 0 failed; 0 ignored; 0 measured; 0 filtered out; finished in 0.00s
[INFO] [stdout] 
[INFO] [stdout] 
[INFO] [stdout] running 1 test
[INFO] [stdout] test src/lib.rs - (line 31) - compile ... FAILED
[INFO] [stdout] 
[INFO] [stdout] failures:
[INFO] [stdout] 
[INFO] [stdout] ---- src/lib.rs - (line 31) stdout ----
[INFO] [stdout] error[E0432]: unresolved import `neon_serde2`
[INFO] [stdout]  --> src/lib.rs:34:5
[INFO] [stdout]   |
[INFO] [stdout] 4 | use neon_serde2 as neon_serde;
[INFO] [stdout]   |     ^^^^^^^^^^^^^^^^^^^^^^^^^ no external crate `neon_serde2`
[INFO] [stdout] 
[INFO] [stdout] error: cannot find derive macro `Serialize` in this scope
[INFO] [stdout]  --> src/lib.rs:38:10
[INFO] [stdout]   |
[INFO] [stdout] 8 | #[derive(Serialize, Debug, Deserialize)]
[INFO] [stdout]   |          ^^^^^^^^^
[INFO] [stdout]   |
[INFO] [stdout] note: `Serialize` is imported here, but it is only a trait, without a derive macro
[INFO] [stdout]  --> src/lib.rs:33:13
[INFO] [stdout]   |
[INFO] [stdout] 3 | use serde::{Serialize, Deserialize};
[INFO] [stdout]   |             ^^^^^^^^^
[INFO] [stdout] 
[INFO] [stdout] error: cannot find derive macro `Deserialize` in this scope
[INFO] [stdout]  --> src/lib.rs:38:28
[INFO] [stdout]   |
[INFO] [stdout] 8 | #[derive(Serialize, Debug, Deserialize)]
[INFO] [stdout]   |                            ^^^^^^^^^^^
[INFO] [stdout]   |
[INFO] [stdout] note: `Deserialize` is imported here, but it is only a trait, without a derive macro
[INFO] [stdout]  --> src/lib.rs:33:24
[INFO] [stdout]   |
[INFO] [stdout] 3 | use serde::{Serialize, Deserialize};
[INFO] [stdout]   |                        ^^^^^^^^^^^
[INFO] [stdout] 
[INFO] [stdout] error: aborting due to 3 previous errors
[INFO] [stdout] 
[INFO] [stdout] For more information about this error, try `rustc --explain E0432`.
[INFO] [stdout] Couldn't compile the test.
[INFO] [stdout] 
[INFO] [stdout] failures:
[INFO] [stdout]     src/lib.rs - (line 31)
[INFO] [stdout] 
[INFO] [stdout] test result: FAILED. 0 passed; 1 failed; 0 ignored; 0 measured; 0 filtered out; finished in 0.09s
[INFO] [stdout] 
[INFO] [stderr] error: doctest failed, to rerun pass `--doc`
[INFO] running `Command { std: "docker" "inspect" "155717fa6dd15fd641752278c0af950fa84051e818c8cd6ce3e8c4f87617b8f2", kill_on_drop: false }`
[INFO] running `Command { std: "docker" "rm" "-f" "155717fa6dd15fd641752278c0af950fa84051e818c8cd6ce3e8c4f87617b8f2", kill_on_drop: false }`
[INFO] [stdout] 155717fa6dd15fd641752278c0af950fa84051e818c8cd6ce3e8c4f87617b8f2
