[INFO] fetching crate neo_trinkey 0.2.1...
[INFO] testing neo_trinkey-0.2.1 against nightly-2024-10-28+rustflags=-Zrandomize-layout for randomize-layout
[INFO] extracting crate neo_trinkey 0.2.1 into /workspace/builds/worker-3-tc2/source
[INFO] validating manifest of crates.io crate neo_trinkey 0.2.1 on toolchain nightly-2024-10-28
[INFO] running `Command { std: CARGO_HOME="/workspace/cargo-home" RUSTUP_HOME="/workspace/rustup-home" "/workspace/cargo-home/bin/cargo" "+nightly-2024-10-28" "metadata" "--manifest-path" "Cargo.toml" "--no-deps", kill_on_drop: false }`
[INFO] removed /workspace/builds/worker-3-tc2/source/.cargo/config.toml
[INFO] started tweaking crates.io crate neo_trinkey 0.2.1
[INFO] removed 0 missing examples
[INFO] finished tweaking crates.io crate neo_trinkey 0.2.1
[INFO] tweaked toml for crates.io crate neo_trinkey 0.2.1 written to /workspace/builds/worker-3-tc2/source/Cargo.toml
[INFO] crate crates.io crate neo_trinkey 0.2.1 already has a lockfile, it will not be regenerated
[INFO] running `Command { std: CARGO_HOME="/workspace/cargo-home" RUSTUP_HOME="/workspace/rustup-home" "/workspace/cargo-home/bin/cargo" "+nightly-2024-10-28" "fetch" "--manifest-path" "Cargo.toml", kill_on_drop: false }`
[INFO] running `Command { std: "docker" "create" "-v" "/var/lib/crater-agent-workspace/builds/worker-3-tc2/target:/opt/rustwide/target:rw,Z" "-v" "/var/lib/crater-agent-workspace/builds/worker-3-tc2/source:/opt/rustwide/workdir:ro,Z" "-v" "/var/lib/crater-agent-workspace/cargo-home:/opt/rustwide/cargo-home:ro,Z" "-v" "/var/lib/crater-agent-workspace/rustup-home:/opt/rustwide/rustup-home:ro,Z" "-e" "SOURCE_DIR=/opt/rustwide/workdir" "-e" "CARGO_TARGET_DIR=/opt/rustwide/target" "-e" "CARGO_HOME=/opt/rustwide/cargo-home" "-e" "RUSTUP_HOME=/opt/rustwide/rustup-home" "-w" "/opt/rustwide/workdir" "-m" "1610612736" "--user" "0:0" "--network" "none" "ghcr.io/rust-lang/crates-build-env/linux@sha256:4a844ea9eb2546a2d2c7022eacef16ef2e8229c7fbb2c7d4d55a9ceca922f72d" "/opt/rustwide/cargo-home/bin/cargo" "+nightly-2024-10-28" "metadata" "--no-deps" "--format-version=1", kill_on_drop: false }`
[INFO] [stdout] 939da6c9dce0a8f68782fb415a95422135bd22389355f349473766c7558fef72
[INFO] running `Command { std: "docker" "start" "-a" "939da6c9dce0a8f68782fb415a95422135bd22389355f349473766c7558fef72", kill_on_drop: false }`
[INFO] running `Command { std: "docker" "inspect" "939da6c9dce0a8f68782fb415a95422135bd22389355f349473766c7558fef72", kill_on_drop: false }`
[INFO] running `Command { std: "docker" "rm" "-f" "939da6c9dce0a8f68782fb415a95422135bd22389355f349473766c7558fef72", kill_on_drop: false }`
[INFO] [stdout] 939da6c9dce0a8f68782fb415a95422135bd22389355f349473766c7558fef72
[INFO] running `Command { std: "docker" "create" "-v" "/var/lib/crater-agent-workspace/builds/worker-3-tc2/target:/opt/rustwide/target:rw,Z" "-v" "/var/lib/crater-agent-workspace/builds/worker-3-tc2/source:/opt/rustwide/workdir:ro,Z" "-v" "/var/lib/crater-agent-workspace/cargo-home:/opt/rustwide/cargo-home:ro,Z" "-v" "/var/lib/crater-agent-workspace/rustup-home:/opt/rustwide/rustup-home:ro,Z" "-e" "SOURCE_DIR=/opt/rustwide/workdir" "-e" "CARGO_TARGET_DIR=/opt/rustwide/target" "-e" "CARGO_INCREMENTAL=0" "-e" "RUST_BACKTRACE=full" "-e" "RUSTFLAGS=--cap-lints=forbid -Zrandomize-layout" "-e" "RUSTDOCFLAGS=--cap-lints=forbid" "-e" "CARGO_HOME=/opt/rustwide/cargo-home" "-e" "RUSTUP_HOME=/opt/rustwide/rustup-home" "-w" "/opt/rustwide/workdir" "-m" "1610612736" "--user" "0:0" "--network" "none" "ghcr.io/rust-lang/crates-build-env/linux@sha256:4a844ea9eb2546a2d2c7022eacef16ef2e8229c7fbb2c7d4d55a9ceca922f72d" "/opt/rustwide/cargo-home/bin/cargo" "+nightly-2024-10-28" "build" "--frozen" "--message-format=json", kill_on_drop: false }`
[INFO] [stdout] 280f6f637a215b46d09e1e01d908837f8834400a6279dd066784cb2c81637fdd
[INFO] running `Command { std: "docker" "start" "-a" "280f6f637a215b46d09e1e01d908837f8834400a6279dd066784cb2c81637fdd", kill_on_drop: false }`
[INFO] [stderr]    Compiling proc-macro2 v1.0.88
[INFO] [stderr]    Compiling cortex-m-rt v0.7.3
[INFO] [stderr]    Compiling cortex-m v0.7.7
[INFO] [stderr]    Compiling nb v1.1.0
[INFO] [stderr]    Compiling vcell v0.1.3
[INFO] [stderr]    Compiling void v1.0.2
[INFO] [stderr]    Compiling atsamd21e v0.11.0
[INFO] [stderr]    Compiling bitfield v0.13.2
[INFO] [stderr]    Compiling static_assertions v1.1.0
[INFO] [stderr]    Compiling neo_trinkey v0.2.1 (/opt/rustwide/workdir)
[INFO] [stderr]    Compiling rand_core v0.5.1
[INFO] [stderr]    Compiling rustc_version v0.2.3
[INFO] [stderr]    Compiling replace_with v0.1.7
[INFO] [stderr]    Compiling seq-macro v0.2.2
[INFO] [stderr]    Compiling volatile-register v0.2.2
[INFO] [stderr]    Compiling nb v0.1.3
[INFO] [stderr]    Compiling embedded-hal v0.2.7
[INFO] [stderr]    Compiling bare-metal v0.2.5
[INFO] [stderr]    Compiling quote v1.0.37
[INFO] [stderr]    Compiling syn v1.0.109
[INFO] [stderr]    Compiling cortex-m-rt-macros v0.7.0
[INFO] [stderr]    Compiling modular-bitfield-impl v0.11.2
[INFO] [stderr]    Compiling modular-bitfield v0.11.2
[INFO] [stderr]    Compiling atsamd-hal v0.14.0
[INFO] [stderr]     Finished `dev` profile [unoptimized + debuginfo] target(s) in 6.76s
[INFO] running `Command { std: "docker" "inspect" "280f6f637a215b46d09e1e01d908837f8834400a6279dd066784cb2c81637fdd", kill_on_drop: false }`
[INFO] running `Command { std: "docker" "rm" "-f" "280f6f637a215b46d09e1e01d908837f8834400a6279dd066784cb2c81637fdd", kill_on_drop: false }`
[INFO] [stdout] 280f6f637a215b46d09e1e01d908837f8834400a6279dd066784cb2c81637fdd
[INFO] running `Command { std: "docker" "create" "-v" "/var/lib/crater-agent-workspace/builds/worker-3-tc2/target:/opt/rustwide/target:rw,Z" "-v" "/var/lib/crater-agent-workspace/builds/worker-3-tc2/source:/opt/rustwide/workdir:ro,Z" "-v" "/var/lib/crater-agent-workspace/cargo-home:/opt/rustwide/cargo-home:ro,Z" "-v" "/var/lib/crater-agent-workspace/rustup-home:/opt/rustwide/rustup-home:ro,Z" "-e" "SOURCE_DIR=/opt/rustwide/workdir" "-e" "CARGO_TARGET_DIR=/opt/rustwide/target" "-e" "CARGO_INCREMENTAL=0" "-e" "RUST_BACKTRACE=full" "-e" "RUSTFLAGS=--cap-lints=forbid -Zrandomize-layout" "-e" "RUSTDOCFLAGS=--cap-lints=forbid" "-e" "CARGO_HOME=/opt/rustwide/cargo-home" "-e" "RUSTUP_HOME=/opt/rustwide/rustup-home" "-w" "/opt/rustwide/workdir" "-m" "1610612736" "--user" "0:0" "--network" "none" "ghcr.io/rust-lang/crates-build-env/linux@sha256:4a844ea9eb2546a2d2c7022eacef16ef2e8229c7fbb2c7d4d55a9ceca922f72d" "/opt/rustwide/cargo-home/bin/cargo" "+nightly-2024-10-28" "test" "--frozen" "--no-run" "--message-format=json", kill_on_drop: false }`
[INFO] [stdout] 880ba334497420c936e62ca5e160977aa81154bf64b07a9b8f7335154891e77a
[INFO] running `Command { std: "docker" "start" "-a" "880ba334497420c936e62ca5e160977aa81154bf64b07a9b8f7335154891e77a", kill_on_drop: false }`
[INFO] [stderr]    Compiling usb-device v0.2.9
[INFO] [stderr]    Compiling panic-halt v0.2.0
[INFO] [stderr]    Compiling usbd-serial v0.1.1
[INFO] [stderr]    Compiling neo_trinkey v0.2.1 (/opt/rustwide/workdir)
[INFO] [stderr]     Finished `test` profile [unoptimized + debuginfo] target(s) in 0.32s
[INFO] running `Command { std: "docker" "inspect" "880ba334497420c936e62ca5e160977aa81154bf64b07a9b8f7335154891e77a", kill_on_drop: false }`
[INFO] running `Command { std: "docker" "rm" "-f" "880ba334497420c936e62ca5e160977aa81154bf64b07a9b8f7335154891e77a", kill_on_drop: false }`
[INFO] [stdout] 880ba334497420c936e62ca5e160977aa81154bf64b07a9b8f7335154891e77a
[INFO] running `Command { std: "docker" "create" "-v" "/var/lib/crater-agent-workspace/builds/worker-3-tc2/target:/opt/rustwide/target:rw,Z" "-v" "/var/lib/crater-agent-workspace/builds/worker-3-tc2/source:/opt/rustwide/workdir:ro,Z" "-v" "/var/lib/crater-agent-workspace/cargo-home:/opt/rustwide/cargo-home:ro,Z" "-v" "/var/lib/crater-agent-workspace/rustup-home:/opt/rustwide/rustup-home:ro,Z" "-e" "SOURCE_DIR=/opt/rustwide/workdir" "-e" "CARGO_TARGET_DIR=/opt/rustwide/target" "-e" "CARGO_INCREMENTAL=0" "-e" "RUST_BACKTRACE=full" "-e" "RUSTFLAGS=--cap-lints=forbid -Zrandomize-layout" "-e" "RUSTDOCFLAGS=--cap-lints=forbid" "-e" "CARGO_HOME=/opt/rustwide/cargo-home" "-e" "RUSTUP_HOME=/opt/rustwide/rustup-home" "-w" "/opt/rustwide/workdir" "-m" "1610612736" "--user" "0:0" "--network" "none" "ghcr.io/rust-lang/crates-build-env/linux@sha256:4a844ea9eb2546a2d2c7022eacef16ef2e8229c7fbb2c7d4d55a9ceca922f72d" "/opt/rustwide/cargo-home/bin/cargo" "+nightly-2024-10-28" "test" "--frozen", kill_on_drop: false }`
[INFO] [stdout] c7398f7dbd9197481f8acb8a0fc5cb4631beef216c136549cb7f9d0ac6c1ea87
[INFO] running `Command { std: "docker" "start" "-a" "c7398f7dbd9197481f8acb8a0fc5cb4631beef216c136549cb7f9d0ac6c1ea87", kill_on_drop: false }`
[INFO] [stderr]     Finished `test` profile [unoptimized + debuginfo] target(s) in 0.02s
[INFO] [stderr]      Running unittests src/lib.rs (/opt/rustwide/target/debug/deps/neo_trinkey-e52c5a622e527ed1)
[INFO] [stdout] 
[INFO] [stdout] running 0 tests
[INFO] [stdout] 
[INFO] [stdout] test result: ok. 0 passed; 0 failed; 0 ignored; 0 measured; 0 filtered out; finished in 0.00s
[INFO] [stdout] 
[INFO] [stderr]    Doc-tests neo_trinkey
[INFO] [stdout] 
[INFO] [stdout] running 1 test
[INFO] [stdout] test /opt/rustwide/cargo-home/registry/src/index.crates.io-6f17d22bba15001f/atsamd-hal-0.14.0/src/gpio/v2/pin.rs - pin_alias (line 1642) ... FAILED
[INFO] [stdout] 
[INFO] [stdout] failures:
[INFO] [stdout] 
[INFO] [stdout] ---- /opt/rustwide/cargo-home/registry/src/index.crates.io-6f17d22bba15001f/atsamd-hal-0.14.0/src/gpio/v2/pin.rs - pin_alias (line 1642) stdout ----
[INFO] [stdout] error: cannot find macro `pin_alias` in this scope
[INFO] [stdout]  --> /opt/rustwide/cargo-home/registry/src/index.crates.io-6f17d22bba15001f/atsamd-hal-0.14.0/src/gpio/v2/pin.rs:1648:12
[INFO] [stdout]   |
[INFO] [stdout] 8 | let mosi = pin_alias!(pins.spi_mosi);
[INFO] [stdout]   |            ^^^^^^^^^
[INFO] [stdout]   |
[INFO] [stdout] help: consider importing this macro
[INFO] [stdout]   |
[INFO] [stdout] 2 + use neo_trinkey::pin_alias;
[INFO] [stdout]   |
[INFO] [stdout] 
[INFO] [stdout] error[E0433]: failed to resolve: use of undeclared crate or module `pac`
[INFO] [stdout]  --> /opt/rustwide/cargo-home/registry/src/index.crates.io-6f17d22bba15001f/atsamd-hal-0.14.0/src/gpio/v2/pin.rs:1643:23
[INFO] [stdout]   |
[INFO] [stdout] 3 | let mut peripherals = pac::Peripherals::take().unwrap();
[INFO] [stdout]   |                       ^^^ use of undeclared crate or module `pac`
[INFO] [stdout]   |
[INFO] [stdout] help: consider importing this struct
[INFO] [stdout]   |
[INFO] [stdout] 2 + use cortex_m::Peripherals;
[INFO] [stdout]   |
[INFO] [stdout] help: if you import `Peripherals`, refer to it directly
[INFO] [stdout]   |
[INFO] [stdout] 3 - let mut peripherals = pac::Peripherals::take().unwrap();
[INFO] [stdout] 3 + let mut peripherals = Peripherals::take().unwrap();
[INFO] [stdout]   |
[INFO] [stdout] 
[INFO] [stdout] error[E0433]: failed to resolve: use of undeclared crate or module `bsp`
[INFO] [stdout]  --> /opt/rustwide/cargo-home/registry/src/index.crates.io-6f17d22bba15001f/atsamd-hal-0.14.0/src/gpio/v2/pin.rs:1644:12
[INFO] [stdout]   |
[INFO] [stdout] 4 | let pins = bsp::Pins::new(peripherals.PORT);
[INFO] [stdout]   |            ^^^ use of undeclared crate or module `bsp`
[INFO] [stdout]   |
[INFO] [stdout] help: consider importing one of these structs
[INFO] [stdout]   |
[INFO] [stdout] 2 + use atsamd_hal::gpio::v2::Pins;
[INFO] [stdout]   |
[INFO] [stdout] 2 + use neo_trinkey::Pins;
[INFO] [stdout]   |
[INFO] [stdout] help: if you import `Pins`, refer to it directly
[INFO] [stdout]   |
[INFO] [stdout] 4 - let pins = bsp::Pins::new(peripherals.PORT);
[INFO] [stdout] 4 + let pins = Pins::new(peripherals.PORT);
[INFO] [stdout]   |
[INFO] [stdout] 
[INFO] [stdout] error: aborting due to 3 previous errors
[INFO] [stdout] 
[INFO] [stdout] For more information about this error, try `rustc --explain E0433`.
[INFO] [stdout] Couldn't compile the test.
[INFO] [stdout] 
[INFO] [stdout] failures:
[INFO] [stdout]     /opt/rustwide/cargo-home/registry/src/index.crates.io-6f17d22bba15001f/atsamd-hal-0.14.0/src/gpio/v2/pin.rs - pin_alias (line 1642)
[INFO] [stdout] 
[INFO] [stdout] test result: FAILED. 0 passed; 1 failed; 0 ignored; 0 measured; 0 filtered out; finished in 0.05s
[INFO] [stdout] 
[INFO] [stderr] error: doctest failed, to rerun pass `--doc`
[INFO] running `Command { std: "docker" "inspect" "c7398f7dbd9197481f8acb8a0fc5cb4631beef216c136549cb7f9d0ac6c1ea87", kill_on_drop: false }`
[INFO] running `Command { std: "docker" "rm" "-f" "c7398f7dbd9197481f8acb8a0fc5cb4631beef216c136549cb7f9d0ac6c1ea87", kill_on_drop: false }`
[INFO] [stdout] c7398f7dbd9197481f8acb8a0fc5cb4631beef216c136549cb7f9d0ac6c1ea87
