[INFO] fetching crate neo4j 0.1.0...
[INFO] testing neo4j-0.1.0 against nightly-2024-10-28+rustflags=-Zrandomize-layout for randomize-layout
[INFO] extracting crate neo4j 0.1.0 into /workspace/builds/worker-6-tc2/source
[INFO] validating manifest of crates.io crate neo4j 0.1.0 on toolchain nightly-2024-10-28
[INFO] running `Command { std: CARGO_HOME="/workspace/cargo-home" RUSTUP_HOME="/workspace/rustup-home" "/workspace/cargo-home/bin/cargo" "+nightly-2024-10-28" "metadata" "--manifest-path" "Cargo.toml" "--no-deps", kill_on_drop: false }`
[INFO] started tweaking crates.io crate neo4j 0.1.0
[INFO] finished tweaking crates.io crate neo4j 0.1.0
[INFO] tweaked toml for crates.io crate neo4j 0.1.0 written to /workspace/builds/worker-6-tc2/source/Cargo.toml
[INFO] crate crates.io crate neo4j 0.1.0 already has a lockfile, it will not be regenerated
[INFO] running `Command { std: CARGO_HOME="/workspace/cargo-home" RUSTUP_HOME="/workspace/rustup-home" "/workspace/cargo-home/bin/cargo" "+nightly-2024-10-28" "fetch" "--manifest-path" "Cargo.toml", kill_on_drop: false }`
[INFO] running `Command { std: "docker" "create" "-v" "/var/lib/crater-agent-workspace/builds/worker-6-tc2/target:/opt/rustwide/target:rw,Z" "-v" "/var/lib/crater-agent-workspace/builds/worker-6-tc2/source:/opt/rustwide/workdir:ro,Z" "-v" "/var/lib/crater-agent-workspace/cargo-home:/opt/rustwide/cargo-home:ro,Z" "-v" "/var/lib/crater-agent-workspace/rustup-home:/opt/rustwide/rustup-home:ro,Z" "-e" "SOURCE_DIR=/opt/rustwide/workdir" "-e" "CARGO_TARGET_DIR=/opt/rustwide/target" "-e" "CARGO_HOME=/opt/rustwide/cargo-home" "-e" "RUSTUP_HOME=/opt/rustwide/rustup-home" "-w" "/opt/rustwide/workdir" "-m" "1610612736" "--user" "0:0" "--network" "none" "ghcr.io/rust-lang/crates-build-env/linux@sha256:4a844ea9eb2546a2d2c7022eacef16ef2e8229c7fbb2c7d4d55a9ceca922f72d" "/opt/rustwide/cargo-home/bin/cargo" "+nightly-2024-10-28" "metadata" "--no-deps" "--format-version=1", kill_on_drop: false }`
[INFO] [stdout] dcb80f5372af6668592cac08fd6f27fc890c479c6c272aeae47a203989ff17ec
[INFO] running `Command { std: "docker" "start" "-a" "dcb80f5372af6668592cac08fd6f27fc890c479c6c272aeae47a203989ff17ec", kill_on_drop: false }`
[INFO] running `Command { std: "docker" "inspect" "dcb80f5372af6668592cac08fd6f27fc890c479c6c272aeae47a203989ff17ec", kill_on_drop: false }`
[INFO] running `Command { std: "docker" "rm" "-f" "dcb80f5372af6668592cac08fd6f27fc890c479c6c272aeae47a203989ff17ec", kill_on_drop: false }`
[INFO] [stdout] dcb80f5372af6668592cac08fd6f27fc890c479c6c272aeae47a203989ff17ec
[INFO] running `Command { std: "docker" "create" "-v" "/var/lib/crater-agent-workspace/builds/worker-6-tc2/target:/opt/rustwide/target:rw,Z" "-v" "/var/lib/crater-agent-workspace/builds/worker-6-tc2/source:/opt/rustwide/workdir:ro,Z" "-v" "/var/lib/crater-agent-workspace/cargo-home:/opt/rustwide/cargo-home:ro,Z" "-v" "/var/lib/crater-agent-workspace/rustup-home:/opt/rustwide/rustup-home:ro,Z" "-e" "SOURCE_DIR=/opt/rustwide/workdir" "-e" "CARGO_TARGET_DIR=/opt/rustwide/target" "-e" "CARGO_INCREMENTAL=0" "-e" "RUST_BACKTRACE=full" "-e" "RUSTFLAGS=--cap-lints=forbid -Zrandomize-layout" "-e" "RUSTDOCFLAGS=--cap-lints=forbid" "-e" "CARGO_HOME=/opt/rustwide/cargo-home" "-e" "RUSTUP_HOME=/opt/rustwide/rustup-home" "-w" "/opt/rustwide/workdir" "-m" "1610612736" "--user" "0:0" "--network" "none" "ghcr.io/rust-lang/crates-build-env/linux@sha256:4a844ea9eb2546a2d2c7022eacef16ef2e8229c7fbb2c7d4d55a9ceca922f72d" "/opt/rustwide/cargo-home/bin/cargo" "+nightly-2024-10-28" "build" "--frozen" "--message-format=json", kill_on_drop: false }`
[INFO] [stdout] f841d0055446ba6d20094e2202b57486f9964c6c6dca9cc78e9bd34580e83b65
[INFO] running `Command { std: "docker" "start" "-a" "f841d0055446ba6d20094e2202b57486f9964c6c6dca9cc78e9bd34580e83b65", kill_on_drop: false }`
[INFO] [stderr]    Compiling libc v0.2.153
[INFO] [stderr]    Compiling proc-macro2 v1.0.79
[INFO] [stderr]    Compiling siphasher v0.3.11
[INFO] [stderr]    Compiling autocfg v1.1.0
[INFO] [stderr]    Compiling dunce v1.0.4
[INFO] [stderr]    Compiling fs_extra v1.3.0
[INFO] [stderr]    Compiling regex-syntax v0.8.2
[INFO] [stderr]    Compiling rand_core v0.6.4
[INFO] [stderr]    Compiling paste v1.0.14
[INFO] [stderr]    Compiling aws-lc-rs v1.7.0
[INFO] [stderr]    Compiling syn v1.0.109
[INFO] [stderr]    Compiling rustls-pki-types v1.4.1
[INFO] [stderr]    Compiling mirai-annotations v1.12.0
[INFO] [stderr]    Compiling proc-macro-error-attr v1.0.4
[INFO] [stderr]    Compiling proc-macro-error v1.0.4
[INFO] [stderr]    Compiling zeroize v1.7.0
[INFO] [stderr]    Compiling parking_lot_core v0.9.9
[INFO] [stderr]    Compiling iana-time-zone v0.1.60
[INFO] [stderr]    Compiling rand v0.8.5
[INFO] [stderr]    Compiling thiserror v1.0.58
[INFO] [stderr]    Compiling phf_shared v0.11.2
[INFO] [stderr]    Compiling untrusted v0.9.0
[INFO] [stderr]    Compiling ppv-lite86 v0.2.17
[INFO] [stderr]    Compiling base64 v0.22.0
[INFO] [stderr]    Compiling scopeguard v1.2.0
[INFO] [stderr]    Compiling smallvec v1.13.1
[INFO] [stderr]    Compiling phf v0.11.2
[INFO] [stderr]    Compiling rustls v0.23.5
[INFO] [stderr]    Compiling subtle v2.5.0
[INFO] [stderr]    Compiling num-traits v0.2.17
[INFO] [stderr]    Compiling lock_api v0.4.11
[INFO] [stderr]    Compiling once_cell v1.19.0
[INFO] [stderr]    Compiling either v1.9.0
[INFO] [stderr]    Compiling heck v0.4.1
[INFO] [stderr]    Compiling log v0.4.21
[INFO] [stderr]    Compiling neo4j v0.1.0 (/opt/rustwide/workdir)
[INFO] [stderr]    Compiling uriparse v0.6.4
[INFO] [stderr]    Compiling atomic_refcell v0.1.13
[INFO] [stderr]    Compiling rustls-pemfile v2.1.2
[INFO] [stderr]    Compiling itertools v0.12.1
[INFO] [stderr]    Compiling usize_cast v1.1.0
[INFO] [stderr]    Compiling phf_generator v0.11.2
[INFO] [stderr]    Compiling quote v1.0.35
[INFO] [stderr]    Compiling rustls-native-certs v0.7.0
[INFO] [stderr]    Compiling phf_codegen v0.11.2
[INFO] [stderr]    Compiling syn v2.0.58
[INFO] [stderr]    Compiling jobserver v0.1.31
[INFO] [stderr]    Compiling getrandom v0.2.11
[INFO] [stderr]    Compiling socket2 v0.5.6
[INFO] [stderr]    Compiling parking_lot v0.12.1
[INFO] [stderr]    Compiling cc v1.0.83
[INFO] [stderr]    Compiling rand_chacha v0.3.1
[INFO] [stderr]    Compiling regex-automata v0.4.5
[INFO] [stderr]    Compiling chrono v0.4.37
[INFO] [stderr]    Compiling duplicate v1.0.0
[INFO] [stderr]    Compiling cmake v0.1.50
[INFO] [stderr]    Compiling aws-lc-sys v0.15.0
[INFO] [stderr]    Compiling regex v1.10.3
[INFO] [stderr]    Compiling parse-zoneinfo v0.3.0
[INFO] [stderr]    Compiling chrono-tz-build v0.3.0
[INFO] [stderr]    Compiling chrono-tz v0.9.0
[INFO] [stderr]    Compiling thiserror-impl v1.0.58
[INFO] [stderr]    Compiling mockall_double v0.3.1
[INFO] [stderr]    Compiling enum_dispatch v0.3.13
[INFO] [stderr]    Compiling rustls-webpki v0.102.2
[INFO] [stderr]     Finished `dev` profile [unoptimized + debuginfo] target(s) in 13.28s
[INFO] running `Command { std: "docker" "inspect" "f841d0055446ba6d20094e2202b57486f9964c6c6dca9cc78e9bd34580e83b65", kill_on_drop: false }`
[INFO] running `Command { std: "docker" "rm" "-f" "f841d0055446ba6d20094e2202b57486f9964c6c6dca9cc78e9bd34580e83b65", kill_on_drop: false }`
[INFO] [stdout] f841d0055446ba6d20094e2202b57486f9964c6c6dca9cc78e9bd34580e83b65
[INFO] running `Command { std: "docker" "create" "-v" "/var/lib/crater-agent-workspace/builds/worker-6-tc2/target:/opt/rustwide/target:rw,Z" "-v" "/var/lib/crater-agent-workspace/builds/worker-6-tc2/source:/opt/rustwide/workdir:ro,Z" "-v" "/var/lib/crater-agent-workspace/cargo-home:/opt/rustwide/cargo-home:ro,Z" "-v" "/var/lib/crater-agent-workspace/rustup-home:/opt/rustwide/rustup-home:ro,Z" "-e" "SOURCE_DIR=/opt/rustwide/workdir" "-e" "CARGO_TARGET_DIR=/opt/rustwide/target" "-e" "CARGO_INCREMENTAL=0" "-e" "RUST_BACKTRACE=full" "-e" "RUSTFLAGS=--cap-lints=forbid -Zrandomize-layout" "-e" "RUSTDOCFLAGS=--cap-lints=forbid" "-e" "CARGO_HOME=/opt/rustwide/cargo-home" "-e" "RUSTUP_HOME=/opt/rustwide/rustup-home" "-w" "/opt/rustwide/workdir" "-m" "1610612736" "--user" "0:0" "--network" "none" "ghcr.io/rust-lang/crates-build-env/linux@sha256:4a844ea9eb2546a2d2c7022eacef16ef2e8229c7fbb2c7d4d55a9ceca922f72d" "/opt/rustwide/cargo-home/bin/cargo" "+nightly-2024-10-28" "test" "--frozen" "--no-run" "--message-format=json", kill_on_drop: false }`
[INFO] [stdout] edad79febca9676276891cb1770fbd0cc53cfe89f770c8805654ab3a5353ddb9
[INFO] running `Command { std: "docker" "start" "-a" "edad79febca9676276891cb1770fbd0cc53cfe89f770c8805654ab3a5353ddb9", kill_on_drop: false }`
[INFO] [stderr]    Compiling memchr v2.7.1
[INFO] [stderr]    Compiling regex-syntax v0.8.2
[INFO] [stderr]    Compiling semver v1.0.20
[INFO] [stderr]    Compiling futures-core v0.3.29
[INFO] [stderr]    Compiling slab v0.4.9
[INFO] [stderr]    Compiling futures-task v0.3.29
[INFO] [stderr]    Compiling futures-channel v0.3.29
[INFO] [stderr]    Compiling futures-util v0.3.29
[INFO] [stderr]    Compiling futures-sink v0.3.29
[INFO] [stderr]    Compiling syn v2.0.58
[INFO] [stderr]    Compiling rustix v0.38.28
[INFO] [stderr]    Compiling pin-project-lite v0.2.13
[INFO] [stderr]    Compiling futures-io v0.3.29
[INFO] [stderr]    Compiling predicates-core v1.0.6
[INFO] [stderr]    Compiling linux-raw-sys v0.4.12
[INFO] [stderr]    Compiling bitflags v2.4.2
[INFO] [stderr]    Compiling log v0.4.21
[INFO] [stderr]    Compiling itertools v0.11.0
[INFO] [stderr]    Compiling glob v0.3.1
[INFO] [stderr]    Compiling termtree v0.4.1
[INFO] [stderr]    Compiling relative-path v1.9.0
[INFO] [stderr]    Compiling anstyle v1.0.4
[INFO] [stderr]    Compiling rustls v0.23.5
[INFO] [stderr]    Compiling predicates-tree v1.0.9
[INFO] [stderr]    Compiling downcast v0.11.0
[INFO] [stderr]    Compiling futures-timer v3.0.2
[INFO] [stderr]    Compiling humantime v2.1.0
[INFO] [stderr]    Compiling rustc_version v0.4.0
[INFO] [stderr]    Compiling aho-corasick v1.1.2
[INFO] [stderr]    Compiling termcolor v1.4.0
[INFO] [stderr]    Compiling fragile v2.0.0
[INFO] [stderr]    Compiling rstest_macros v0.18.2
[INFO] [stderr]    Compiling is-terminal v0.4.9
[INFO] [stderr]    Compiling predicates v3.0.4
[INFO] [stderr]    Compiling regex-automata v0.4.5
[INFO] [stderr]    Compiling regex v1.10.3
[INFO] [stderr]    Compiling futures-macro v0.3.29
[INFO] [stderr]    Compiling thiserror-impl v1.0.58
[INFO] [stderr]    Compiling mockall_derive v0.12.1
[INFO] [stderr]    Compiling enum_dispatch v0.3.13
[INFO] [stderr]    Compiling mockall_double v0.3.1
[INFO] [stderr]    Compiling env_logger v0.10.2
[INFO] [stderr]    Compiling parse-zoneinfo v0.3.0
[INFO] [stderr]    Compiling chrono-tz-build v0.3.0
[INFO] [stderr]    Compiling thiserror v1.0.58
[INFO] [stderr]    Compiling chrono-tz v0.9.0
[INFO] [stderr]    Compiling mockall v0.12.1
[INFO] [stderr]    Compiling futures-executor v0.3.29
[INFO] [stderr]    Compiling futures v0.3.29
[INFO] [stderr]    Compiling rstest v0.18.2
[INFO] [stderr]    Compiling neo4j v0.1.0 (/opt/rustwide/workdir)
[INFO] [stdout] warning: static `SYSTEM_CERTIFICATES` is never used
[INFO] [stdout]    --> src/driver/config.rs:951:16
[INFO] [stdout]     |
[INFO] [stdout] 951 |         static SYSTEM_CERTIFICATES: OnceLock<StdResult<Arc<RootCertStore>, String>> =
[INFO] [stdout]     |                ^^^^^^^^^^^^^^^^^^^
[INFO] [stdout]     |
[INFO] [stdout]     = note: `#[warn(dead_code)]` on by default
[INFO] [stdout] 
[INFO] [stdout] 
[INFO] [stdout] warning: function `secure_tls_config` is never used
[INFO] [stdout]    --> src/driver/config.rs:954:16
[INFO] [stdout]     |
[INFO] [stdout] 954 |         pub fn secure_tls_config() -> StdResult<ClientConfig, String> {
[INFO] [stdout]     |                ^^^^^^^^^^^^^^^^^
[INFO] [stdout] 
[INFO] [stdout] 
[INFO] [stdout] warning: function `custom_ca_tls_config` is never used
[INFO] [stdout]    --> src/driver/config.rs:982:16
[INFO] [stdout]     |
[INFO] [stdout] 982 |         pub fn custom_ca_tls_config<'a, 'b>(
[INFO] [stdout]     |                ^^^^^^^^^^^^^^^^^^^^
[INFO] [stdout] 
[INFO] [stdout] 
[INFO] [stdout] warning: function `self_signed_tls_config` is never used
[INFO] [stdout]     --> src/driver/config.rs:1006:16
[INFO] [stdout]      |
[INFO] [stdout] 1006 |         pub fn self_signed_tls_config() -> ClientConfig {
[INFO] [stdout]      |                ^^^^^^^^^^^^^^^^^^^^^^
[INFO] [stdout] 
[INFO] [stdout] 
[INFO] [stdout] warning: struct `NonVerifyingVerifier` is never constructed
[INFO] [stdout]     --> src/driver/config.rs:1036:27
[INFO] [stdout]      |
[INFO] [stdout] 1036 |         pub(super) struct NonVerifyingVerifier {
[INFO] [stdout]      |                           ^^^^^^^^^^^^^^^^^^^^
[INFO] [stdout] 
[INFO] [stdout] 
[INFO] [stdout] warning: associated function `new` is never used
[INFO] [stdout]     --> src/driver/config.rs:1041:20
[INFO] [stdout]      |
[INFO] [stdout] 1040 |         impl NonVerifyingVerifier {
[INFO] [stdout]      |         ------------------------- associated function in this implementation
[INFO] [stdout] 1041 |             pub fn new() -> Self {
[INFO] [stdout]      |                    ^^^
[INFO] [stdout] 
[INFO] [stdout] 
[INFO] [stdout] warning: field `keepalive` is never read
[INFO] [stdout]    --> src/driver/io/bolt/handshake.rs:558:13
[INFO] [stdout]     |
[INFO] [stdout] 557 |         SetTcpKeepalive {
[INFO] [stdout]     |         --------------- field in this variant
[INFO] [stdout] 558 |             keepalive: Option<KeepAliveConfig>,
[INFO] [stdout]     |             ^^^^^^^^^
[INFO] [stdout]     |
[INFO] [stdout]     = note: `MockSocketProviderCall` has derived impls for the traits `Clone` and `Debug`, but these are intentionally ignored during dead code analysis
[INFO] [stdout] 
[INFO] [stdout] 
[INFO] [stdout] warning: field `how` is never read
[INFO] [stdout]    --> src/driver/io/bolt/handshake.rs:561:13
[INFO] [stdout]     |
[INFO] [stdout] 560 |         Shutdown {
[INFO] [stdout]     |         -------- field in this variant
[INFO] [stdout] 561 |             how: Shutdown,
[INFO] [stdout]     |             ^^^
[INFO] [stdout]     |
[INFO] [stdout]     = note: `MockSocketProviderCall` has derived impls for the traits `Clone` and `Debug`, but these are intentionally ignored during dead code analysis
[INFO] [stdout] 
[INFO] [stdout] 
[INFO] [stdout] warning: field `deadline` is never read
[INFO] [stdout]    --> src/driver/io/bolt/handshake.rs:565:13
[INFO] [stdout]     |
[INFO] [stdout] 564 |         NewDeadlineIO {
[INFO] [stdout]     |         ------------- field in this variant
[INFO] [stdout] 565 |             deadline: Option<Instant>,
[INFO] [stdout]     |             ^^^^^^^^
[INFO] [stdout]     |
[INFO] [stdout]     = note: `MockSocketProviderCall` has derived impls for the traits `Clone` and `Debug`, but these are intentionally ignored during dead code analysis
[INFO] [stdout] 
[INFO] [stdout] 
[INFO] [stderr]     Finished `test` profile [unoptimized + debuginfo] target(s) in 11.87s
[INFO] running `Command { std: "docker" "inspect" "edad79febca9676276891cb1770fbd0cc53cfe89f770c8805654ab3a5353ddb9", kill_on_drop: false }`
[INFO] running `Command { std: "docker" "rm" "-f" "edad79febca9676276891cb1770fbd0cc53cfe89f770c8805654ab3a5353ddb9", kill_on_drop: false }`
[INFO] [stdout] edad79febca9676276891cb1770fbd0cc53cfe89f770c8805654ab3a5353ddb9
[INFO] running `Command { std: "docker" "create" "-v" "/var/lib/crater-agent-workspace/builds/worker-6-tc2/target:/opt/rustwide/target:rw,Z" "-v" "/var/lib/crater-agent-workspace/builds/worker-6-tc2/source:/opt/rustwide/workdir:ro,Z" "-v" "/var/lib/crater-agent-workspace/cargo-home:/opt/rustwide/cargo-home:ro,Z" "-v" "/var/lib/crater-agent-workspace/rustup-home:/opt/rustwide/rustup-home:ro,Z" "-e" "SOURCE_DIR=/opt/rustwide/workdir" "-e" "CARGO_TARGET_DIR=/opt/rustwide/target" "-e" "CARGO_INCREMENTAL=0" "-e" "RUST_BACKTRACE=full" "-e" "RUSTFLAGS=--cap-lints=forbid -Zrandomize-layout" "-e" "RUSTDOCFLAGS=--cap-lints=forbid" "-e" "CARGO_HOME=/opt/rustwide/cargo-home" "-e" "RUSTUP_HOME=/opt/rustwide/rustup-home" "-w" "/opt/rustwide/workdir" "-m" "1610612736" "--user" "0:0" "--network" "none" "ghcr.io/rust-lang/crates-build-env/linux@sha256:4a844ea9eb2546a2d2c7022eacef16ef2e8229c7fbb2c7d4d55a9ceca922f72d" "/opt/rustwide/cargo-home/bin/cargo" "+nightly-2024-10-28" "test" "--frozen", kill_on_drop: false }`
[INFO] [stdout] c59829f9179c5acb906d9161644b8fe3fa02b277fb39ea1d44de61a523a2de19
[INFO] running `Command { std: "docker" "start" "-a" "c59829f9179c5acb906d9161644b8fe3fa02b277fb39ea1d44de61a523a2de19", kill_on_drop: false }`
[INFO] [stderr] warning: static `SYSTEM_CERTIFICATES` is never used
[INFO] [stderr]    --> src/driver/config.rs:951:16
[INFO] [stderr]     |
[INFO] [stderr] 951 |         static SYSTEM_CERTIFICATES: OnceLock<StdResult<Arc<RootCertStore>, String>> =
[INFO] [stderr]     |                ^^^^^^^^^^^^^^^^^^^
[INFO] [stderr]     |
[INFO] [stderr]     = note: `#[warn(dead_code)]` on by default
[INFO] [stderr] 
[INFO] [stderr] warning: function `secure_tls_config` is never used
[INFO] [stderr]    --> src/driver/config.rs:954:16
[INFO] [stderr]     |
[INFO] [stderr] 954 |         pub fn secure_tls_config() -> StdResult<ClientConfig, String> {
[INFO] [stderr]     |                ^^^^^^^^^^^^^^^^^
[INFO] [stderr] 
[INFO] [stderr] warning: function `custom_ca_tls_config` is never used
[INFO] [stderr]    --> src/driver/config.rs:982:16
[INFO] [stderr]     |
[INFO] [stderr] 982 |         pub fn custom_ca_tls_config<'a, 'b>(
[INFO] [stderr]     |                ^^^^^^^^^^^^^^^^^^^^
[INFO] [stderr] 
[INFO] [stderr] warning: function `self_signed_tls_config` is never used
[INFO] [stderr]     --> src/driver/config.rs:1006:16
[INFO] [stderr]      |
[INFO] [stderr] 1006 |         pub fn self_signed_tls_config() -> ClientConfig {
[INFO] [stderr]      |                ^^^^^^^^^^^^^^^^^^^^^^
[INFO] [stderr] 
[INFO] [stderr] warning: struct `NonVerifyingVerifier` is never constructed
[INFO] [stderr]     --> src/driver/config.rs:1036:27
[INFO] [stderr]      |
[INFO] [stderr] 1036 |         pub(super) struct NonVerifyingVerifier {
[INFO] [stderr]      |                           ^^^^^^^^^^^^^^^^^^^^
[INFO] [stderr] 
[INFO] [stderr] warning: associated function `new` is never used
[INFO] [stderr]     --> src/driver/config.rs:1041:20
[INFO] [stderr]      |
[INFO] [stderr] 1040 |         impl NonVerifyingVerifier {
[INFO] [stderr]      |         ------------------------- associated function in this implementation
[INFO] [stderr] 1041 |             pub fn new() -> Self {
[INFO] [stderr]      |                    ^^^
[INFO] [stderr] 
[INFO] [stderr] warning: field `keepalive` is never read
[INFO] [stderr]    --> src/driver/io/bolt/handshake.rs:558:13
[INFO] [stderr]     |
[INFO] [stderr] 557 |         SetTcpKeepalive {
[INFO] [stderr]     |         --------------- field in this variant
[INFO] [stderr] 558 |             keepalive: Option<KeepAliveConfig>,
[INFO] [stderr]     |             ^^^^^^^^^
[INFO] [stderr]     |
[INFO] [stderr]     = note: `MockSocketProviderCall` has derived impls for the traits `Clone` and `Debug`, but these are intentionally ignored during dead code analysis
[INFO] [stderr] 
[INFO] [stderr] warning: field `how` is never read
[INFO] [stderr]    --> src/driver/io/bolt/handshake.rs:561:13
[INFO] [stderr]     |
[INFO] [stderr] 560 |         Shutdown {
[INFO] [stderr]     |         -------- field in this variant
[INFO] [stderr] 561 |             how: Shutdown,
[INFO] [stderr]     |             ^^^
[INFO] [stderr]     |
[INFO] [stderr]     = note: `MockSocketProviderCall` has derived impls for the traits `Clone` and `Debug`, but these are intentionally ignored during dead code analysis
[INFO] [stderr] 
[INFO] [stderr] warning: field `deadline` is never read
[INFO] [stderr]    --> src/driver/io/bolt/handshake.rs:565:13
[INFO] [stderr]     |
[INFO] [stderr] 564 |         NewDeadlineIO {
[INFO] [stderr]     |         ------------- field in this variant
[INFO] [stderr] 565 |             deadline: Option<Instant>,
[INFO] [stderr]     |             ^^^^^^^^
[INFO] [stderr]     |
[INFO] [stderr]     = note: `MockSocketProviderCall` has derived impls for the traits `Clone` and `Debug`, but these are intentionally ignored during dead code analysis
[INFO] [stderr] 
[INFO] [stderr] warning: `neo4j` (lib test) generated 9 warnings
[INFO] [stderr]     Finished `test` profile [unoptimized + debuginfo] target(s) in 0.09s
[INFO] [stderr]      Running unittests src/lib.rs (/opt/rustwide/target/debug/deps/neo4j-b66621d836efe172)
[INFO] [stdout] 
[INFO] [stdout] running 365 tests
[INFO] [stdout] test driver::config::tests::test_no_tls::case_1 ... ok
[INFO] [stdout] test driver::config::tests::test_custom_ca_tls ... ok
[INFO] [stdout] test driver::config::tests::test_no_tls_by_default ... ok
[INFO] [stdout] test driver::config::tests::test_no_tls::case_2 ... ok
[INFO] [stdout] test driver::config::tests::test_no_tls::case_3 ... ok
[INFO] [stdout] test driver::config::tests::test_parsing_address::case_01 ... ok
[INFO] [stdout] test driver::config::tests::test_parsing_address::case_02 ... ok
[INFO] [stdout] test driver::config::tests::test_parsing_address::case_03 ... ok
[INFO] [stdout] test driver::config::tests::test_parsing_address::case_04 ... ok
[INFO] [stdout] test driver::config::tests::test_parsing_address::case_05 ... ok
[INFO] [stdout] test driver::config::tests::test_parsing_address::case_06 ... ok
[INFO] [stdout] test driver::config::tests::test_parsing_address::case_07 ... ok
[INFO] [stdout] test driver::config::tests::test_parsing_address::case_08 ... ok
[INFO] [stdout] test driver::config::tests::test_parsing_address::case_09 ... ok
[INFO] [stdout] test driver::config::tests::test_parsing_address::case_10 ... ok
[INFO] [stdout] test driver::config::tests::test_parsing_address::case_11 ... ok
[INFO] [stdout] test driver::config::tests::test_parsing_address::case_12 ... ok
[INFO] [stdout] test driver::config::tests::test_parsing_address::case_13 ... ok
[INFO] [stdout] test driver::config::tests::test_parsing_address::case_14 ... ok
[INFO] [stdout] test driver::config::tests::test_parsing_address::case_15 ... ok
[INFO] [stdout] test driver::config::tests::test_parsing_address::case_16 ... ok
[INFO] [stdout] test driver::config::tests::test_parsing_address::case_19 ... ok
[INFO] [stdout] test driver::config::tests::test_parsing_address::case_20 ... ok
[INFO] [stdout] test driver::config::tests::test_parsing_address::case_17 ... ok
[INFO] [stdout] test driver::config::tests::test_parsing_address::case_21 ... ok
[INFO] [stdout] test driver::config::tests::test_parsing_address::case_24 ... ok
[INFO] [stdout] test driver::config::tests::test_parsing_address::case_22 ... ok
[INFO] [stdout] test driver::config::tests::test_parsing_port::case_01 ... ok
[INFO] [stdout] test driver::config::tests::test_parsing_address::case_18 ... ok
[INFO] [stdout] test driver::config::tests::test_parsing_port::case_03 ... ok
[INFO] [stdout] test driver::config::tests::test_parsing_address::case_23 ... ok
[INFO] [stdout] test driver::config::tests::test_parsing_port::case_05 ... ok
[INFO] [stdout] test driver::config::tests::test_parsing_port::case_06 ... ok
[INFO] [stdout] test driver::config::tests::test_parsing_port::case_02 ... ok
[INFO] [stdout] test driver::config::tests::test_parsing_port::case_08 ... ok
[INFO] [stdout] test driver::config::tests::test_parsing_port::case_07 ... ok
[INFO] [stdout] test driver::config::tests::test_parsing_port::case_09 ... ok
[INFO] [stdout] test driver::config::tests::test_parsing_port::case_10 ... ok
[INFO] [stdout] test driver::config::tests::test_parsing_port::case_14 ... ok
[INFO] [stdout] test driver::config::tests::test_parsing_port::case_04 ... ok
[INFO] [stdout] test driver::config::tests::test_parsing_port::case_15 ... ok
[INFO] [stdout] test driver::config::tests::test_parsing_port::case_12 ... ok
[INFO] [stdout] test driver::config::tests::test_parsing_port::case_16 ... ok
[INFO] [stdout] test driver::config::tests::test_parsing_port::case_17 ... ok
[INFO] [stdout] test driver::config::tests::test_parsing_port::case_13 ... ok
[INFO] [stdout] test driver::config::tests::test_parsing_port::case_18 ... ok
[INFO] [stdout] test driver::config::tests::test_parsing_port::case_19 ... ok
[INFO] [stdout] test driver::config::tests::test_parsing_port::case_22 ... ok
[INFO] [stdout] test driver::config::tests::test_parsing_port::case_23 ... ok
[INFO] [stdout] test driver::config::tests::test_parsing_port::case_11 ... ok
[INFO] [stdout] test driver::config::tests::test_parsing_port::case_20 ... ok
[INFO] [stdout] test driver::config::tests::test_parsing_port::case_24 ... ok
[INFO] [stdout] test driver::config::tests::test_parsing_routing::case_1 ... ok
[INFO] [stdout] test driver::config::tests::test_parsing_routing::case_2 ... ok
[INFO] [stdout] test driver::config::tests::test_parsing_routing_context::case_2::uri_base_3___neo4j___example_com_7687__ ... ok
[INFO] [stdout] test driver::config::tests::test_parsing_routing_context::case_1::uri_base_1___neo4j___localhost_7687__ ... ok
[INFO] [stdout] test driver::config::tests::test_parsing_routing_context::case_2::uri_base_4___neo4j___example_com__ ... ok
[INFO] [stdout] test driver::config::tests::test_parsing_routing_context::case_2::uri_base_5___neo4j___127_0_0_1_7687__ ... ok
[INFO] [stdout] test driver::config::tests::test_parsing_routing_context::case_2::uri_base_7___neo4j______1__7687__ ... ok
[INFO] [stdout] test driver::config::tests::test_parsing_port::case_21 ... ok
[INFO] [stdout] test driver::config::tests::test_parsing_routing_context::case_2::uri_base_6___neo4j___127_0_0_1__ ... ok
[INFO] [stdout] test driver::config::tests::test_parsing_routing_context::case_1::uri_base_2___neo4j___localhost__ ... ok
[INFO] [stdout] test driver::config::tests::test_parsing_routing_context::case_1::uri_base_3___neo4j___example_com_7687__ ... ok
[INFO] [stdout] test driver::config::tests::test_parsing_routing_context::case_2::uri_base_8___neo4j______1___ ... ok
[INFO] [stdout] test driver::config::tests::test_parsing_routing_context::case_3::uri_base_1___neo4j___localhost_7687__ ... ok
[INFO] [stdout] test driver::config::tests::test_parsing_routing_context::case_1::uri_base_4___neo4j___example_com__ ... ok
[INFO] [stdout] test driver::config::tests::test_parsing_routing_context::case_3::uri_base_2___neo4j___localhost__ ... ok
[INFO] [stdout] test driver::config::tests::test_parsing_routing_context::case_1::uri_base_5___neo4j___127_0_0_1_7687__ ... ok
[INFO] [stdout] test driver::config::tests::test_parsing_routing_context::case_3::uri_base_3___neo4j___example_com_7687__ ... ok
[INFO] [stdout] test driver::config::tests::test_parsing_routing_context::case_1::uri_base_6___neo4j___127_0_0_1__ ... ok
[INFO] [stdout] test driver::config::tests::test_parsing_routing_context::case_1::uri_base_7___neo4j______1__7687__ ... ok
[INFO] [stdout] test driver::config::tests::test_parsing_routing_context::case_1::uri_base_8___neo4j______1___ ... ok
[INFO] [stdout] test driver::config::tests::test_parsing_routing_context::case_2::uri_base_1___neo4j___localhost_7687__ ... ok
[INFO] [stdout] test driver::config::tests::test_parsing_routing_context::case_2::uri_base_2___neo4j___localhost__ ... ok
[INFO] [stdout] test driver::config::tests::test_parsing_routing_context::case_3::uri_base_4___neo4j___example_com__ ... ok
[INFO] [stdout] test driver::config::tests::test_parsing_routing_context::case_3::uri_base_5___neo4j___127_0_0_1_7687__ ... ok
[INFO] [stdout] test driver::config::tests::test_parsing_routing_context::case_3::uri_base_6___neo4j___127_0_0_1__ ... ok
[INFO] [stdout] test driver::config::tests::test_parsing_routing_context::case_3::uri_base_7___neo4j______1__7687__ ... ok
[INFO] [stdout] test driver::config::tests::test_parsing_routing_context::case_3::uri_base_8___neo4j______1___ ... ok
[INFO] [stdout] test driver::config::tests::test_parsing_routing_context::case_4::uri_base_1___neo4j___localhost_7687__ ... ok
[INFO] [stdout] test driver::config::tests::test_parsing_routing_context::case_4::uri_base_3___neo4j___example_com_7687__ ... ok
[INFO] [stdout] test driver::config::tests::test_parsing_routing_context::case_4::uri_base_4___neo4j___example_com__ ... ok
[INFO] [stdout] test driver::config::tests::test_parsing_routing_context::case_4::uri_base_5___neo4j___127_0_0_1_7687__ ... ok
[INFO] [stdout] test driver::config::tests::test_parsing_routing_context::case_4::uri_base_2___neo4j___localhost__ ... ok
[INFO] [stdout] test driver::config::tests::test_parsing_routing_context::case_4::uri_base_7___neo4j______1__7687__ ... ok
[INFO] [stdout] test driver::config::tests::test_parsing_routing_context::case_4::uri_base_6___neo4j___127_0_0_1__ ... ok
[INFO] [stdout] test driver::config::tests::test_parsing_routing_context::case_5::uri_base_1___neo4j___localhost_7687__ ... ok
[INFO] [stdout] test driver::config::tests::test_parsing_routing_context::case_5::uri_base_2___neo4j___localhost__ ... ok
[INFO] [stdout] test driver::config::tests::test_parsing_routing_context::case_5::uri_base_3___neo4j___example_com_7687__ ... ok
[INFO] [stdout] test driver::config::tests::test_parsing_routing_context::case_4::uri_base_8___neo4j______1___ ... ok
[INFO] [stdout] test driver::config::tests::test_parsing_routing_context::case_5::uri_base_5___neo4j___127_0_0_1_7687__ ... ok
[INFO] [stdout] test driver::config::tests::test_parsing_routing_context::case_5::uri_base_4___neo4j___example_com__ ... ok
[INFO] [stdout] test driver::config::tests::test_parsing_routing_context::case_5::uri_base_6___neo4j___127_0_0_1__ ... ok
[INFO] [stdout] test driver::config::tests::test_parsing_routing_context::case_5::uri_base_7___neo4j______1__7687__ ... ok
[INFO] [stdout] test driver::config::tests::test_self_signed_tls::case_1 ... ok
[INFO] [stdout] test driver::io::bolt::handshake::tests::test_decode_version_offer::case_1::garbage_1__0_0_ ... ok
[INFO] [stdout] test driver::io::bolt::handshake::tests::test_decode_version_offer::case_1::garbage_2__1_2_ ... ok
[INFO] [stdout] test driver::io::bolt::handshake::tests::test_decode_version_offer::case_1::garbage_3__255_254_ ... ok
[INFO] [stdout] test driver::io::bolt::handshake::tests::test_decode_version_offer::case_2::garbage_1__0_0_ ... ok
[INFO] [stdout] test driver::config::tests::test_tls::case_3 ... ok
[INFO] [stdout] test driver::io::bolt::handshake::tests::test_decode_version_offer::case_2::garbage_2__1_2_ ... ok
[INFO] [stdout] test driver::io::bolt::handshake::tests::test_decode_version_offer::case_2::garbage_3__255_254_ ... ok
[INFO] [stdout] test driver::config::tests::test_self_signed_tls::case_2 ... ok
[INFO] [stdout] test driver::io::bolt::handshake::tests::test_decode_version_offer::case_3::garbage_1__0_0_ ... ok
[INFO] [stdout] test driver::config::tests::test_parsing_routing_context::case_5::uri_base_8___neo4j______1___ ... ok
[INFO] [stdout] test driver::io::bolt::handshake::tests::test_decode_version_offer::case_3::garbage_2__1_2_ ... ok
[INFO] [stdout] test driver::io::bolt::handshake::tests::test_decode_version_offer::case_3::garbage_3__255_254_ ... ok
[INFO] [stdout] test driver::config::tests::test_tls::case_1 ... ok
[INFO] [stdout] test driver::io::bolt::handshake::tests::test_decode_version_offer::case_4::garbage_2__1_2_ ... ok
[INFO] [stdout] test driver::io::bolt::handshake::tests::test_decode_version_offer::case_5::garbage_1__0_0_ ... ok
[INFO] [stdout] test driver::config::tests::test_tls::case_2 ... ok
[INFO] [stdout] test driver::io::bolt::handshake::tests::test_decode_version_offer::case_5::garbage_2__1_2_ ... ok
[INFO] [stdout] test driver::io::bolt::handshake::tests::test_decode_version_offer::case_4::garbage_1__0_0_ ... ok
[INFO] [stdout] test driver::io::bolt::handshake::tests::test_decode_version_offer::case_5::garbage_3__255_254_ ... ok
[INFO] [stdout] test driver::io::bolt::handshake::tests::test_decode_version_offer::case_6::garbage_1__0_0_ ... ok
[INFO] [stdout] test driver::io::bolt::handshake::tests::test_decode_version_offer::case_6::garbage_2__1_2_ ... ok
[INFO] [stdout] test driver::io::bolt::handshake::tests::test_decode_version_offer::case_4::garbage_3__255_254_ ... ok
[INFO] [stdout] test driver::io::bolt::handshake::tests::test_decode_version_offer::case_6::garbage_3__255_254_ ... ok
[INFO] [stdout] test driver::io::bolt::handshake::tests::test_garbage_server_version::case_1::garbage_1__0_0_ ... ok
[INFO] [stdout] test driver::io::bolt::handshake::tests::test_garbage_server_version::case_2::garbage_1__0_0_ ... ok
[INFO] [stdout] test driver::io::bolt::handshake::tests::test_garbage_server_version::case_1::garbage_3__255_254_ ... ok
[INFO] [stdout] test driver::io::bolt::handshake::tests::test_garbage_server_version::case_1::garbage_2__1_2_ ... ok
[INFO] [stdout] test driver::io::bolt::handshake::tests::test_garbage_server_version::case_2::garbage_2__1_2_ ... ok
[INFO] [stdout] test driver::io::bolt::handshake::tests::test_garbage_server_version::case_3::garbage_1__0_0_ ... ok
[INFO] [stdout] test driver::io::bolt::handshake::tests::test_garbage_server_version::case_2::garbage_3__255_254_ ... ok
[INFO] [stdout] test driver::io::bolt::handshake::tests::test_garbage_server_version::case_4::garbage_1__0_0_ ... ok
[INFO] [stdout] test driver::io::bolt::handshake::tests::test_garbage_server_version::case_4::garbage_2__1_2_ ... ok
[INFO] [stdout] test driver::io::bolt::handshake::tests::test_garbage_server_version::case_3::garbage_2__1_2_ ... ok
[INFO] [stdout] test driver::io::bolt::handshake::tests::test_garbage_server_version::case_3::garbage_3__255_254_ ... ok
[INFO] [stdout] test driver::io::bolt::handshake::tests::test_garbage_server_version::case_5::garbage_1__0_0_ ... ok
[INFO] [stdout] test driver::io::bolt::handshake::tests::test_garbage_server_version::case_4::garbage_3__255_254_ ... ok
[INFO] [stdout] test driver::io::bolt::handshake::tests::test_garbage_server_version::case_6::garbage_1__0_0_ ... ok
[INFO] [stdout] test driver::io::bolt::handshake::tests::test_garbage_server_version::case_6::garbage_2__1_2_ ... ok
[INFO] [stdout] test driver::io::bolt::handshake::tests::test_garbage_server_version::case_5::garbage_3__255_254_ ... ok
[INFO] [stdout] test driver::io::bolt::handshake::tests::test_garbage_server_version::case_5::garbage_2__1_2_ ... ok
[INFO] [stdout] test driver::io::bolt::handshake::tests::test_garbage_server_version::case_7::garbage_2__1_2_ ... ok
[INFO] [stdout] test driver::io::bolt::handshake::tests::test_garbage_server_version::case_6::garbage_3__255_254_ ... ok
[INFO] [stdout] test driver::io::bolt::handshake::tests::test_garbage_server_version::case_7::garbage_1__0_0_ ... ok
[INFO] [stdout] test driver::io::bolt::handshake::tests::test_garbage_server_version::case_7::garbage_3__255_254_ ... ok
[INFO] [stdout] test driver::io::bolt::handshake::tests::test_garbage_server_version::case_8::garbage_2__1_2_ ... ok
[INFO] [stdout] test driver::io::bolt::handshake::tests::test_garbage_server_version::case_8::garbage_1__0_0_ ... ok
[INFO] [stdout] test driver::io::bolt::handshake::tests::test_garbage_server_version::case_8::garbage_3__255_254_ ... ok
[INFO] [stdout] test driver::io::bolt::handshake::tests::test_garbage_server_version::case_9::garbage_1__0_0_ ... ok
[INFO] [stdout] test driver::io::bolt::handshake::tests::test_garbage_server_version::case_9::garbage_2__1_2_ ... ok
[INFO] [stdout] test driver::io::bolt::handshake::tests::test_garbage_server_version::case_9::garbage_3__255_254_ ... ok
[INFO] [stdout] test driver::io::bolt::handshake::tests::test_open ... ok
[INFO] [stdout] test driver::io::bolt::handshake::tests::test_open_timeout_address ... ok
[INFO] [stdout] test driver::io::bolt::handshake::tests::test_open_address ... ok
[INFO] [stdout] test driver::io::bolt::handshake::tests::test_open_timeout_retry ... ok
[INFO] [stdout] test driver::io::bolt::handshake::tests::test_server_version_looks_like_http ... ok
[INFO] [stdout] test driver::io::bolt::handshake::tests::test_unsupported_server_version ... ok
[INFO] [stdout] test driver::io::bolt::packstream::tests::test_decode_bool::case_2 ... ok
[INFO] [stdout] test driver::io::bolt::packstream::tests::test_decode_bytes::case_01 ... ok
[INFO] [stdout] test driver::io::bolt::packstream::tests::test_decode_bytes::case_02 ... ok
[INFO] [stdout] test driver::io::bolt::packstream::tests::test_decode_bytes::case_03 ... ok
[INFO] [stdout] test driver::io::bolt::packstream::tests::test_decode_bytes::case_04 ... ok
[INFO] [stdout] test driver::io::bolt::packstream::tests::test_decode_bytes::case_05 ... ok
[INFO] [stdout] test driver::io::bolt::packstream::tests::test_decode_bytes::case_06 ... ok
[INFO] [stdout] test driver::io::bolt::packstream::tests::test_decode_bool::case_1 ... ok
[INFO] [stdout] test driver::io::bolt::packstream::tests::test_decode_bytes::case_09 ... ok
[INFO] [stdout] test driver::io::bolt::packstream::tests::test_decode_bytes::case_10 ... ok
[INFO] [stdout] test driver::io::bolt::packstream::tests::test_decode_dict::case_1 ... ok
[INFO] [stdout] test driver::io::bolt::packstream::tests::test_decode_bytes::case_07 ... ok
[INFO] [stdout] test driver::io::bolt::packstream::tests::test_decode_dict::case_2 ... ok
[INFO] [stdout] test driver::io::bolt::packstream::tests::test_decode_dict::case_3 ... ok
[INFO] [stdout] test driver::io::bolt::packstream::tests::test_decode_dict::case_4 ... ok
[INFO] [stdout] test driver::io::bolt::packstream::tests::test_decode_dict::case_5 ... ok
[INFO] [stdout] test driver::io::bolt::packstream::tests::test_decode_float::case_1 ... ok
[INFO] [stdout] test driver::io::bolt::packstream::tests::test_decode_dict::case_6 ... ok
[INFO] [stdout] test driver::io::bolt::packstream::tests::test_decode_float::case_3 ... ok
[INFO] [stdout] test driver::io::bolt::packstream::tests::test_decode_error::case_1 ... ok
[INFO] [stdout] test driver::io::bolt::packstream::tests::test_decode_float::case_4 ... ok
[INFO] [stdout] test driver::io::bolt::packstream::tests::test_decode_float::case_2 ... ok
[INFO] [stdout] test driver::io::bolt::packstream::tests::test_decode_float::case_6 ... ok
[INFO] [stdout] test driver::io::bolt::packstream::tests::test_decode_integer::case_01 ... ok
[INFO] [stdout] test driver::io::bolt::packstream::tests::test_decode_float::case_5 ... ok
[INFO] [stdout] test driver::io::bolt::packstream::tests::test_decode_integer::case_02 ... ok
[INFO] [stdout] test driver::io::bolt::packstream::tests::test_decode_integer::case_04 ... ok
[INFO] [stdout] test driver::io::bolt::packstream::tests::test_decode_integer::case_05 ... ok
[INFO] [stdout] test driver::io::bolt::packstream::tests::test_decode_integer::case_06 ... ok
[INFO] [stdout] test driver::io::bolt::packstream::tests::test_decode_integer::case_07 ... ok
[INFO] [stdout] test driver::io::bolt::packstream::tests::test_decode_integer::case_08 ... ok
[INFO] [stdout] test driver::io::bolt::packstream::tests::test_decode_integer::case_09 ... ok
[INFO] [stdout] test driver::io::bolt::packstream::tests::test_decode_integer::case_11 ... ok
[INFO] [stdout] test driver::io::bolt::packstream::tests::test_decode_integer::case_12 ... ok
[INFO] [stdout] test driver::io::bolt::packstream::tests::test_decode_integer::case_13 ... ok
[INFO] [stdout] test driver::io::bolt::packstream::tests::test_decode_integer::case_03 ... ok
[INFO] [stdout] test driver::io::bolt::packstream::tests::test_decode_integer::case_16 ... ok
[INFO] [stdout] test driver::io::bolt::packstream::tests::test_decode_integer::case_10 ... ok
[INFO] [stdout] test driver::io::bolt::packstream::tests::test_decode_integer::case_17 ... ok
[INFO] [stdout] test driver::io::bolt::packstream::tests::test_decode_integer::case_14 ... ok
[INFO] [stdout] test driver::io::bolt::packstream::tests::test_decode_integer::case_18 ... ok
[INFO] [stdout] test driver::io::bolt::packstream::tests::test_decode_integer::case_15 ... ok
[INFO] [stdout] test driver::io::bolt::packstream::tests::test_decode_integer::case_22 ... ok
[INFO] [stdout] test driver::io::bolt::packstream::tests::test_decode_integer::case_19 ... ok
[INFO] [stdout] test driver::io::bolt::packstream::tests::test_decode_integer::case_23 ... ok
[INFO] [stdout] test driver::io::bolt::packstream::tests::test_decode_integer::case_25 ... ok
[INFO] [stdout] test driver::io::bolt::packstream::tests::test_decode_integer::case_24 ... ok
[INFO] [stdout] test driver::io::bolt::packstream::tests::test_decode_integer::case_26 ... ok
[INFO] [stdout] test driver::io::bolt::packstream::tests::test_decode_integer::case_21 ... ok
[INFO] [stdout] test driver::io::bolt::packstream::tests::test_decode_integer::case_27 ... ok
[INFO] [stdout] test driver::io::bolt::packstream::tests::test_decode_integer::case_28 ... ok
[INFO] [stdout] test driver::io::bolt::packstream::tests::test_decode_integer::case_29 ... ok
[INFO] [stdout] test driver::io::bolt::packstream::tests::test_decode_integer::case_30 ... ok
[INFO] [stdout] test driver::io::bolt::packstream::tests::test_decode_integer::case_31 ... ok
[INFO] [stdout] test driver::io::bolt::packstream::tests::test_decode_integer::case_20 ... ok
[INFO] [stdout] test driver::io::bolt::packstream::tests::test_decode_integer::case_34 ... ok
[INFO] [stdout] test driver::io::bolt::packstream::tests::test_decode_integer::case_35 ... ok
[INFO] [stdout] test driver::io::bolt::packstream::tests::test_decode_integer::case_32 ... ok
[INFO] [stdout] test driver::io::bolt::packstream::tests::test_decode_integer::case_37 ... ok
[INFO] [stdout] test driver::io::bolt::packstream::tests::test_decode_integer::case_36 ... ok
[INFO] [stdout] test driver::io::bolt::packstream::tests::test_decode_list::case_01 ... ok
[INFO] [stdout] test driver::io::bolt::packstream::tests::test_decode_list::case_02 ... ok
[INFO] [stdout] test driver::io::bolt::packstream::tests::test_decode_list::case_03 ... ok
[INFO] [stdout] test driver::io::bolt::packstream::tests::test_decode_list::case_04 ... ok
[INFO] [stdout] test driver::io::bolt::packstream::tests::test_decode_integer::case_33 ... ok
[INFO] [stdout] test driver::io::bolt::packstream::tests::test_decode_list::case_09 ... ok
[INFO] [stdout] test driver::io::bolt::packstream::tests::test_decode_list::case_10 ... ok
[INFO] [stdout] test driver::io::bolt::packstream::tests::test_decode_string::case_2 ... ok
[INFO] [stdout] test driver::io::bolt::packstream::tests::test_decode_list::case_06 ... ok
[INFO] [stdout] test driver::io::bolt::packstream::tests::test_decode_string::case_3 ... ok
[INFO] [stdout] test driver::io::bolt::packstream::tests::test_decode_list::case_07 ... ok
[INFO] [stdout] test driver::io::bolt::packstream::tests::test_decode_string::case_4 ... ok
[INFO] [stdout] test driver::io::bolt::packstream::tests::test_decode_string::case_5 ... ok
[INFO] [stdout] test driver::io::bolt::packstream::tests::test_decode_string::case_6 ... ok
[INFO] [stdout] test driver::io::bolt::packstream::tests::test_decode_string::case_7 ... ok
[INFO] [stdout] test driver::io::bolt::packstream::tests::test_decode_list::case_08 ... ok
[INFO] [stdout] test driver::io::bolt::packstream::tests::test_decode_list::case_11 ... ok
[INFO] [stdout] test driver::io::bolt::packstream::tests::test_decode_null::case_1 ... ok
[INFO] [stdout] test driver::io::bolt::packstream::tests::test_decode_struct::case_1 ... ok
[INFO] [stdout] test driver::io::bolt::packstream::tests::test_decode_list::case_05 ... ok
[INFO] [stdout] test driver::io::bolt::packstream::tests::test_decode_bytes::case_08 ... ok
[INFO] [stdout] test driver::io::bolt::packstream::tests::test_decode_struct::case_3 ... ok
[INFO] [stdout] test driver::io::bolt::packstream::tests::test_decode_string::case_1 ... ok
[INFO] [stdout] test driver::io::bolt::packstream::tests::test_decode_struct::case_2 ... ok
[INFO] [stdout] test driver::io::bolt::packstream::tests::test_decode_struct::case_4 ... ok
[INFO] [stdout] test driver::io::bolt::packstream::tests::test_decode_unknown_struct::case_2 ... ok
[INFO] [stdout] test driver::io::bolt::packstream::tests::test_encode_bool::case_1 ... ok
[INFO] [stdout] test driver::io::bolt::packstream::tests::test_encode_bytes::case_1 ... ok
[INFO] [stdout] test driver::io::bolt::packstream::tests::test_encode_bool::case_2 ... ok
[INFO] [stdout] test driver::io::bolt::packstream::tests::test_decode_unknown_struct::case_1 ... ok
[INFO] [stdout] test driver::io::bolt::packstream::tests::test_encode_bytes::case_5 ... ok
[INFO] [stdout] test driver::io::bolt::packstream::tests::test_encode_dict::case_1 ... ok
[INFO] [stdout] test driver::io::bolt::packstream::tests::test_encode_bytes::case_3 ... ok
[INFO] [stdout] test driver::io::bolt::packstream::tests::test_encode_bytes::case_4 ... ok
[INFO] [stdout] test driver::io::bolt::packstream::tests::test_encode_float::case_2 ... ok
[INFO] [stdout] test driver::io::bolt::packstream::tests::test_encode_float::case_3 ... ok
[INFO] [stdout] test driver::io::bolt::packstream::tests::test_encode_float::case_4 ... ok
[INFO] [stdout] test driver::io::bolt::packstream::tests::test_encode_bytes::case_2 ... ok
[INFO] [stdout] test driver::io::bolt::packstream::tests::test_encode_dict::case_3 ... ok
[INFO] [stdout] test driver::io::bolt::packstream::tests::test_encode_float::case_6 ... ok
[INFO] [stdout] test driver::io::bolt::packstream::tests::test_encode_float::case_1 ... ok
[INFO] [stdout] test driver::io::bolt::packstream::tests::test_encode_float::case_5 ... ok
[INFO] [stdout] test driver::io::bolt::packstream::tests::test_encode_dict::case_2 ... ok
[INFO] [stdout] test driver::io::bolt::packstream::tests::test_encode_integer::case_01 ... ok
[INFO] [stdout] test driver::io::bolt::packstream::tests::test_encode_integer::case_02 ... ok
[INFO] [stdout] test driver::io::bolt::packstream::tests::test_encode_integer::case_03 ... ok
[INFO] [stdout] test driver::io::bolt::packstream::tests::test_encode_integer::case_05 ... ok
[INFO] [stdout] test driver::io::bolt::packstream::tests::test_encode_integer::case_06 ... ok
[INFO] [stdout] test driver::io::bolt::packstream::tests::test_encode_integer::case_04 ... ok
[INFO] [stdout] test driver::io::bolt::packstream::tests::test_encode_integer::case_09 ... ok
[INFO] [stdout] test driver::io::bolt::packstream::tests::test_encode_integer::case_10 ... ok
[INFO] [stdout] test driver::io::bolt::packstream::tests::test_encode_integer::case_11 ... ok
[INFO] [stdout] test driver::io::bolt::packstream::tests::test_encode_integer::case_07 ... ok
[INFO] [stdout] test driver::io::bolt::packstream::tests::test_encode_list::case_1 ... ok
[INFO] [stdout] test driver::io::bolt::packstream::tests::test_encode_integer::case_12 ... ok
[INFO] [stdout] test driver::io::bolt::packstream::tests::test_encode_integer::case_08 ... ok
[INFO] [stdout] test driver::io::bolt::packstream::tests::test_encode_list::case_2 ... ok
[INFO] [stdout] test driver::io::bolt::packstream::tests::test_encode_list::case_5 ... ok
[INFO] [stdout] test driver::io::bolt::packstream::tests::test_encode_list::case_3 ... ok
[INFO] [stdout] test driver::io::bolt::packstream::tests::test_encode_long_string::case_1 ... ok
[INFO] [stdout] test driver::io::bolt::packstream::tests::test_encode_list::case_4 ... ok
[INFO] [stdout] test driver::io::bolt::packstream::tests::test_encode_string::case_2 ... ok
[INFO] [stdout] test driver::io::bolt::packstream::tests::test_encode_null::case_1 ... ok
[INFO] [stdout] test driver::io::bolt::packstream::tests::test_encode_string::case_5 ... ok
[INFO] [stdout] test driver::io::bolt::packstream::tests::test_encode_string::case_3 ... ok
[INFO] [stdout] test driver::io::bolt::packstream::tests::test_encode_string::case_4 ... ok
[INFO] [stdout] test driver::io::bolt::packstream::tests::test_encode_long_dict::case_1 ... ok
[INFO] [stdout] test driver::io::bolt::packstream::tests::test_encode_struct::case_1 ... ok
[INFO] [stdout] test driver::io::bolt::packstream::tests::test_encode_struct::case_2 ... ok
[INFO] [stdout] test driver::io::bolt::packstream::tests::test_encode_string::case_1 ... ok
[INFO] [stdout] test driver::io::bolt::packstream::tests::test_encode_struct::case_4 ... ok
[INFO] [stdout] test driver::session::bookmarks::tests::bookmarks_add::as_ref_1_true ... ok
[INFO] [stdout] test driver::io::bolt::packstream::tests::test_encode_long_list::case_1 ... ok
[INFO] [stdout] test driver::session::bookmarks::tests::bookmarks_add::as_ref_2_false ... ok
[INFO] [stdout] test macros::tests::test_boolean::case_2 ... ok
[INFO] [stdout] test driver::session::bookmarks::tests::bookmarks_add_assign::as_ref_1_true ... ok
[INFO] [stdout] test macros::tests::test_boolean::case_1 ... ok
[INFO] [stdout] test macros::tests::test_bytes::case_1 ... ok
[INFO] [stdout] test driver::io::bolt::packstream::tests::test_encode_bytes::case_6 ... ok
[INFO] [stdout] test macros::tests::test_float::case_02 ... ok
[INFO] [stdout] test macros::tests::test_float::case_03 ... ok
[INFO] [stdout] test macros::tests::test_float::case_04 ... ok
[INFO] [stdout] test macros::tests::test_float::case_06 ... ok
[INFO] [stdout] test macros::tests::test_float::case_05 ... ok
[INFO] [stdout] test macros::tests::test_float::case_07 ... ok
[INFO] [stdout] test macros::tests::test_float::case_08 ... ok
[INFO] [stdout] test driver::io::bolt::packstream::tests::test_encode_struct::case_3 ... ok
[INFO] [stdout] test macros::tests::test_bytes::case_3 ... ok
[INFO] [stdout] test macros::tests::test_float::case_01 ... ok
[INFO] [stdout] test driver::session::bookmarks::tests::bookmarks_add_assign::as_ref_2_false ... ok
[INFO] [stdout] test driver::io::bolt::packstream::tests::test_encode_long_string::case_2 ... ok
[INFO] [stdout] test macros::tests::test_bytes::case_2 ... ok
[INFO] [stdout] test macros::tests::test_float::case_09 ... ok
[INFO] [stdout] test macros::tests::test_int::case_01 ... ok
[INFO] [stdout] test macros::tests::test_float::case_10 ... ok
[INFO] [stdout] test driver::io::bolt::packstream::tests::test_encode_long_string::case_3 ... ok
[INFO] [stdout] test macros::tests::test_int::case_02 ... ok
[INFO] [stdout] test macros::tests::test_int::case_05 ... ok
[INFO] [stdout] test macros::tests::test_int::case_03 ... ok
[INFO] [stdout] test macros::tests::test_int::case_06 ... ok
[INFO] [stdout] test macros::tests::test_int::case_08 ... ok
[INFO] [stdout] test macros::tests::test_int::case_10 ... ok
[INFO] [stdout] test macros::tests::test_int::case_07 ... ok
[INFO] [stdout] test macros::tests::test_int::case_11 ... ok
[INFO] [stdout] test macros::tests::test_int::case_09 ... ok
[INFO] [stdout] test macros::tests::test_int::case_04 ... ok
[INFO] [stdout] test macros::tests::test_int::case_12 ... ok
[INFO] [stdout] test macros::tests::test_int::case_13 ... ok
[INFO] [stdout] test macros::tests::test_int::case_14 ... ok
[INFO] [stdout] test macros::tests::test_int::case_15 ... ok
[INFO] [stdout] test macros::tests::test_list::case_01 ... ok
[INFO] [stdout] test macros::tests::test_list::case_02 ... ok
[INFO] [stdout] test macros::tests::test_list::case_03 ... ok
[INFO] [stdout] test macros::tests::test_list::case_04 ... ok
[INFO] [stdout] test macros::tests::test_list::case_05 ... ok
[INFO] [stdout] test macros::tests::test_list::case_06 ... ok
[INFO] [stdout] test macros::tests::test_list::case_07 ... ok
[INFO] [stdout] test macros::tests::test_list::case_08 ... ok
[INFO] [stdout] test macros::tests::test_list::case_09 ... ok
[INFO] [stdout] test macros::tests::test_list::case_10 ... ok
[INFO] [stdout] test macros::tests::test_list::case_12 ... ok
[INFO] [stdout] test macros::tests::test_list::case_11 ... ok
[INFO] [stdout] test macros::tests::test_list::case_14 ... ok
[INFO] [stdout] test macros::tests::test_list::case_15 ... ok
[INFO] [stdout] test macros::tests::test_map::case_01 ... ok
[INFO] [stdout] test macros::tests::test_map::case_02 ... ok
[INFO] [stdout] test macros::tests::test_map::case_03 ... ok
[INFO] [stdout] test macros::tests::test_list::case_13 ... ok
[INFO] [stdout] test macros::tests::test_list::case_16 ... ok
[INFO] [stdout] test macros::tests::test_map::case_05 ... ok
[INFO] [stdout] test macros::tests::test_list::case_17 ... ok
[INFO] [stdout] test macros::tests::test_map::case_04 ... ok
[INFO] [stdout] test macros::tests::test_map::case_06 ... ok
[INFO] [stdout] test macros::tests::test_map::case_07 ... ok
[INFO] [stdout] test macros::tests::test_map::case_08 ... ok
[INFO] [stdout] test macros::tests::test_map::case_09 ... ok
[INFO] [stdout] test macros::tests::test_null ... ok
[INFO] [stdout] test macros::tests::test_map::case_10 ... ok
[INFO] [stdout] test macros::tests::test_string::case_1 ... ok
[INFO] [stdout] test macros::tests::test_string::case_2 ... ok
[INFO] [stdout] test macros::tests::test_string::case_3 ... ok
[INFO] [stdout] test macros::tests::test_string::case_4 ... ok
[INFO] [stdout] test macros::tests::test_string::case_5 ... ok
[INFO] [stdout] test macros::tests::test_string::case_6 ... ok
[INFO] [stdout] test macros::tests::test_structs::case_2 ... ok
[INFO] [stdout] test macros::tests::test_structs::case_3 ... ok
[INFO] [stdout] test macros::tests::test_structs::case_4 ... ok
[INFO] [stdout] test macros::tests::test_structs::case_1 ... ok
[INFO] [stdout] test driver::io::bolt::packstream::tests::test_encode_long_list::case_3 ... ok
[INFO] [stdout] test driver::io::bolt::packstream::tests::test_encode_long_list::case_2 ... ok
[INFO] [stdout] test driver::io::bolt::packstream::tests::test_encode_long_dict::case_2 ... ok
[INFO] [stdout] test driver::io::bolt::packstream::tests::test_encode_long_dict::case_3 ... ok
[INFO] [stdout] test driver::io::bolt::packstream::tests::test_encode_bytes::case_7 ... ok
[INFO] [stdout] test driver::io::bolt::packstream::tests::test_decode_bytes::case_11 ... ok
[INFO] [stdout] 
[INFO] [stdout] test result: ok. 365 passed; 0 failed; 0 ignored; 0 measured; 0 filtered out; finished in 0.76s
[INFO] [stdout] 
[INFO] [stderr]    Doc-tests neo4j
[INFO] [stdout] 
[INFO] [stdout] running 53 tests
[INFO] [stdout] test src/driver.rs - driver::ExecuteQueryBuilder<'driver,Q,KP,P,KM,M,FRes>::with_transaction_meta (line 566) ... FAILED
[INFO] [stdout] test src/driver.rs - driver::Driver::session (line 136) ... FAILED
[INFO] [stdout] test src/driver.rs - driver::Driver::execute_query_bookmark_manager (line 265) ... FAILED
[INFO] [stdout] test src/driver.rs - driver::ExecuteQueryBuilder<'driver,Q,KP,P,KM,M,FRes>::with_receiver (line 803) ... FAILED
[INFO] [stdout] test src/driver.rs - driver::ExecuteQueryBuilder<'driver,Q,KP,P,KM,M,FRes>::with_default_bookmark_manager (line 749) ... FAILED
[INFO] [stdout] test src/driver.rs - driver::Driver::execute_query (line 224) ... FAILED
[INFO] [stdout] test src/address_.rs - address_::Address::host (line 155) ... FAILED
[INFO] [stdout] test src/address_.rs - address_::Address::unresolved_host (line 190) ... FAILED
[INFO] [stdout] test src/driver.rs - driver::ExecuteQueryBuilder<'driver,Q,KP,P,KM,M,FRes>::with_parameters (line 463) ... FAILED
[INFO] [stdout] test src/driver/eager_result.rs - driver::eager_result::EagerResult::into_values (line 65) ... FAILED
[INFO] [stdout] test src/driver/record.rs - driver::record::Record::entries (line 111) ... FAILED
[INFO] [stdout] test src/driver/record.rs - driver::record::Record::take_value (line 180) ... FAILED
[INFO] [stdout] test src/driver/record.rs - driver::record::Record::keys (line 40) ... FAILED
[INFO] [stdout] test src/driver/record.rs - driver::record::Record::values (line 71) ... FAILED
[INFO] [stdout] test src/driver/record.rs - driver::record::Record::value (line 151) ... FAILED
[INFO] [stdout] test src/driver/record_stream.rs - driver::record_stream::RecordStream<'driver>::try_as_eager_result (line 214) ... FAILED
[INFO] [stdout] test src/driver/config.rs - driver::config::DriverConfig::with_idle_time_before_connection_test (line 292) ... ok
[INFO] [stdout] test src/address_.rs - address_::Address (line 38) ... ok
[INFO] [stdout] test src/driver/session.rs - driver::session::AutoCommitBuilder<'driver,'session,Q,KP,P,KM,M,FRes>::with_parameters (line 490) ... FAILED
[INFO] [stdout] test src/driver/session.rs - driver::session::AutoCommitBuilder<'driver,'session,Q,KP,P,KM,M,FRes>::with_receiver (line 668) ... FAILED
[INFO] [stdout] test src/driver/session.rs - driver::session::AutoCommitBuilder<'driver,'session,Q,KP,P,KM,M,FRes>::with_transaction_meta (line 573) ... FAILED
[INFO] [stdout] test src/driver/session.rs - driver::session::TransactionBuilder<'driver,'session,KM,M>::run (line 926) ... FAILED
[INFO] [stdout] test src/driver/session.rs - driver::session::Session<'driver>::last_bookmarks (line 367) ... FAILED
[INFO] [stdout] test src/driver/config.rs - driver::config::DriverConfig::with_telemetry (line 561) ... ok
[INFO] [stdout] test src/driver/config.rs - driver::config::DriverConfig::with_keep_alive (line 526) ... ok
[INFO] [stdout] test src/driver/config.rs - driver::config::DriverConfig::with_user_agent (line 190) ... ok
[INFO] [stdout] test src/driver/config.rs - driver::config::ConnectionConfig::with_encryption_custom_tls_config (line 704) ... ok
[INFO] [stdout] test src/driver/config.rs - driver::config::DriverConfig::with_auth (line 207) ... ok
[INFO] [stdout] test src/driver/session.rs - driver::session::TransactionBuilder<'driver,'session,KM,M>::with_transaction_meta (line 821) ... FAILED
[INFO] [stdout] test src/driver/config.rs - driver::config::ConnectionConfig (line 113) ... ok
[INFO] [stdout] test src/driver/config.rs - driver::config::DriverConfig::with_notification_filter (line 497) ... ok
[INFO] [stdout] test src/driver/config.rs - driver::config::ConnectionConfig (line 123) ... ok
[INFO] [stdout] test src/driver/config.rs - driver::config::DriverConfig::with_fetch_size (line 337) ... ok
[INFO] [stdout] test src/driver/config.rs - driver::config::DriverConfig::with_auth_manager (line 228) ... ok
[INFO] [stdout] test src/lib.rs - (line 154) ... FAILED
[INFO] [stdout] test src/driver/config/auth.rs - driver::config::auth::AuthToken::eq_data (line 157) ... ok
[INFO] [stdout] test src/driver/transaction.rs - driver::transaction::TransactionQueryBuilder<'driver,'tx,Q,K,M>::with_parameters (line 302) ... FAILED
[INFO] [stdout] test src/lib.rs - (line 31) ... FAILED
[INFO] [stdout] test src/address_.rs - address_::Address::host (line 147) ... ok
[INFO] [stdout] test src/driver/transaction.rs - driver::transaction::TransactionTimeout::from_millis (line 398) ... ok
[INFO] [stdout] test src/value/value_send.rs - value::value_send::ValueSend::try_from (line 183) ... FAILED
[INFO] [stdout] test src/driver/session/config.rs - driver::session::config::SessionConfig::with_fetch_size (line 183) ... ok
[INFO] [stdout] test src/driver/session/retry.rs - driver::session::retry::RetryPolicy (line 41) ... ok
[INFO] [stdout] test src/driver/session/config.rs - driver::session::config::SessionConfig (line 36) ... ok
[INFO] [stdout] test src/macros.rs - macros::value (line 61) ... ok
[INFO] [stdout] test src/driver/session/bookmarks.rs - driver::session::bookmarks::Bookmarks (line 40) ... ok
[INFO] [stdout] test src/macros.rs - macros::value (line 92) ... ok
[INFO] [stdout] test src/macros.rs - macros::value (line 85) ... ok
[INFO] [stdout] test src/macros.rs - macros::value (line 49) ... ok
[INFO] [stdout] test src/macros.rs - macros::value (line 106) ... ok
[INFO] [stdout] test src/macros.rs - macros::value_map (line 142) ... ok
[INFO] [stdout] test src/macros.rs - macros::value_map (line 134) ... ok
[INFO] [stdout] test src/driver/session/bookmarks.rs - driver::session::bookmarks::bookmark_managers::with_callbacks (line 315) ... ok
[INFO] [stdout] 
[INFO] [stdout] failures:
[INFO] [stdout] 
[INFO] [stdout] ---- src/driver.rs - driver::ExecuteQueryBuilder<'driver,Q,KP,P,KM,M,FRes>::with_transaction_meta (line 566) stdout ----
[INFO] [stdout] error[E0433]: failed to resolve: use of undeclared crate or module `doc_test_utils`
[INFO] [stdout]  --> src/driver.rs:570:14
[INFO] [stdout]   |
[INFO] [stdout] 7 | let driver = doc_test_utils::get_driver();
[INFO] [stdout]   |              ^^^^^^^^^^^^^^ use of undeclared crate or module `doc_test_utils`
[INFO] [stdout] 
[INFO] [stdout] error: aborting due to 1 previous error
[INFO] [stdout] 
[INFO] [stdout] For more information about this error, try `rustc --explain E0433`.
[INFO] [stdout] Couldn't compile the test.
[INFO] [stdout] ---- src/driver.rs - driver::Driver::session (line 136) stdout ----
[INFO] [stdout] error[E0433]: failed to resolve: use of undeclared crate or module `doc_test_utils`
[INFO] [stdout]   --> src/driver.rs:146:14
[INFO] [stdout]    |
[INFO] [stdout] 13 | let driver = doc_test_utils::get_driver();
[INFO] [stdout]    |              ^^^^^^^^^^^^^^ use of undeclared crate or module `doc_test_utils`
[INFO] [stdout] 
[INFO] [stdout] error: aborting due to 1 previous error
[INFO] [stdout] 
[INFO] [stdout] For more information about this error, try `rustc --explain E0433`.
[INFO] [stdout] Couldn't compile the test.
[INFO] [stdout] ---- src/driver.rs - driver::Driver::execute_query_bookmark_manager (line 265) stdout ----
[INFO] [stdout] error[E0433]: failed to resolve: use of undeclared crate or module `doc_test_utils`
[INFO] [stdout]  --> src/driver.rs:271:14
[INFO] [stdout]   |
[INFO] [stdout] 9 | let driver = doc_test_utils::get_driver();
[INFO] [stdout]   |              ^^^^^^^^^^^^^^ use of undeclared crate or module `doc_test_utils`
[INFO] [stdout] 
[INFO] [stdout] error: aborting due to 1 previous error
[INFO] [stdout] 
[INFO] [stdout] For more information about this error, try `rustc --explain E0433`.
[INFO] [stdout] Couldn't compile the test.
[INFO] [stdout] ---- src/driver.rs - driver::ExecuteQueryBuilder<'driver,Q,KP,P,KM,M,FRes>::with_receiver (line 803) stdout ----
[INFO] [stdout] error[E0433]: failed to resolve: use of undeclared crate or module `doc_test_utils`
[INFO] [stdout]  --> src/driver.rs:808:14
[INFO] [stdout]   |
[INFO] [stdout] 8 | let driver = doc_test_utils::get_driver();
[INFO] [stdout]   |              ^^^^^^^^^^^^^^ use of undeclared crate or module `doc_test_utils`
[INFO] [stdout] 
[INFO] [stdout] error: aborting due to 1 previous error
[INFO] [stdout] 
[INFO] [stdout] For more information about this error, try `rustc --explain E0433`.
[INFO] [stdout] Couldn't compile the test.
[INFO] [stdout] ---- src/driver.rs - driver::ExecuteQueryBuilder<'driver,Q,KP,P,KM,M,FRes>::with_default_bookmark_manager (line 749) stdout ----
[INFO] [stdout] error[E0433]: failed to resolve: use of undeclared crate or module `doc_test_utils`
[INFO] [stdout]  --> src/driver.rs:750:14
[INFO] [stdout]   |
[INFO] [stdout] 3 | let driver = doc_test_utils::get_driver();
[INFO] [stdout]   |              ^^^^^^^^^^^^^^ use of undeclared crate or module `doc_test_utils`
[INFO] [stdout] 
[INFO] [stdout] error: aborting due to 1 previous error
[INFO] [stdout] 
[INFO] [stdout] For more information about this error, try `rustc --explain E0433`.
[INFO] [stdout] Couldn't compile the test.
[INFO] [stdout] ---- src/driver.rs - driver::Driver::execute_query (line 224) stdout ----
[INFO] [stdout] error[E0433]: failed to resolve: use of undeclared crate or module `doc_test_utils`
[INFO] [stdout]   --> src/driver.rs:232:14
[INFO] [stdout]    |
[INFO] [stdout] 11 | let driver = doc_test_utils::get_driver();
[INFO] [stdout]    |              ^^^^^^^^^^^^^^ use of undeclared crate or module `doc_test_utils`
[INFO] [stdout] 
[INFO] [stdout] error: aborting due to 1 previous error
[INFO] [stdout] 
[INFO] [stdout] For more information about this error, try `rustc --explain E0433`.
[INFO] [stdout] Couldn't compile the test.
[INFO] [stdout] ---- src/address_.rs - address_::Address::host (line 155) stdout ----
[INFO] [stdout] error[E0432]: unresolved import `doc_test_utils`
[INFO] [stdout]  --> src/address_.rs:161:5
[INFO] [stdout]   |
[INFO] [stdout] 9 | use doc_test_utils::get_address;
[INFO] [stdout]   |     ^^^^^^^^^^^^^^ use of undeclared crate or module `doc_test_utils`
[INFO] [stdout] 
[INFO] [stdout] error[E0433]: failed to resolve: use of undeclared crate or module `doc_test_utils`
[INFO] [stdout]   --> src/address_.rs:165:5
[INFO] [stdout]    |
[INFO] [stdout] 13 |     doc_test_utils::get_driver()
[INFO] [stdout]    |     ^^^^^^^^^^^^^^ use of undeclared crate or module `doc_test_utils`
[INFO] [stdout] 
[INFO] [stdout] error: aborting due to 2 previous errors
[INFO] [stdout] 
[INFO] [stdout] Some errors have detailed explanations: E0432, E0433.
[INFO] [stdout] For more information about an error, try `rustc --explain E0432`.
[INFO] [stdout] Couldn't compile the test.
[INFO] [stdout] ---- src/address_.rs - address_::Address::unresolved_host (line 190) stdout ----
[INFO] [stdout] error[E0432]: unresolved import `doc_test_utils`
[INFO] [stdout]  --> src/address_.rs:194:5
[INFO] [stdout]   |
[INFO] [stdout] 7 | use doc_test_utils::get_address;
[INFO] [stdout]   |     ^^^^^^^^^^^^^^ use of undeclared crate or module `doc_test_utils`
[INFO] [stdout] 
[INFO] [stdout] error[E0433]: failed to resolve: use of undeclared crate or module `doc_test_utils`
[INFO] [stdout]   --> src/address_.rs:198:5
[INFO] [stdout]    |
[INFO] [stdout] 11 |     doc_test_utils::get_driver()
[INFO] [stdout]    |     ^^^^^^^^^^^^^^ use of undeclared crate or module `doc_test_utils`
[INFO] [stdout] 
[INFO] [stdout] error: aborting due to 2 previous errors
[INFO] [stdout] 
[INFO] [stdout] Some errors have detailed explanations: E0432, E0433.
[INFO] [stdout] For more information about an error, try `rustc --explain E0432`.
[INFO] [stdout] Couldn't compile the test.
[INFO] [stdout] ---- src/driver.rs - driver::ExecuteQueryBuilder<'driver,Q,KP,P,KM,M,FRes>::with_parameters (line 463) stdout ----
[INFO] [stdout] error[E0433]: failed to resolve: use of undeclared crate or module `doc_test_utils`
[INFO] [stdout]  --> src/driver.rs:468:1
[INFO] [stdout]   |
[INFO] [stdout] 8 | doc_test_utils::db_exclusive(|| {
[INFO] [stdout]   | ^^^^^^^^^^^^^^ use of undeclared crate or module `doc_test_utils`
[INFO] [stdout] 
[INFO] [stdout] error[E0433]: failed to resolve: use of undeclared crate or module `doc_test_utils`
[INFO] [stdout]  --> src/driver.rs:469:14
[INFO] [stdout]   |
[INFO] [stdout] 9 | let driver = doc_test_utils::get_driver();
[INFO] [stdout]   |              ^^^^^^^^^^^^^^ use of undeclared crate or module `doc_test_utils`
[INFO] [stdout] 
[INFO] [stdout] error: aborting due to 2 previous errors
[INFO] [stdout] 
[INFO] [stdout] For more information about this error, try `rustc --explain E0433`.
[INFO] [stdout] Couldn't compile the test.
[INFO] [stdout] ---- src/driver/eager_result.rs - driver::eager_result::EagerResult::into_values (line 65) stdout ----
[INFO] [stdout] error[E0433]: failed to resolve: use of undeclared crate or module `doc_test_utils`
[INFO] [stdout]   --> src/driver/eager_result.rs:72:14
[INFO] [stdout]    |
[INFO] [stdout] 10 | let driver = doc_test_utils::get_driver();
[INFO] [stdout]    |              ^^^^^^^^^^^^^^ use of undeclared crate or module `doc_test_utils`
[INFO] [stdout] 
[INFO] [stdout] error: aborting due to 1 previous error
[INFO] [stdout] 
[INFO] [stdout] For more information about this error, try `rustc --explain E0433`.
[INFO] [stdout] Couldn't compile the test.
[INFO] [stdout] ---- src/driver/record.rs - driver::record::Record::entries (line 111) stdout ----
[INFO] [stdout] error[E0433]: failed to resolve: use of undeclared crate or module `doc_test_utils`
[INFO] [stdout]  --> src/driver/record.rs:117:14
[INFO] [stdout]   |
[INFO] [stdout] 9 | let driver = doc_test_utils::get_driver();
[INFO] [stdout]   |              ^^^^^^^^^^^^^^ use of undeclared crate or module `doc_test_utils`
[INFO] [stdout] 
[INFO] [stdout] error: aborting due to 1 previous error
[INFO] [stdout] 
[INFO] [stdout] For more information about this error, try `rustc --explain E0433`.
[INFO] [stdout] Couldn't compile the test.
[INFO] [stdout] ---- src/driver/record.rs - driver::record::Record::take_value (line 180) stdout ----
[INFO] [stdout] error[E0433]: failed to resolve: use of undeclared crate or module `doc_test_utils`
[INFO] [stdout]  --> src/driver/record.rs:186:14
[INFO] [stdout]   |
[INFO] [stdout] 9 | let driver = doc_test_utils::get_driver();
[INFO] [stdout]   |              ^^^^^^^^^^^^^^ use of undeclared crate or module `doc_test_utils`
[INFO] [stdout] 
[INFO] [stdout] error: aborting due to 1 previous error
[INFO] [stdout] 
[INFO] [stdout] For more information about this error, try `rustc --explain E0433`.
[INFO] [stdout] Couldn't compile the test.
[INFO] [stdout] ---- src/driver/record.rs - driver::record::Record::keys (line 40) stdout ----
[INFO] [stdout] error[E0433]: failed to resolve: use of undeclared crate or module `doc_test_utils`
[INFO] [stdout]  --> src/driver/record.rs:44:14
[INFO] [stdout]   |
[INFO] [stdout] 7 | let driver = doc_test_utils::get_driver();
[INFO] [stdout]   |              ^^^^^^^^^^^^^^ use of undeclared crate or module `doc_test_utils`
[INFO] [stdout] 
[INFO] [stdout] error: aborting due to 1 previous error
[INFO] [stdout] 
[INFO] [stdout] For more information about this error, try `rustc --explain E0433`.
[INFO] [stdout] Couldn't compile the test.
[INFO] [stdout] ---- src/driver/record.rs - driver::record::Record::values (line 71) stdout ----
[INFO] [stdout] error[E0433]: failed to resolve: use of undeclared crate or module `doc_test_utils`
[INFO] [stdout]  --> src/driver/record.rs:77:14
[INFO] [stdout]   |
[INFO] [stdout] 9 | let driver = doc_test_utils::get_driver();
[INFO] [stdout]   |              ^^^^^^^^^^^^^^ use of undeclared crate or module `doc_test_utils`
[INFO] [stdout] 
[INFO] [stdout] error: aborting due to 1 previous error
[INFO] [stdout] 
[INFO] [stdout] For more information about this error, try `rustc --explain E0433`.
[INFO] [stdout] Couldn't compile the test.
[INFO] [stdout] ---- src/driver/record.rs - driver::record::Record::value (line 151) stdout ----
[INFO] [stdout] error[E0433]: failed to resolve: use of undeclared crate or module `doc_test_utils`
[INFO] [stdout]  --> src/driver/record.rs:157:14
[INFO] [stdout]   |
[INFO] [stdout] 9 | let driver = doc_test_utils::get_driver();
[INFO] [stdout]   |              ^^^^^^^^^^^^^^ use of undeclared crate or module `doc_test_utils`
[INFO] [stdout] 
[INFO] [stdout] error: aborting due to 1 previous error
[INFO] [stdout] 
[INFO] [stdout] For more information about this error, try `rustc --explain E0433`.
[INFO] [stdout] Couldn't compile the test.
[INFO] [stdout] ---- src/driver/record_stream.rs - driver::record_stream::RecordStream<'driver>::try_as_eager_result (line 214) stdout ----
[INFO] [stdout] error[E0433]: failed to resolve: use of undeclared crate or module `doc_test_utils`
[INFO] [stdout]  --> src/driver/record_stream.rs:219:14
[INFO] [stdout]   |
[INFO] [stdout] 8 | let driver = doc_test_utils::get_driver();
[INFO] [stdout]   |              ^^^^^^^^^^^^^^ use of undeclared crate or module `doc_test_utils`
[INFO] [stdout] 
[INFO] [stdout] error: aborting due to 1 previous error
[INFO] [stdout] 
[INFO] [stdout] For more information about this error, try `rustc --explain E0433`.
[INFO] [stdout] Couldn't compile the test.
[INFO] [stdout] ---- src/driver/session.rs - driver::session::AutoCommitBuilder<'driver,'session,Q,KP,P,KM,M,FRes>::with_parameters (line 490) stdout ----
[INFO] [stdout] error[E0433]: failed to resolve: use of undeclared crate or module `doc_test_utils`
[INFO] [stdout]  --> src/driver/session.rs:494:1
[INFO] [stdout]   |
[INFO] [stdout] 7 | doc_test_utils::db_exclusive(|| {
[INFO] [stdout]   | ^^^^^^^^^^^^^^ use of undeclared crate or module `doc_test_utils`
[INFO] [stdout] 
[INFO] [stdout] error[E0433]: failed to resolve: use of undeclared crate or module `doc_test_utils`
[INFO] [stdout]  --> src/driver/session.rs:495:14
[INFO] [stdout]   |
[INFO] [stdout] 8 | let driver = doc_test_utils::get_driver();
[INFO] [stdout]   |              ^^^^^^^^^^^^^^ use of undeclared crate or module `doc_test_utils`
[INFO] [stdout] 
[INFO] [stdout] error[E0433]: failed to resolve: use of undeclared crate or module `doc_test_utils`
[INFO] [stdout]  --> src/driver/session.rs:496:19
[INFO] [stdout]   |
[INFO] [stdout] 9 | let mut session = doc_test_utils::get_session(&driver);
[INFO] [stdout]   |                   ^^^^^^^^^^^^^^ use of undeclared crate or module `doc_test_utils`
[INFO] [stdout] 
[INFO] [stdout] error: aborting due to 3 previous errors
[INFO] [stdout] 
[INFO] [stdout] For more information about this error, try `rustc --explain E0433`.
[INFO] [stdout] Couldn't compile the test.
[INFO] [stdout] ---- src/driver/session.rs - driver::session::AutoCommitBuilder<'driver,'session,Q,KP,P,KM,M,FRes>::with_receiver (line 668) stdout ----
[INFO] [stdout] error[E0433]: failed to resolve: use of undeclared crate or module `doc_test_utils`
[INFO] [stdout]  --> src/driver/session.rs:673:14
[INFO] [stdout]   |
[INFO] [stdout] 8 | let driver = doc_test_utils::get_driver();
[INFO] [stdout]   |              ^^^^^^^^^^^^^^ use of undeclared crate or module `doc_test_utils`
[INFO] [stdout] 
[INFO] [stdout] error[E0433]: failed to resolve: use of undeclared crate or module `doc_test_utils`
[INFO] [stdout]  --> src/driver/session.rs:674:19
[INFO] [stdout]   |
[INFO] [stdout] 9 | let mut session = doc_test_utils::get_session(&driver);
[INFO] [stdout]   |                   ^^^^^^^^^^^^^^ use of undeclared crate or module `doc_test_utils`
[INFO] [stdout] 
[INFO] [stdout] error: aborting due to 2 previous errors
[INFO] [stdout] 
[INFO] [stdout] For more information about this error, try `rustc --explain E0433`.
[INFO] [stdout] Couldn't compile the test.
[INFO] [stdout] ---- src/driver/session.rs - driver::session::AutoCommitBuilder<'driver,'session,Q,KP,P,KM,M,FRes>::with_transaction_meta (line 573) stdout ----
[INFO] [stdout] error[E0433]: failed to resolve: use of undeclared crate or module `doc_test_utils`
[INFO] [stdout]  --> src/driver/session.rs:577:14
[INFO] [stdout]   |
[INFO] [stdout] 7 | let driver = doc_test_utils::get_driver();
[INFO] [stdout]   |              ^^^^^^^^^^^^^^ use of undeclared crate or module `doc_test_utils`
[INFO] [stdout] 
[INFO] [stdout] error[E0433]: failed to resolve: use of undeclared crate or module `doc_test_utils`
[INFO] [stdout]  --> src/driver/session.rs:578:19
[INFO] [stdout]   |
[INFO] [stdout] 8 | let mut session = doc_test_utils::get_session(&driver);
[INFO] [stdout]   |                   ^^^^^^^^^^^^^^ use of undeclared crate or module `doc_test_utils`
[INFO] [stdout] 
[INFO] [stdout] error: aborting due to 2 previous errors
[INFO] [stdout] 
[INFO] [stdout] For more information about this error, try `rustc --explain E0433`.
[INFO] [stdout] Couldn't compile the test.
[INFO] [stdout] ---- src/driver/session.rs - driver::session::TransactionBuilder<'driver,'session,KM,M>::run (line 926) stdout ----
[INFO] [stdout] error[E0432]: unresolved import `doc_test_utils`
[INFO] [stdout]   --> src/driver/session.rs:935:5
[INFO] [stdout]    |
[INFO] [stdout] 12 | use doc_test_utils::get_session;
[INFO] [stdout]    |     ^^^^^^^^^^^^^^ use of undeclared crate or module `doc_test_utils`
[INFO] [stdout] 
[INFO] [stdout] error[E0433]: failed to resolve: use of undeclared crate or module `doc_test_utils`
[INFO] [stdout]   --> src/driver/session.rs:937:1
[INFO] [stdout]    |
[INFO] [stdout] 14 | doc_test_utils::db_exclusive(|| {
[INFO] [stdout]    | ^^^^^^^^^^^^^^ use of undeclared crate or module `doc_test_utils`
[INFO] [stdout] 
[INFO] [stdout] error[E0433]: failed to resolve: use of undeclared crate or module `doc_test_utils`
[INFO] [stdout]   --> src/driver/session.rs:938:14
[INFO] [stdout]    |
[INFO] [stdout] 15 | let driver = doc_test_utils::get_driver();
[INFO] [stdout]    |              ^^^^^^^^^^^^^^ use of undeclared crate or module `doc_test_utils`
[INFO] [stdout] 
[INFO] [stdout] error: aborting due to 3 previous errors
[INFO] [stdout] 
[INFO] [stdout] Some errors have detailed explanations: E0432, E0433.
[INFO] [stdout] For more information about an error, try `rustc --explain E0432`.
[INFO] [stdout] Couldn't compile the test.
[INFO] [stdout] ---- src/driver/session.rs - driver::session::Session<'driver>::last_bookmarks (line 367) stdout ----
[INFO] [stdout] error[E0432]: unresolved import `doc_test_utils`
[INFO] [stdout]   --> src/driver/session.rs:374:5
[INFO] [stdout]    |
[INFO] [stdout] 10 | use doc_test_utils::get_driver;
[INFO] [stdout]    |     ^^^^^^^^^^^^^^ use of undeclared crate or module `doc_test_utils`
[INFO] [stdout] 
[INFO] [stdout] error[E0433]: failed to resolve: use of undeclared crate or module `doc_test_utils`
[INFO] [stdout]   --> src/driver/session.rs:376:1
[INFO] [stdout]    |
[INFO] [stdout] 12 | doc_test_utils::db_exclusive(|| {
[INFO] [stdout]    | ^^^^^^^^^^^^^^ use of undeclared crate or module `doc_test_utils`
[INFO] [stdout] 
[INFO] [stdout] error: aborting due to 2 previous errors
[INFO] [stdout] 
[INFO] [stdout] Some errors have detailed explanations: E0432, E0433.
[INFO] [stdout] For more information about an error, try `rustc --explain E0432`.
[INFO] [stdout] Couldn't compile the test.
[INFO] [stdout] ---- src/driver/session.rs - driver::session::TransactionBuilder<'driver,'session,KM,M>::with_transaction_meta (line 821) stdout ----
[INFO] [stdout] error[E0433]: failed to resolve: use of undeclared crate or module `doc_test_utils`
[INFO] [stdout]   --> src/driver/session.rs:828:14
[INFO] [stdout]    |
[INFO] [stdout] 10 | let driver = doc_test_utils::get_driver();
[INFO] [stdout]    |              ^^^^^^^^^^^^^^ use of undeclared crate or module `doc_test_utils`
[INFO] [stdout] 
[INFO] [stdout] error[E0433]: failed to resolve: use of undeclared crate or module `doc_test_utils`
[INFO] [stdout]   --> src/driver/session.rs:829:19
[INFO] [stdout]    |
[INFO] [stdout] 11 | let mut session = doc_test_utils::get_session(&driver);
[INFO] [stdout]    |                   ^^^^^^^^^^^^^^ use of undeclared crate or module `doc_test_utils`
[INFO] [stdout] 
[INFO] [stdout] error: aborting due to 2 previous errors
[INFO] [stdout] 
[INFO] [stdout] For more information about this error, try `rustc --explain E0433`.
[INFO] [stdout] Couldn't compile the test.
[INFO] [stdout] ---- src/lib.rs - (line 154) stdout ----
[INFO] [stdout] error[E0432]: unresolved import `doc_test_utils`
[INFO] [stdout]   --> src/lib.rs:163:5
[INFO] [stdout]    |
[INFO] [stdout] 12 | use doc_test_utils::get_driver;
[INFO] [stdout]    |     ^^^^^^^^^^^^^^ use of undeclared crate or module `doc_test_utils`
[INFO] [stdout] 
[INFO] [stdout] error: aborting due to 1 previous error
[INFO] [stdout] 
[INFO] [stdout] For more information about this error, try `rustc --explain E0432`.
[INFO] [stdout] Couldn't compile the test.
[INFO] [stdout] ---- src/driver/transaction.rs - driver::transaction::TransactionQueryBuilder<'driver,'tx,Q,K,M>::with_parameters (line 302) stdout ----
[INFO] [stdout] error[E0433]: failed to resolve: use of undeclared crate or module `doc_test_utils`
[INFO] [stdout]  --> src/driver/transaction.rs:306:1
[INFO] [stdout]   |
[INFO] [stdout] 7 | doc_test_utils::with_transaction(|transaction| {
[INFO] [stdout]   | ^^^^^^^^^^^^^^ use of undeclared crate or module `doc_test_utils`
[INFO] [stdout] 
[INFO] [stdout] error: aborting due to 1 previous error
[INFO] [stdout] 
[INFO] [stdout] For more information about this error, try `rustc --explain E0433`.
[INFO] [stdout] Couldn't compile the test.
[INFO] [stdout] ---- src/lib.rs - (line 31) stdout ----
[INFO] [stdout] error[E0433]: failed to resolve: use of undeclared crate or module `doc_test_utils`
[INFO] [stdout]   --> src/lib.rs:43:12
[INFO] [stdout]    |
[INFO] [stdout] 15 | let host = doc_test_utils::get_host();
[INFO] [stdout]    |            ^^^^^^^^^^^^^^ use of undeclared crate or module `doc_test_utils`
[INFO] [stdout] 
[INFO] [stdout] error[E0433]: failed to resolve: use of undeclared crate or module `doc_test_utils`
[INFO] [stdout]   --> src/lib.rs:45:12
[INFO] [stdout]    |
[INFO] [stdout] 17 | let port = doc_test_utils::get_port();
[INFO] [stdout]    |            ^^^^^^^^^^^^^^ use of undeclared crate or module `doc_test_utils`
[INFO] [stdout] 
[INFO] [stdout] error[E0433]: failed to resolve: use of undeclared crate or module `doc_test_utils`
[INFO] [stdout]   --> src/lib.rs:47:12
[INFO] [stdout]    |
[INFO] [stdout] 19 | let user = doc_test_utils::get_user();
[INFO] [stdout]    |            ^^^^^^^^^^^^^^ use of undeclared crate or module `doc_test_utils`
[INFO] [stdout] 
[INFO] [stdout] error[E0433]: failed to resolve: use of undeclared crate or module `doc_test_utils`
[INFO] [stdout]   --> src/lib.rs:49:16
[INFO] [stdout]    |
[INFO] [stdout] 21 | let password = doc_test_utils::get_password();
[INFO] [stdout]    |                ^^^^^^^^^^^^^^ use of undeclared crate or module `doc_test_utils`
[INFO] [stdout] 
[INFO] [stdout] error: aborting due to 4 previous errors
[INFO] [stdout] 
[INFO] [stdout] For more information about this error, try `rustc --explain E0433`.
[INFO] [stdout] Couldn't compile the test.
[INFO] [stdout] ---- src/value/value_send.rs - value::value_send::ValueSend::try_from (line 183) stdout ----
[INFO] [stdout] error[E0433]: failed to resolve: use of undeclared crate or module `doc_test_utils`
[INFO] [stdout]   --> src/value/value_send.rs:203:5
[INFO] [stdout]    |
[INFO] [stdout] 23 |     doc_test_utils::get_driver()
[INFO] [stdout]    |     ^^^^^^^^^^^^^^ use of undeclared crate or module `doc_test_utils`
[INFO] [stdout] 
[INFO] [stdout] error[E0433]: failed to resolve: use of undeclared crate or module `doc_test_utils`
[INFO] [stdout]   --> src/value/value_send.rs:218:18
[INFO] [stdout]    |
[INFO] [stdout] 38 |     let driver = doc_test_utils::get_driver();
[INFO] [stdout]    |                  ^^^^^^^^^^^^^^ use of undeclared crate or module `doc_test_utils`
[INFO] [stdout] 
[INFO] [stdout] error[E0433]: failed to resolve: use of undeclared crate or module `doc_test_utils`
[INFO] [stdout]   --> src/value/value_send.rs:219:23
[INFO] [stdout]    |
[INFO] [stdout] 39 |     let mut session = doc_test_utils::get_session(&driver);
[INFO] [stdout]    |                       ^^^^^^^^^^^^^^ use of undeclared crate or module `doc_test_utils`
[INFO] [stdout] 
[INFO] [stdout] error: aborting due to 3 previous errors
[INFO] [stdout] 
[INFO] [stdout] For more information about this error, try `rustc --explain E0433`.
[INFO] [stdout] Couldn't compile the test.
[INFO] [stdout] 
[INFO] [stdout] failures:
[INFO] [stdout]     src/address_.rs - address_::Address::host (line 155)
[INFO] [stdout]     src/address_.rs - address_::Address::unresolved_host (line 190)
[INFO] [stdout]     src/driver.rs - driver::Driver::execute_query (line 224)
[INFO] [stdout]     src/driver.rs - driver::Driver::execute_query_bookmark_manager (line 265)
[INFO] [stdout]     src/driver.rs - driver::Driver::session (line 136)
[INFO] [stdout]     src/driver.rs - driver::ExecuteQueryBuilder<'driver,Q,KP,P,KM,M,FRes>::with_default_bookmark_manager (line 749)
[INFO] [stdout]     src/driver.rs - driver::ExecuteQueryBuilder<'driver,Q,KP,P,KM,M,FRes>::with_parameters (line 463)
[INFO] [stdout]     src/driver.rs - driver::ExecuteQueryBuilder<'driver,Q,KP,P,KM,M,FRes>::with_receiver (line 803)
[INFO] [stdout]     src/driver.rs - driver::ExecuteQueryBuilder<'driver,Q,KP,P,KM,M,FRes>::with_transaction_meta (line 566)
[INFO] [stdout]     src/driver/eager_result.rs - driver::eager_result::EagerResult::into_values (line 65)
[INFO] [stdout]     src/driver/record.rs - driver::record::Record::entries (line 111)
[INFO] [stdout]     src/driver/record.rs - driver::record::Record::keys (line 40)
[INFO] [stdout]     src/driver/record.rs - driver::record::Record::take_value (line 180)
[INFO] [stdout]     src/driver/record.rs - driver::record::Record::value (line 151)
[INFO] [stdout]     src/driver/record.rs - driver::record::Record::values (line 71)
[INFO] [stdout]     src/driver/record_stream.rs - driver::record_stream::RecordStream<'driver>::try_as_eager_result (line 214)
[INFO] [stdout]     src/driver/session.rs - driver::session::AutoCommitBuilder<'driver,'session,Q,KP,P,KM,M,FRes>::with_parameters (line 490)
[INFO] [stdout]     src/driver/session.rs - driver::session::AutoCommitBuilder<'driver,'session,Q,KP,P,KM,M,FRes>::with_receiver (line 668)
[INFO] [stdout]     src/driver/session.rs - driver::session::AutoCommitBuilder<'driver,'session,Q,KP,P,KM,M,FRes>::with_transaction_meta (line 573)
[INFO] [stdout]     src/driver/session.rs - driver::session::Session<'driver>::last_bookmarks (line 367)
[INFO] [stdout]     src/driver/session.rs - driver::session::TransactionBuilder<'driver,'session,KM,M>::run (line 926)
[INFO] [stdout]     src/driver/session.rs - driver::session::TransactionBuilder<'driver,'session,KM,M>::with_transaction_meta (line 821)
[INFO] [stdout]     src/driver/transaction.rs - driver::transaction::TransactionQueryBuilder<'driver,'tx,Q,K,M>::with_parameters (line 302)
[INFO] [stdout]     src/lib.rs - (line 154)
[INFO] [stdout]     src/lib.rs - (line 31)
[INFO] [stdout]     src/value/value_send.rs - value::value_send::ValueSend::try_from (line 183)
[INFO] [stdout] 
[INFO] [stdout] test result: FAILED. 27 passed; 26 failed; 0 ignored; 0 measured; 0 filtered out; finished in 3.06s
[INFO] [stdout] 
[INFO] [stderr] error: doctest failed, to rerun pass `--doc`
[INFO] running `Command { std: "docker" "inspect" "c59829f9179c5acb906d9161644b8fe3fa02b277fb39ea1d44de61a523a2de19", kill_on_drop: false }`
[INFO] running `Command { std: "docker" "rm" "-f" "c59829f9179c5acb906d9161644b8fe3fa02b277fb39ea1d44de61a523a2de19", kill_on_drop: false }`
[INFO] [stdout] c59829f9179c5acb906d9161644b8fe3fa02b277fb39ea1d44de61a523a2de19
