[INFO] fetching crate neo-web3 0.1.0...
[INFO] testing neo-web3-0.1.0 against nightly-2024-10-28+rustflags=-Zrandomize-layout for randomize-layout
[INFO] extracting crate neo-web3 0.1.0 into /workspace/builds/worker-3-tc2/source
[INFO] validating manifest of crates.io crate neo-web3 0.1.0 on toolchain nightly-2024-10-28
[INFO] running `Command { std: CARGO_HOME="/workspace/cargo-home" RUSTUP_HOME="/workspace/rustup-home" "/workspace/cargo-home/bin/cargo" "+nightly-2024-10-28" "metadata" "--manifest-path" "Cargo.toml" "--no-deps", kill_on_drop: false }`
[INFO] removed /workspace/builds/worker-3-tc2/source/.cargo/config
[INFO] started tweaking crates.io crate neo-web3 0.1.0
[INFO] finished tweaking crates.io crate neo-web3 0.1.0
[INFO] tweaked toml for crates.io crate neo-web3 0.1.0 written to /workspace/builds/worker-3-tc2/source/Cargo.toml
[INFO] crate crates.io crate neo-web3 0.1.0 already has a lockfile, it will not be regenerated
[INFO] running `Command { std: CARGO_HOME="/workspace/cargo-home" RUSTUP_HOME="/workspace/rustup-home" "/workspace/cargo-home/bin/cargo" "+nightly-2024-10-28" "fetch" "--manifest-path" "Cargo.toml", kill_on_drop: false }`
[INFO] running `Command { std: "docker" "create" "-v" "/var/lib/crater-agent-workspace/builds/worker-3-tc2/target:/opt/rustwide/target:rw,Z" "-v" "/var/lib/crater-agent-workspace/builds/worker-3-tc2/source:/opt/rustwide/workdir:ro,Z" "-v" "/var/lib/crater-agent-workspace/cargo-home:/opt/rustwide/cargo-home:ro,Z" "-v" "/var/lib/crater-agent-workspace/rustup-home:/opt/rustwide/rustup-home:ro,Z" "-e" "SOURCE_DIR=/opt/rustwide/workdir" "-e" "CARGO_TARGET_DIR=/opt/rustwide/target" "-e" "CARGO_HOME=/opt/rustwide/cargo-home" "-e" "RUSTUP_HOME=/opt/rustwide/rustup-home" "-w" "/opt/rustwide/workdir" "-m" "1610612736" "--user" "0:0" "--network" "none" "ghcr.io/rust-lang/crates-build-env/linux@sha256:4a844ea9eb2546a2d2c7022eacef16ef2e8229c7fbb2c7d4d55a9ceca922f72d" "/opt/rustwide/cargo-home/bin/cargo" "+nightly-2024-10-28" "metadata" "--no-deps" "--format-version=1", kill_on_drop: false }`
[INFO] [stdout] 7d4548a8d6f3e710b1f16beb3b80ca3539d6016d95dfe9a0a65e4ab6c77ca580
[INFO] running `Command { std: "docker" "start" "-a" "7d4548a8d6f3e710b1f16beb3b80ca3539d6016d95dfe9a0a65e4ab6c77ca580", kill_on_drop: false }`
[INFO] running `Command { std: "docker" "inspect" "7d4548a8d6f3e710b1f16beb3b80ca3539d6016d95dfe9a0a65e4ab6c77ca580", kill_on_drop: false }`
[INFO] running `Command { std: "docker" "rm" "-f" "7d4548a8d6f3e710b1f16beb3b80ca3539d6016d95dfe9a0a65e4ab6c77ca580", kill_on_drop: false }`
[INFO] [stdout] 7d4548a8d6f3e710b1f16beb3b80ca3539d6016d95dfe9a0a65e4ab6c77ca580
[INFO] running `Command { std: "docker" "create" "-v" "/var/lib/crater-agent-workspace/builds/worker-3-tc2/target:/opt/rustwide/target:rw,Z" "-v" "/var/lib/crater-agent-workspace/builds/worker-3-tc2/source:/opt/rustwide/workdir:ro,Z" "-v" "/var/lib/crater-agent-workspace/cargo-home:/opt/rustwide/cargo-home:ro,Z" "-v" "/var/lib/crater-agent-workspace/rustup-home:/opt/rustwide/rustup-home:ro,Z" "-e" "SOURCE_DIR=/opt/rustwide/workdir" "-e" "CARGO_TARGET_DIR=/opt/rustwide/target" "-e" "CARGO_INCREMENTAL=0" "-e" "RUST_BACKTRACE=full" "-e" "RUSTFLAGS=--cap-lints=forbid -Zrandomize-layout" "-e" "RUSTDOCFLAGS=--cap-lints=forbid" "-e" "CARGO_HOME=/opt/rustwide/cargo-home" "-e" "RUSTUP_HOME=/opt/rustwide/rustup-home" "-w" "/opt/rustwide/workdir" "-m" "1610612736" "--user" "0:0" "--network" "none" "ghcr.io/rust-lang/crates-build-env/linux@sha256:4a844ea9eb2546a2d2c7022eacef16ef2e8229c7fbb2c7d4d55a9ceca922f72d" "/opt/rustwide/cargo-home/bin/cargo" "+nightly-2024-10-28" "build" "--frozen" "--message-format=json", kill_on_drop: false }`
[INFO] [stdout] 982fd1b6183feadca5fb08fc0afc482be9084987bd9834f3ee3a2ed26c89c5ba
[INFO] running `Command { std: "docker" "start" "-a" "982fd1b6183feadca5fb08fc0afc482be9084987bd9834f3ee3a2ed26c89c5ba", kill_on_drop: false }`
[INFO] [stderr]    Compiling proc-macro2 v1.0.66
[INFO] [stderr]    Compiling unicode-ident v1.0.11
[INFO] [stderr]    Compiling libc v0.2.147
[INFO] [stderr]    Compiling autocfg v1.1.0
[INFO] [stderr]    Compiling bytes v1.4.0
[INFO] [stderr]    Compiling pin-project-lite v0.2.10
[INFO] [stderr]    Compiling memchr v2.5.0
[INFO] [stderr]    Compiling cc v1.0.79
[INFO] [stderr]    Compiling typenum v1.16.0
[INFO] [stderr]    Compiling futures-core v0.3.28
[INFO] [stderr]    Compiling version_check v0.9.4
[INFO] [stderr]    Compiling lock_api v0.4.10
[INFO] [stderr]    Compiling generic-array v0.14.7
[INFO] [stderr]    Compiling itoa v1.0.9
[INFO] [stderr]    Compiling parking_lot_core v0.9.8
[INFO] [stderr]    Compiling once_cell v1.18.0
[INFO] [stderr]    Compiling quote v1.0.31
[INFO] [stderr]    Compiling syn v2.0.26
[INFO] [stderr]    Compiling slab v0.4.8
[INFO] [stderr]    Compiling scopeguard v1.1.0
[INFO] [stderr]    Compiling futures-task v0.3.28
[INFO] [stderr]    Compiling pkg-config v0.3.27
[INFO] [stderr]    Compiling futures-sink v0.3.28
[INFO] [stderr]    Compiling smallvec v1.11.0
[INFO] [stderr]    Compiling futures-channel v0.3.28
[INFO] [stderr]    Compiling serde v1.0.171
[INFO] [stderr]    Compiling tokio v1.29.1
[INFO] [stderr]    Compiling futures-util v0.3.28
[INFO] [stderr]    Compiling futures-io v0.3.28
[INFO] [stderr]    Compiling socket2 v0.4.9
[INFO] [stderr]    Compiling num_cpus v1.16.0
[INFO] [stderr]    Compiling getrandom v0.2.10
[INFO] [stderr]    Compiling parking_lot v0.12.1
[INFO] [stderr]    Compiling mio v0.8.8
[INFO] [stderr]    Compiling signal-hook-registry v1.4.1
[INFO] [stderr]    Compiling openssl-sys v0.9.90
[INFO] [stderr]    Compiling pin-utils v0.1.0
[INFO] [stderr]    Compiling rand_core v0.6.4
[INFO] [stderr]    Compiling ppv-lite86 v0.2.17
[INFO] [stderr]    Compiling crunchy v0.2.2
[INFO] [stderr]    Compiling http v0.2.9
[INFO] [stderr]    Compiling bitflags v1.3.2
[INFO] [stderr]    Compiling foreign-types-shared v0.1.1
[INFO] [stderr]    Compiling log v0.4.19
[INFO] [stderr]    Compiling openssl v0.10.55
[INFO] [stderr]    Compiling rustc-hex v2.1.0
[INFO] [stderr]    Compiling foreign-types v0.3.2
[INFO] [stderr]    Compiling tracing-core v0.1.31
[INFO] [stderr]    Compiling indexmap v1.9.3
[INFO] [stderr]    Compiling static_assertions v1.1.0
[INFO] [stderr]    Compiling httparse v1.8.0
[INFO] [stderr]    Compiling rand_chacha v0.3.1
[INFO] [stderr]    Compiling byteorder v1.4.3
[INFO] [stderr]    Compiling native-tls v0.2.11
[INFO] [stderr]    Compiling rand v0.8.5
[INFO] [stderr]    Compiling tinyvec v1.6.0
[INFO] [stderr]    Compiling rlp v0.5.2
[INFO] [stderr]    Compiling tracing v0.1.37
[INFO] [stderr]    Compiling block-buffer v0.10.4
[INFO] [stderr]    Compiling crypto-common v0.1.6
[INFO] [stderr]    Compiling hashbrown v0.12.3
[INFO] [stderr]    Compiling percent-encoding v2.3.0
[INFO] [stderr]    Compiling tiny-keccak v2.0.2
[INFO] [stderr]    Compiling serde_json v1.0.103
[INFO] [stderr]    Compiling ryu v1.0.15
[INFO] [stderr]    Compiling digest v0.10.7
[INFO] [stderr]    Compiling form_urlencoded v1.2.0
[INFO] [stderr]    Compiling fixed-hash v0.8.0
[INFO] [stderr]    Compiling impl-rlp v0.3.0
[INFO] [stderr]    Compiling unicode-bidi v0.3.13
[INFO] [stderr]    Compiling thiserror v1.0.43
[INFO] [stderr]    Compiling cpufeatures v0.2.9
[INFO] [stderr]    Compiling unicode-normalization v0.1.22
[INFO] [stderr]    Compiling hex v0.4.3
[INFO] [stderr]    Compiling httpdate v1.0.2
[INFO] [stderr]    Compiling try-lock v0.2.4
[INFO] [stderr]    Compiling want v0.3.1
[INFO] [stderr]    Compiling uint v0.9.5
[INFO] [stderr]    Compiling http-body v0.4.5
[INFO] [stderr]    Compiling secp256k1-sys v0.8.1
[INFO] [stderr]    Compiling aho-corasick v1.0.2
[INFO] [stderr]    Compiling idna v0.4.0
[INFO] [stderr]    Compiling tower-service v0.3.2
[INFO] [stderr]    Compiling regex-syntax v0.7.4
[INFO] [stderr]    Compiling syn v1.0.109
[INFO] [stderr]    Compiling block-buffer v0.9.0
[INFO] [stderr]    Compiling digest v0.9.0
[INFO] [stderr]    Compiling base64 v0.13.1
[INFO] [stderr]    Compiling opaque-debug v0.3.0
[INFO] [stderr]    Compiling url v2.4.0
[INFO] [stderr]    Compiling mime v0.3.17
[INFO] [stderr]    Compiling keccak v0.1.4
[INFO] [stderr]    Compiling sha-1 v0.9.8
[INFO] [stderr]    Compiling sha3 v0.10.8
[INFO] [stderr]    Compiling sha1 v0.10.5
[INFO] [stderr]    Compiling headers-core v0.2.0
[INFO] [stderr]    Compiling encoding_rs v0.8.32
[INFO] [stderr]    Compiling ipnet v2.8.0
[INFO] [stderr]    Compiling convert_case v0.4.0
[INFO] [stderr]    Compiling serde_derive v1.0.171
[INFO] [stderr]    Compiling futures-macro v0.3.28
[INFO] [stderr]    Compiling tokio-macros v2.1.0
[INFO] [stderr]    Compiling openssl-macros v0.1.1
[INFO] [stderr]    Compiling thiserror-impl v1.0.43
[INFO] [stderr]    Compiling regex-automata v0.3.3
[INFO] [stderr]    Compiling pin-project-internal v1.1.2
[INFO] [stderr]    Compiling base64 v0.21.2
[INFO] [stderr]    Compiling derive_more v0.99.17
[INFO] [stderr]    Compiling pin-project v1.1.2
[INFO] [stderr]    Compiling futures-executor v0.3.28
[INFO] [stderr]    Compiling secp256k1 v0.27.0
[INFO] [stderr]    Compiling futures v0.3.28
[INFO] [stderr]    Compiling headers v0.3.8
[INFO] [stderr]    Compiling soketto v0.7.1
[INFO] [stderr]    Compiling arrayvec v0.7.4
[INFO] [stderr]    Compiling regex v1.9.1
[INFO] [stderr]    Compiling futures-timer v3.0.2
[INFO] [stderr]    Compiling tokio-util v0.7.8
[INFO] [stderr]    Compiling tokio-native-tls v0.3.1
[INFO] [stderr]    Compiling tokio-stream v0.1.14
[INFO] [stderr]    Compiling web3-async-native-tls v0.4.0
[INFO] [stderr]    Compiling h2 v0.3.20
[INFO] [stderr]    Compiling impl-serde v0.4.0
[INFO] [stderr]    Compiling serde_urlencoded v0.7.1
[INFO] [stderr]    Compiling ethbloom v0.13.0
[INFO] [stderr]    Compiling primitive-types v0.12.1
[INFO] [stderr]    Compiling jsonrpc-core v18.0.0
[INFO] [stderr]    Compiling ethereum-types v0.14.1
[INFO] [stderr]    Compiling hyper v0.14.27
[INFO] [stderr]    Compiling ethabi v18.0.0
[INFO] [stderr]    Compiling hyper-tls v0.5.0
[INFO] [stderr]    Compiling reqwest v0.11.18
[INFO] [stderr]    Compiling neo-web3 v0.1.0 (/opt/rustwide/workdir)
[INFO] [stdout] warning: unexpected `cfg` condition value: `http-rustls`
[INFO] [stdout]  --> src/transports/mod.rs:9:29
[INFO] [stdout]   |
[INFO] [stdout] 9 | #[cfg(any(feature = "http", feature = "http-rustls"))]
[INFO] [stdout]   |                             ^^^^^^^^^^-------------
[INFO] [stdout]   |                                       |
[INFO] [stdout]   |                                       help: there is a expected value with a similar name: `"http-tls"`
[INFO] [stdout]   |
[INFO] [stdout]   = note: expected values for `feature` are: `_http_base`, `allow-missing-fields`, `arbitrary_precision`, `async-native-tls`, `async-std`, `base64`, `bytes`, `default`, `eip-1193`, `getrandom`, `headers`, `http`, `http-native-tls`, `http-rustls-tls`, `http-tls`, `ipc-tokio`, `js-sys`, `once_cell`, `rand`, `reqwest`, `secp256k1`, `serde-wasm-bindgen`, `signing`, `soketto`, `test`, `tokio`, `tokio-stream`, `tokio-util`, `url`, `wasm`, `wasm-bindgen`, `wasm-bindgen-futures`, `ws-async-std`, `ws-tls-async-std`, and `ws-tls-tokio` and 1 more
[INFO] [stdout]   = help: consider adding `http-rustls` as a feature in `Cargo.toml`
[INFO] [stdout]   = note: see <https://doc.rust-lang.org/nightly/rustc/check-cfg/cargo-specifics.html> for more information about checking conditional configuration
[INFO] [stdout]   = note: `#[warn(unexpected_cfgs)]` on by default
[INFO] [stdout] 
[INFO] [stdout] 
[INFO] [stdout] warning: unexpected `cfg` condition value: `http-rustls`
[INFO] [stdout]   --> src/transports/mod.rs:11:29
[INFO] [stdout]    |
[INFO] [stdout] 11 | #[cfg(any(feature = "http", feature = "http-rustls"))]
[INFO] [stdout]    |                             ^^^^^^^^^^-------------
[INFO] [stdout]    |                                       |
[INFO] [stdout]    |                                       help: there is a expected value with a similar name: `"http-tls"`
[INFO] [stdout]    |
[INFO] [stdout]    = note: expected values for `feature` are: `_http_base`, `allow-missing-fields`, `arbitrary_precision`, `async-native-tls`, `async-std`, `base64`, `bytes`, `default`, `eip-1193`, `getrandom`, `headers`, `http`, `http-native-tls`, `http-rustls-tls`, `http-tls`, `ipc-tokio`, `js-sys`, `once_cell`, `rand`, `reqwest`, `secp256k1`, `serde-wasm-bindgen`, `signing`, `soketto`, `test`, `tokio`, `tokio-stream`, `tokio-util`, `url`, `wasm`, `wasm-bindgen`, `wasm-bindgen-futures`, `ws-async-std`, `ws-tls-async-std`, and `ws-tls-tokio` and 1 more
[INFO] [stdout]    = help: consider adding `http-rustls` as a feature in `Cargo.toml`
[INFO] [stdout]    = note: see <https://doc.rust-lang.org/nightly/rustc/check-cfg/cargo-specifics.html> for more information about checking conditional configuration
[INFO] [stdout] 
[INFO] [stdout] 
[INFO] [stdout] warning: unused import: `BigEndianHash`
[INFO] [stdout]  --> src/types/uint.rs:1:26
[INFO] [stdout]   |
[INFO] [stdout] 1 | pub use ethereum_types::{BigEndianHash, Bloom as H2048, H128, H160, H256, H512, H520, H64, U128, U256, U64};
[INFO] [stdout]   |                          ^^^^^^^^^^^^^
[INFO] [stdout]   |
[INFO] [stdout]   = note: `#[warn(unused_imports)]` on by default
[INFO] [stdout] 
[INFO] [stdout] 
[INFO] [stderr]     Finished `dev` profile [unoptimized + debuginfo] target(s) in 39.65s
[INFO] running `Command { std: "docker" "inspect" "982fd1b6183feadca5fb08fc0afc482be9084987bd9834f3ee3a2ed26c89c5ba", kill_on_drop: false }`
[INFO] running `Command { std: "docker" "rm" "-f" "982fd1b6183feadca5fb08fc0afc482be9084987bd9834f3ee3a2ed26c89c5ba", kill_on_drop: false }`
[INFO] [stdout] 982fd1b6183feadca5fb08fc0afc482be9084987bd9834f3ee3a2ed26c89c5ba
[INFO] running `Command { std: "docker" "create" "-v" "/var/lib/crater-agent-workspace/builds/worker-3-tc2/target:/opt/rustwide/target:rw,Z" "-v" "/var/lib/crater-agent-workspace/builds/worker-3-tc2/source:/opt/rustwide/workdir:ro,Z" "-v" "/var/lib/crater-agent-workspace/cargo-home:/opt/rustwide/cargo-home:ro,Z" "-v" "/var/lib/crater-agent-workspace/rustup-home:/opt/rustwide/rustup-home:ro,Z" "-e" "SOURCE_DIR=/opt/rustwide/workdir" "-e" "CARGO_TARGET_DIR=/opt/rustwide/target" "-e" "CARGO_INCREMENTAL=0" "-e" "RUST_BACKTRACE=full" "-e" "RUSTFLAGS=--cap-lints=forbid -Zrandomize-layout" "-e" "RUSTDOCFLAGS=--cap-lints=forbid" "-e" "CARGO_HOME=/opt/rustwide/cargo-home" "-e" "RUSTUP_HOME=/opt/rustwide/rustup-home" "-w" "/opt/rustwide/workdir" "-m" "1610612736" "--user" "0:0" "--network" "none" "ghcr.io/rust-lang/crates-build-env/linux@sha256:4a844ea9eb2546a2d2c7022eacef16ef2e8229c7fbb2c7d4d55a9ceca922f72d" "/opt/rustwide/cargo-home/bin/cargo" "+nightly-2024-10-28" "test" "--frozen" "--no-run" "--message-format=json", kill_on_drop: false }`
[INFO] [stdout] 2dd76f609bad50b6a37e83325e4c1df249f30d0ac68831d886d97adce3793629
[INFO] running `Command { std: "docker" "start" "-a" "2dd76f609bad50b6a37e83325e4c1df249f30d0ac68831d886d97adce3793629", kill_on_drop: false }`
[INFO] [stderr]    Compiling wasm-bindgen-shared v0.2.87
[INFO] [stderr]    Compiling bumpalo v3.13.0
[INFO] [stderr]    Compiling wasm-bindgen v0.2.87
[INFO] [stderr]    Compiling rustix v0.38.4
[INFO] [stderr]    Compiling bitflags v2.3.3
[INFO] [stderr]    Compiling linux-raw-sys v0.4.3
[INFO] [stderr]    Compiling wasm-bindgen-test-macro v0.3.37
[INFO] [stderr]    Compiling humantime v2.1.0
[INFO] [stderr]    Compiling scoped-tls v1.0.1
[INFO] [stderr]    Compiling termcolor v1.2.0
[INFO] [stderr]    Compiling hex-literal v0.4.1
[INFO] [stdout] warning: unexpected `cfg` condition value: `http-rustls`
[INFO] [stdout]  --> src/transports/mod.rs:9:29
[INFO] [stdout]   |
[INFO] [stdout] 9 | #[cfg(any(feature = "http", feature = "http-rustls"))]
[INFO] [stdout]   |                             ^^^^^^^^^^-------------
[INFO] [stdout]   |                                       |
[INFO] [stdout]   |                                       help: there is a expected value with a similar name: `"http-tls"`
[INFO] [stdout]   |
[INFO] [stdout]   = note: expected values for `feature` are: `_http_base`, `allow-missing-fields`, `arbitrary_precision`, `async-native-tls`, `async-std`, `base64`, `bytes`, `default`, `eip-1193`, `getrandom`, `headers`, `http`, `http-native-tls`, `http-rustls-tls`, `http-tls`, `ipc-tokio`, `js-sys`, `once_cell`, `rand`, `reqwest`, `secp256k1`, `serde-wasm-bindgen`, `signing`, `soketto`, `test`, `tokio`, `tokio-stream`, `tokio-util`, `url`, `wasm`, `wasm-bindgen`, `wasm-bindgen-futures`, `ws-async-std`, `ws-tls-async-std`, and `ws-tls-tokio` and 1 more
[INFO] [stdout]   = help: consider adding `http-rustls` as a feature in `Cargo.toml`
[INFO] [stdout]   = note: see <https://doc.rust-lang.org/nightly/rustc/check-cfg/cargo-specifics.html> for more information about checking conditional configuration
[INFO] [stdout]   = note: `#[warn(unexpected_cfgs)]` on by default
[INFO] [stdout] 
[INFO] [stdout] 
[INFO] [stdout] warning: unexpected `cfg` condition value: `http-rustls`
[INFO] [stdout]   --> src/transports/mod.rs:11:29
[INFO] [stdout]    |
[INFO] [stdout] 11 | #[cfg(any(feature = "http", feature = "http-rustls"))]
[INFO] [stdout]    |                             ^^^^^^^^^^-------------
[INFO] [stdout]    |                                       |
[INFO] [stdout]    |                                       help: there is a expected value with a similar name: `"http-tls"`
[INFO] [stdout]    |
[INFO] [stdout]    = note: expected values for `feature` are: `_http_base`, `allow-missing-fields`, `arbitrary_precision`, `async-native-tls`, `async-std`, `base64`, `bytes`, `default`, `eip-1193`, `getrandom`, `headers`, `http`, `http-native-tls`, `http-rustls-tls`, `http-tls`, `ipc-tokio`, `js-sys`, `once_cell`, `rand`, `reqwest`, `secp256k1`, `serde-wasm-bindgen`, `signing`, `soketto`, `test`, `tokio`, `tokio-stream`, `tokio-util`, `url`, `wasm`, `wasm-bindgen`, `wasm-bindgen-futures`, `ws-async-std`, `ws-tls-async-std`, and `ws-tls-tokio` and 1 more
[INFO] [stdout]    = help: consider adding `http-rustls` as a feature in `Cargo.toml`
[INFO] [stdout]    = note: see <https://doc.rust-lang.org/nightly/rustc/check-cfg/cargo-specifics.html> for more information about checking conditional configuration
[INFO] [stdout] 
[INFO] [stdout] 
[INFO] [stdout] warning: unused import: `BigEndianHash`
[INFO] [stdout]  --> src/types/uint.rs:1:26
[INFO] [stdout]   |
[INFO] [stdout] 1 | pub use ethereum_types::{BigEndianHash, Bloom as H2048, H128, H160, H256, H512, H520, H64, U128, U256, U64};
[INFO] [stdout]   |                          ^^^^^^^^^^^^^
[INFO] [stdout]   |
[INFO] [stdout]   = note: `#[warn(unused_imports)]` on by default
[INFO] [stdout] 
[INFO] [stdout] 
[INFO] [stderr]    Compiling wasm-bindgen-backend v0.2.87
[INFO] [stderr]    Compiling is-terminal v0.4.9
[INFO] [stderr]    Compiling env_logger v0.10.0
[INFO] [stderr]    Compiling wasm-bindgen-macro-support v0.2.87
[INFO] [stderr]    Compiling wasm-bindgen-macro v0.2.87
[INFO] [stderr]    Compiling js-sys v0.3.64
[INFO] [stderr]    Compiling console_error_panic_hook v0.1.7
[INFO] [stderr]    Compiling wasm-bindgen-futures v0.4.37
[INFO] [stderr]    Compiling wasm-bindgen-test v0.3.37
[INFO] [stderr]    Compiling neo-web3 v0.1.0 (/opt/rustwide/workdir)
[INFO] [stdout] warning: unexpected `cfg` condition value: `http-rustls`
[INFO] [stdout]  --> src/transports/mod.rs:9:29
[INFO] [stdout]   |
[INFO] [stdout] 9 | #[cfg(any(feature = "http", feature = "http-rustls"))]
[INFO] [stdout]   |                             ^^^^^^^^^^-------------
[INFO] [stdout]   |                                       |
[INFO] [stdout]   |                                       help: there is a expected value with a similar name: `"http-tls"`
[INFO] [stdout]   |
[INFO] [stdout]   = note: expected values for `feature` are: `_http_base`, `allow-missing-fields`, `arbitrary_precision`, `async-native-tls`, `async-std`, `base64`, `bytes`, `default`, `eip-1193`, `getrandom`, `headers`, `http`, `http-native-tls`, `http-rustls-tls`, `http-tls`, `ipc-tokio`, `js-sys`, `once_cell`, `rand`, `reqwest`, `secp256k1`, `serde-wasm-bindgen`, `signing`, `soketto`, `test`, `tokio`, `tokio-stream`, `tokio-util`, `url`, `wasm`, `wasm-bindgen`, `wasm-bindgen-futures`, `ws-async-std`, `ws-tls-async-std`, and `ws-tls-tokio` and 1 more
[INFO] [stdout]   = help: consider adding `http-rustls` as a feature in `Cargo.toml`
[INFO] [stdout]   = note: see <https://doc.rust-lang.org/nightly/rustc/check-cfg/cargo-specifics.html> for more information about checking conditional configuration
[INFO] [stdout]   = note: `#[warn(unexpected_cfgs)]` on by default
[INFO] [stdout] 
[INFO] [stdout] 
[INFO] [stdout] warning: unexpected `cfg` condition value: `http-rustls`
[INFO] [stdout]   --> src/transports/mod.rs:11:29
[INFO] [stdout]    |
[INFO] [stdout] 11 | #[cfg(any(feature = "http", feature = "http-rustls"))]
[INFO] [stdout]    |                             ^^^^^^^^^^-------------
[INFO] [stdout]    |                                       |
[INFO] [stdout]    |                                       help: there is a expected value with a similar name: `"http-tls"`
[INFO] [stdout]    |
[INFO] [stdout]    = note: expected values for `feature` are: `_http_base`, `allow-missing-fields`, `arbitrary_precision`, `async-native-tls`, `async-std`, `base64`, `bytes`, `default`, `eip-1193`, `getrandom`, `headers`, `http`, `http-native-tls`, `http-rustls-tls`, `http-tls`, `ipc-tokio`, `js-sys`, `once_cell`, `rand`, `reqwest`, `secp256k1`, `serde-wasm-bindgen`, `signing`, `soketto`, `test`, `tokio`, `tokio-stream`, `tokio-util`, `url`, `wasm`, `wasm-bindgen`, `wasm-bindgen-futures`, `ws-async-std`, `ws-tls-async-std`, and `ws-tls-tokio` and 1 more
[INFO] [stdout]    = help: consider adding `http-rustls` as a feature in `Cargo.toml`
[INFO] [stdout]    = note: see <https://doc.rust-lang.org/nightly/rustc/check-cfg/cargo-specifics.html> for more information about checking conditional configuration
[INFO] [stdout] 
[INFO] [stdout] 
[INFO] [stdout] warning: missing documentation for a module
[INFO] [stdout]    --> src/helpers.rs:110:1
[INFO] [stdout]     |
[INFO] [stdout] 110 | pub mod tests {
[INFO] [stdout]     | ^^^^^^^^^^^^^
[INFO] [stdout]     |
[INFO] [stdout] note: the lint level is defined here
[INFO] [stdout]    --> src/lib.rs:10:9
[INFO] [stdout]     |
[INFO] [stdout] 10  | #![warn(missing_docs)]
[INFO] [stdout]     |         ^^^^^^^^^^^^
[INFO] [stdout] 
[INFO] [stdout] 
[INFO] [stderr]     Finished `test` profile [unoptimized + debuginfo] target(s) in 22.09s
[INFO] [stderr] warning: the following packages contain code that will be rejected by a future version of Rust: wasm-bindgen v0.2.87
[INFO] [stderr] note: to see what the problems were, use the option `--future-incompat-report`, or run `cargo report future-incompatibilities --id 1`
[INFO] running `Command { std: "docker" "inspect" "2dd76f609bad50b6a37e83325e4c1df249f30d0ac68831d886d97adce3793629", kill_on_drop: false }`
[INFO] running `Command { std: "docker" "rm" "-f" "2dd76f609bad50b6a37e83325e4c1df249f30d0ac68831d886d97adce3793629", kill_on_drop: false }`
[INFO] [stdout] 2dd76f609bad50b6a37e83325e4c1df249f30d0ac68831d886d97adce3793629
[INFO] running `Command { std: "docker" "create" "-v" "/var/lib/crater-agent-workspace/builds/worker-3-tc2/target:/opt/rustwide/target:rw,Z" "-v" "/var/lib/crater-agent-workspace/builds/worker-3-tc2/source:/opt/rustwide/workdir:ro,Z" "-v" "/var/lib/crater-agent-workspace/cargo-home:/opt/rustwide/cargo-home:ro,Z" "-v" "/var/lib/crater-agent-workspace/rustup-home:/opt/rustwide/rustup-home:ro,Z" "-e" "SOURCE_DIR=/opt/rustwide/workdir" "-e" "CARGO_TARGET_DIR=/opt/rustwide/target" "-e" "CARGO_INCREMENTAL=0" "-e" "RUST_BACKTRACE=full" "-e" "RUSTFLAGS=--cap-lints=forbid -Zrandomize-layout" "-e" "RUSTDOCFLAGS=--cap-lints=forbid" "-e" "CARGO_HOME=/opt/rustwide/cargo-home" "-e" "RUSTUP_HOME=/opt/rustwide/rustup-home" "-w" "/opt/rustwide/workdir" "-m" "1610612736" "--user" "0:0" "--network" "none" "ghcr.io/rust-lang/crates-build-env/linux@sha256:4a844ea9eb2546a2d2c7022eacef16ef2e8229c7fbb2c7d4d55a9ceca922f72d" "/opt/rustwide/cargo-home/bin/cargo" "+nightly-2024-10-28" "test" "--frozen", kill_on_drop: false }`
[INFO] [stdout] 75fc1c9c26b80308b8e0fe24899e3949c38bddf8b497f377090d99bcd44c9c6d
[INFO] running `Command { std: "docker" "start" "-a" "75fc1c9c26b80308b8e0fe24899e3949c38bddf8b497f377090d99bcd44c9c6d", kill_on_drop: false }`
[INFO] [stderr] warning: unexpected `cfg` condition value: `http-rustls`
[INFO] [stderr]  --> src/transports/mod.rs:9:29
[INFO] [stderr]   |
[INFO] [stderr] 9 | #[cfg(any(feature = "http", feature = "http-rustls"))]
[INFO] [stderr]   |                             ^^^^^^^^^^-------------
[INFO] [stderr]   |                                       |
[INFO] [stderr]   |                                       help: there is a expected value with a similar name: `"http-tls"`
[INFO] [stderr]   |
[INFO] [stderr]   = note: expected values for `feature` are: `_http_base`, `allow-missing-fields`, `arbitrary_precision`, `async-native-tls`, `async-std`, `base64`, `bytes`, `default`, `eip-1193`, `getrandom`, `headers`, `http`, `http-native-tls`, `http-rustls-tls`, `http-tls`, `ipc-tokio`, `js-sys`, `once_cell`, `rand`, `reqwest`, `secp256k1`, `serde-wasm-bindgen`, `signing`, `soketto`, `test`, `tokio`, `tokio-stream`, `tokio-util`, `url`, `wasm`, `wasm-bindgen`, `wasm-bindgen-futures`, `ws-async-std`, `ws-tls-async-std`, and `ws-tls-tokio` and 1 more
[INFO] [stderr]   = help: consider adding `http-rustls` as a feature in `Cargo.toml`
[INFO] [stderr]   = note: see <https://doc.rust-lang.org/nightly/rustc/check-cfg/cargo-specifics.html> for more information about checking conditional configuration
[INFO] [stderr]   = note: `#[warn(unexpected_cfgs)]` on by default
[INFO] [stderr] 
[INFO] [stderr] warning: unexpected `cfg` condition value: `http-rustls`
[INFO] [stderr]   --> src/transports/mod.rs:11:29
[INFO] [stderr]    |
[INFO] [stderr] 11 | #[cfg(any(feature = "http", feature = "http-rustls"))]
[INFO] [stderr]    |                             ^^^^^^^^^^-------------
[INFO] [stderr]    |                                       |
[INFO] [stderr]    |                                       help: there is a expected value with a similar name: `"http-tls"`
[INFO] [stderr]    |
[INFO] [stderr]    = note: expected values for `feature` are: `_http_base`, `allow-missing-fields`, `arbitrary_precision`, `async-native-tls`, `async-std`, `base64`, `bytes`, `default`, `eip-1193`, `getrandom`, `headers`, `http`, `http-native-tls`, `http-rustls-tls`, `http-tls`, `ipc-tokio`, `js-sys`, `once_cell`, `rand`, `reqwest`, `secp256k1`, `serde-wasm-bindgen`, `signing`, `soketto`, `test`, `tokio`, `tokio-stream`, `tokio-util`, `url`, `wasm`, `wasm-bindgen`, `wasm-bindgen-futures`, `ws-async-std`, `ws-tls-async-std`, and `ws-tls-tokio` and 1 more
[INFO] [stderr]    = help: consider adding `http-rustls` as a feature in `Cargo.toml`
[INFO] [stderr]    = note: see <https://doc.rust-lang.org/nightly/rustc/check-cfg/cargo-specifics.html> for more information about checking conditional configuration
[INFO] [stderr] 
[INFO] [stderr] warning: unused import: `BigEndianHash`
[INFO] [stderr]  --> src/types/uint.rs:1:26
[INFO] [stderr]   |
[INFO] [stderr] 1 | pub use ethereum_types::{BigEndianHash, Bloom as H2048, H128, H160, H256, H512, H520, H64, U128, U256, U64};
[INFO] [stderr]   |                          ^^^^^^^^^^^^^
[INFO] [stderr]   |
[INFO] [stderr]   = note: `#[warn(unused_imports)]` on by default
[INFO] [stderr] 
[INFO] [stderr] warning: `neo-web3` (lib) generated 3 warnings (run `cargo fix --lib -p neo-web3` to apply 1 suggestion)
[INFO] [stderr] warning: missing documentation for a module
[INFO] [stderr]    --> src/helpers.rs:110:1
[INFO] [stderr]     |
[INFO] [stderr] 110 | pub mod tests {
[INFO] [stderr]     | ^^^^^^^^^^^^^
[INFO] [stderr]     |
[INFO] [stderr] note: the lint level is defined here
[INFO] [stderr]    --> src/lib.rs:10:9
[INFO] [stderr]     |
[INFO] [stderr] 10  | #![warn(missing_docs)]
[INFO] [stderr]     |         ^^^^^^^^^^^^
[INFO] [stderr] 
[INFO] [stderr] warning: `neo-web3` (lib test) generated 3 warnings (2 duplicates)
[INFO] [stderr]     Finished `test` profile [unoptimized + debuginfo] target(s) in 0.40s
[INFO] [stderr] warning: the following packages contain code that will be rejected by a future version of Rust: wasm-bindgen v0.2.87
[INFO] [stderr] note: to see what the problems were, use the option `--future-incompat-report`, or run `cargo report future-incompatibilities --id 1`
[INFO] [stderr]      Running unittests src/lib.rs (/opt/rustwide/target/debug/deps/neo_web3-974787eb50357559)
[INFO] [stdout] 
[INFO] [stdout] running 186 tests
[INFO] [stdout] test api::accounts::tests::accounts_hash_message ... ok
[INFO] [stdout] test api::accounts::tests::accounts_sign ... ok
[INFO] [stdout] test api::accounts::tests::accounts_recover ... ok
[INFO] [stdout] test api::eth::tests::accounts ... ok
[INFO] [stdout] test api::eth::tests::balance ... ok
[INFO] [stdout] test api::accounts::tests::sign_transaction_data ... ok
[INFO] [stdout] test api::accounts::tests::accounts_sign_transaction ... ok
[INFO] [stdout] test api::eth::tests::block_transaction_count ... ok
[INFO] [stdout] test api::eth::tests::block_tx_count_by_hash ... ok
[INFO] [stdout] test api::eth::tests::block ... ok
[INFO] [stdout] test api::eth::tests::block_number ... ok
[INFO] [stdout] test api::eth::tests::call ... ok
[INFO] [stdout] test api::eth::tests::chain_id ... ok
[INFO] [stdout] test api::eth::tests::block_with_txs ... ok
[INFO] [stdout] test api::accounts::tests::accounts_sign_transaction_with_all_parameters ... ok
[INFO] [stdout] test api::eth::tests::block_by_hash ... ok
[INFO] [stdout] test api::eth::tests::code ... ok
[INFO] [stdout] test api::eth::tests::compile_lll ... ok
[INFO] [stdout] test api::eth::tests::compile_solidity ... ok
[INFO] [stdout] test api::eth::tests::coinbase ... ok
[INFO] [stdout] test api::eth::tests::estimate_gas ... ok
[INFO] [stdout] test api::eth::tests::compile_serpent ... ok
[INFO] [stdout] test api::eth::tests::for_block ... ok
[INFO] [stdout] test api::eth::tests::fee_history ... ok
[INFO] [stdout] test api::eth::tests::gas_price ... ok
[INFO] [stdout] test api::eth::tests::hashrate ... ok
[INFO] [stdout] test api::eth::tests::new_pending_transaction_filter ... ok
[INFO] [stdout] test api::eth::tests::new_block_filter ... ok
[INFO] [stdout] test api::eth::tests::mining ... ok
[INFO] [stdout] test api::eth::tests::optional_to_addr ... ok
[INFO] [stdout] test api::eth::tests::not_syncing ... ok
[INFO] [stdout] test api::eth::tests::logs ... ok
[INFO] [stdout] test api::accounts::tests::accounts_recover_signed ... ok
[INFO] [stdout] test api::eth::tests::protocol_version ... ok
[INFO] [stdout] test api::eth::tests::compilers ... ok
[INFO] [stdout] test api::eth::tests::send_raw_transaction ... ok
[INFO] [stdout] test api::eth::tests::proof ... ok
[INFO] [stdout] test api::eth::tests::storage ... ok
[INFO] [stdout] test api::eth::tests::send_transaction ... ok
[INFO] [stdout] test api::eth::tests::sign ... ok
[INFO] [stdout] test api::eth::tests::submit_hashrate ... ok
[INFO] [stdout] test api::eth::tests::submit_work ... ok
[INFO] [stdout] test api::eth::tests::syncing ... ok
[INFO] [stdout] test api::eth::tests::transaction_count ... ok
[INFO] [stdout] test api::eth::tests::tx_by_block_hash_and_index ... ok
[INFO] [stdout] test api::eth::tests::uncle_by_no ... ok
[INFO] [stdout] test api::eth::tests::tx_by_block_no_and_index ... ok
[INFO] [stdout] test api::eth::tests::transaction_receipt ... ok
[INFO] [stdout] test api::eth::tests::uncle_by_hash ... ok
[INFO] [stdout] test api::eth::tests::tx_by_hash ... ok
[INFO] [stdout] test api::eth::tests::work_3 ... ok
[INFO] [stdout] test api::eth::tests::work_4 ... ok
[INFO] [stdout] test api::eth::tests::uncle_count_by_hash ... ok
[INFO] [stdout] test api::eth::tests::uncle_header_by_hash ... ok
[INFO] [stdout] test api::eth_filter::tests::blocks_filter ... ok
[INFO] [stdout] test api::eth_filter::tests::blocks_filter_poll ... ok
[INFO] [stdout] test api::eth::tests::uncle_count_by_no ... ok
[INFO] [stdout] test api::eth_filter::tests::logs_filter ... ok
[INFO] [stdout] test api::eth_filter::tests::logs_filter_poll ... ok
[INFO] [stdout] test api::eth_filter::tests::pending_transactions_filter ... ok
[INFO] [stdout] test api::net::tests::is_listening ... ok
[INFO] [stdout] test api::eth_filter::tests::logs_filter_get_logs ... ok
[INFO] [stdout] test api::eth_filter::tests::create_pending_transactions_filter_poll ... ok
[INFO] [stdout] test api::net::tests::peer_count ... ok
[INFO] [stdout] test api::net::tests::version ... ok
[INFO] [stdout] test api::eth_filter::tests::blocks_filter_stream ... ok
[INFO] [stdout] test api::parity_accounts::tests::new_account_from_secret ... ok
[INFO] [stdout] test api::parity_accounts::tests::parity_remove_address ... ok
[INFO] [stdout] test api::parity_set::tests::accept_non_reserved_peers ... ok
[INFO] [stdout] test api::parity_accounts::tests::parity_kill_account ... ok
[INFO] [stdout] test api::parity_accounts::tests::parity_new_account_from_wallet ... ok
[INFO] [stdout] test api::parity::tests::call ... ok
[INFO] [stdout] test api::parity_set::tests::add_reserved_peer ... ok
[INFO] [stdout] test api::parity::tests::pending_transactions ... ok
[INFO] [stdout] test api::parity_accounts::tests::parity_new_account_from_phrase ... ok
[INFO] [stdout] test api::parity_set::tests::drop_non_reserved_peers ... ok
[INFO] [stdout] test api::parity_set::tests::execute_upgrade ... ok
[INFO] [stdout] test api::parity_set::tests::hash_content ... ok
[INFO] [stdout] test api::parity_set::tests::parity_net_peers ... ok
[INFO] [stdout] test api::parity_set::tests::remove_reserved_peer ... ok
[INFO] [stdout] test api::parity_set::tests::set_author ... ok
[INFO] [stdout] test api::parity_set::tests::set_chain ... ok
[INFO] [stdout] test api::parity_set::tests::set_engine_signer ... ok
[INFO] [stdout] test api::parity_set::tests::set_extra_data ... ok
[INFO] [stdout] test api::parity_set::tests::set_gas_floor_target ... ok
[INFO] [stdout] test api::parity_set::tests::set_gas_ceil_target ... ok
[INFO] [stdout] test api::parity_set::tests::set_min_gas_price ... ok
[INFO] [stdout] test api::parity_set::tests::set_max_transaction_gas ... ok
[INFO] [stdout] test api::parity_set::tests::set_mode ... ok
[INFO] [stdout] test api::parity_set::tests::set_transactions_limit ... ok
[INFO] [stdout] test api::parity_set::tests::upgrade_ready ... ok
[INFO] [stdout] test api::personal::tests::import_raw_key ... ok
[INFO] [stdout] test api::personal::tests::list_accounts ... ok
[INFO] [stdout] test api::personal::tests::new_account ... ok
[INFO] [stdout] test api::personal::tests::sign ... ok
[INFO] [stdout] test api::personal::tests::unlock_account ... ok
[INFO] [stdout] test api::personal::tests::send_transaction ... ok
[INFO] [stdout] test api::personal::tests::sign_transaction ... ok
[INFO] [stdout] test api::traces::tests::filter ... ok
[INFO] [stdout] test api::traces::tests::get ... ok
[INFO] [stdout] test api::traces::tests::call ... ok
[INFO] [stdout] test api::traces::tests::raw_transaction ... ok
[INFO] [stdout] test api::traces::tests::block ... ok
[INFO] [stdout] test api::traces::tests::replay_transaction ... ok
[INFO] [stdout] test api::traces::tests::transaction ... ok
[INFO] [stdout] test api::txpool::tests::content ... ok
[INFO] [stdout] test api::web3::tests::sha3 ... ok
[INFO] [stdout] test api::txpool::tests::status ... ok
[INFO] [stdout] test api::web3::tests::client_version ... ok
[INFO] [stdout] test api::txpool::tests::inspect ... ok
[INFO] [stdout] test api::traces::tests::replay_block_transactions ... ok
[INFO] [stdout] test confirm::tests::test_send_transaction_with_confirmation ... ok
[INFO] [stdout] test contract::tests::should_call_a_contract_function ... ok
[INFO] [stdout] test contract::tests::should_call_constant_function ... ok
[INFO] [stdout] test contract::tests::should_call_constant_function_by_hash ... ok
[INFO] [stdout] test contract::tests::should_estimate_gas_usage ... ok
[INFO] [stdout] test contract::tokens::tests::should_be_able_to_compile ... ignored
[INFO] [stdout] test contract::tokens::tests::should_decode_array_of_bytes ... ok
[INFO] [stdout] test contract::tokens::tests::should_decode_array_of_fixed_bytes ... ok
[INFO] [stdout] test contract::tokens::tests::should_sign_extend_negative_integers ... ok
[INFO] [stdout] test signing::tests::name_hash_empty ... ok
[INFO] [stdout] test tests::should_allow_to_use_arc_as_transport ... ok
[INFO] [stdout] test contract::tests::should_query_with_params ... ok
[INFO] [stdout] test signing::tests::name_hash_eth ... ok
[INFO] [stdout] test signing::tests::name_hash_foo_eth ... ok
[INFO] [stdout] test transports::http::tests::handles_batch_response_being_in_different_order_than_input ... ok
[INFO] [stdout] test contract::tests::should_query_single_parameter_function ... ok
[INFO] [stdout] test transports::ipc::test::works_for_batch_request ... ok
[INFO] [stdout] test transports::ipc::test::works_for_partial_batches ... ok
[INFO] [stdout] test transports::ipc::test::works_for_single_requests ... ok
[INFO] [stdout] test transports::ws::tests::bounds_matching ... ok
[INFO] [stdout] test types::block::tests::serialize_deserialize_block_number ... ok
[INFO] [stdout] test types::block::tests::post_london_block ... ok
[INFO] [stdout] test types::block::tests::block_miner ... ok
[INFO] [stdout] test transports::ws::tests::should_send_a_request ... ok
[INFO] [stdout] test types::log::tests::does_topic_filter_set_topics_correctly ... ok
[INFO] [stdout] test types::fee_history::tests::fee_history ... ok
[INFO] [stdout] test types::bytes::tests::deserialize ... ok
[INFO] [stdout] test types::log::tests::is_removed_log_type_and_removed_none ... ok
[INFO] [stdout] test types::log::tests::is_removed_log_type_mined ... ok
[INFO] [stdout] test types::log::tests::is_removed_log_type_removed ... ok
[INFO] [stdout] test types::log::tests::is_removed_removed_false ... ok
[INFO] [stdout] test types::recovery::tests::recovery_signature ... ok
[INFO] [stdout] test types::signed::tests::verify_transaction_default_gas ... ok
[INFO] [stdout] test types::sync_state::tests::should_deserialize_rpc_sync_info ... ok
[INFO] [stdout] test types::sync_state::tests::should_deserialize_subscription_not_syncing ... ok
[INFO] [stdout] test types::sync_state::tests::should_deserialize_boolean_not_syncing ... ok
[INFO] [stdout] test types::sync_state::tests::should_deserialize_subscription_sync_info ... ok
[INFO] [stdout] test types::sync_state::tests::should_not_deserialize_invalid_boolean_syncing ... ok
[INFO] [stdout] test types::trace_filtering::tests::test_deserialize_trace ... ok
[INFO] [stdout] test types::log::tests::is_removed_removed_true ... ok
[INFO] [stdout] test types::sync_state::tests::should_not_deserialize_invalid_subscription_syncing ... ok
[INFO] [stdout] test types::sync_state::tests::should_not_deserialize_invalid_subscription_not_syncing ... ok
[INFO] [stdout] test types::traces::tests::test_deserialize_blocktraces ... ok
[INFO] [stdout] test types::traces::tests::test_deserialize_blocktrace ... ok
[INFO] [stdout] test types::transaction::tests::should_deserialize_receipt_with_status ... ok
[INFO] [stdout] test types::transaction::tests::should_deserialize_receipt_without_from_to ... ok
[INFO] [stdout] test types::traces::tests::test_serialize_trace_type ... ok
[INFO] [stdout] test types::transaction::tests::test_deserialize_signed_tx_geth ... ok
[INFO] [stdout] test types::transaction::tests::test_deserialize_receipt ... ok
[INFO] [stdout] test types::transaction::tests::should_deserialize_receipt_without_to ... ok
[INFO] [stdout] test types::transaction::tests::should_deserialize_receipt_without_gas ... ok
[INFO] [stdout] test types::transaction::tests::test_deserialize_signed_tx_parity ... ok
[INFO] [stdout] test types::transaction_request::tests::should_build_call_request ... ok
[INFO] [stdout] test types::transaction_request::tests::should_build_default_call_request ... ok
[INFO] [stdout] test types::transaction_request::tests::should_deserialize_call_request ... ok
[INFO] [stdout] test types::transaction_request::tests::should_deserialize_transaction_request ... ok
[INFO] [stdout] test types::transaction_request::tests::should_build_default_transaction_request ... ok
[INFO] [stdout] test types::transaction_request::tests::should_build_transaction_request ... ok
[INFO] [stdout] test types::transaction_request::tests::should_serialize_call_request ... ok
[INFO] [stdout] test types::transaction_request::tests::should_serialize_transaction_request ... ok
[INFO] [stdout] test types::txpool::tests::should_deserialize_txpool_inspect ... ok
[INFO] [stdout] test types::txpool::tests::should_deserialize_txpool_status ... ok
[INFO] [stdout] test types::uint::tests::should_compare_correctly ... ok
[INFO] [stdout] test types::uint::tests::should_deserialize_u256 ... ok
[INFO] [stdout] test types::uint::tests::should_display_correctly ... ok
[INFO] [stdout] test types::uint::tests::should_deserialize_hash_correctly ... ok
[INFO] [stdout] test types::uint::tests::should_display_hash_correctly ... ok
[INFO] [stdout] test types::txpool::tests::should_deserialize_txpool_content ... ok
[INFO] [stdout] test types::uint::tests::should_serialize_u256 ... ok
[INFO] [stdout] test types::uint::tests::should_succesfully_deserialize_decimals ... ok
[INFO] [stdout] test types::uint::tests::test_to_from_u64 ... ok
[INFO] [stdout] test transports::http::tests::catch_generic_json_error_for_batched_request ... ok
[INFO] [stdout] test transports::http::tests::should_make_a_request ... FAILED
[INFO] [stdout] test contract::deploy::tests::should_deploy_a_contract ... ok
[INFO] [stdout] test contract::deploy::tests::deploy_linked_contract ... ok
[INFO] [stdout] 
[INFO] [stdout] failures:
[INFO] [stdout] 
[INFO] [stdout] ---- transports::http::tests::should_make_a_request stdout ----
[INFO] [stdout] thread 'transports::http::tests::should_make_a_request' panicked at /opt/rustwide/cargo-home/registry/src/index.crates.io-6f17d22bba15001f/hyper-0.14.27/src/server/server.rs:79:13:
[INFO] [stdout] error binding to 127.0.0.1:3001: error creating server listener: Address already in use (os error 98)
[INFO] [stdout] stack backtrace:
[INFO] [stdout]    0:     0x626e8c63071a - std::backtrace_rs::backtrace::libunwind::trace::h207520d6e9873551
[INFO] [stdout]                                at /rustc/df4ca44d3fbc9301ee17f30f4d474e6ae4b05252/library/std/src/../../backtrace/src/backtrace/libunwind.rs:116:5
[INFO] [stdout]    1:     0x626e8c63071a - std::backtrace_rs::backtrace::trace_unsynchronized::h2ed7433f370e3eca
[INFO] [stdout]                                at /rustc/df4ca44d3fbc9301ee17f30f4d474e6ae4b05252/library/std/src/../../backtrace/src/backtrace/mod.rs:66:5
[INFO] [stdout]    2:     0x626e8c63071a - std::sys::backtrace::_print_fmt::h916fac51166b18d7
[INFO] [stdout]                                at /rustc/df4ca44d3fbc9301ee17f30f4d474e6ae4b05252/library/std/src/sys/backtrace.rs:66:9
[INFO] [stdout]    3:     0x626e8c63071a - <std::sys::backtrace::BacktraceLock::print::DisplayBacktrace as core::fmt::Display>::fmt::ha0a4c9b8ce3802e6
[INFO] [stdout]                                at /rustc/df4ca44d3fbc9301ee17f30f4d474e6ae4b05252/library/std/src/sys/backtrace.rs:39:26
[INFO] [stdout]    4:     0x626e8c65b133 - core::fmt::rt::Argument::fmt::h4cfc8587d52b3eb5
[INFO] [stdout]                                at /rustc/df4ca44d3fbc9301ee17f30f4d474e6ae4b05252/library/core/src/fmt/rt.rs:177:76
[INFO] [stdout]    5:     0x626e8c65b133 - core::fmt::write::h522cc39e5b36ae9f
[INFO] [stdout]                                at /rustc/df4ca44d3fbc9301ee17f30f4d474e6ae4b05252/library/core/src/fmt/mod.rs:1190:21
[INFO] [stdout]    6:     0x626e8c62c543 - std::io::Write::write_fmt::h7d3c26752da97734
[INFO] [stdout]                                at /rustc/df4ca44d3fbc9301ee17f30f4d474e6ae4b05252/library/std/src/io/mod.rs:1839:15
[INFO] [stdout]    7:     0x626e8c630562 - std::sys::backtrace::BacktraceLock::print::h4b9e00b29e9c0942
[INFO] [stdout]                                at /rustc/df4ca44d3fbc9301ee17f30f4d474e6ae4b05252/library/std/src/sys/backtrace.rs:42:9
[INFO] [stdout]    8:     0x626e8c631baa - std::panicking::default_hook::{{closure}}::hb59b88280d0324d9
[INFO] [stdout]                                at /rustc/df4ca44d3fbc9301ee17f30f4d474e6ae4b05252/library/std/src/panicking.rs:268:22
[INFO] [stdout]    9:     0x626e8c6319b4 - std::panicking::default_hook::he1dd496665be4a29
[INFO] [stdout]                                at /rustc/df4ca44d3fbc9301ee17f30f4d474e6ae4b05252/library/std/src/panicking.rs:292:9
[INFO] [stdout]   10:     0x626e8beaa6f9 - <alloc::boxed::Box<F,A> as core::ops::function::Fn<Args>>::call::h4ff71de18744e1dc
[INFO] [stdout]                                at /rustc/df4ca44d3fbc9301ee17f30f4d474e6ae4b05252/library/alloc/src/boxed.rs:2468:9
[INFO] [stdout]   11:     0x626e8beaa6f9 - test::test_main::{{closure}}::hcf7c055ce117aa81
[INFO] [stdout]                                at /rustc/df4ca44d3fbc9301ee17f30f4d474e6ae4b05252/library/test/src/lib.rs:133:21
[INFO] [stdout]   12:     0x626e8c6322a8 - <alloc::boxed::Box<F,A> as core::ops::function::Fn<Args>>::call::h1d66c6bbd60c9692
[INFO] [stdout]                                at /rustc/df4ca44d3fbc9301ee17f30f4d474e6ae4b05252/library/alloc/src/boxed.rs:2468:9
[INFO] [stdout]   13:     0x626e8c6322a8 - std::panicking::rust_panic_with_hook::h2ff17fe8f26dfcf8
[INFO] [stdout]                                at /rustc/df4ca44d3fbc9301ee17f30f4d474e6ae4b05252/library/std/src/panicking.rs:809:13
[INFO] [stdout]   14:     0x626e8c63206a - std::panicking::begin_panic_handler::{{closure}}::h4fad77951c07e101
[INFO] [stdout]                                at /rustc/df4ca44d3fbc9301ee17f30f4d474e6ae4b05252/library/std/src/panicking.rs:674:13
[INFO] [stdout]   15:     0x626e8c630bf9 - std::sys::backtrace::__rust_end_short_backtrace::hb1a25b3da5d0ea08
[INFO] [stdout]                                at /rustc/df4ca44d3fbc9301ee17f30f4d474e6ae4b05252/library/std/src/sys/backtrace.rs:170:18
[INFO] [stdout]   16:     0x626e8c631cfc - rust_begin_unwind
[INFO] [stdout]                                at /rustc/df4ca44d3fbc9301ee17f30f4d474e6ae4b05252/library/std/src/panicking.rs:665:5
[INFO] [stdout]   17:     0x626e8c658fe0 - core::panicking::panic_fmt::ha9db07b529f9b256
[INFO] [stdout]                                at /rustc/df4ca44d3fbc9301ee17f30f4d474e6ae4b05252/library/core/src/panicking.rs:75:14
[INFO] [stdout]   18:     0x626e8c0c52d6 - hyper::server::server::Server<hyper::server::tcp::AddrIncoming,()>::bind::{{closure}}::hf5ec9bad1c455d1d
[INFO] [stdout]                                at /opt/rustwide/cargo-home/registry/src/index.crates.io-6f17d22bba15001f/hyper-0.14.27/src/server/server.rs:79:13
[INFO] [stdout]   19:     0x626e8c0c5d72 - core::result::Result<T,E>::unwrap_or_else::hc3a0080b4c3efd2e
[INFO] [stdout]                                at /rustc/df4ca44d3fbc9301ee17f30f4d474e6ae4b05252/library/core/src/result.rs:1457:23
[INFO] [stdout]   20:     0x626e8c0c5176 - hyper::server::server::Server<hyper::server::tcp::AddrIncoming,()>::bind::hc87608264079283d
[INFO] [stdout]                                at /opt/rustwide/cargo-home/registry/src/index.crates.io-6f17d22bba15001f/hyper-0.14.27/src/server/server.rs:78:24
[INFO] [stdout]   21:     0x626e8bbe4f51 - neo_web3::transports::http::tests::should_make_a_request::{{closure}}::he5b0c8532ea461b6
[INFO] [stdout]                                at /opt/rustwide/workdir/src/transports/http.rs:224:22
[INFO] [stdout]   22:     0x626e8bd08322 - <core::pin::Pin<P> as core::future::future::Future>::poll::h3b09767732e59cdf
[INFO] [stdout]                                at /rustc/df4ca44d3fbc9301ee17f30f4d474e6ae4b05252/library/core/src/future/future.rs:123:9
[INFO] [stdout]   23:     0x626e8bd081bd - <core::pin::Pin<P> as core::future::future::Future>::poll::h01fb33976e6eded2
[INFO] [stdout]                                at /rustc/df4ca44d3fbc9301ee17f30f4d474e6ae4b05252/library/core/src/future/future.rs:123:9
[INFO] [stdout]   24:     0x626e8baa824f - tokio::runtime::scheduler::current_thread::CoreGuard::block_on::{{closure}}::{{closure}}::{{closure}}::he83a2d01cded26ae
[INFO] [stdout]                                at /opt/rustwide/cargo-home/registry/src/index.crates.io-6f17d22bba15001f/tokio-1.29.1/src/runtime/scheduler/current_thread.rs:651:57
[INFO] [stdout]   25:     0x626e8baa8185 - tokio::runtime::coop::with_budget::hdd28433f8c3d92af
[INFO] [stdout]                                at /opt/rustwide/cargo-home/registry/src/index.crates.io-6f17d22bba15001f/tokio-1.29.1/src/runtime/coop.rs:107:5
[INFO] [stdout]   26:     0x626e8baa8185 - tokio::runtime::coop::budget::h57b1b9272d5ca29d
[INFO] [stdout]                                at /opt/rustwide/cargo-home/registry/src/index.crates.io-6f17d22bba15001f/tokio-1.29.1/src/runtime/coop.rs:73:5
[INFO] [stdout]   27:     0x626e8baa8185 - tokio::runtime::scheduler::current_thread::CoreGuard::block_on::{{closure}}::{{closure}}::hd427fd420aedc871
[INFO] [stdout]                                at /opt/rustwide/cargo-home/registry/src/index.crates.io-6f17d22bba15001f/tokio-1.29.1/src/runtime/scheduler/current_thread.rs:651:25
[INFO] [stdout]   28:     0x626e8baa6f4c - tokio::runtime::scheduler::current_thread::Context::enter::hdbce1227548f6db8
[INFO] [stdout]                                at /opt/rustwide/cargo-home/registry/src/index.crates.io-6f17d22bba15001f/tokio-1.29.1/src/runtime/scheduler/current_thread.rs:410:19
[INFO] [stdout]   29:     0x626e8baa79fe - tokio::runtime::scheduler::current_thread::CoreGuard::block_on::{{closure}}::h534014d461fab683
[INFO] [stdout]                                at /opt/rustwide/cargo-home/registry/src/index.crates.io-6f17d22bba15001f/tokio-1.29.1/src/runtime/scheduler/current_thread.rs:650:36
[INFO] [stdout]   30:     0x626e8baa7764 - tokio::runtime::scheduler::current_thread::CoreGuard::enter::{{closure}}::hd4c4faec654f2cbf
[INFO] [stdout]                                at /opt/rustwide/cargo-home/registry/src/index.crates.io-6f17d22bba15001f/tokio-1.29.1/src/runtime/scheduler/current_thread.rs:729:68
[INFO] [stdout]   31:     0x626e8bb185fb - tokio::runtime::context::scoped::Scoped<T>::set::h5c82b005072dcfd7
[INFO] [stdout]                                at /opt/rustwide/cargo-home/registry/src/index.crates.io-6f17d22bba15001f/tokio-1.29.1/src/runtime/context/scoped.rs:40:9
[INFO] [stdout]   32:     0x626e8bd2d9a9 - tokio::runtime::context::set_scheduler::{{closure}}::h8dc7c9cd6fb4bbf0
[INFO] [stdout]                                at /opt/rustwide/cargo-home/registry/src/index.crates.io-6f17d22bba15001f/tokio-1.29.1/src/runtime/context.rs:176:26
[INFO] [stdout]   33:     0x626e8bac04cd - std::thread::local::LocalKey<T>::try_with::h49c662e06840178d
[INFO] [stdout]                                at /rustc/df4ca44d3fbc9301ee17f30f4d474e6ae4b05252/library/std/src/thread/local.rs:283:12
[INFO] [stdout]   34:     0x626e8babe2ca - std::thread::local::LocalKey<T>::with::h692126c938eca6c5
[INFO] [stdout]                                at /rustc/df4ca44d3fbc9301ee17f30f4d474e6ae4b05252/library/std/src/thread/local.rs:260:9
[INFO] [stdout]   35:     0x626e8bd2d95d - tokio::runtime::context::set_scheduler::h01fd6663ec0e8093
[INFO] [stdout]                                at /opt/rustwide/cargo-home/registry/src/index.crates.io-6f17d22bba15001f/tokio-1.29.1/src/runtime/context.rs:176:9
[INFO] [stdout]   36:     0x626e8baa751c - tokio::runtime::scheduler::current_thread::CoreGuard::enter::h54edcd0d574c70e9
[INFO] [stdout]                                at /opt/rustwide/cargo-home/registry/src/index.crates.io-6f17d22bba15001f/tokio-1.29.1/src/runtime/scheduler/current_thread.rs:729:27
[INFO] [stdout]   37:     0x626e8baa7783 - tokio::runtime::scheduler::current_thread::CoreGuard::block_on::haebe6e80fbe2846a
[INFO] [stdout]                                at /opt/rustwide/cargo-home/registry/src/index.crates.io-6f17d22bba15001f/tokio-1.29.1/src/runtime/scheduler/current_thread.rs:638:19
[INFO] [stdout]   38:     0x626e8baa2a6d - tokio::runtime::scheduler::current_thread::CurrentThread::block_on::{{closure}}::hd63aae054dbe2e34
[INFO] [stdout]                                at /opt/rustwide/cargo-home/registry/src/index.crates.io-6f17d22bba15001f/tokio-1.29.1/src/runtime/scheduler/current_thread.rs:175:28
[INFO] [stdout]   39:     0x626e8bad23f6 - tokio::runtime::context::runtime::enter_runtime::h3d1574ba8b5bffaa
[INFO] [stdout]                                at /opt/rustwide/cargo-home/registry/src/index.crates.io-6f17d22bba15001f/tokio-1.29.1/src/runtime/context/runtime.rs:65:16
[INFO] [stdout]   40:     0x626e8baa2981 - tokio::runtime::scheduler::current_thread::CurrentThread::block_on::h7b6c5bbf12543d2a
[INFO] [stdout]                                at /opt/rustwide/cargo-home/registry/src/index.crates.io-6f17d22bba15001f/tokio-1.29.1/src/runtime/scheduler/current_thread.rs:167:9
[INFO] [stdout]   41:     0x626e8be244cd - tokio::runtime::runtime::Runtime::block_on::ha7f4e581ab26ae7e
[INFO] [stdout]                                at /opt/rustwide/cargo-home/registry/src/index.crates.io-6f17d22bba15001f/tokio-1.29.1/src/runtime/runtime.rs:311:47
[INFO] [stdout]   42:     0x626e8bbe4cd1 - neo_web3::transports::http::tests::should_make_a_request::hce6bc86f31c926f4
[INFO] [stdout]                                at /opt/rustwide/workdir/src/transports/http.rs:237:9
[INFO] [stdout]   43:     0x626e8bbe4b87 - neo_web3::transports::http::tests::should_make_a_request::{{closure}}::hb483d0708e125979
[INFO] [stdout]                                at /opt/rustwide/workdir/src/transports/http.rs:217:37
[INFO] [stdout]   44:     0x626e8bb3c0c6 - core::ops::function::FnOnce::call_once::h3408d81dd1334671
[INFO] [stdout]                                at /rustc/df4ca44d3fbc9301ee17f30f4d474e6ae4b05252/library/core/src/ops/function.rs:250:5
[INFO] [stdout]   45:     0x626e8beaefcb - core::ops::function::FnOnce::call_once::h22c3ba5715e93f05
[INFO] [stdout]                                at /rustc/df4ca44d3fbc9301ee17f30f4d474e6ae4b05252/library/core/src/ops/function.rs:250:5
[INFO] [stdout]   46:     0x626e8beaefcb - test::__rust_begin_short_backtrace::h8e82d8113d0da17f
[INFO] [stdout]                                at /rustc/df4ca44d3fbc9301ee17f30f4d474e6ae4b05252/library/test/src/lib.rs:621:18
[INFO] [stdout]   47:     0x626e8beae947 - test::run_test_in_process::{{closure}}::h33235f4f20b7b7c7
[INFO] [stdout]                                at /rustc/df4ca44d3fbc9301ee17f30f4d474e6ae4b05252/library/test/src/lib.rs:644:60
[INFO] [stdout]   48:     0x626e8beae947 - <core::panic::unwind_safe::AssertUnwindSafe<F> as core::ops::function::FnOnce<()>>::call_once::hb5043206310c586f
[INFO] [stdout]                                at /rustc/df4ca44d3fbc9301ee17f30f4d474e6ae4b05252/library/core/src/panic/unwind_safe.rs:272:9
[INFO] [stdout]   49:     0x626e8beae947 - std::panicking::try::do_call::h9ad4731a60ab23e2
[INFO] [stdout]                                at /rustc/df4ca44d3fbc9301ee17f30f4d474e6ae4b05252/library/std/src/panicking.rs:557:40
[INFO] [stdout]   50:     0x626e8beae947 - std::panicking::try::h3824d23db772a716
[INFO] [stdout]                                at /rustc/df4ca44d3fbc9301ee17f30f4d474e6ae4b05252/library/std/src/panicking.rs:520:19
[INFO] [stdout]   51:     0x626e8beae947 - std::panic::catch_unwind::h5afd514605fde46b
[INFO] [stdout]                                at /rustc/df4ca44d3fbc9301ee17f30f4d474e6ae4b05252/library/std/src/panic.rs:358:14
[INFO] [stdout]   52:     0x626e8beae947 - test::run_test_in_process::h0d5cbfa7067d1720
[INFO] [stdout]                                at /rustc/df4ca44d3fbc9301ee17f30f4d474e6ae4b05252/library/test/src/lib.rs:644:27
[INFO] [stdout]   53:     0x626e8beae947 - test::run_test::{{closure}}::h708eb8872708115d
[INFO] [stdout]                                at /rustc/df4ca44d3fbc9301ee17f30f4d474e6ae4b05252/library/test/src/lib.rs:565:43
[INFO] [stdout]   54:     0x626e8be72064 - test::run_test::{{closure}}::h392c51cee94713ab
[INFO] [stdout]                                at /rustc/df4ca44d3fbc9301ee17f30f4d474e6ae4b05252/library/test/src/lib.rs:595:41
[INFO] [stdout]   55:     0x626e8be72064 - std::sys::backtrace::__rust_begin_short_backtrace::h2f40290710935a8b
[INFO] [stdout]                                at /rustc/df4ca44d3fbc9301ee17f30f4d474e6ae4b05252/library/std/src/sys/backtrace.rs:154:18
[INFO] [stdout]   56:     0x626e8be7580e - std::thread::Builder::spawn_unchecked_::{{closure}}::{{closure}}::h3fd968d89053a903
[INFO] [stdout]                                at /rustc/df4ca44d3fbc9301ee17f30f4d474e6ae4b05252/library/std/src/thread/mod.rs:541:17
[INFO] [stdout]   57:     0x626e8be7580e - <core::panic::unwind_safe::AssertUnwindSafe<F> as core::ops::function::FnOnce<()>>::call_once::h743f637ba4229880
[INFO] [stdout]                                at /rustc/df4ca44d3fbc9301ee17f30f4d474e6ae4b05252/library/core/src/panic/unwind_safe.rs:272:9
[INFO] [stdout]   58:     0x626e8be7580e - std::panicking::try::do_call::h07440897322525a6
[INFO] [stdout]                                at /rustc/df4ca44d3fbc9301ee17f30f4d474e6ae4b05252/library/std/src/panicking.rs:557:40
[INFO] [stdout]   59:     0x626e8be7580e - std::panicking::try::he5a2e00188156637
[INFO] [stdout]                                at /rustc/df4ca44d3fbc9301ee17f30f4d474e6ae4b05252/library/std/src/panicking.rs:520:19
[INFO] [stdout]   60:     0x626e8be7580e - std::panic::catch_unwind::hbaf3cae49b3c6433
[INFO] [stdout]                                at /rustc/df4ca44d3fbc9301ee17f30f4d474e6ae4b05252/library/std/src/panic.rs:358:14
[INFO] [stdout]   61:     0x626e8be7580e - std::thread::Builder::spawn_unchecked_::{{closure}}::h8e141ea224820bce
[INFO] [stdout]                                at /rustc/df4ca44d3fbc9301ee17f30f4d474e6ae4b05252/library/std/src/thread/mod.rs:540:30
[INFO] [stdout]   62:     0x626e8be7580e - core::ops::function::FnOnce::call_once{{vtable.shim}}::h90d312fedd7b8ea8
[INFO] [stdout]                                at /rustc/df4ca44d3fbc9301ee17f30f4d474e6ae4b05252/library/core/src/ops/function.rs:250:5
[INFO] [stdout]   63:     0x626e8c63660b - <alloc::boxed::Box<F,A> as core::ops::function::FnOnce<Args>>::call_once::h69aa08ddb6adb8b6
[INFO] [stdout]                                at /rustc/df4ca44d3fbc9301ee17f30f4d474e6ae4b05252/library/alloc/src/boxed.rs:2454:9
[INFO] [stdout]   64:     0x626e8c63660b - <alloc::boxed::Box<F,A> as core::ops::function::FnOnce<Args>>::call_once::h5aa36efdb79c806f
[INFO] [stdout]                                at /rustc/df4ca44d3fbc9301ee17f30f4d474e6ae4b05252/library/alloc/src/boxed.rs:2454:9
[INFO] [stdout]   65:     0x626e8c63660b - std::sys::pal::unix::thread::Thread::new::thread_start::h6cd80a1b4be5158d
[INFO] [stdout]                                at /rustc/df4ca44d3fbc9301ee17f30f4d474e6ae4b05252/library/std/src/sys/pal/unix/thread.rs:105:17
[INFO] [stdout]   66:     0x75e95e0b9ac3 - <unknown>
[INFO] [stdout]   67:     0x75e95e14aa04 - clone
[INFO] [stdout]   68:                0x0 - <unknown>
[INFO] [stdout] 
[INFO] [stdout] 
[INFO] [stdout] failures:
[INFO] [stdout]     transports::http::tests::should_make_a_request
[INFO] [stdout] 
[INFO] [stdout] test result: FAILED. 184 passed; 1 failed; 1 ignored; 0 measured; 0 filtered out; finished in 28.02s
[INFO] [stdout] 
[INFO] [stderr] error: test failed, to rerun pass `--lib`
[INFO] running `Command { std: "docker" "inspect" "75fc1c9c26b80308b8e0fe24899e3949c38bddf8b497f377090d99bcd44c9c6d", kill_on_drop: false }`
[INFO] running `Command { std: "docker" "rm" "-f" "75fc1c9c26b80308b8e0fe24899e3949c38bddf8b497f377090d99bcd44c9c6d", kill_on_drop: false }`
[INFO] [stdout] 75fc1c9c26b80308b8e0fe24899e3949c38bddf8b497f377090d99bcd44c9c6d
