[INFO] fetching crate near-prop-macros 0.1.0...
[INFO] testing near-prop-macros-0.1.0 against nightly-2024-10-28 for randomize-layout
[INFO] extracting crate near-prop-macros 0.1.0 into /workspace/builds/worker-7-tc1/source
[INFO] validating manifest of crates.io crate near-prop-macros 0.1.0 on toolchain nightly-2024-10-28
[INFO] running `Command { std: CARGO_HOME="/workspace/cargo-home" RUSTUP_HOME="/workspace/rustup-home" "/workspace/cargo-home/bin/cargo" "+nightly-2024-10-28" "metadata" "--manifest-path" "Cargo.toml" "--no-deps", kill_on_drop: false }`
[INFO] started tweaking crates.io crate near-prop-macros 0.1.0
[INFO] finished tweaking crates.io crate near-prop-macros 0.1.0
[INFO] tweaked toml for crates.io crate near-prop-macros 0.1.0 written to /workspace/builds/worker-7-tc1/source/Cargo.toml
[INFO] running `Command { std: CARGO_HOME="/workspace/cargo-home" RUSTUP_HOME="/workspace/rustup-home" "/workspace/cargo-home/bin/cargo" "+nightly-2024-10-28" "generate-lockfile" "--manifest-path" "Cargo.toml", kill_on_drop: false }`
[INFO] [stderr]     Updating crates.io index
[INFO] [stderr]      Locking 4 packages to latest compatible versions
[INFO] [stderr]       Adding syn v1.0.109 (available: v2.0.86)
[INFO] running `Command { std: CARGO_HOME="/workspace/cargo-home" RUSTUP_HOME="/workspace/rustup-home" "/workspace/cargo-home/bin/cargo" "+nightly-2024-10-28" "fetch" "--manifest-path" "Cargo.toml", kill_on_drop: false }`
[INFO] running `Command { std: "docker" "create" "-v" "/var/lib/crater-agent-workspace/builds/worker-7-tc1/target:/opt/rustwide/target:rw,Z" "-v" "/var/lib/crater-agent-workspace/builds/worker-7-tc1/source:/opt/rustwide/workdir:ro,Z" "-v" "/var/lib/crater-agent-workspace/cargo-home:/opt/rustwide/cargo-home:ro,Z" "-v" "/var/lib/crater-agent-workspace/rustup-home:/opt/rustwide/rustup-home:ro,Z" "-e" "SOURCE_DIR=/opt/rustwide/workdir" "-e" "CARGO_TARGET_DIR=/opt/rustwide/target" "-e" "CARGO_HOME=/opt/rustwide/cargo-home" "-e" "RUSTUP_HOME=/opt/rustwide/rustup-home" "-w" "/opt/rustwide/workdir" "-m" "1610612736" "--user" "0:0" "--network" "none" "ghcr.io/rust-lang/crates-build-env/linux@sha256:4a844ea9eb2546a2d2c7022eacef16ef2e8229c7fbb2c7d4d55a9ceca922f72d" "/opt/rustwide/cargo-home/bin/cargo" "+nightly-2024-10-28" "metadata" "--no-deps" "--format-version=1", kill_on_drop: false }`
[INFO] [stdout] 43e2f34847a5aa8f4ca1f6e61a69d0302725580416462287e7bacdd268f340b4
[INFO] running `Command { std: "docker" "start" "-a" "43e2f34847a5aa8f4ca1f6e61a69d0302725580416462287e7bacdd268f340b4", kill_on_drop: false }`
[INFO] running `Command { std: "docker" "inspect" "43e2f34847a5aa8f4ca1f6e61a69d0302725580416462287e7bacdd268f340b4", kill_on_drop: false }`
[INFO] running `Command { std: "docker" "rm" "-f" "43e2f34847a5aa8f4ca1f6e61a69d0302725580416462287e7bacdd268f340b4", kill_on_drop: false }`
[INFO] [stdout] 43e2f34847a5aa8f4ca1f6e61a69d0302725580416462287e7bacdd268f340b4
[INFO] running `Command { std: "docker" "create" "-v" "/var/lib/crater-agent-workspace/builds/worker-7-tc1/target:/opt/rustwide/target:rw,Z" "-v" "/var/lib/crater-agent-workspace/builds/worker-7-tc1/source:/opt/rustwide/workdir:ro,Z" "-v" "/var/lib/crater-agent-workspace/cargo-home:/opt/rustwide/cargo-home:ro,Z" "-v" "/var/lib/crater-agent-workspace/rustup-home:/opt/rustwide/rustup-home:ro,Z" "-e" "SOURCE_DIR=/opt/rustwide/workdir" "-e" "CARGO_TARGET_DIR=/opt/rustwide/target" "-e" "CARGO_INCREMENTAL=0" "-e" "RUST_BACKTRACE=full" "-e" "RUSTFLAGS=--cap-lints=forbid" "-e" "RUSTDOCFLAGS=--cap-lints=forbid" "-e" "CARGO_HOME=/opt/rustwide/cargo-home" "-e" "RUSTUP_HOME=/opt/rustwide/rustup-home" "-w" "/opt/rustwide/workdir" "-m" "1610612736" "--user" "0:0" "--network" "none" "ghcr.io/rust-lang/crates-build-env/linux@sha256:4a844ea9eb2546a2d2c7022eacef16ef2e8229c7fbb2c7d4d55a9ceca922f72d" "/opt/rustwide/cargo-home/bin/cargo" "+nightly-2024-10-28" "build" "--frozen" "--message-format=json", kill_on_drop: false }`
[INFO] [stdout] 58becf3b304ae0b168605f68a30c4cac60b4e1f9c7f513714868d1ffcb616e73
[INFO] running `Command { std: "docker" "start" "-a" "58becf3b304ae0b168605f68a30c4cac60b4e1f9c7f513714868d1ffcb616e73", kill_on_drop: false }`
[INFO] [stderr]    Compiling proc-macro2 v1.0.89
[INFO] [stderr]    Compiling quote v1.0.37
[INFO] [stderr]    Compiling syn v1.0.109
[INFO] [stderr]    Compiling near-prop-macros v0.1.0 (/opt/rustwide/workdir)
[INFO] [stderr]     Finished `dev` profile [unoptimized + debuginfo] target(s) in 4.28s
[INFO] running `Command { std: "docker" "inspect" "58becf3b304ae0b168605f68a30c4cac60b4e1f9c7f513714868d1ffcb616e73", kill_on_drop: false }`
[INFO] running `Command { std: "docker" "rm" "-f" "58becf3b304ae0b168605f68a30c4cac60b4e1f9c7f513714868d1ffcb616e73", kill_on_drop: false }`
[INFO] [stdout] 58becf3b304ae0b168605f68a30c4cac60b4e1f9c7f513714868d1ffcb616e73
[INFO] running `Command { std: "docker" "create" "-v" "/var/lib/crater-agent-workspace/builds/worker-7-tc1/target:/opt/rustwide/target:rw,Z" "-v" "/var/lib/crater-agent-workspace/builds/worker-7-tc1/source:/opt/rustwide/workdir:ro,Z" "-v" "/var/lib/crater-agent-workspace/cargo-home:/opt/rustwide/cargo-home:ro,Z" "-v" "/var/lib/crater-agent-workspace/rustup-home:/opt/rustwide/rustup-home:ro,Z" "-e" "SOURCE_DIR=/opt/rustwide/workdir" "-e" "CARGO_TARGET_DIR=/opt/rustwide/target" "-e" "CARGO_INCREMENTAL=0" "-e" "RUST_BACKTRACE=full" "-e" "RUSTFLAGS=--cap-lints=forbid" "-e" "RUSTDOCFLAGS=--cap-lints=forbid" "-e" "CARGO_HOME=/opt/rustwide/cargo-home" "-e" "RUSTUP_HOME=/opt/rustwide/rustup-home" "-w" "/opt/rustwide/workdir" "-m" "1610612736" "--user" "0:0" "--network" "none" "ghcr.io/rust-lang/crates-build-env/linux@sha256:4a844ea9eb2546a2d2c7022eacef16ef2e8229c7fbb2c7d4d55a9ceca922f72d" "/opt/rustwide/cargo-home/bin/cargo" "+nightly-2024-10-28" "test" "--frozen" "--no-run" "--message-format=json", kill_on_drop: false }`
[INFO] [stdout] d204ced404a618132e6c9146c6480e1097fc44f0a7cb4e75815f6dce7267d464
[INFO] running `Command { std: "docker" "start" "-a" "d204ced404a618132e6c9146c6480e1097fc44f0a7cb4e75815f6dce7267d464", kill_on_drop: false }`
[INFO] [stderr]    Compiling near-prop-macros v0.1.0 (/opt/rustwide/workdir)
[INFO] [stderr]     Finished `test` profile [unoptimized + debuginfo] target(s) in 0.40s
[INFO] running `Command { std: "docker" "inspect" "d204ced404a618132e6c9146c6480e1097fc44f0a7cb4e75815f6dce7267d464", kill_on_drop: false }`
[INFO] running `Command { std: "docker" "rm" "-f" "d204ced404a618132e6c9146c6480e1097fc44f0a7cb4e75815f6dce7267d464", kill_on_drop: false }`
[INFO] [stdout] d204ced404a618132e6c9146c6480e1097fc44f0a7cb4e75815f6dce7267d464
[INFO] running `Command { std: "docker" "create" "-v" "/var/lib/crater-agent-workspace/builds/worker-7-tc1/target:/opt/rustwide/target:rw,Z" "-v" "/var/lib/crater-agent-workspace/builds/worker-7-tc1/source:/opt/rustwide/workdir:ro,Z" "-v" "/var/lib/crater-agent-workspace/cargo-home:/opt/rustwide/cargo-home:ro,Z" "-v" "/var/lib/crater-agent-workspace/rustup-home:/opt/rustwide/rustup-home:ro,Z" "-e" "SOURCE_DIR=/opt/rustwide/workdir" "-e" "CARGO_TARGET_DIR=/opt/rustwide/target" "-e" "CARGO_INCREMENTAL=0" "-e" "RUST_BACKTRACE=full" "-e" "RUSTFLAGS=--cap-lints=forbid" "-e" "RUSTDOCFLAGS=--cap-lints=forbid" "-e" "CARGO_HOME=/opt/rustwide/cargo-home" "-e" "RUSTUP_HOME=/opt/rustwide/rustup-home" "-w" "/opt/rustwide/workdir" "-m" "1610612736" "--user" "0:0" "--network" "none" "ghcr.io/rust-lang/crates-build-env/linux@sha256:4a844ea9eb2546a2d2c7022eacef16ef2e8229c7fbb2c7d4d55a9ceca922f72d" "/opt/rustwide/cargo-home/bin/cargo" "+nightly-2024-10-28" "test" "--frozen", kill_on_drop: false }`
[INFO] [stdout] f53489a1db76fa7e6b0a3ac4f63b42d2ff030784d4ce23e20440a91d1703a9d2
[INFO] running `Command { std: "docker" "start" "-a" "f53489a1db76fa7e6b0a3ac4f63b42d2ff030784d4ce23e20440a91d1703a9d2", kill_on_drop: false }`
[INFO] [stderr]     Finished `test` profile [unoptimized + debuginfo] target(s) in 0.01s
[INFO] [stderr]      Running unittests src/lib.rs (/opt/rustwide/target/debug/deps/near_prop_macros-22fe3e966fce896e)
[INFO] [stdout] 
[INFO] [stdout] running 0 tests
[INFO] [stdout] 
[INFO] [stdout] test result: ok. 0 passed; 0 failed; 0 ignored; 0 measured; 0 filtered out; finished in 0.00s
[INFO] [stdout] 
[INFO] [stderr]    Doc-tests near_prop_macros
[INFO] [stdout] 
[INFO] [stdout] running 2 tests
[INFO] [stderr] error: doctest failed, to rerun pass `--doc`
[INFO] [stdout] test src/lib.rs - test (line 24) ... FAILED
[INFO] [stdout] test src/lib.rs - test (line 13) ... FAILED
[INFO] [stdout] 
[INFO] [stdout] failures:
[INFO] [stdout] 
[INFO] [stdout] ---- src/lib.rs - test (line 24) stdout ----
[INFO] [stdout] error[E0433]: failed to resolve: use of undeclared crate or module `near_prop`
[INFO] [stdout]  --> src/lib.rs:25:3
[INFO] [stdout]   |
[INFO] [stdout] 3 | #[near_prop::test(core_threads = 3)]
[INFO] [stdout]   |   ^^^^^^^^^ use of undeclared crate or module `near_prop`
[INFO] [stdout] 
[INFO] [stdout] error[E0412]: cannot find type `PropContext` in this scope
[INFO] [stdout]  --> src/lib.rs:26:24
[INFO] [stdout]   |
[INFO] [stdout] 4 | async fn fuzz_me(_ctx: PropContext, fuzz_arg: String) -> bool {
[INFO] [stdout]   |                        ^^^^^^^^^^^ not found in this scope
[INFO] [stdout] 
[INFO] [stdout] error: aborting due to 2 previous errors
[INFO] [stdout] 
[INFO] [stdout] Some errors have detailed explanations: E0412, E0433.
[INFO] [stdout] For more information about an error, try `rustc --explain E0412`.
[INFO] [stdout] Couldn't compile the test.
[INFO] [stdout] ---- src/lib.rs - test (line 13) stdout ----
[INFO] [stdout] error[E0433]: failed to resolve: use of undeclared crate or module `near_prop`
[INFO] [stdout]  --> src/lib.rs:14:3
[INFO] [stdout]   |
[INFO] [stdout] 3 | #[near_prop::test]
[INFO] [stdout]   |   ^^^^^^^^^ use of undeclared crate or module `near_prop`
[INFO] [stdout] 
[INFO] [stdout] error[E0412]: cannot find type `PropContext` in this scope
[INFO] [stdout]  --> src/lib.rs:15:24
[INFO] [stdout]   |
[INFO] [stdout] 4 | async fn fuzz_me(_ctx: PropContext, fuzz_arg: String) -> bool {
[INFO] [stdout]   |                        ^^^^^^^^^^^ not found in this scope
[INFO] [stdout] 
[INFO] [stdout] error: aborting due to 2 previous errors
[INFO] [stdout] 
[INFO] [stdout] Some errors have detailed explanations: E0412, E0433.
[INFO] [stdout] For more information about an error, try `rustc --explain E0412`.
[INFO] [stdout] Couldn't compile the test.
[INFO] [stdout] 
[INFO] [stdout] failures:
[INFO] [stdout]     src/lib.rs - test (line 13)
[INFO] [stdout]     src/lib.rs - test (line 24)
[INFO] [stdout] 
[INFO] [stdout] test result: FAILED. 0 passed; 2 failed; 0 ignored; 0 measured; 0 filtered out; finished in 0.06s
[INFO] [stdout] 
[INFO] running `Command { std: "docker" "inspect" "f53489a1db76fa7e6b0a3ac4f63b42d2ff030784d4ce23e20440a91d1703a9d2", kill_on_drop: false }`
[INFO] running `Command { std: "docker" "rm" "-f" "f53489a1db76fa7e6b0a3ac4f63b42d2ff030784d4ce23e20440a91d1703a9d2", kill_on_drop: false }`
[INFO] [stdout] f53489a1db76fa7e6b0a3ac4f63b42d2ff030784d4ce23e20440a91d1703a9d2
