[INFO] fetching crate ndkm_sys 0.1.0...
[INFO] testing ndkm_sys-0.1.0 against nightly-2024-10-28+rustflags=-Zrandomize-layout for randomize-layout
[INFO] extracting crate ndkm_sys 0.1.0 into /workspace/builds/worker-5-tc2/source
[INFO] validating manifest of crates.io crate ndkm_sys 0.1.0 on toolchain nightly-2024-10-28
[INFO] running `Command { std: CARGO_HOME="/workspace/cargo-home" RUSTUP_HOME="/workspace/rustup-home" "/workspace/cargo-home/bin/cargo" "+nightly-2024-10-28" "metadata" "--manifest-path" "Cargo.toml" "--no-deps", kill_on_drop: false }`
[INFO] started tweaking crates.io crate ndkm_sys 0.1.0
[INFO] finished tweaking crates.io crate ndkm_sys 0.1.0
[INFO] tweaked toml for crates.io crate ndkm_sys 0.1.0 written to /workspace/builds/worker-5-tc2/source/Cargo.toml
[INFO] crate crates.io crate ndkm_sys 0.1.0 already has a lockfile, it will not be regenerated
[INFO] running `Command { std: CARGO_HOME="/workspace/cargo-home" RUSTUP_HOME="/workspace/rustup-home" "/workspace/cargo-home/bin/cargo" "+nightly-2024-10-28" "fetch" "--manifest-path" "Cargo.toml", kill_on_drop: false }`
[INFO] running `Command { std: "docker" "create" "-v" "/var/lib/crater-agent-workspace/builds/worker-5-tc2/target:/opt/rustwide/target:rw,Z" "-v" "/var/lib/crater-agent-workspace/builds/worker-5-tc2/source:/opt/rustwide/workdir:ro,Z" "-v" "/var/lib/crater-agent-workspace/cargo-home:/opt/rustwide/cargo-home:ro,Z" "-v" "/var/lib/crater-agent-workspace/rustup-home:/opt/rustwide/rustup-home:ro,Z" "-e" "SOURCE_DIR=/opt/rustwide/workdir" "-e" "CARGO_TARGET_DIR=/opt/rustwide/target" "-e" "CARGO_HOME=/opt/rustwide/cargo-home" "-e" "RUSTUP_HOME=/opt/rustwide/rustup-home" "-w" "/opt/rustwide/workdir" "-m" "1610612736" "--user" "0:0" "--network" "none" "ghcr.io/rust-lang/crates-build-env/linux@sha256:4a844ea9eb2546a2d2c7022eacef16ef2e8229c7fbb2c7d4d55a9ceca922f72d" "/opt/rustwide/cargo-home/bin/cargo" "+nightly-2024-10-28" "metadata" "--no-deps" "--format-version=1", kill_on_drop: false }`
[INFO] [stdout] b93423dd0557c4e3e2354fdfd43063e6c7506f82837069d362aad966f83330d6
[INFO] running `Command { std: "docker" "start" "-a" "b93423dd0557c4e3e2354fdfd43063e6c7506f82837069d362aad966f83330d6", kill_on_drop: false }`
[INFO] running `Command { std: "docker" "inspect" "b93423dd0557c4e3e2354fdfd43063e6c7506f82837069d362aad966f83330d6", kill_on_drop: false }`
[INFO] running `Command { std: "docker" "rm" "-f" "b93423dd0557c4e3e2354fdfd43063e6c7506f82837069d362aad966f83330d6", kill_on_drop: false }`
[INFO] [stdout] b93423dd0557c4e3e2354fdfd43063e6c7506f82837069d362aad966f83330d6
[INFO] running `Command { std: "docker" "create" "-v" "/var/lib/crater-agent-workspace/builds/worker-5-tc2/target:/opt/rustwide/target:rw,Z" "-v" "/var/lib/crater-agent-workspace/builds/worker-5-tc2/source:/opt/rustwide/workdir:ro,Z" "-v" "/var/lib/crater-agent-workspace/cargo-home:/opt/rustwide/cargo-home:ro,Z" "-v" "/var/lib/crater-agent-workspace/rustup-home:/opt/rustwide/rustup-home:ro,Z" "-e" "SOURCE_DIR=/opt/rustwide/workdir" "-e" "CARGO_TARGET_DIR=/opt/rustwide/target" "-e" "CARGO_INCREMENTAL=0" "-e" "RUST_BACKTRACE=full" "-e" "RUSTFLAGS=--cap-lints=forbid -Zrandomize-layout" "-e" "RUSTDOCFLAGS=--cap-lints=forbid" "-e" "CARGO_HOME=/opt/rustwide/cargo-home" "-e" "RUSTUP_HOME=/opt/rustwide/rustup-home" "-w" "/opt/rustwide/workdir" "-m" "1610612736" "--user" "0:0" "--network" "none" "ghcr.io/rust-lang/crates-build-env/linux@sha256:4a844ea9eb2546a2d2c7022eacef16ef2e8229c7fbb2c7d4d55a9ceca922f72d" "/opt/rustwide/cargo-home/bin/cargo" "+nightly-2024-10-28" "build" "--frozen" "--message-format=json", kill_on_drop: false }`
[INFO] [stdout] c76cbb609baccbddd25147335366767040dcaec069289c7416d022097a33eafa
[INFO] running `Command { std: "docker" "start" "-a" "c76cbb609baccbddd25147335366767040dcaec069289c7416d022097a33eafa", kill_on_drop: false }`
[INFO] [stderr]    Compiling jnim_sys v0.1.0
[INFO] [stderr]    Compiling ndkm_sys v0.1.0 (/opt/rustwide/workdir)
[INFO] [stdout] warning: unexpected `cfg` condition value: `armv7`
[INFO] [stdout]    --> src/lib.rs:262:7
[INFO] [stdout]     |
[INFO] [stdout] 262 | #[cfg(target_arch = "armv7")]
[INFO] [stdout]     |       ^^^^^^^^^^^^^^^^^^^^^
[INFO] [stdout]     |
[INFO] [stdout]     = note: expected values for `target_arch` are: `aarch64`, `arm`, `arm64ec`, `avr`, `bpf`, `csky`, `hexagon`, `loongarch64`, `m68k`, `mips`, `mips32r6`, `mips64`, `mips64r6`, `msp430`, `nvptx64`, `powerpc`, `powerpc64`, `riscv32`, `riscv64`, `s390x`, `sparc`, `sparc64`, `wasm32`, `wasm64`, `x86`, `x86_64`, and `xtensa`
[INFO] [stdout]     = note: see <https://doc.rust-lang.org/nightly/rustc/check-cfg/cargo-specifics.html> for more information about checking conditional configuration
[INFO] [stdout]     = note: `#[warn(unexpected_cfgs)]` on by default
[INFO] [stdout] 
[INFO] [stdout] 
[INFO] [stdout] warning: unexpected `cfg` condition value: `armv7`
[INFO] [stdout]    --> src/lib.rs:283:7
[INFO] [stdout]     |
[INFO] [stdout] 283 | #[cfg(target_arch = "armv7")]
[INFO] [stdout]     |       ^^^^^^^^^^^^^^^^^^^^^
[INFO] [stdout]     |
[INFO] [stdout]     = note: expected values for `target_arch` are: `aarch64`, `arm`, `arm64ec`, `avr`, `bpf`, `csky`, `hexagon`, `loongarch64`, `m68k`, `mips`, `mips32r6`, `mips64`, `mips64r6`, `msp430`, `nvptx64`, `powerpc`, `powerpc64`, `riscv32`, `riscv64`, `s390x`, `sparc`, `sparc64`, `wasm32`, `wasm64`, `x86`, `x86_64`, and `xtensa`
[INFO] [stdout]     = note: see <https://doc.rust-lang.org/nightly/rustc/check-cfg/cargo-specifics.html> for more information about checking conditional configuration
[INFO] [stdout] 
[INFO] [stdout] 
[INFO] [stderr]     Finished `dev` profile [unoptimized + debuginfo] target(s) in 0.14s
[INFO] running `Command { std: "docker" "inspect" "c76cbb609baccbddd25147335366767040dcaec069289c7416d022097a33eafa", kill_on_drop: false }`
[INFO] running `Command { std: "docker" "rm" "-f" "c76cbb609baccbddd25147335366767040dcaec069289c7416d022097a33eafa", kill_on_drop: false }`
[INFO] [stdout] c76cbb609baccbddd25147335366767040dcaec069289c7416d022097a33eafa
[INFO] running `Command { std: "docker" "create" "-v" "/var/lib/crater-agent-workspace/builds/worker-5-tc2/target:/opt/rustwide/target:rw,Z" "-v" "/var/lib/crater-agent-workspace/builds/worker-5-tc2/source:/opt/rustwide/workdir:ro,Z" "-v" "/var/lib/crater-agent-workspace/cargo-home:/opt/rustwide/cargo-home:ro,Z" "-v" "/var/lib/crater-agent-workspace/rustup-home:/opt/rustwide/rustup-home:ro,Z" "-e" "SOURCE_DIR=/opt/rustwide/workdir" "-e" "CARGO_TARGET_DIR=/opt/rustwide/target" "-e" "CARGO_INCREMENTAL=0" "-e" "RUST_BACKTRACE=full" "-e" "RUSTFLAGS=--cap-lints=forbid -Zrandomize-layout" "-e" "RUSTDOCFLAGS=--cap-lints=forbid" "-e" "CARGO_HOME=/opt/rustwide/cargo-home" "-e" "RUSTUP_HOME=/opt/rustwide/rustup-home" "-w" "/opt/rustwide/workdir" "-m" "1610612736" "--user" "0:0" "--network" "none" "ghcr.io/rust-lang/crates-build-env/linux@sha256:4a844ea9eb2546a2d2c7022eacef16ef2e8229c7fbb2c7d4d55a9ceca922f72d" "/opt/rustwide/cargo-home/bin/cargo" "+nightly-2024-10-28" "test" "--frozen" "--no-run" "--message-format=json", kill_on_drop: false }`
[INFO] [stdout] 219a723c2da0c2263da5dd4500f61cac379c26f3318e7951332aa3512565a24f
[INFO] running `Command { std: "docker" "start" "-a" "219a723c2da0c2263da5dd4500f61cac379c26f3318e7951332aa3512565a24f", kill_on_drop: false }`
[INFO] [stdout] warning: unexpected `cfg` condition value: `armv7`
[INFO] [stdout]    --> src/lib.rs:262:7
[INFO] [stdout]     |
[INFO] [stdout] 262 | #[cfg(target_arch = "armv7")]
[INFO] [stdout]     |       ^^^^^^^^^^^^^^^^^^^^^
[INFO] [stdout]     |
[INFO] [stdout]     = note: expected values for `target_arch` are: `aarch64`, `arm`, `arm64ec`, `avr`, `bpf`, `csky`, `hexagon`, `loongarch64`, `m68k`, `mips`, `mips32r6`, `mips64`, `mips64r6`, `msp430`, `nvptx64`, `powerpc`, `powerpc64`, `riscv32`, `riscv64`, `s390x`, `sparc`, `sparc64`, `wasm32`, `wasm64`, `x86`, `x86_64`, and `xtensa`
[INFO] [stdout]     = note: see <https://doc.rust-lang.org/nightly/rustc/check-cfg/cargo-specifics.html> for more information about checking conditional configuration
[INFO] [stdout]     = note: `#[warn(unexpected_cfgs)]` on by default
[INFO] [stdout] 
[INFO] [stdout] 
[INFO] [stdout] warning: unexpected `cfg` condition value: `armv7`
[INFO] [stdout]    --> src/lib.rs:283:7
[INFO] [stdout]     |
[INFO] [stdout] 283 | #[cfg(target_arch = "armv7")]
[INFO] [stdout]     |       ^^^^^^^^^^^^^^^^^^^^^
[INFO] [stdout]     |
[INFO] [stdout]     = note: expected values for `target_arch` are: `aarch64`, `arm`, `arm64ec`, `avr`, `bpf`, `csky`, `hexagon`, `loongarch64`, `m68k`, `mips`, `mips32r6`, `mips64`, `mips64r6`, `msp430`, `nvptx64`, `powerpc`, `powerpc64`, `riscv32`, `riscv64`, `s390x`, `sparc`, `sparc64`, `wasm32`, `wasm64`, `x86`, `x86_64`, and `xtensa`
[INFO] [stdout]     = note: see <https://doc.rust-lang.org/nightly/rustc/check-cfg/cargo-specifics.html> for more information about checking conditional configuration
[INFO] [stdout] 
[INFO] [stdout] 
[INFO] [stderr]    Compiling ndkm_sys v0.1.0 (/opt/rustwide/workdir)
[INFO] [stdout] warning: unexpected `cfg` condition value: `armv7`
[INFO] [stdout]    --> src/lib.rs:262:7
[INFO] [stdout]     |
[INFO] [stdout] 262 | #[cfg(target_arch = "armv7")]
[INFO] [stdout]     |       ^^^^^^^^^^^^^^^^^^^^^
[INFO] [stdout]     |
[INFO] [stdout]     = note: expected values for `target_arch` are: `aarch64`, `arm`, `arm64ec`, `avr`, `bpf`, `csky`, `hexagon`, `loongarch64`, `m68k`, `mips`, `mips32r6`, `mips64`, `mips64r6`, `msp430`, `nvptx64`, `powerpc`, `powerpc64`, `riscv32`, `riscv64`, `s390x`, `sparc`, `sparc64`, `wasm32`, `wasm64`, `x86`, `x86_64`, and `xtensa`
[INFO] [stdout]     = note: see <https://doc.rust-lang.org/nightly/rustc/check-cfg/cargo-specifics.html> for more information about checking conditional configuration
[INFO] [stdout]     = note: `#[warn(unexpected_cfgs)]` on by default
[INFO] [stdout] 
[INFO] [stdout] 
[INFO] [stdout] warning: unexpected `cfg` condition value: `armv7`
[INFO] [stdout]    --> src/lib.rs:283:7
[INFO] [stdout]     |
[INFO] [stdout] 283 | #[cfg(target_arch = "armv7")]
[INFO] [stdout]     |       ^^^^^^^^^^^^^^^^^^^^^
[INFO] [stdout]     |
[INFO] [stdout]     = note: expected values for `target_arch` are: `aarch64`, `arm`, `arm64ec`, `avr`, `bpf`, `csky`, `hexagon`, `loongarch64`, `m68k`, `mips`, `mips32r6`, `mips64`, `mips64r6`, `msp430`, `nvptx64`, `powerpc`, `powerpc64`, `riscv32`, `riscv64`, `s390x`, `sparc`, `sparc64`, `wasm32`, `wasm64`, `x86`, `x86_64`, and `xtensa`
[INFO] [stdout]     = note: see <https://doc.rust-lang.org/nightly/rustc/check-cfg/cargo-specifics.html> for more information about checking conditional configuration
[INFO] [stdout] 
[INFO] [stdout] 
[INFO] [stderr]     Finished `test` profile [unoptimized + debuginfo] target(s) in 0.14s
[INFO] running `Command { std: "docker" "inspect" "219a723c2da0c2263da5dd4500f61cac379c26f3318e7951332aa3512565a24f", kill_on_drop: false }`
[INFO] running `Command { std: "docker" "rm" "-f" "219a723c2da0c2263da5dd4500f61cac379c26f3318e7951332aa3512565a24f", kill_on_drop: false }`
[INFO] [stdout] 219a723c2da0c2263da5dd4500f61cac379c26f3318e7951332aa3512565a24f
[INFO] running `Command { std: "docker" "create" "-v" "/var/lib/crater-agent-workspace/builds/worker-5-tc2/target:/opt/rustwide/target:rw,Z" "-v" "/var/lib/crater-agent-workspace/builds/worker-5-tc2/source:/opt/rustwide/workdir:ro,Z" "-v" "/var/lib/crater-agent-workspace/cargo-home:/opt/rustwide/cargo-home:ro,Z" "-v" "/var/lib/crater-agent-workspace/rustup-home:/opt/rustwide/rustup-home:ro,Z" "-e" "SOURCE_DIR=/opt/rustwide/workdir" "-e" "CARGO_TARGET_DIR=/opt/rustwide/target" "-e" "CARGO_INCREMENTAL=0" "-e" "RUST_BACKTRACE=full" "-e" "RUSTFLAGS=--cap-lints=forbid -Zrandomize-layout" "-e" "RUSTDOCFLAGS=--cap-lints=forbid" "-e" "CARGO_HOME=/opt/rustwide/cargo-home" "-e" "RUSTUP_HOME=/opt/rustwide/rustup-home" "-w" "/opt/rustwide/workdir" "-m" "1610612736" "--user" "0:0" "--network" "none" "ghcr.io/rust-lang/crates-build-env/linux@sha256:4a844ea9eb2546a2d2c7022eacef16ef2e8229c7fbb2c7d4d55a9ceca922f72d" "/opt/rustwide/cargo-home/bin/cargo" "+nightly-2024-10-28" "test" "--frozen", kill_on_drop: false }`
[INFO] [stdout] ef50ec6b316f9b056529a434a7229f149f7c518a5c888b8390fd64c3db2ceb06
[INFO] running `Command { std: "docker" "start" "-a" "ef50ec6b316f9b056529a434a7229f149f7c518a5c888b8390fd64c3db2ceb06", kill_on_drop: false }`
[INFO] [stderr] warning: unexpected `cfg` condition value: `armv7`
[INFO] [stderr]    --> src/lib.rs:262:7
[INFO] [stderr]     |
[INFO] [stderr] 262 | #[cfg(target_arch = "armv7")]
[INFO] [stderr]     |       ^^^^^^^^^^^^^^^^^^^^^
[INFO] [stderr]     |
[INFO] [stderr]     = note: expected values for `target_arch` are: `aarch64`, `arm`, `arm64ec`, `avr`, `bpf`, `csky`, `hexagon`, `loongarch64`, `m68k`, `mips`, `mips32r6`, `mips64`, `mips64r6`, `msp430`, `nvptx64`, `powerpc`, `powerpc64`, `riscv32`, `riscv64`, `s390x`, `sparc`, `sparc64`, `wasm32`, `wasm64`, `x86`, `x86_64`, and `xtensa`
[INFO] [stderr]     = note: see <https://doc.rust-lang.org/nightly/rustc/check-cfg/cargo-specifics.html> for more information about checking conditional configuration
[INFO] [stderr]     = note: `#[warn(unexpected_cfgs)]` on by default
[INFO] [stderr] 
[INFO] [stderr] warning: unexpected `cfg` condition value: `armv7`
[INFO] [stderr]    --> src/lib.rs:283:7
[INFO] [stderr]     |
[INFO] [stderr] 283 | #[cfg(target_arch = "armv7")]
[INFO] [stderr]     |       ^^^^^^^^^^^^^^^^^^^^^
[INFO] [stderr]     |
[INFO] [stderr]     = note: expected values for `target_arch` are: `aarch64`, `arm`, `arm64ec`, `avr`, `bpf`, `csky`, `hexagon`, `loongarch64`, `m68k`, `mips`, `mips32r6`, `mips64`, `mips64r6`, `msp430`, `nvptx64`, `powerpc`, `powerpc64`, `riscv32`, `riscv64`, `s390x`, `sparc`, `sparc64`, `wasm32`, `wasm64`, `x86`, `x86_64`, and `xtensa`
[INFO] [stderr]     = note: see <https://doc.rust-lang.org/nightly/rustc/check-cfg/cargo-specifics.html> for more information about checking conditional configuration
[INFO] [stderr] 
[INFO] [stderr] warning: `ndkm_sys` (lib) generated 2 warnings
[INFO] [stderr] warning: `ndkm_sys` (lib test) generated 2 warnings (2 duplicates)
[INFO] [stderr]     Finished `test` profile [unoptimized + debuginfo] target(s) in 0.00s
[INFO] [stderr]      Running unittests src/lib.rs (/opt/rustwide/target/debug/deps/ndkm_sys-ca0b35f68a43f898)
[INFO] [stdout] 
[INFO] [stdout] running 0 tests
[INFO] [stdout] 
[INFO] [stdout] test result: ok. 0 passed; 0 failed; 0 ignored; 0 measured; 0 filtered out; finished in 0.00s
[INFO] [stdout] 
[INFO] [stderr]    Doc-tests ndkm_sys
[INFO] [stdout] 
[INFO] [stdout] running 7 tests
[INFO] [stdout] test src/android/sensor.rs - android::sensor::ASensorEventQueue_getEvents (line 454) ... FAILED
[INFO] [stdout] test src/android/imagedecoder.rs - android::imagedecoder::AImageDecoderHeaderInfo_getDataSpace (line 114) ... FAILED
[INFO] [stdout] test src/android/multinetwork.rs - android::network::net_handle_t (line 30) ... FAILED
[INFO] [stdout] test src/android/sharedmem.rs - android::memory::ASharedMemory_setProt (line 19) ... FAILED
[INFO] [stdout] test src/android/sensor.rs - android::sensor::ASensorManager_getInstanceForPackage (line 415) ... FAILED
[INFO] [stdout] test src/android/sensor.rs - android::sensor::ASensorManager_getInstance (line 415) ... FAILED
[INFO] [stdout] test src/android/sensor.rs - android::sensor::ASensorManager_configureDirectReport (line 447) ... FAILED
[INFO] [stdout] 
[INFO] [stdout] failures:
[INFO] [stdout] 
[INFO] [stdout] ---- src/android/sensor.rs - android::sensor::ASensorEventQueue_getEvents (line 454) stdout ----
[INFO] [stdout] error: expected one of `!`, `.`, `::`, `;`, `?`, `{`, `}`, or an operator, found `event`
[INFO] [stdout]  --> src/android/sensor.rs:455:14
[INFO] [stdout]   |
[INFO] [stdout] 3 | ASensorEvent event;
[INFO] [stdout]   |              ^^^^^ expected one of 8 possible tokens
[INFO] [stdout] 
[INFO] [stdout] error: aborting due to 1 previous error
[INFO] [stdout] 
[INFO] [stdout] Couldn't compile the test.
[INFO] [stdout] ---- src/android/imagedecoder.rs - android::imagedecoder::AImageDecoderHeaderInfo_getDataSpace (line 114) stdout ----
[INFO] [stdout] error: expected one of `!`, `.`, `::`, `;`, `?`, `{`, `}`, or an operator, found `that`
[INFO] [stdout]  --> src/android/imagedecoder.rs:115:6
[INFO] [stdout]   |
[INFO] [stdout] 3 | Note that ADataSpace only exposes a few values. This may return
[INFO] [stdout]   |      ^^^^ expected one of 8 possible tokens
[INFO] [stdout] 
[INFO] [stdout] error: aborting due to 1 previous error
[INFO] [stdout] 
[INFO] [stdout] Couldn't compile the test.
[INFO] [stdout] ---- src/android/multinetwork.rs - android::network::net_handle_t (line 30) stdout ----
[INFO] [stdout] error: expected one of `)`, `,`, `.`, `?`, or an operator, found `java_long_network_handle`
[INFO] [stdout]  --> src/android/multinetwork.rs:31:24
[INFO] [stdout]   |
[INFO] [stdout] 3 | [C]    ((net_handle_t) java_long_network_handle)
[INFO] [stdout]   |                       -^^^^^^^^^^^^^^^^^^^^^^^^ expected one of `)`, `,`, `.`, `?`, or an operator
[INFO] [stdout]   |                       |
[INFO] [stdout]   |                       help: missing `,`
[INFO] [stdout] 
[INFO] [stdout] error: Rust has no postfix increment operator
[INFO] [stdout]  --> src/android/multinetwork.rs:32:3
[INFO] [stdout]   |
[INFO] [stdout] 4 | [C++]  static_cast<net_handle_t>(java_long_network_handle)
[INFO] [stdout]   |   ^^ not a valid postfix operator
[INFO] [stdout]   |
[INFO] [stdout] help: use `+= 1` instead
[INFO] [stdout]   |
[INFO] [stdout] 4 | [{ let tmp = C; C += 1; tmp }]  static_cast<net_handle_t>(java_long_network_handle)
[INFO] [stdout]   |  +++++++++++  ~~~~~~~~~~~~~~~
[INFO] [stdout] 
[INFO] [stdout] error: aborting due to 2 previous errors
[INFO] [stdout] 
[INFO] [stdout] Couldn't compile the test.
[INFO] [stdout] ---- src/android/sharedmem.rs - android::memory::ASharedMemory_setProt (line 19) stdout ----
[INFO] [stdout] error: expected one of `!`, `.`, `::`, `;`, `?`, `{`, `}`, or an operator, found `fd`
[INFO] [stdout]  --> src/android/sharedmem.rs:20:5
[INFO] [stdout]   |
[INFO] [stdout] 3 | int fd = ASharedMemory_create("memory", 128);
[INFO] [stdout]   |     ^^ expected one of 8 possible tokens
[INFO] [stdout]   |
[INFO] [stdout] help: there is a keyword `in` with a similar name
[INFO] [stdout]   |
[INFO] [stdout] 3 | in fd = ASharedMemory_create("memory", 128);
[INFO] [stdout]   | ~~
[INFO] [stdout] 
[INFO] [stdout] error: aborting due to 1 previous error
[INFO] [stdout] 
[INFO] [stdout] Couldn't compile the test.
[INFO] [stdout] ---- src/android/sensor.rs - android::sensor::ASensorManager_getInstanceForPackage (line 415) stdout ----
[INFO] [stdout] error[E0425]: cannot find value `ASensorManager` in this scope
[INFO] [stdout]  --> src/android/sensor.rs:416:1
[INFO] [stdout]   |
[INFO] [stdout] 3 | ASensorManager* sensorManager = ASensorManager_getInstanceForPackage("foo.bar.baz");
[INFO] [stdout]   | ^^^^^^^^^^^^^^ not found in this scope
[INFO] [stdout] 
[INFO] [stdout] error[E0425]: cannot find value `sensorManager` in this scope
[INFO] [stdout]  --> src/android/sensor.rs:416:17
[INFO] [stdout]   |
[INFO] [stdout] 3 | ASensorManager* sensorManager = ASensorManager_getInstanceForPackage("foo.bar.baz");
[INFO] [stdout]   |                 ^^^^^^^^^^^^^ not found in this scope
[INFO] [stdout] 
[INFO] [stdout] error[E0425]: cannot find function, tuple struct or tuple variant `ASensorManager_getInstanceForPackage` in this scope
[INFO] [stdout]  --> src/android/sensor.rs:416:33
[INFO] [stdout]   |
[INFO] [stdout] 3 | ASensorManager* sensorManager = ASensorManager_getInstanceForPackage("foo.bar.baz");
[INFO] [stdout]   |                                 ^^^^^^^^^^^^^^^^^^^^^^^^^^^^^^^^^^^^ not found in this scope
[INFO] [stdout]   |
[INFO] [stdout] help: consider importing this function
[INFO] [stdout]   |
[INFO] [stdout] 2 + use ndkm_sys::android::sensor::ASensorManager_getInstanceForPackage;
[INFO] [stdout]   |
[INFO] [stdout] 
[INFO] [stdout] error[E0070]: invalid left-hand side of assignment
[INFO] [stdout]  --> src/android/sensor.rs:416:31
[INFO] [stdout]   |
[INFO] [stdout] 3 | ASensorManager* sensorManager = ASensorManager_getInstanceForPackage("foo.bar.baz");
[INFO] [stdout]   | ----------------------------- ^
[INFO] [stdout]   | |
[INFO] [stdout]   | cannot assign to this expression
[INFO] [stdout] 
[INFO] [stdout] error: aborting due to 4 previous errors
[INFO] [stdout] 
[INFO] [stdout] Some errors have detailed explanations: E0070, E0425.
[INFO] [stdout] For more information about an error, try `rustc --explain E0070`.
[INFO] [stdout] Couldn't compile the test.
[INFO] [stdout] ---- src/android/sensor.rs - android::sensor::ASensorManager_getInstance (line 415) stdout ----
[INFO] [stdout] error[E0425]: cannot find value `ASensorManager` in this scope
[INFO] [stdout]  --> src/android/sensor.rs:416:1
[INFO] [stdout]   |
[INFO] [stdout] 3 | ASensorManager* sensorManager = ASensorManager_getInstance();
[INFO] [stdout]   | ^^^^^^^^^^^^^^ not found in this scope
[INFO] [stdout] 
[INFO] [stdout] error[E0425]: cannot find value `sensorManager` in this scope
[INFO] [stdout]  --> src/android/sensor.rs:416:17
[INFO] [stdout]   |
[INFO] [stdout] 3 | ASensorManager* sensorManager = ASensorManager_getInstance();
[INFO] [stdout]   |                 ^^^^^^^^^^^^^ not found in this scope
[INFO] [stdout] 
[INFO] [stdout] error[E0425]: cannot find function, tuple struct or tuple variant `ASensorManager_getInstance` in this scope
[INFO] [stdout]  --> src/android/sensor.rs:416:33
[INFO] [stdout]   |
[INFO] [stdout] 3 | ASensorManager* sensorManager = ASensorManager_getInstance();
[INFO] [stdout]   |                                 ^^^^^^^^^^^^^^^^^^^^^^^^^^ not found in this scope
[INFO] [stdout]   |
[INFO] [stdout] help: consider importing this function
[INFO] [stdout]   |
[INFO] [stdout] 2 + use ndkm_sys::android::sensor::ASensorManager_getInstance;
[INFO] [stdout]   |
[INFO] [stdout] 
[INFO] [stdout] error[E0070]: invalid left-hand side of assignment
[INFO] [stdout]  --> src/android/sensor.rs:416:31
[INFO] [stdout]   |
[INFO] [stdout] 3 | ASensorManager* sensorManager = ASensorManager_getInstance();
[INFO] [stdout]   | ----------------------------- ^
[INFO] [stdout]   | |
[INFO] [stdout]   | cannot assign to this expression
[INFO] [stdout] 
[INFO] [stdout] error: aborting due to 4 previous errors
[INFO] [stdout] 
[INFO] [stdout] Some errors have detailed explanations: E0070, E0425.
[INFO] [stdout] For more information about an error, try `rustc --explain E0070`.
[INFO] [stdout] Couldn't compile the test.
[INFO] [stdout] ---- src/android/sensor.rs - android::sensor::ASensorManager_configureDirectReport (line 447) stdout ----
[INFO] [stdout] error: unexpected token: `...`
[INFO] [stdout]  --> src/android/sensor.rs:448:27
[INFO] [stdout]   |
[INFO] [stdout] 3 | ASensorManager *manager = ...;
[INFO] [stdout]   |                           ^^^
[INFO] [stdout]   |
[INFO] [stdout] help: use `..` for an exclusive range
[INFO] [stdout]   |
[INFO] [stdout] 3 | ASensorManager *manager = ..;
[INFO] [stdout]   |                           ~~
[INFO] [stdout] help: or `..=` for an inclusive range
[INFO] [stdout]   |
[INFO] [stdout] 3 | ASensorManager *manager = ..=;
[INFO] [stdout]   |                           ~~~
[INFO] [stdout] 
[INFO] [stdout] error[E0586]: inclusive range with no end
[INFO] [stdout]  --> src/android/sensor.rs:448:27
[INFO] [stdout]   |
[INFO] [stdout] 3 | ASensorManager *manager = ...;
[INFO] [stdout]   |                           ^^^
[INFO] [stdout]   |
[INFO] [stdout]   = note: inclusive ranges must be bounded at the end (`..=b` or `a..=b`)
[INFO] [stdout] help: use `..` instead
[INFO] [stdout]   |
[INFO] [stdout] 3 - ASensorManager *manager = ...;
[INFO] [stdout] 3 + ASensorManager *manager = ..;
[INFO] [stdout]   |
[INFO] [stdout] 
[INFO] [stdout] error: unexpected token: `...`
[INFO] [stdout]  --> src/android/sensor.rs:449:19
[INFO] [stdout]   |
[INFO] [stdout] 4 | ASensor *sensor = ...;
[INFO] [stdout]   |                   ^^^
[INFO] [stdout]   |
[INFO] [stdout] help: use `..` for an exclusive range
[INFO] [stdout]   |
[INFO] [stdout] 4 | ASensor *sensor = ..;
[INFO] [stdout]   |                   ~~
[INFO] [stdout] help: or `..=` for an inclusive range
[INFO] [stdout]   |
[INFO] [stdout] 4 | ASensor *sensor = ..=;
[INFO] [stdout]   |                   ~~~
[INFO] [stdout] 
[INFO] [stdout] error[E0586]: inclusive range with no end
[INFO] [stdout]  --> src/android/sensor.rs:449:19
[INFO] [stdout]   |
[INFO] [stdout] 4 | ASensor *sensor = ...;
[INFO] [stdout]   |                   ^^^
[INFO] [stdout]   |
[INFO] [stdout]   = note: inclusive ranges must be bounded at the end (`..=b` or `a..=b`)
[INFO] [stdout] help: use `..` instead
[INFO] [stdout]   |
[INFO] [stdout] 4 - ASensor *sensor = ...;
[INFO] [stdout] 4 + ASensor *sensor = ..;
[INFO] [stdout]   |
[INFO] [stdout] 
[INFO] [stdout] error: expected one of `!`, `.`, `::`, `;`, `?`, `{`, `}`, or an operator, found `channelId`
[INFO] [stdout]  --> src/android/sensor.rs:450:5
[INFO] [stdout]   |
[INFO] [stdout] 5 | int channelId = ...;
[INFO] [stdout]   |     ^^^^^^^^^ expected one of 8 possible tokens
[INFO] [stdout]   |
[INFO] [stdout] help: there is a keyword `in` with a similar name
[INFO] [stdout]   |
[INFO] [stdout] 5 | in channelId = ...;
[INFO] [stdout]   | ~~
[INFO] [stdout] 
[INFO] [stdout] error[E0425]: cannot find value `ASensorManager` in this scope
[INFO] [stdout]  --> src/android/sensor.rs:448:1
[INFO] [stdout]   |
[INFO] [stdout] 3 | ASensorManager *manager = ...;
[INFO] [stdout]   | ^^^^^^^^^^^^^^ not found in this scope
[INFO] [stdout] 
[INFO] [stdout] error[E0425]: cannot find value `manager` in this scope
[INFO] [stdout]  --> src/android/sensor.rs:448:17
[INFO] [stdout]   |
[INFO] [stdout] 3 | ASensorManager *manager = ...;
[INFO] [stdout]   |                 ^^^^^^^ not found in this scope
[INFO] [stdout] 
[INFO] [stdout] error[E0425]: cannot find value `ASensor` in this scope
[INFO] [stdout]  --> src/android/sensor.rs:449:1
[INFO] [stdout]   |
[INFO] [stdout] 4 | ASensor *sensor = ...;
[INFO] [stdout]   | ^^^^^^^ not found in this scope
[INFO] [stdout] 
[INFO] [stdout] error[E0425]: cannot find value `sensor` in this scope
[INFO] [stdout]  --> src/android/sensor.rs:449:10
[INFO] [stdout]   |
[INFO] [stdout] 4 | ASensor *sensor = ...;
[INFO] [stdout]   |          ^^^^^^ not found in this scope
[INFO] [stdout] 
[INFO] [stdout] error[E0070]: invalid left-hand side of assignment
[INFO] [stdout]  --> src/android/sensor.rs:448:25
[INFO] [stdout]   |
[INFO] [stdout] 3 | ASensorManager *manager = ...;
[INFO] [stdout]   | ----------------------- ^
[INFO] [stdout]   | |
[INFO] [stdout]   | cannot assign to this expression
[INFO] [stdout] 
[INFO] [stdout] error[E0070]: invalid left-hand side of assignment
[INFO] [stdout]  --> src/android/sensor.rs:449:17
[INFO] [stdout]   |
[INFO] [stdout] 4 | ASensor *sensor = ...;
[INFO] [stdout]   | --------------- ^
[INFO] [stdout]   | |
[INFO] [stdout]   | cannot assign to this expression
[INFO] [stdout] 
[INFO] [stdout] error: aborting due to 11 previous errors
[INFO] [stdout] 
[INFO] [stdout] Some errors have detailed explanations: E0070, E0425, E0586.
[INFO] [stdout] For more information about an error, try `rustc --explain E0070`.
[INFO] [stdout] Couldn't compile the test.
[INFO] [stdout] 
[INFO] [stdout] failures:
[INFO] [stdout]     src/android/imagedecoder.rs - android::imagedecoder::AImageDecoderHeaderInfo_getDataSpace (line 114)
[INFO] [stdout]     src/android/multinetwork.rs - android::network::net_handle_t (line 30)
[INFO] [stdout]     src/android/sensor.rs - android::sensor::ASensorEventQueue_getEvents (line 454)
[INFO] [stdout]     src/android/sensor.rs - android::sensor::ASensorManager_configureDirectReport (line 447)
[INFO] [stdout]     src/android/sensor.rs - android::sensor::ASensorManager_getInstance (line 415)
[INFO] [stdout]     src/android/sensor.rs - android::sensor::ASensorManager_getInstanceForPackage (line 415)
[INFO] [stdout]     src/android/sharedmem.rs - android::memory::ASharedMemory_setProt (line 19)
[INFO] [stdout] 
[INFO] [stdout] test result: FAILED. 0 passed; 7 failed; 0 ignored; 0 measured; 0 filtered out; finished in 0.04s
[INFO] [stdout] 
[INFO] [stderr] error: doctest failed, to rerun pass `--doc`
[INFO] running `Command { std: "docker" "inspect" "ef50ec6b316f9b056529a434a7229f149f7c518a5c888b8390fd64c3db2ceb06", kill_on_drop: false }`
[INFO] running `Command { std: "docker" "rm" "-f" "ef50ec6b316f9b056529a434a7229f149f7c518a5c888b8390fd64c3db2ceb06", kill_on_drop: false }`
[INFO] [stdout] ef50ec6b316f9b056529a434a7229f149f7c518a5c888b8390fd64c3db2ceb06
