[INFO] fetching crate ndarray-glm 0.0.12...
[INFO] testing ndarray-glm-0.0.12 against nightly-2024-10-28+rustflags=-Zrandomize-layout for randomize-layout
[INFO] extracting crate ndarray-glm 0.0.12 into /workspace/builds/worker-3-tc2/source
[INFO] validating manifest of crates.io crate ndarray-glm 0.0.12 on toolchain nightly-2024-10-28
[INFO] running `Command { std: CARGO_HOME="/workspace/cargo-home" RUSTUP_HOME="/workspace/rustup-home" "/workspace/cargo-home/bin/cargo" "+nightly-2024-10-28" "metadata" "--manifest-path" "Cargo.toml" "--no-deps", kill_on_drop: false }`
[INFO] started tweaking crates.io crate ndarray-glm 0.0.12
[INFO] finished tweaking crates.io crate ndarray-glm 0.0.12
[INFO] tweaked toml for crates.io crate ndarray-glm 0.0.12 written to /workspace/builds/worker-3-tc2/source/Cargo.toml
[INFO] running `Command { std: CARGO_HOME="/workspace/cargo-home" RUSTUP_HOME="/workspace/rustup-home" "/workspace/cargo-home/bin/cargo" "+nightly-2024-10-28" "generate-lockfile" "--manifest-path" "Cargo.toml", kill_on_drop: false }`
[INFO] [stderr]     Updating crates.io index
[INFO] [stderr]      Locking 187 packages to latest compatible versions
[INFO] [stderr]       Adding approx v0.4.0 (available: v0.5.1)
[INFO] [stderr]       Adding itertools v0.10.5 (available: v0.13.0)
[INFO] [stderr]       Adding ndarray v0.15.6 (available: v0.16.1)
[INFO] [stderr]       Adding once_cell v1.19.0 (available: v1.20.2)
[INFO] [stderr]       Adding regex v1.10.6 (available: v1.11.1)
[INFO] running `Command { std: CARGO_HOME="/workspace/cargo-home" RUSTUP_HOME="/workspace/rustup-home" "/workspace/cargo-home/bin/cargo" "+nightly-2024-10-28" "fetch" "--manifest-path" "Cargo.toml", kill_on_drop: false }`
[INFO] running `Command { std: "docker" "create" "-v" "/var/lib/crater-agent-workspace/builds/worker-3-tc2/target:/opt/rustwide/target:rw,Z" "-v" "/var/lib/crater-agent-workspace/builds/worker-3-tc2/source:/opt/rustwide/workdir:ro,Z" "-v" "/var/lib/crater-agent-workspace/cargo-home:/opt/rustwide/cargo-home:ro,Z" "-v" "/var/lib/crater-agent-workspace/rustup-home:/opt/rustwide/rustup-home:ro,Z" "-e" "SOURCE_DIR=/opt/rustwide/workdir" "-e" "CARGO_TARGET_DIR=/opt/rustwide/target" "-e" "CARGO_HOME=/opt/rustwide/cargo-home" "-e" "RUSTUP_HOME=/opt/rustwide/rustup-home" "-w" "/opt/rustwide/workdir" "-m" "1610612736" "--user" "0:0" "--network" "none" "ghcr.io/rust-lang/crates-build-env/linux@sha256:4a844ea9eb2546a2d2c7022eacef16ef2e8229c7fbb2c7d4d55a9ceca922f72d" "/opt/rustwide/cargo-home/bin/cargo" "+nightly-2024-10-28" "metadata" "--no-deps" "--format-version=1", kill_on_drop: false }`
[INFO] [stdout] a6524b6e622ffe14071762d17d2217a54f47408449fa03c9e286e5281944ff4a
[INFO] running `Command { std: "docker" "start" "-a" "a6524b6e622ffe14071762d17d2217a54f47408449fa03c9e286e5281944ff4a", kill_on_drop: false }`
[INFO] running `Command { std: "docker" "inspect" "a6524b6e622ffe14071762d17d2217a54f47408449fa03c9e286e5281944ff4a", kill_on_drop: false }`
[INFO] running `Command { std: "docker" "rm" "-f" "a6524b6e622ffe14071762d17d2217a54f47408449fa03c9e286e5281944ff4a", kill_on_drop: false }`
[INFO] [stdout] a6524b6e622ffe14071762d17d2217a54f47408449fa03c9e286e5281944ff4a
[INFO] running `Command { std: "docker" "create" "-v" "/var/lib/crater-agent-workspace/builds/worker-3-tc2/target:/opt/rustwide/target:rw,Z" "-v" "/var/lib/crater-agent-workspace/builds/worker-3-tc2/source:/opt/rustwide/workdir:ro,Z" "-v" "/var/lib/crater-agent-workspace/cargo-home:/opt/rustwide/cargo-home:ro,Z" "-v" "/var/lib/crater-agent-workspace/rustup-home:/opt/rustwide/rustup-home:ro,Z" "-e" "SOURCE_DIR=/opt/rustwide/workdir" "-e" "CARGO_TARGET_DIR=/opt/rustwide/target" "-e" "CARGO_INCREMENTAL=0" "-e" "RUST_BACKTRACE=full" "-e" "RUSTFLAGS=--cap-lints=forbid -Zrandomize-layout" "-e" "RUSTDOCFLAGS=--cap-lints=forbid" "-e" "CARGO_HOME=/opt/rustwide/cargo-home" "-e" "RUSTUP_HOME=/opt/rustwide/rustup-home" "-w" "/opt/rustwide/workdir" "-m" "1610612736" "--user" "0:0" "--network" "none" "ghcr.io/rust-lang/crates-build-env/linux@sha256:4a844ea9eb2546a2d2c7022eacef16ef2e8229c7fbb2c7d4d55a9ceca922f72d" "/opt/rustwide/cargo-home/bin/cargo" "+nightly-2024-10-28" "build" "--frozen" "--message-format=json", kill_on_drop: false }`
[INFO] [stdout] 45f6f3b1eaff45d905447c0bcbbb4475d70f0a27f09da18a500e995cc7808627
[INFO] running `Command { std: "docker" "start" "-a" "45f6f3b1eaff45d905447c0bcbbb4475d70f0a27f09da18a500e995cc7808627", kill_on_drop: false }`
[INFO] [stderr]    Compiling proc-macro2 v1.0.89
[INFO] [stderr]    Compiling unicode-ident v1.0.13
[INFO] [stderr]    Compiling libc v0.2.161
[INFO] [stderr]    Compiling autocfg v1.4.0
[INFO] [stderr]    Compiling byteorder v1.5.0
[INFO] [stderr]    Compiling cfg-if v1.0.0
[INFO] [stderr]    Compiling serde v1.0.214
[INFO] [stderr]    Compiling syn v1.0.109
[INFO] [stderr]    Compiling thiserror v1.0.66
[INFO] [stderr]    Compiling rawpointer v0.2.1
[INFO] [stderr]    Compiling either v1.13.0
[INFO] [stderr]    Compiling num-traits v0.2.19
[INFO] [stderr]    Compiling matrixmultiply v0.3.9
[INFO] [stderr]    Compiling itertools v0.10.5
[INFO] [stderr]    Compiling quote v1.0.37
[INFO] [stderr]    Compiling syn v2.0.86
[INFO] [stderr]    Compiling getrandom v0.2.15
[INFO] [stderr]    Compiling rand_core v0.6.4
[INFO] [stderr]    Compiling lapack-sys v0.14.0
[INFO] [stderr]    Compiling cblas-sys v0.1.4
[INFO] [stderr]    Compiling num-integer v0.1.46
[INFO] [stderr]    Compiling approx v0.4.0
[INFO] [stderr]    Compiling zerocopy-derive v0.7.35
[INFO] [stderr]    Compiling thiserror-impl v1.0.66
[INFO] [stderr]    Compiling zerocopy v0.7.35
[INFO] [stderr]    Compiling ppv-lite86 v0.2.20
[INFO] [stderr]    Compiling rand_chacha v0.3.1
[INFO] [stderr]    Compiling katexit v0.1.4
[INFO] [stderr]    Compiling rand v0.8.5
[INFO] [stderr]    Compiling num-complex v0.4.6
[INFO] [stderr]    Compiling cauchy v0.4.0
[INFO] [stderr]    Compiling ndarray v0.15.6
[INFO] [stderr]    Compiling lax v0.16.0
[INFO] [stderr]    Compiling ndarray-linalg v0.16.0
[INFO] [stderr]    Compiling ndarray-glm v0.0.12 (/opt/rustwide/workdir)
[INFO] [stdout] warning: fields `guess` and `like` are never read
[INFO] [stdout]    --> src/irls.rs:150:9
[INFO] [stdout]     |
[INFO] [stdout] 148 | pub struct IrlsStep<F> {
[INFO] [stdout]     |            -------- fields in this struct
[INFO] [stdout] 149 |     /// The current parameter guess.
[INFO] [stdout] 150 |     pub guess: Array1<F>,
[INFO] [stdout]     |         ^^^^^
[INFO] [stdout] 151 |     /// The regularized log-likelihood of the current guess.
[INFO] [stdout] 152 |     pub like: F,
[INFO] [stdout]     |         ^^^^
[INFO] [stdout]     |
[INFO] [stdout]     = note: `#[warn(dead_code)]` on by default
[INFO] [stdout] 
[INFO] [stdout] 
[INFO] [stderr]     Finished `dev` profile [unoptimized + debuginfo] target(s) in 17.21s
[INFO] running `Command { std: "docker" "inspect" "45f6f3b1eaff45d905447c0bcbbb4475d70f0a27f09da18a500e995cc7808627", kill_on_drop: false }`
[INFO] running `Command { std: "docker" "rm" "-f" "45f6f3b1eaff45d905447c0bcbbb4475d70f0a27f09da18a500e995cc7808627", kill_on_drop: false }`
[INFO] [stdout] 45f6f3b1eaff45d905447c0bcbbb4475d70f0a27f09da18a500e995cc7808627
[INFO] running `Command { std: "docker" "create" "-v" "/var/lib/crater-agent-workspace/builds/worker-3-tc2/target:/opt/rustwide/target:rw,Z" "-v" "/var/lib/crater-agent-workspace/builds/worker-3-tc2/source:/opt/rustwide/workdir:ro,Z" "-v" "/var/lib/crater-agent-workspace/cargo-home:/opt/rustwide/cargo-home:ro,Z" "-v" "/var/lib/crater-agent-workspace/rustup-home:/opt/rustwide/rustup-home:ro,Z" "-e" "SOURCE_DIR=/opt/rustwide/workdir" "-e" "CARGO_TARGET_DIR=/opt/rustwide/target" "-e" "CARGO_INCREMENTAL=0" "-e" "RUST_BACKTRACE=full" "-e" "RUSTFLAGS=--cap-lints=forbid -Zrandomize-layout" "-e" "RUSTDOCFLAGS=--cap-lints=forbid" "-e" "CARGO_HOME=/opt/rustwide/cargo-home" "-e" "RUSTUP_HOME=/opt/rustwide/rustup-home" "-w" "/opt/rustwide/workdir" "-m" "1610612736" "--user" "0:0" "--network" "none" "ghcr.io/rust-lang/crates-build-env/linux@sha256:4a844ea9eb2546a2d2c7022eacef16ef2e8229c7fbb2c7d4d55a9ceca922f72d" "/opt/rustwide/cargo-home/bin/cargo" "+nightly-2024-10-28" "test" "--frozen" "--no-run" "--message-format=json", kill_on_drop: false }`
[INFO] [stdout] 320cddabe21c83da04340da4382a8e86be1efa2fc2b521c10146a5ac02a0abe0
[INFO] running `Command { std: "docker" "start" "-a" "320cddabe21c83da04340da4382a8e86be1efa2fc2b521c10146a5ac02a0abe0", kill_on_drop: false }`
[INFO] [stderr]    Compiling syn v2.0.86
[INFO] [stderr]    Compiling shlex v1.3.0
[INFO] [stderr]    Compiling vcpkg v0.2.15
[INFO] [stderr]    Compiling pkg-config v0.3.31
[INFO] [stderr]    Compiling bitflags v2.6.0
[INFO] [stderr]    Compiling tinyvec_macros v0.1.1
[INFO] [stderr]    Compiling openssl v0.10.68
[INFO] [stderr]    Compiling foreign-types-shared v0.1.1
[INFO] [stderr]    Compiling tinyvec v1.8.0
[INFO] [stderr]    Compiling rustix v0.38.38
[INFO] [stderr]    Compiling cc v1.1.31
[INFO] [stderr]    Compiling foreign-types v0.3.2
[INFO] [stderr]    Compiling native-tls v0.2.12
[INFO] [stderr]    Compiling percent-encoding v2.3.1
[INFO] [stderr]    Compiling adler2 v2.0.0
[INFO] [stderr]    Compiling rustls-pki-types v1.10.0
[INFO] [stderr]    Compiling once_cell v1.19.0
[INFO] [stderr]    Compiling linux-raw-sys v0.4.14
[INFO] [stderr]    Compiling unicode-bidi v0.3.17
[INFO] [stderr]    Compiling openssl-probe v0.1.5
[INFO] [stderr]    Compiling rustls-pemfile v2.2.0
[INFO] [stderr]    Compiling miniz_oxide v0.8.0
[INFO] [stderr]    Compiling form_urlencoded v1.2.1
[INFO] [stderr]    Compiling crc32fast v1.4.2
[INFO] [stderr]    Compiling unicode-normalization v0.1.24
[INFO] [stderr]    Compiling log v0.4.22
[INFO] [stderr]    Compiling anyhow v1.0.92
[INFO] [stderr]    Compiling rustls-native-certs v0.7.3
[INFO] [stderr]    Compiling flate2 v1.0.34
[INFO] [stderr]    Compiling filetime v0.2.25
[INFO] [stderr]    Compiling idna v0.5.0
[INFO] [stderr]    Compiling base64 v0.22.1
[INFO] [stderr]    Compiling same-file v1.0.6
[INFO] [stderr]    Compiling walkdir v2.5.0
[INFO] [stderr]    Compiling openssl-sys v0.9.104
[INFO] [stderr]    Compiling url v2.5.2
[INFO] [stderr]    Compiling dirs-sys v0.3.7
[INFO] [stderr]    Compiling dirs v3.0.2
[INFO] [stderr]    Compiling approx v0.4.0
[INFO] [stderr]    Compiling xattr v1.3.1
[INFO] [stderr]    Compiling tar v0.4.42
[INFO] [stderr]    Compiling openssl-macros v0.1.1
[INFO] [stderr]    Compiling zerocopy-derive v0.7.35
[INFO] [stderr]    Compiling thiserror-impl v1.0.66
[INFO] [stderr]    Compiling zerocopy v0.7.35
[INFO] [stderr]    Compiling thiserror v1.0.66
[INFO] [stderr]    Compiling ppv-lite86 v0.2.20
[INFO] [stderr]    Compiling rand_chacha v0.3.1
[INFO] [stderr]    Compiling rand v0.8.5
[INFO] [stderr]    Compiling num-complex v0.4.6
[INFO] [stderr]    Compiling cauchy v0.4.0
[INFO] [stderr]    Compiling ndarray v0.15.6
[INFO] [stderr]    Compiling ureq v2.10.1
[INFO] [stderr]    Compiling openblas-build v0.10.9
[INFO] [stderr]    Compiling openblas-src v0.10.9
[INFO] [stderr]    Compiling lax v0.16.0
[INFO] [stderr]    Compiling ndarray-linalg v0.16.0
[INFO] [stderr]    Compiling ndarray-glm v0.0.12 (/opt/rustwide/workdir)
[INFO] [stdout] warning: fields `guess` and `like` are never read
[INFO] [stdout]    --> src/irls.rs:150:9
[INFO] [stdout]     |
[INFO] [stdout] 148 | pub struct IrlsStep<F> {
[INFO] [stdout]     |            -------- fields in this struct
[INFO] [stdout] 149 |     /// The current parameter guess.
[INFO] [stdout] 150 |     pub guess: Array1<F>,
[INFO] [stdout]     |         ^^^^^
[INFO] [stdout] 151 |     /// The regularized log-likelihood of the current guess.
[INFO] [stdout] 152 |     pub like: F,
[INFO] [stdout]     |         ^^^^
[INFO] [stdout]     |
[INFO] [stdout]     = note: `#[warn(dead_code)]` on by default
[INFO] [stdout] 
[INFO] [stdout] 
[INFO] [stdout] warning: fields `guess` and `like` are never read
[INFO] [stdout]    --> src/irls.rs:150:9
[INFO] [stdout]     |
[INFO] [stdout] 148 | pub struct IrlsStep<F> {
[INFO] [stdout]     |            -------- fields in this struct
[INFO] [stdout] 149 |     /// The current parameter guess.
[INFO] [stdout] 150 |     pub guess: Array1<F>,
[INFO] [stdout]     |         ^^^^^
[INFO] [stdout] 151 |     /// The regularized log-likelihood of the current guess.
[INFO] [stdout] 152 |     pub like: F,
[INFO] [stdout]     |         ^^^^
[INFO] [stdout]     |
[INFO] [stdout]     = note: `#[warn(dead_code)]` on by default
[INFO] [stdout] 
[INFO] [stdout] 
[INFO] [stderr]     Finished `test` profile [unoptimized + debuginfo] target(s) in 34.31s
[INFO] running `Command { std: "docker" "inspect" "320cddabe21c83da04340da4382a8e86be1efa2fc2b521c10146a5ac02a0abe0", kill_on_drop: false }`
[INFO] running `Command { std: "docker" "rm" "-f" "320cddabe21c83da04340da4382a8e86be1efa2fc2b521c10146a5ac02a0abe0", kill_on_drop: false }`
[INFO] [stdout] 320cddabe21c83da04340da4382a8e86be1efa2fc2b521c10146a5ac02a0abe0
[INFO] running `Command { std: "docker" "create" "-v" "/var/lib/crater-agent-workspace/builds/worker-3-tc2/target:/opt/rustwide/target:rw,Z" "-v" "/var/lib/crater-agent-workspace/builds/worker-3-tc2/source:/opt/rustwide/workdir:ro,Z" "-v" "/var/lib/crater-agent-workspace/cargo-home:/opt/rustwide/cargo-home:ro,Z" "-v" "/var/lib/crater-agent-workspace/rustup-home:/opt/rustwide/rustup-home:ro,Z" "-e" "SOURCE_DIR=/opt/rustwide/workdir" "-e" "CARGO_TARGET_DIR=/opt/rustwide/target" "-e" "CARGO_INCREMENTAL=0" "-e" "RUST_BACKTRACE=full" "-e" "RUSTFLAGS=--cap-lints=forbid -Zrandomize-layout" "-e" "RUSTDOCFLAGS=--cap-lints=forbid" "-e" "CARGO_HOME=/opt/rustwide/cargo-home" "-e" "RUSTUP_HOME=/opt/rustwide/rustup-home" "-w" "/opt/rustwide/workdir" "-m" "1610612736" "--user" "0:0" "--network" "none" "ghcr.io/rust-lang/crates-build-env/linux@sha256:4a844ea9eb2546a2d2c7022eacef16ef2e8229c7fbb2c7d4d55a9ceca922f72d" "/opt/rustwide/cargo-home/bin/cargo" "+nightly-2024-10-28" "test" "--frozen", kill_on_drop: false }`
[INFO] [stdout] 8698527d009706b7af4ae17aa42380f5251989fd251ac9f0e95a3e8f328b6dc0
[INFO] running `Command { std: "docker" "start" "-a" "8698527d009706b7af4ae17aa42380f5251989fd251ac9f0e95a3e8f328b6dc0", kill_on_drop: false }`
[INFO] [stderr] warning: fields `guess` and `like` are never read
[INFO] [stderr]    --> src/irls.rs:150:9
[INFO] [stderr]     |
[INFO] [stderr] 148 | pub struct IrlsStep<F> {
[INFO] [stderr]     |            -------- fields in this struct
[INFO] [stderr] 149 |     /// The current parameter guess.
[INFO] [stderr] 150 |     pub guess: Array1<F>,
[INFO] [stderr]     |         ^^^^^
[INFO] [stderr] 151 |     /// The regularized log-likelihood of the current guess.
[INFO] [stderr] 152 |     pub like: F,
[INFO] [stderr]     |         ^^^^
[INFO] [stderr]     |
[INFO] [stderr]     = note: `#[warn(dead_code)]` on by default
[INFO] [stderr] 
[INFO] [stderr] warning: `ndarray-glm` (lib) generated 1 warning
[INFO] [stderr] warning: `ndarray-glm` (lib test) generated 1 warning (1 duplicate)
[INFO] [stderr]     Finished `test` profile [unoptimized + debuginfo] target(s) in 0.12s
[INFO] [stderr]      Running unittests src/lib.rs (/opt/rustwide/target/debug/deps/ndarray_glm-2e1a77c67a5a9ea7)
[INFO] [stdout] 
[INFO] [stdout] running 19 tests
[INFO] [stdout] test fit::tests::deviance_dispersion_eq_linear ... ok
[INFO] [stdout] test fit::tests::deviance_linear ... ok
[INFO] [stdout] test fit::tests::null_like_logistic_nodep ... ok
[INFO] [stdout] test fit::tests::null_like_linear ... ok
[INFO] [stdout] test fit::tests::null_like_logistic ... ok
[INFO] [stdout] test fit::tests::cached_computations ... ok
[INFO] [stdout] test fit::tests::linear_stat_tests ... ok
[INFO] [stdout] test math::tests::test_prod_log ... ok
[INFO] [stdout] test regularization::tests::ridge_matrix ... ok
[INFO] [stdout] test regularization::tests::soft_thresh_correct ... ok
[INFO] [stdout] test math::tests::test_rank_def ... ok
[INFO] [stdout] test response::binomial::tests::bin_reg ... ok
[INFO] [stdout] test response::logistic::tests::cloglog_closure ... ok
[INFO] [stdout] test response::logistic::tests::log_reg ... ok
[INFO] [stdout] test response::linear::tests::lin_reg ... ok
[INFO] [stdout] test response::poisson::tests::poisson_reg ... ok
[INFO] [stdout] test fit::tests::null_model ... ok
[INFO] [stdout] test fit::tests::residuals_linear ... ok
[INFO] [stdout] test fit::tests::standardization_invariance ... ok
[INFO] [stdout] 
[INFO] [stdout] test result: ok. 19 passed; 0 failed; 0 ignored; 0 measured; 0 filtered out; finished in 0.06s
[INFO] [stdout] 
[INFO] [stderr]      Running tests/custom_link.rs (/opt/rustwide/target/debug/deps/custom_link-e56041ffa2f5acce)
[INFO] [stdout] 
[INFO] [stdout] running 2 tests
[INFO] [stdout] test linear_with_lin_transform ... ok
[INFO] [stdout] test linear_with_cubic ... ok
[INFO] [stdout] 
[INFO] [stdout] test result: ok. 2 passed; 0 failed; 0 ignored; 0 measured; 0 filtered out; finished in 0.01s
[INFO] [stdout] 
[INFO] [stderr]      Running tests/edge_cases.rs (/opt/rustwide/target/debug/deps/edge_cases-ae634e65139c9af4)
[INFO] [stdout] 
[INFO] [stdout] running 1 test
[INFO] [stdout] test start_zero ... ok
[INFO] [stdout] 
[INFO] [stdout] test result: ok. 1 passed; 0 failed; 0 ignored; 0 measured; 0 filtered out; finished in 0.00s
[INFO] [stdout] 
[INFO] [stderr]      Running tests/linear_offset.rs (/opt/rustwide/target/debug/deps/linear_offset-c270df2a0b4aa760)
[INFO] [stdout] 
[INFO] [stdout] running 2 tests
[INFO] [stdout] test lin_off_1 ... ok
[INFO] [stdout] test lin_off_0 ... ok
[INFO] [stdout] 
[INFO] [stdout] test result: ok. 2 passed; 0 failed; 0 ignored; 0 measured; 0 filtered out; finished in 0.01s
[INFO] [stdout] 
[INFO] [stderr]      Running tests/logistic.rs (/opt/rustwide/target/debug/deps/logistic-3b5cd8de5921fd52)
[INFO] [stdout] 
[INFO] [stdout] running 3 tests
[INFO] [stdout] test log_termination_1 ... ok
[INFO] [stdout] test log_termination_0 ... ok
[INFO] [stdout] test log_regularization ... ok
[INFO] [stdout] 
[INFO] [stdout] test result: ok. 3 passed; 0 failed; 0 ignored; 0 measured; 0 filtered out; finished in 0.08s
[INFO] [stdout] 
[INFO] [stderr]      Running tests/lr_test_sign.rs (/opt/rustwide/target/debug/deps/lr_test_sign-9a56e42fbceccf85)
[INFO] [stdout] 
[INFO] [stdout] running 2 tests
[INFO] [stdout] test lr_test_sign0 ... ok
[INFO] [stdout] test lr_test_sign1 ... ok
[INFO] [stdout] 
[INFO] [stdout] test result: ok. 2 passed; 0 failed; 0 ignored; 0 measured; 0 filtered out; finished in 0.06s
[INFO] [stdout] 
[INFO] [stderr]      Running tests/regularization.rs (/opt/rustwide/target/debug/deps/regularization-737a3a3b07143503)
[INFO] [stdout] 
[INFO] [stdout] running 5 tests
[INFO] [stdout] test same_lin_intercept ... ok
[INFO] [stdout] test lasso_versicolor ... ok
[INFO] [stdout] test lasso_underconstrained ... ok
[INFO] [stdout] test ridge_seperable ... ok
[INFO] [stdout] test elnet_seperable ... ok
[INFO] [stdout] 
[INFO] [stdout] test result: ok. 5 passed; 0 failed; 0 ignored; 0 measured; 0 filtered out; finished in 0.06s
[INFO] [stdout] 
[INFO] [stderr]    Doc-tests ndarray_glm
[INFO] [stdout] 
[INFO] [stdout] running 3 tests
[INFO] [stdout] test src/lib.rs - (line 79) ... FAILED
[INFO] [stdout] test src/lib.rs - (line 52) ... ok
[INFO] [stdout] test src/lib.rs - (line 64) ... ok
[INFO] [stdout] 
[INFO] [stdout] failures:
[INFO] [stdout] 
[INFO] [stdout] ---- src/lib.rs - (line 79) stdout ----
[INFO] [stdout] Test executable failed (exit status: 101).
[INFO] [stdout] 
[INFO] [stdout] stderr:
[INFO] [stdout] thread 'main' panicked at src/lib.rs:10:50:
[INFO] [stdout] called `Result::unwrap()` on an `Err` value: MaxIter(32)
[INFO] [stdout] stack backtrace:
[INFO] [stdout]    0:     0x5e9053da220a - std::backtrace_rs::backtrace::libunwind::trace::h207520d6e9873551
[INFO] [stdout]                                at /rustc/df4ca44d3fbc9301ee17f30f4d474e6ae4b05252/library/std/src/../../backtrace/src/backtrace/libunwind.rs:116:5
[INFO] [stdout]    1:     0x5e9053da220a - std::backtrace_rs::backtrace::trace_unsynchronized::h2ed7433f370e3eca
[INFO] [stdout]                                at /rustc/df4ca44d3fbc9301ee17f30f4d474e6ae4b05252/library/std/src/../../backtrace/src/backtrace/mod.rs:66:5
[INFO] [stdout]    2:     0x5e9053da220a - std::sys::backtrace::_print_fmt::h916fac51166b18d7
[INFO] [stdout]                                at /rustc/df4ca44d3fbc9301ee17f30f4d474e6ae4b05252/library/std/src/sys/backtrace.rs:66:9
[INFO] [stdout]    3:     0x5e9053da220a - <std::sys::backtrace::BacktraceLock::print::DisplayBacktrace as core::fmt::Display>::fmt::ha0a4c9b8ce3802e6
[INFO] [stdout]                                at /rustc/df4ca44d3fbc9301ee17f30f4d474e6ae4b05252/library/std/src/sys/backtrace.rs:39:26
[INFO] [stdout]    4:     0x5e9053dc3893 - core::fmt::rt::Argument::fmt::h4cfc8587d52b3eb5
[INFO] [stdout]                                at /rustc/df4ca44d3fbc9301ee17f30f4d474e6ae4b05252/library/core/src/fmt/rt.rs:177:76
[INFO] [stdout]    5:     0x5e9053dc3893 - core::fmt::write::h522cc39e5b36ae9f
[INFO] [stdout]                                at /rustc/df4ca44d3fbc9301ee17f30f4d474e6ae4b05252/library/core/src/fmt/mod.rs:1190:21
[INFO] [stdout]    6:     0x5e9053d9faf3 - std::io::Write::write_fmt::hf1c1dcc8cc1287f0
[INFO] [stdout]                                at /rustc/df4ca44d3fbc9301ee17f30f4d474e6ae4b05252/library/std/src/io/mod.rs:1839:15
[INFO] [stdout]    7:     0x5e9053da2052 - std::sys::backtrace::BacktraceLock::print::h4b9e00b29e9c0942
[INFO] [stdout]                                at /rustc/df4ca44d3fbc9301ee17f30f4d474e6ae4b05252/library/std/src/sys/backtrace.rs:42:9
[INFO] [stdout]    8:     0x5e9053da301c - std::panicking::default_hook::{{closure}}::hb59b88280d0324d9
[INFO] [stdout]                                at /rustc/df4ca44d3fbc9301ee17f30f4d474e6ae4b05252/library/std/src/panicking.rs:268:22
[INFO] [stdout]    9:     0x5e9053da2e62 - std::panicking::default_hook::he1dd496665be4a29
[INFO] [stdout]                                at /rustc/df4ca44d3fbc9301ee17f30f4d474e6ae4b05252/library/std/src/panicking.rs:295:9
[INFO] [stdout]   10:     0x5e9053da3617 - std::panicking::rust_panic_with_hook::h2ff17fe8f26dfcf8
[INFO] [stdout]                                at /rustc/df4ca44d3fbc9301ee17f30f4d474e6ae4b05252/library/std/src/panicking.rs:801:13
[INFO] [stdout]   11:     0x5e9053da34aa - std::panicking::begin_panic_handler::{{closure}}::h4fad77951c07e101
[INFO] [stdout]                                at /rustc/df4ca44d3fbc9301ee17f30f4d474e6ae4b05252/library/std/src/panicking.rs:674:13
[INFO] [stdout]   12:     0x5e9053da26e9 - std::sys::backtrace::__rust_end_short_backtrace::hb1a25b3da5d0ea08
[INFO] [stdout]                                at /rustc/df4ca44d3fbc9301ee17f30f4d474e6ae4b05252/library/std/src/sys/backtrace.rs:170:18
[INFO] [stdout]   13:     0x5e9053da313c - rust_begin_unwind
[INFO] [stdout]                                at /rustc/df4ca44d3fbc9301ee17f30f4d474e6ae4b05252/library/std/src/panicking.rs:665:5
[INFO] [stdout]   14:     0x5e9053dc1710 - core::panicking::panic_fmt::ha9db07b529f9b256
[INFO] [stdout]                                at /rustc/df4ca44d3fbc9301ee17f30f4d474e6ae4b05252/library/core/src/panicking.rs:75:14
[INFO] [stdout]   15:     0x5e9053dc1b56 - core::result::unwrap_failed::h5e8218e4d4338b8a
[INFO] [stdout]                                at /rustc/df4ca44d3fbc9301ee17f30f4d474e6ae4b05252/library/core/src/result.rs:1698:5
[INFO] [stdout]   16:     0x5e9053d210dc - rust_out::main::_doctest_main_src_lib_rs_79_0::h5f58a8cb97bfc12a
[INFO] [stdout]   17:     0x5e9053d20cd6 - rust_out::main::ha213a30daa5df4da
[INFO] [stdout]   18:     0x5e9053ca02e3 - core::ops::function::FnOnce::call_once::hf7edf7132571051c
[INFO] [stdout]   19:     0x5e9053c9e826 - std::sys::backtrace::__rust_begin_short_backtrace::h32fd822fd2ba4079
[INFO] [stdout]   20:     0x5e9053c9e719 - std::rt::lang_start::{{closure}}::h4039a1c394ed4f7c
[INFO] [stdout]   21:     0x5e9053d9d1d7 - core::ops::function::impls::<impl core::ops::function::FnOnce<A> for &F>::call_once::hd87d66b906e0ccaf
[INFO] [stdout]                                at /rustc/df4ca44d3fbc9301ee17f30f4d474e6ae4b05252/library/core/src/ops/function.rs:284:13
[INFO] [stdout]   22:     0x5e9053d9d1d7 - std::panicking::try::do_call::hae3703de71fc9e3a
[INFO] [stdout]                                at /rustc/df4ca44d3fbc9301ee17f30f4d474e6ae4b05252/library/std/src/panicking.rs:557:40
[INFO] [stdout]   23:     0x5e9053d9d1d7 - std::panicking::try::h1178330e9a2b2645
[INFO] [stdout]                                at /rustc/df4ca44d3fbc9301ee17f30f4d474e6ae4b05252/library/std/src/panicking.rs:520:19
[INFO] [stdout]   24:     0x5e9053d9d1d7 - std::panic::catch_unwind::h0acf49d2305d32ad
[INFO] [stdout]                                at /rustc/df4ca44d3fbc9301ee17f30f4d474e6ae4b05252/library/std/src/panic.rs:358:14
[INFO] [stdout]   25:     0x5e9053d9d1d7 - std::rt::lang_start_internal::{{closure}}::h2d95182d798177be
[INFO] [stdout]                                at /rustc/df4ca44d3fbc9301ee17f30f4d474e6ae4b05252/library/std/src/rt.rs:174:48
[INFO] [stdout]   26:     0x5e9053d9d1d7 - std::panicking::try::do_call::hb506f5bfe11fd30c
[INFO] [stdout]                                at /rustc/df4ca44d3fbc9301ee17f30f4d474e6ae4b05252/library/std/src/panicking.rs:557:40
[INFO] [stdout]   27:     0x5e9053d9d1d7 - std::panicking::try::h54d825c46bd0fa95
[INFO] [stdout]                                at /rustc/df4ca44d3fbc9301ee17f30f4d474e6ae4b05252/library/std/src/panicking.rs:520:19
[INFO] [stdout]   28:     0x5e9053d9d1d7 - std::panic::catch_unwind::hffbb0ad20c4e9fac
[INFO] [stdout]                                at /rustc/df4ca44d3fbc9301ee17f30f4d474e6ae4b05252/library/std/src/panic.rs:358:14
[INFO] [stdout]   29:     0x5e9053d9d1d7 - std::rt::lang_start_internal::h52c291ef1962c925
[INFO] [stdout]                                at /rustc/df4ca44d3fbc9301ee17f30f4d474e6ae4b05252/library/std/src/rt.rs:174:20
[INFO] [stdout]   30:     0x5e9053c9e6f7 - std::rt::lang_start::h8c6075cd6f225ba1
[INFO] [stdout]   31:     0x5e9053d21265 - main
[INFO] [stdout]   32:     0x703747000d90 - <unknown>
[INFO] [stdout]   33:     0x703747000e40 - __libc_start_main
[INFO] [stdout]   34:     0x5e9053c85495 - _start
[INFO] [stdout]   35:                0x0 - <unknown>
[INFO] [stdout] 
[INFO] [stdout] 
[INFO] [stdout] 
[INFO] [stdout] failures:
[INFO] [stdout]     src/lib.rs - (line 79)
[INFO] [stdout] 
[INFO] [stdout] test result: FAILED. 2 passed; 1 failed; 0 ignored; 0 measured; 0 filtered out; finished in 3.07s
[INFO] [stdout] 
[INFO] [stderr] error: doctest failed, to rerun pass `--doc`
[INFO] running `Command { std: "docker" "inspect" "8698527d009706b7af4ae17aa42380f5251989fd251ac9f0e95a3e8f328b6dc0", kill_on_drop: false }`
[INFO] running `Command { std: "docker" "rm" "-f" "8698527d009706b7af4ae17aa42380f5251989fd251ac9f0e95a3e8f328b6dc0", kill_on_drop: false }`
[INFO] [stdout] 8698527d009706b7af4ae17aa42380f5251989fd251ac9f0e95a3e8f328b6dc0
