[INFO] fetching crate nd_vector 0.1.0...
[INFO] testing nd_vector-0.1.0 against nightly-2024-10-28 for randomize-layout
[INFO] extracting crate nd_vector 0.1.0 into /workspace/builds/worker-4-tc1/source
[INFO] validating manifest of crates.io crate nd_vector 0.1.0 on toolchain nightly-2024-10-28
[INFO] running `Command { std: CARGO_HOME="/workspace/cargo-home" RUSTUP_HOME="/workspace/rustup-home" "/workspace/cargo-home/bin/cargo" "+nightly-2024-10-28" "metadata" "--manifest-path" "Cargo.toml" "--no-deps", kill_on_drop: false }`
[INFO] started tweaking crates.io crate nd_vector 0.1.0
[INFO] removed 0 missing examples
[INFO] finished tweaking crates.io crate nd_vector 0.1.0
[INFO] tweaked toml for crates.io crate nd_vector 0.1.0 written to /workspace/builds/worker-4-tc1/source/Cargo.toml
[INFO] crate crates.io crate nd_vector 0.1.0 already has a lockfile, it will not be regenerated
[INFO] running `Command { std: CARGO_HOME="/workspace/cargo-home" RUSTUP_HOME="/workspace/rustup-home" "/workspace/cargo-home/bin/cargo" "+nightly-2024-10-28" "fetch" "--manifest-path" "Cargo.toml", kill_on_drop: false }`
[INFO] [stderr]  Downloading crates ...
[INFO] [stderr]   Downloaded bevy_internal v0.14.0
[INFO] [stderr]   Downloaded bevy_macro_utils v0.14.0
[INFO] [stderr]   Downloaded bevy_asset_macros v0.14.0
[INFO] [stderr]   Downloaded bevy_a11y v0.14.0
[INFO] [stderr]   Downloaded bevy_gizmos_macros v0.14.0
[INFO] [stderr]   Downloaded bevy_state_macros v0.14.0
[INFO] [stderr]   Downloaded bevy_gilrs v0.14.0
[INFO] [stderr]   Downloaded bevy_animation v0.14.0
[INFO] [stderr]   Downloaded bevy_audio v0.14.0
[INFO] [stderr]   Downloaded bevy_scene v0.14.0
[INFO] [stderr]   Downloaded bevy_time v0.14.0
[INFO] [stderr]   Downloaded bevy_gizmos v0.14.0
[INFO] [stderr]   Downloaded ruzstd v0.7.0
[INFO] [stderr]   Downloaded bevy_sprite v0.14.0
[INFO] [stderr]   Downloaded bevy_ui v0.14.0
[INFO] [stderr]   Downloaded bevy_asset v0.14.0
[INFO] [stderr]   Downloaded bevy_math v0.14.0
[INFO] [stderr]   Downloaded bevy_app v0.14.0
[INFO] [stderr]   Downloaded bevy_gltf v0.14.0
[INFO] [stderr]   Downloaded bevy_color v0.14.1
[INFO] [stderr]   Downloaded bevy_input v0.14.0
[INFO] [stderr]   Downloaded bevy_render v0.14.0
[INFO] [stderr]   Downloaded bevy_text v0.14.0
[INFO] [stderr]   Downloaded immutable-chunkmap v2.0.5
[INFO] [stderr]   Downloaded bevy_winit v0.14.0
[INFO] [stderr]   Downloaded bevy_state v0.14.0
[INFO] [stderr]   Downloaded bevy_hierarchy v0.14.0
[INFO] [stderr]   Downloaded bevy_ecs v0.14.0
[INFO] [stderr]   Downloaded bevy_ecs_macros v0.14.0
[INFO] [stderr]   Downloaded bevy_tasks v0.14.0
[INFO] [stderr]   Downloaded bevy_encase_derive v0.14.0
[INFO] [stderr]   Downloaded bevy_mikktspace v0.14.0
[INFO] [stderr]   Downloaded bevy_log v0.14.0
[INFO] [stderr]   Downloaded bevy_pbr v0.14.0
[INFO] [stderr]   Downloaded bevy v0.14.0
[INFO] [stderr]   Downloaded bevy_window v0.14.0
[INFO] [stderr]   Downloaded bevy_derive v0.14.0
[INFO] [stderr]   Downloaded bevy_diagnostic v0.14.0
[INFO] [stderr]   Downloaded bevy_render_macros v0.14.0
[INFO] [stderr]   Downloaded bevy_transform v0.14.0
[INFO] [stderr]   Downloaded bevy_core v0.14.0
[INFO] [stderr]   Downloaded bevy_core_pipeline v0.14.0
[INFO] [stderr]   Downloaded winit v0.30.3
[INFO] running `Command { std: "docker" "create" "-v" "/var/lib/crater-agent-workspace/builds/worker-4-tc1/target:/opt/rustwide/target:rw,Z" "-v" "/var/lib/crater-agent-workspace/builds/worker-4-tc1/source:/opt/rustwide/workdir:ro,Z" "-v" "/var/lib/crater-agent-workspace/cargo-home:/opt/rustwide/cargo-home:ro,Z" "-v" "/var/lib/crater-agent-workspace/rustup-home:/opt/rustwide/rustup-home:ro,Z" "-e" "SOURCE_DIR=/opt/rustwide/workdir" "-e" "CARGO_TARGET_DIR=/opt/rustwide/target" "-e" "CARGO_HOME=/opt/rustwide/cargo-home" "-e" "RUSTUP_HOME=/opt/rustwide/rustup-home" "-w" "/opt/rustwide/workdir" "-m" "1610612736" "--user" "0:0" "--network" "none" "ghcr.io/rust-lang/crates-build-env/linux@sha256:4a844ea9eb2546a2d2c7022eacef16ef2e8229c7fbb2c7d4d55a9ceca922f72d" "/opt/rustwide/cargo-home/bin/cargo" "+nightly-2024-10-28" "metadata" "--no-deps" "--format-version=1", kill_on_drop: false }`
[INFO] [stdout] 819a03c3e1c503ea313a518bc94fdfd473dba96233c292b90295933096f632f5
[INFO] running `Command { std: "docker" "start" "-a" "819a03c3e1c503ea313a518bc94fdfd473dba96233c292b90295933096f632f5", kill_on_drop: false }`
[INFO] running `Command { std: "docker" "inspect" "819a03c3e1c503ea313a518bc94fdfd473dba96233c292b90295933096f632f5", kill_on_drop: false }`
[INFO] running `Command { std: "docker" "rm" "-f" "819a03c3e1c503ea313a518bc94fdfd473dba96233c292b90295933096f632f5", kill_on_drop: false }`
[INFO] [stdout] 819a03c3e1c503ea313a518bc94fdfd473dba96233c292b90295933096f632f5
[INFO] running `Command { std: "docker" "create" "-v" "/var/lib/crater-agent-workspace/builds/worker-4-tc1/target:/opt/rustwide/target:rw,Z" "-v" "/var/lib/crater-agent-workspace/builds/worker-4-tc1/source:/opt/rustwide/workdir:ro,Z" "-v" "/var/lib/crater-agent-workspace/cargo-home:/opt/rustwide/cargo-home:ro,Z" "-v" "/var/lib/crater-agent-workspace/rustup-home:/opt/rustwide/rustup-home:ro,Z" "-e" "SOURCE_DIR=/opt/rustwide/workdir" "-e" "CARGO_TARGET_DIR=/opt/rustwide/target" "-e" "CARGO_INCREMENTAL=0" "-e" "RUST_BACKTRACE=full" "-e" "RUSTFLAGS=--cap-lints=forbid" "-e" "RUSTDOCFLAGS=--cap-lints=forbid" "-e" "CARGO_HOME=/opt/rustwide/cargo-home" "-e" "RUSTUP_HOME=/opt/rustwide/rustup-home" "-w" "/opt/rustwide/workdir" "-m" "1610612736" "--user" "0:0" "--network" "none" "ghcr.io/rust-lang/crates-build-env/linux@sha256:4a844ea9eb2546a2d2c7022eacef16ef2e8229c7fbb2c7d4d55a9ceca922f72d" "/opt/rustwide/cargo-home/bin/cargo" "+nightly-2024-10-28" "build" "--frozen" "--message-format=json", kill_on_drop: false }`
[INFO] [stdout] c4d7e9fe469009d35a517a6061b903aa6ee586466b2543a427c22eff98cac700
[INFO] running `Command { std: "docker" "start" "-a" "c4d7e9fe469009d35a517a6061b903aa6ee586466b2543a427c22eff98cac700", kill_on_drop: false }`
[INFO] [stderr]    Compiling proc-macro2 v1.0.85
[INFO] [stderr]    Compiling unicode-ident v1.0.12
[INFO] [stderr]    Compiling serde v1.0.204
[INFO] [stderr]    Compiling quote v1.0.36
[INFO] [stderr]    Compiling syn v2.0.66
[INFO] [stderr]    Compiling serde_derive v1.0.204
[INFO] [stderr]    Compiling nd_vector v0.1.0 (/opt/rustwide/workdir)
[INFO] [stderr]     Finished `dev` profile [unoptimized + debuginfo] target(s) in 9.66s
[INFO] running `Command { std: "docker" "inspect" "c4d7e9fe469009d35a517a6061b903aa6ee586466b2543a427c22eff98cac700", kill_on_drop: false }`
[INFO] running `Command { std: "docker" "rm" "-f" "c4d7e9fe469009d35a517a6061b903aa6ee586466b2543a427c22eff98cac700", kill_on_drop: false }`
[INFO] [stdout] c4d7e9fe469009d35a517a6061b903aa6ee586466b2543a427c22eff98cac700
[INFO] running `Command { std: "docker" "create" "-v" "/var/lib/crater-agent-workspace/builds/worker-4-tc1/target:/opt/rustwide/target:rw,Z" "-v" "/var/lib/crater-agent-workspace/builds/worker-4-tc1/source:/opt/rustwide/workdir:ro,Z" "-v" "/var/lib/crater-agent-workspace/cargo-home:/opt/rustwide/cargo-home:ro,Z" "-v" "/var/lib/crater-agent-workspace/rustup-home:/opt/rustwide/rustup-home:ro,Z" "-e" "SOURCE_DIR=/opt/rustwide/workdir" "-e" "CARGO_TARGET_DIR=/opt/rustwide/target" "-e" "CARGO_INCREMENTAL=0" "-e" "RUST_BACKTRACE=full" "-e" "RUSTFLAGS=--cap-lints=forbid" "-e" "RUSTDOCFLAGS=--cap-lints=forbid" "-e" "CARGO_HOME=/opt/rustwide/cargo-home" "-e" "RUSTUP_HOME=/opt/rustwide/rustup-home" "-w" "/opt/rustwide/workdir" "-m" "1610612736" "--user" "0:0" "--network" "none" "ghcr.io/rust-lang/crates-build-env/linux@sha256:4a844ea9eb2546a2d2c7022eacef16ef2e8229c7fbb2c7d4d55a9ceca922f72d" "/opt/rustwide/cargo-home/bin/cargo" "+nightly-2024-10-28" "test" "--frozen" "--no-run" "--message-format=json", kill_on_drop: false }`
[INFO] [stdout] 3b7cda37f816e652385eece148d810594db5448dc91f0e0e674b3d01ed2a2b51
[INFO] running `Command { std: "docker" "start" "-a" "3b7cda37f816e652385eece148d810594db5448dc91f0e0e674b3d01ed2a2b51", kill_on_drop: false }`
[INFO] [stderr]    Compiling nd_vector v0.1.0 (/opt/rustwide/workdir)
[INFO] [stderr]     Finished `test` profile [unoptimized + debuginfo] target(s) in 0.54s
[INFO] running `Command { std: "docker" "inspect" "3b7cda37f816e652385eece148d810594db5448dc91f0e0e674b3d01ed2a2b51", kill_on_drop: false }`
[INFO] running `Command { std: "docker" "rm" "-f" "3b7cda37f816e652385eece148d810594db5448dc91f0e0e674b3d01ed2a2b51", kill_on_drop: false }`
[INFO] [stdout] 3b7cda37f816e652385eece148d810594db5448dc91f0e0e674b3d01ed2a2b51
[INFO] running `Command { std: "docker" "create" "-v" "/var/lib/crater-agent-workspace/builds/worker-4-tc1/target:/opt/rustwide/target:rw,Z" "-v" "/var/lib/crater-agent-workspace/builds/worker-4-tc1/source:/opt/rustwide/workdir:ro,Z" "-v" "/var/lib/crater-agent-workspace/cargo-home:/opt/rustwide/cargo-home:ro,Z" "-v" "/var/lib/crater-agent-workspace/rustup-home:/opt/rustwide/rustup-home:ro,Z" "-e" "SOURCE_DIR=/opt/rustwide/workdir" "-e" "CARGO_TARGET_DIR=/opt/rustwide/target" "-e" "CARGO_INCREMENTAL=0" "-e" "RUST_BACKTRACE=full" "-e" "RUSTFLAGS=--cap-lints=forbid" "-e" "RUSTDOCFLAGS=--cap-lints=forbid" "-e" "CARGO_HOME=/opt/rustwide/cargo-home" "-e" "RUSTUP_HOME=/opt/rustwide/rustup-home" "-w" "/opt/rustwide/workdir" "-m" "1610612736" "--user" "0:0" "--network" "none" "ghcr.io/rust-lang/crates-build-env/linux@sha256:4a844ea9eb2546a2d2c7022eacef16ef2e8229c7fbb2c7d4d55a9ceca922f72d" "/opt/rustwide/cargo-home/bin/cargo" "+nightly-2024-10-28" "test" "--frozen", kill_on_drop: false }`
[INFO] [stdout] 015fbefedd5ea6ed8677e588abd3f816d139f12a82d3fce1166d4142b2a671a1
[INFO] running `Command { std: "docker" "start" "-a" "015fbefedd5ea6ed8677e588abd3f816d139f12a82d3fce1166d4142b2a671a1", kill_on_drop: false }`
[INFO] [stderr]     Finished `test` profile [unoptimized + debuginfo] target(s) in 0.15s
[INFO] [stderr]      Running unittests src/lib.rs (/opt/rustwide/target/debug/deps/nd_vector-1cb0fbc8907324d8)
[INFO] [stdout] 
[INFO] [stdout] running 0 tests
[INFO] [stdout] 
[INFO] [stdout] test result: ok. 0 passed; 0 failed; 0 ignored; 0 measured; 0 filtered out; finished in 0.00s
[INFO] [stdout] 
[INFO] [stderr]    Doc-tests nd_vector
[INFO] [stdout] 
[INFO] [stdout] running 2 tests
[INFO] [stdout] test src/usage_types/coordinates.rs - usage_types::coordinates::Coordinate (line 4) ... FAILED
[INFO] [stdout] test src/usage_types/coordinates.rs - usage_types::coordinates::Coordinate::new (line 43) ... FAILED
[INFO] [stdout] 
[INFO] [stdout] failures:
[INFO] [stdout] 
[INFO] [stdout] ---- src/usage_types/coordinates.rs - usage_types::coordinates::Coordinate (line 4) stdout ----
[INFO] [stdout] error[E0433]: failed to resolve: use of undeclared crate or module `vector_array`
[INFO] [stdout]  --> src/usage_types/coordinates.rs:5:5
[INFO] [stdout]   |
[INFO] [stdout] 3 | use vector_array::usage_types::coordinates::Coordinate;
[INFO] [stdout]   |     ^^^^^^^^^^^^ use of undeclared crate or module `vector_array`
[INFO] [stdout] 
[INFO] [stdout] error: aborting due to 1 previous error
[INFO] [stdout] 
[INFO] [stdout] For more information about this error, try `rustc --explain E0433`.
[INFO] [stdout] Couldn't compile the test.
[INFO] [stdout] ---- src/usage_types/coordinates.rs - usage_types::coordinates::Coordinate::new (line 43) stdout ----
[INFO] [stdout] error[E0433]: failed to resolve: use of undeclared crate or module `vector_array`
[INFO] [stdout]  --> src/usage_types/coordinates.rs:44:5
[INFO] [stdout]   |
[INFO] [stdout] 3 | use vector_array::usage_types::coordinates::Coordinate;
[INFO] [stdout]   |     ^^^^^^^^^^^^ use of undeclared crate or module `vector_array`
[INFO] [stdout] 
[INFO] [stdout] error: aborting due to 1 previous error
[INFO] [stdout] 
[INFO] [stdout] For more information about this error, try `rustc --explain E0433`.
[INFO] [stdout] Couldn't compile the test.
[INFO] [stdout] 
[INFO] [stdout] failures:
[INFO] [stdout]     src/usage_types/coordinates.rs - usage_types::coordinates::Coordinate (line 4)
[INFO] [stdout]     src/usage_types/coordinates.rs - usage_types::coordinates::Coordinate::new (line 43)
[INFO] [stdout] 
[INFO] [stdout] test result: FAILED. 0 passed; 2 failed; 0 ignored; 0 measured; 0 filtered out; finished in 0.08s
[INFO] [stdout] 
[INFO] [stderr] error: doctest failed, to rerun pass `--doc`
[INFO] running `Command { std: "docker" "inspect" "015fbefedd5ea6ed8677e588abd3f816d139f12a82d3fce1166d4142b2a671a1", kill_on_drop: false }`
[INFO] running `Command { std: "docker" "rm" "-f" "015fbefedd5ea6ed8677e588abd3f816d139f12a82d3fce1166d4142b2a671a1", kill_on_drop: false }`
[INFO] [stdout] 015fbefedd5ea6ed8677e588abd3f816d139f12a82d3fce1166d4142b2a671a1
