[INFO] fetching crate ncbi 0.2.0-beta...
[INFO] testing ncbi-0.2.0-beta against nightly-2024-10-28 for randomize-layout
[INFO] extracting crate ncbi 0.2.0-beta into /workspace/builds/worker-4-tc1/source
[INFO] validating manifest of crates.io crate ncbi 0.2.0-beta on toolchain nightly-2024-10-28
[INFO] running `Command { std: CARGO_HOME="/workspace/cargo-home" RUSTUP_HOME="/workspace/rustup-home" "/workspace/cargo-home/bin/cargo" "+nightly-2024-10-28" "metadata" "--manifest-path" "Cargo.toml" "--no-deps", kill_on_drop: false }`
[INFO] started tweaking crates.io crate ncbi 0.2.0-beta
[INFO] finished tweaking crates.io crate ncbi 0.2.0-beta
[INFO] tweaked toml for crates.io crate ncbi 0.2.0-beta written to /workspace/builds/worker-4-tc1/source/Cargo.toml
[INFO] running `Command { std: CARGO_HOME="/workspace/cargo-home" RUSTUP_HOME="/workspace/rustup-home" "/workspace/cargo-home/bin/cargo" "+nightly-2024-10-28" "generate-lockfile" "--manifest-path" "Cargo.toml", kill_on_drop: false }`
[INFO] [stderr]     Updating crates.io index
[INFO] [stderr]      Locking 138 packages to latest compatible versions
[INFO] [stderr]       Adding quick-xml v0.29.0 (available: v0.37.0)
[INFO] [stderr]       Adding reqwest v0.11.27 (available: v0.12.9)
[INFO] running `Command { std: CARGO_HOME="/workspace/cargo-home" RUSTUP_HOME="/workspace/rustup-home" "/workspace/cargo-home/bin/cargo" "+nightly-2024-10-28" "fetch" "--manifest-path" "Cargo.toml", kill_on_drop: false }`
[INFO] running `Command { std: "docker" "create" "-v" "/var/lib/crater-agent-workspace/builds/worker-4-tc1/target:/opt/rustwide/target:rw,Z" "-v" "/var/lib/crater-agent-workspace/builds/worker-4-tc1/source:/opt/rustwide/workdir:ro,Z" "-v" "/var/lib/crater-agent-workspace/cargo-home:/opt/rustwide/cargo-home:ro,Z" "-v" "/var/lib/crater-agent-workspace/rustup-home:/opt/rustwide/rustup-home:ro,Z" "-e" "SOURCE_DIR=/opt/rustwide/workdir" "-e" "CARGO_TARGET_DIR=/opt/rustwide/target" "-e" "CARGO_HOME=/opt/rustwide/cargo-home" "-e" "RUSTUP_HOME=/opt/rustwide/rustup-home" "-w" "/opt/rustwide/workdir" "-m" "1610612736" "--user" "0:0" "--network" "none" "ghcr.io/rust-lang/crates-build-env/linux@sha256:4a844ea9eb2546a2d2c7022eacef16ef2e8229c7fbb2c7d4d55a9ceca922f72d" "/opt/rustwide/cargo-home/bin/cargo" "+nightly-2024-10-28" "metadata" "--no-deps" "--format-version=1", kill_on_drop: false }`
[INFO] [stdout] 1006872d072b53b52bfa712e24c28db868f271c2624a16dbda3488c12a986553
[INFO] running `Command { std: "docker" "start" "-a" "1006872d072b53b52bfa712e24c28db868f271c2624a16dbda3488c12a986553", kill_on_drop: false }`
[INFO] running `Command { std: "docker" "inspect" "1006872d072b53b52bfa712e24c28db868f271c2624a16dbda3488c12a986553", kill_on_drop: false }`
[INFO] running `Command { std: "docker" "rm" "-f" "1006872d072b53b52bfa712e24c28db868f271c2624a16dbda3488c12a986553", kill_on_drop: false }`
[INFO] [stdout] 1006872d072b53b52bfa712e24c28db868f271c2624a16dbda3488c12a986553
[INFO] running `Command { std: "docker" "create" "-v" "/var/lib/crater-agent-workspace/builds/worker-4-tc1/target:/opt/rustwide/target:rw,Z" "-v" "/var/lib/crater-agent-workspace/builds/worker-4-tc1/source:/opt/rustwide/workdir:ro,Z" "-v" "/var/lib/crater-agent-workspace/cargo-home:/opt/rustwide/cargo-home:ro,Z" "-v" "/var/lib/crater-agent-workspace/rustup-home:/opt/rustwide/rustup-home:ro,Z" "-e" "SOURCE_DIR=/opt/rustwide/workdir" "-e" "CARGO_TARGET_DIR=/opt/rustwide/target" "-e" "CARGO_INCREMENTAL=0" "-e" "RUST_BACKTRACE=full" "-e" "RUSTFLAGS=--cap-lints=forbid" "-e" "RUSTDOCFLAGS=--cap-lints=forbid" "-e" "CARGO_HOME=/opt/rustwide/cargo-home" "-e" "RUSTUP_HOME=/opt/rustwide/rustup-home" "-w" "/opt/rustwide/workdir" "-m" "1610612736" "--user" "0:0" "--network" "none" "ghcr.io/rust-lang/crates-build-env/linux@sha256:4a844ea9eb2546a2d2c7022eacef16ef2e8229c7fbb2c7d4d55a9ceca922f72d" "/opt/rustwide/cargo-home/bin/cargo" "+nightly-2024-10-28" "build" "--frozen" "--message-format=json", kill_on_drop: false }`
[INFO] [stdout] 36ffda3ef459c4d0a78d7f77125fc83c92f5267f1f6712de18ab14a4624a1c27
[INFO] running `Command { std: "docker" "start" "-a" "36ffda3ef459c4d0a78d7f77125fc83c92f5267f1f6712de18ab14a4624a1c27", kill_on_drop: false }`
[INFO] [stderr]    Compiling autocfg v1.4.0
[INFO] [stderr]    Compiling proc-macro2 v1.0.89
[INFO] [stderr]    Compiling unicode-ident v1.0.13
[INFO] [stderr]    Compiling libc v0.2.161
[INFO] [stderr]    Compiling shlex v1.3.0
[INFO] [stderr]    Compiling serde v1.0.214
[INFO] [stderr]    Compiling pkg-config v0.3.31
[INFO] [stderr]    Compiling vcpkg v0.2.15
[INFO] [stderr]    Compiling pin-project-lite v0.2.15
[INFO] [stderr]    Compiling once_cell v1.20.2
[INFO] [stderr]    Compiling bytes v1.8.0
[INFO] [stderr]    Compiling futures-core v0.3.31
[INFO] [stderr]    Compiling itoa v1.0.11
[INFO] [stderr]    Compiling fnv v1.0.7
[INFO] [stderr]    Compiling openssl v0.10.68
[INFO] [stderr]    Compiling cfg-if v1.0.0
[INFO] [stderr]    Compiling foreign-types-shared v0.1.1
[INFO] [stderr]    Compiling memchr v2.7.4
[INFO] [stderr]    Compiling futures-io v0.3.31
[INFO] [stderr]    Compiling native-tls v0.2.12
[INFO] [stderr]    Compiling foreign-types v0.3.2
[INFO] [stderr]    Compiling hashbrown v0.15.0
[INFO] [stderr]    Compiling cc v1.1.31
[INFO] [stderr]    Compiling futures-sink v0.3.31
[INFO] [stderr]    Compiling tracing-core v0.1.32
[INFO] [stderr]    Compiling httparse v1.9.5
[INFO] [stderr]    Compiling pin-utils v0.1.0
[INFO] [stderr]    Compiling equivalent v1.0.1
[INFO] [stderr]    Compiling tinyvec_macros v0.1.1
[INFO] [stderr]    Compiling futures-task v0.3.31
[INFO] [stderr]    Compiling percent-encoding v2.3.1
[INFO] [stderr]    Compiling log v0.4.22
[INFO] [stderr]    Compiling tinyvec v1.8.0
[INFO] [stderr]    Compiling try-lock v0.2.5
[INFO] [stderr]    Compiling openssl-probe v0.1.5
[INFO] [stderr]    Compiling form_urlencoded v1.2.1
[INFO] [stderr]    Compiling want v0.3.1
[INFO] [stderr]    Compiling futures-channel v0.3.31
[INFO] [stderr]    Compiling num-traits v0.2.19
[INFO] [stderr]    Compiling slab v0.4.9
[INFO] [stderr]    Compiling http v0.2.12
[INFO] [stderr]    Compiling tower-service v0.3.3
[INFO] [stderr]    Compiling tracing v0.1.40
[INFO] [stderr]    Compiling unicode-bidi v0.3.17
[INFO] [stderr]    Compiling httpdate v1.0.3
[INFO] [stderr]    Compiling indexmap v2.6.0
[INFO] [stderr]    Compiling ryu v1.0.18
[INFO] [stderr]    Compiling quote v1.0.37
[INFO] [stderr]    Compiling futures-util v0.3.31
[INFO] [stderr]    Compiling base64 v0.21.7
[INFO] [stderr]    Compiling encoding_rs v0.8.35
[INFO] [stderr]    Compiling sync_wrapper v0.1.2
[INFO] [stderr]    Compiling socket2 v0.5.7
[INFO] [stderr]    Compiling mio v1.0.2
[INFO] [stderr]    Compiling syn v2.0.86
[INFO] [stderr]    Compiling mime v0.3.17
[INFO] [stderr]    Compiling ipnet v2.10.1
[INFO] [stderr]    Compiling unicode-normalization v0.1.24
[INFO] [stderr]    Compiling rustls-pemfile v1.0.4
[INFO] [stderr]    Compiling http-body v0.4.6
[INFO] [stderr]    Compiling tokio v1.41.0
[INFO] [stderr]    Compiling openssl-sys v0.9.104
[INFO] [stderr]    Compiling num-integer v0.1.46
[INFO] [stderr]    Compiling num-traits v0.1.43
[INFO] [stderr]    Compiling num-complex v0.4.6
[INFO] [stderr]    Compiling enum_primitive v0.1.1
[INFO] [stderr]    Compiling atoi v2.0.0
[INFO] [stderr]    Compiling idna v0.5.0
[INFO] [stderr]    Compiling num-bigint v0.4.6
[INFO] [stderr]    Compiling num-iter v0.1.45
[INFO] [stderr]    Compiling url v2.5.2
[INFO] [stderr]    Compiling num-rational v0.4.2
[INFO] [stderr]    Compiling num v0.4.3
[INFO] [stderr]    Compiling serde_derive v1.0.214
[INFO] [stderr]    Compiling openssl-macros v0.1.1
[INFO] [stderr]    Compiling serde_repr v0.1.19
[INFO] [stderr]    Compiling tokio-util v0.7.12
[INFO] [stderr]    Compiling h2 v0.3.26
[INFO] [stderr]    Compiling hyper v0.14.31
[INFO] [stderr]    Compiling bitflags v2.6.0
[INFO] [stderr]    Compiling serde_urlencoded v0.7.1
[INFO] [stderr]    Compiling quick-xml v0.29.0
[INFO] [stderr]    Compiling tokio-native-tls v0.3.1
[INFO] [stderr]    Compiling hyper-tls v0.5.0
[INFO] [stderr]    Compiling reqwest v0.11.27
[INFO] [stderr]    Compiling ncbi v0.2.0-beta (/opt/rustwide/workdir)
[INFO] [stdout] warning: use of deprecated tuple variant `asn::seq::SeqDesc::MolType`
[INFO] [stdout]    --> src/asn/seq.rs:116:5
[INFO] [stdout]     |
[INFO] [stdout] 116 |     MolType(GIBBMol),
[INFO] [stdout]     |     ^^^^^^^
[INFO] [stdout]     |
[INFO] [stdout]     = note: `#[warn(deprecated)]` on by default
[INFO] [stdout] 
[INFO] [stdout] 
[INFO] [stdout] warning: use of deprecated tuple variant `asn::seq::SeqDesc::Modif`
[INFO] [stdout]    --> src/asn/seq.rs:121:5
[INFO] [stdout]     |
[INFO] [stdout] 121 |     Modif(GIBBMod),
[INFO] [stdout]     |     ^^^^^
[INFO] [stdout] 
[INFO] [stdout] 
[INFO] [stdout] warning: use of deprecated tuple variant `asn::seq::SeqDesc::Method`
[INFO] [stdout]    --> src/asn/seq.rs:125:5
[INFO] [stdout]     |
[INFO] [stdout] 125 |     Method(GIBBMethod),
[INFO] [stdout]     |     ^^^^^^
[INFO] [stdout] 
[INFO] [stdout] 
[INFO] [stdout] warning: use of deprecated tuple variant `asn::seq::SeqDesc::Org`
[INFO] [stdout]    --> src/asn/seq.rs:134:5
[INFO] [stdout]     |
[INFO] [stdout] 134 |     Org(OrgRef),
[INFO] [stdout]     |     ^^^
[INFO] [stdout] 
[INFO] [stdout] 
[INFO] [stdout] warning: unused variable: `name_tag`
[INFO] [stdout]    --> src/asn/seqfeat.rs:819:13
[INFO] [stdout]     |
[INFO] [stdout] 819 |         let name_tag = BytesStart::new("Genetic-code_E_name");
[INFO] [stdout]     |             ^^^^^^^^ help: if this is intentional, prefix it with an underscore: `_name_tag`
[INFO] [stdout]     |
[INFO] [stdout]     = note: `#[warn(unused_variables)]` on by default
[INFO] [stdout] 
[INFO] [stdout] 
[INFO] [stdout] warning: unused variable: `ncbieaa_tag`
[INFO] [stdout]    --> src/asn/seqfeat.rs:820:13
[INFO] [stdout]     |
[INFO] [stdout] 820 |         let ncbieaa_tag = BytesStart::new("Genetic-code_E_ncbieaa");
[INFO] [stdout]     |             ^^^^^^^^^^^ help: if this is intentional, prefix it with an underscore: `_ncbieaa_tag`
[INFO] [stdout] 
[INFO] [stdout] 
[INFO] [stdout] warning: unused variable: `ncbi8aa_tag`
[INFO] [stdout]    --> src/asn/seqfeat.rs:821:13
[INFO] [stdout]     |
[INFO] [stdout] 821 |         let ncbi8aa_tag = BytesStart::new("Genetic-code_E_ncbi8aa");
[INFO] [stdout]     |             ^^^^^^^^^^^ help: if this is intentional, prefix it with an underscore: `_ncbi8aa_tag`
[INFO] [stdout] 
[INFO] [stdout] 
[INFO] [stdout] warning: unused variable: `ncbistdaa_tag`
[INFO] [stdout]    --> src/asn/seqfeat.rs:822:13
[INFO] [stdout]     |
[INFO] [stdout] 822 |         let ncbistdaa_tag = BytesStart::new("Genetic-code_E_ncbistdaa");
[INFO] [stdout]     |             ^^^^^^^^^^^^^ help: if this is intentional, prefix it with an underscore: `_ncbistdaa_tag`
[INFO] [stdout] 
[INFO] [stdout] 
[INFO] [stdout] warning: unused variable: `sncbieaa_tag`
[INFO] [stdout]    --> src/asn/seqfeat.rs:823:13
[INFO] [stdout]     |
[INFO] [stdout] 823 |         let sncbieaa_tag = BytesStart::new("Genetic-code_E_sncbieaa");
[INFO] [stdout]     |             ^^^^^^^^^^^^ help: if this is intentional, prefix it with an underscore: `_sncbieaa_tag`
[INFO] [stdout] 
[INFO] [stdout] 
[INFO] [stdout] warning: unused variable: `sncbi8aa_tag`
[INFO] [stdout]    --> src/asn/seqfeat.rs:824:13
[INFO] [stdout]     |
[INFO] [stdout] 824 |         let sncbi8aa_tag = BytesStart::new("Genetic-code_E_sncbi8aa");
[INFO] [stdout]     |             ^^^^^^^^^^^^ help: if this is intentional, prefix it with an underscore: `_sncbi8aa_tag`
[INFO] [stdout] 
[INFO] [stdout] 
[INFO] [stdout] warning: unused variable: `sncbistdaa_tag`
[INFO] [stdout]    --> src/asn/seqfeat.rs:825:13
[INFO] [stdout]     |
[INFO] [stdout] 825 |         let sncbistdaa_tag = BytesStart::new("Genetic-code_E_sncbistdaa");
[INFO] [stdout]     |             ^^^^^^^^^^^^^^ help: if this is intentional, prefix it with an underscore: `_sncbistdaa_tag`
[INFO] [stdout] 
[INFO] [stdout] 
[INFO] [stderr]     Finished `dev` profile [unoptimized + debuginfo] target(s) in 16.26s
[INFO] running `Command { std: "docker" "inspect" "36ffda3ef459c4d0a78d7f77125fc83c92f5267f1f6712de18ab14a4624a1c27", kill_on_drop: false }`
[INFO] running `Command { std: "docker" "rm" "-f" "36ffda3ef459c4d0a78d7f77125fc83c92f5267f1f6712de18ab14a4624a1c27", kill_on_drop: false }`
[INFO] [stdout] 36ffda3ef459c4d0a78d7f77125fc83c92f5267f1f6712de18ab14a4624a1c27
[INFO] running `Command { std: "docker" "create" "-v" "/var/lib/crater-agent-workspace/builds/worker-4-tc1/target:/opt/rustwide/target:rw,Z" "-v" "/var/lib/crater-agent-workspace/builds/worker-4-tc1/source:/opt/rustwide/workdir:ro,Z" "-v" "/var/lib/crater-agent-workspace/cargo-home:/opt/rustwide/cargo-home:ro,Z" "-v" "/var/lib/crater-agent-workspace/rustup-home:/opt/rustwide/rustup-home:ro,Z" "-e" "SOURCE_DIR=/opt/rustwide/workdir" "-e" "CARGO_TARGET_DIR=/opt/rustwide/target" "-e" "CARGO_INCREMENTAL=0" "-e" "RUST_BACKTRACE=full" "-e" "RUSTFLAGS=--cap-lints=forbid" "-e" "RUSTDOCFLAGS=--cap-lints=forbid" "-e" "CARGO_HOME=/opt/rustwide/cargo-home" "-e" "RUSTUP_HOME=/opt/rustwide/rustup-home" "-w" "/opt/rustwide/workdir" "-m" "1610612736" "--user" "0:0" "--network" "none" "ghcr.io/rust-lang/crates-build-env/linux@sha256:4a844ea9eb2546a2d2c7022eacef16ef2e8229c7fbb2c7d4d55a9ceca922f72d" "/opt/rustwide/cargo-home/bin/cargo" "+nightly-2024-10-28" "test" "--frozen" "--no-run" "--message-format=json", kill_on_drop: false }`
[INFO] [stdout] c38a491e3af82bb9626d22b00e9377a5184b6b5c3bf10027eeef254101705a8f
[INFO] running `Command { std: "docker" "start" "-a" "c38a491e3af82bb9626d22b00e9377a5184b6b5c3bf10027eeef254101705a8f", kill_on_drop: false }`
[INFO] [stdout] warning: use of deprecated tuple variant `asn::seq::SeqDesc::MolType`
[INFO] [stdout]    --> src/asn/seq.rs:116:5
[INFO] [stdout]     |
[INFO] [stdout] 116 |     MolType(GIBBMol),
[INFO] [stdout]     |     ^^^^^^^
[INFO] [stdout]     |
[INFO] [stdout]     = note: `#[warn(deprecated)]` on by default
[INFO] [stdout] 
[INFO] [stdout] 
[INFO] [stdout] warning: use of deprecated tuple variant `asn::seq::SeqDesc::Modif`
[INFO] [stdout]    --> src/asn/seq.rs:121:5
[INFO] [stdout]     |
[INFO] [stdout] 121 |     Modif(GIBBMod),
[INFO] [stdout]     |     ^^^^^
[INFO] [stdout] 
[INFO] [stdout] 
[INFO] [stdout] warning: use of deprecated tuple variant `asn::seq::SeqDesc::Method`
[INFO] [stdout]    --> src/asn/seq.rs:125:5
[INFO] [stdout]     |
[INFO] [stdout] 125 |     Method(GIBBMethod),
[INFO] [stdout]     |     ^^^^^^
[INFO] [stdout] 
[INFO] [stdout] 
[INFO] [stdout] warning: use of deprecated tuple variant `asn::seq::SeqDesc::Org`
[INFO] [stdout]    --> src/asn/seq.rs:134:5
[INFO] [stdout]     |
[INFO] [stdout] 134 |     Org(OrgRef),
[INFO] [stdout]     |     ^^^
[INFO] [stdout] 
[INFO] [stdout] 
[INFO] [stdout] warning: unused variable: `name_tag`
[INFO] [stdout]    --> src/asn/seqfeat.rs:819:13
[INFO] [stdout]     |
[INFO] [stdout] 819 |         let name_tag = BytesStart::new("Genetic-code_E_name");
[INFO] [stdout]     |             ^^^^^^^^ help: if this is intentional, prefix it with an underscore: `_name_tag`
[INFO] [stdout]     |
[INFO] [stdout]     = note: `#[warn(unused_variables)]` on by default
[INFO] [stdout] 
[INFO] [stdout] 
[INFO] [stdout] warning: unused variable: `ncbieaa_tag`
[INFO] [stdout]    --> src/asn/seqfeat.rs:820:13
[INFO] [stdout]     |
[INFO] [stdout] 820 |         let ncbieaa_tag = BytesStart::new("Genetic-code_E_ncbieaa");
[INFO] [stdout]     |             ^^^^^^^^^^^ help: if this is intentional, prefix it with an underscore: `_ncbieaa_tag`
[INFO] [stdout] 
[INFO] [stdout] 
[INFO] [stdout] warning: unused variable: `ncbi8aa_tag`
[INFO] [stdout]    --> src/asn/seqfeat.rs:821:13
[INFO] [stdout]     |
[INFO] [stdout] 821 |         let ncbi8aa_tag = BytesStart::new("Genetic-code_E_ncbi8aa");
[INFO] [stdout]     |             ^^^^^^^^^^^ help: if this is intentional, prefix it with an underscore: `_ncbi8aa_tag`
[INFO] [stdout] 
[INFO] [stdout] 
[INFO] [stdout] warning: unused variable: `ncbistdaa_tag`
[INFO] [stdout]    --> src/asn/seqfeat.rs:822:13
[INFO] [stdout]     |
[INFO] [stdout] 822 |         let ncbistdaa_tag = BytesStart::new("Genetic-code_E_ncbistdaa");
[INFO] [stdout]     |             ^^^^^^^^^^^^^ help: if this is intentional, prefix it with an underscore: `_ncbistdaa_tag`
[INFO] [stdout] 
[INFO] [stdout] 
[INFO] [stdout] warning: unused variable: `sncbieaa_tag`
[INFO] [stdout]    --> src/asn/seqfeat.rs:823:13
[INFO] [stdout]     |
[INFO] [stdout] 823 |         let sncbieaa_tag = BytesStart::new("Genetic-code_E_sncbieaa");
[INFO] [stdout]     |             ^^^^^^^^^^^^ help: if this is intentional, prefix it with an underscore: `_sncbieaa_tag`
[INFO] [stdout] 
[INFO] [stdout] 
[INFO] [stdout] warning: unused variable: `sncbi8aa_tag`
[INFO] [stdout]    --> src/asn/seqfeat.rs:824:13
[INFO] [stdout]     |
[INFO] [stdout] 824 |         let sncbi8aa_tag = BytesStart::new("Genetic-code_E_sncbi8aa");
[INFO] [stdout]     |             ^^^^^^^^^^^^ help: if this is intentional, prefix it with an underscore: `_sncbi8aa_tag`
[INFO] [stdout] 
[INFO] [stdout] 
[INFO] [stdout] warning: unused variable: `sncbistdaa_tag`
[INFO] [stdout]    --> src/asn/seqfeat.rs:825:13
[INFO] [stdout]     |
[INFO] [stdout] 825 |         let sncbistdaa_tag = BytesStart::new("Genetic-code_E_sncbistdaa");
[INFO] [stdout]     |             ^^^^^^^^^^^^^^ help: if this is intentional, prefix it with an underscore: `_sncbistdaa_tag`
[INFO] [stdout] 
[INFO] [stdout] 
[INFO] [stderr]    Compiling ncbi v0.2.0-beta (/opt/rustwide/workdir)
[INFO] [stdout] warning: use of deprecated tuple variant `asn::seq::SeqDesc::MolType`
[INFO] [stdout]    --> src/asn/seq.rs:116:5
[INFO] [stdout]     |
[INFO] [stdout] 116 |     MolType(GIBBMol),
[INFO] [stdout]     |     ^^^^^^^
[INFO] [stdout]     |
[INFO] [stdout]     = note: `#[warn(deprecated)]` on by default
[INFO] [stdout] 
[INFO] [stdout] 
[INFO] [stdout] warning: use of deprecated tuple variant `asn::seq::SeqDesc::Modif`
[INFO] [stdout]    --> src/asn/seq.rs:121:5
[INFO] [stdout]     |
[INFO] [stdout] 121 |     Modif(GIBBMod),
[INFO] [stdout]     |     ^^^^^
[INFO] [stdout] 
[INFO] [stdout] 
[INFO] [stdout] warning: use of deprecated tuple variant `asn::seq::SeqDesc::Method`
[INFO] [stdout]    --> src/asn/seq.rs:125:5
[INFO] [stdout]     |
[INFO] [stdout] 125 |     Method(GIBBMethod),
[INFO] [stdout]     |     ^^^^^^
[INFO] [stdout] 
[INFO] [stdout] 
[INFO] [stdout] warning: use of deprecated tuple variant `asn::seq::SeqDesc::Org`
[INFO] [stdout]    --> src/asn/seq.rs:134:5
[INFO] [stdout]     |
[INFO] [stdout] 134 |     Org(OrgRef),
[INFO] [stdout]     |     ^^^
[INFO] [stdout] 
[INFO] [stdout] 
[INFO] [stdout] warning: unused variable: `name_tag`
[INFO] [stdout]    --> src/asn/seqfeat.rs:819:13
[INFO] [stdout]     |
[INFO] [stdout] 819 |         let name_tag = BytesStart::new("Genetic-code_E_name");
[INFO] [stdout]     |             ^^^^^^^^ help: if this is intentional, prefix it with an underscore: `_name_tag`
[INFO] [stdout]     |
[INFO] [stdout]     = note: `#[warn(unused_variables)]` on by default
[INFO] [stdout] 
[INFO] [stdout] 
[INFO] [stdout] warning: unused variable: `ncbieaa_tag`
[INFO] [stdout]    --> src/asn/seqfeat.rs:820:13
[INFO] [stdout]     |
[INFO] [stdout] 820 |         let ncbieaa_tag = BytesStart::new("Genetic-code_E_ncbieaa");
[INFO] [stdout]     |             ^^^^^^^^^^^ help: if this is intentional, prefix it with an underscore: `_ncbieaa_tag`
[INFO] [stdout] 
[INFO] [stdout] 
[INFO] [stdout] warning: unused variable: `ncbi8aa_tag`
[INFO] [stdout]    --> src/asn/seqfeat.rs:821:13
[INFO] [stdout]     |
[INFO] [stdout] 821 |         let ncbi8aa_tag = BytesStart::new("Genetic-code_E_ncbi8aa");
[INFO] [stdout]     |             ^^^^^^^^^^^ help: if this is intentional, prefix it with an underscore: `_ncbi8aa_tag`
[INFO] [stdout] 
[INFO] [stdout] 
[INFO] [stdout] warning: unused variable: `ncbistdaa_tag`
[INFO] [stdout]    --> src/asn/seqfeat.rs:822:13
[INFO] [stdout]     |
[INFO] [stdout] 822 |         let ncbistdaa_tag = BytesStart::new("Genetic-code_E_ncbistdaa");
[INFO] [stdout]     |             ^^^^^^^^^^^^^ help: if this is intentional, prefix it with an underscore: `_ncbistdaa_tag`
[INFO] [stdout] 
[INFO] [stdout] 
[INFO] [stdout] warning: unused variable: `sncbieaa_tag`
[INFO] [stdout]    --> src/asn/seqfeat.rs:823:13
[INFO] [stdout]     |
[INFO] [stdout] 823 |         let sncbieaa_tag = BytesStart::new("Genetic-code_E_sncbieaa");
[INFO] [stdout]     |             ^^^^^^^^^^^^ help: if this is intentional, prefix it with an underscore: `_sncbieaa_tag`
[INFO] [stdout] 
[INFO] [stdout] 
[INFO] [stdout] warning: unused variable: `sncbi8aa_tag`
[INFO] [stdout]    --> src/asn/seqfeat.rs:824:13
[INFO] [stdout]     |
[INFO] [stdout] 824 |         let sncbi8aa_tag = BytesStart::new("Genetic-code_E_sncbi8aa");
[INFO] [stdout]     |             ^^^^^^^^^^^^ help: if this is intentional, prefix it with an underscore: `_sncbi8aa_tag`
[INFO] [stdout] 
[INFO] [stdout] 
[INFO] [stdout] warning: unused variable: `sncbistdaa_tag`
[INFO] [stdout]    --> src/asn/seqfeat.rs:825:13
[INFO] [stdout]     |
[INFO] [stdout] 825 |         let sncbistdaa_tag = BytesStart::new("Genetic-code_E_sncbistdaa");
[INFO] [stdout]     |             ^^^^^^^^^^^^^^ help: if this is intentional, prefix it with an underscore: `_sncbistdaa_tag`
[INFO] [stdout] 
[INFO] [stdout] 
[INFO] [stderr]     Finished `test` profile [unoptimized + debuginfo] target(s) in 6.63s
[INFO] running `Command { std: "docker" "inspect" "c38a491e3af82bb9626d22b00e9377a5184b6b5c3bf10027eeef254101705a8f", kill_on_drop: false }`
[INFO] running `Command { std: "docker" "rm" "-f" "c38a491e3af82bb9626d22b00e9377a5184b6b5c3bf10027eeef254101705a8f", kill_on_drop: false }`
[INFO] [stdout] c38a491e3af82bb9626d22b00e9377a5184b6b5c3bf10027eeef254101705a8f
[INFO] running `Command { std: "docker" "create" "-v" "/var/lib/crater-agent-workspace/builds/worker-4-tc1/target:/opt/rustwide/target:rw,Z" "-v" "/var/lib/crater-agent-workspace/builds/worker-4-tc1/source:/opt/rustwide/workdir:ro,Z" "-v" "/var/lib/crater-agent-workspace/cargo-home:/opt/rustwide/cargo-home:ro,Z" "-v" "/var/lib/crater-agent-workspace/rustup-home:/opt/rustwide/rustup-home:ro,Z" "-e" "SOURCE_DIR=/opt/rustwide/workdir" "-e" "CARGO_TARGET_DIR=/opt/rustwide/target" "-e" "CARGO_INCREMENTAL=0" "-e" "RUST_BACKTRACE=full" "-e" "RUSTFLAGS=--cap-lints=forbid" "-e" "RUSTDOCFLAGS=--cap-lints=forbid" "-e" "CARGO_HOME=/opt/rustwide/cargo-home" "-e" "RUSTUP_HOME=/opt/rustwide/rustup-home" "-w" "/opt/rustwide/workdir" "-m" "1610612736" "--user" "0:0" "--network" "none" "ghcr.io/rust-lang/crates-build-env/linux@sha256:4a844ea9eb2546a2d2c7022eacef16ef2e8229c7fbb2c7d4d55a9ceca922f72d" "/opt/rustwide/cargo-home/bin/cargo" "+nightly-2024-10-28" "test" "--frozen", kill_on_drop: false }`
[INFO] [stdout] 8566a7db96e8c0b15912c111ef0dfab1c08acd342eec361e637ece2aa0c53de5
[INFO] running `Command { std: "docker" "start" "-a" "8566a7db96e8c0b15912c111ef0dfab1c08acd342eec361e637ece2aa0c53de5", kill_on_drop: false }`
[INFO] [stderr] warning: use of deprecated tuple variant `asn::seq::SeqDesc::MolType`
[INFO] [stderr]    --> src/asn/seq.rs:116:5
[INFO] [stderr]     |
[INFO] [stderr] 116 |     MolType(GIBBMol),
[INFO] [stderr]     |     ^^^^^^^
[INFO] [stderr]     |
[INFO] [stderr]     = note: `#[warn(deprecated)]` on by default
[INFO] [stderr] 
[INFO] [stderr] warning: use of deprecated tuple variant `asn::seq::SeqDesc::Modif`
[INFO] [stderr]    --> src/asn/seq.rs:121:5
[INFO] [stderr]     |
[INFO] [stderr] 121 |     Modif(GIBBMod),
[INFO] [stderr]     |     ^^^^^
[INFO] [stderr] 
[INFO] [stderr] warning: use of deprecated tuple variant `asn::seq::SeqDesc::Method`
[INFO] [stderr]    --> src/asn/seq.rs:125:5
[INFO] [stderr]     |
[INFO] [stderr] 125 |     Method(GIBBMethod),
[INFO] [stderr]     |     ^^^^^^
[INFO] [stderr] 
[INFO] [stderr] warning: use of deprecated tuple variant `asn::seq::SeqDesc::Org`
[INFO] [stderr]    --> src/asn/seq.rs:134:5
[INFO] [stderr]     |
[INFO] [stderr] 134 |     Org(OrgRef),
[INFO] [stderr]     |     ^^^
[INFO] [stderr] 
[INFO] [stderr] warning: unused variable: `name_tag`
[INFO] [stderr]    --> src/asn/seqfeat.rs:819:13
[INFO] [stderr]     |
[INFO] [stderr] 819 |         let name_tag = BytesStart::new("Genetic-code_E_name");
[INFO] [stderr]     |             ^^^^^^^^ help: if this is intentional, prefix it with an underscore: `_name_tag`
[INFO] [stderr]     |
[INFO] [stderr]     = note: `#[warn(unused_variables)]` on by default
[INFO] [stderr] 
[INFO] [stderr] warning: unused variable: `ncbieaa_tag`
[INFO] [stderr]    --> src/asn/seqfeat.rs:820:13
[INFO] [stderr]     |
[INFO] [stderr] 820 |         let ncbieaa_tag = BytesStart::new("Genetic-code_E_ncbieaa");
[INFO] [stderr]     |             ^^^^^^^^^^^ help: if this is intentional, prefix it with an underscore: `_ncbieaa_tag`
[INFO] [stderr] 
[INFO] [stderr] warning: unused variable: `ncbi8aa_tag`
[INFO] [stderr]    --> src/asn/seqfeat.rs:821:13
[INFO] [stderr]     |
[INFO] [stderr] 821 |         let ncbi8aa_tag = BytesStart::new("Genetic-code_E_ncbi8aa");
[INFO] [stderr]     |             ^^^^^^^^^^^ help: if this is intentional, prefix it with an underscore: `_ncbi8aa_tag`
[INFO] [stderr] 
[INFO] [stderr] warning: unused variable: `ncbistdaa_tag`
[INFO] [stderr]    --> src/asn/seqfeat.rs:822:13
[INFO] [stderr]     |
[INFO] [stderr] 822 |         let ncbistdaa_tag = BytesStart::new("Genetic-code_E_ncbistdaa");
[INFO] [stderr]     |             ^^^^^^^^^^^^^ help: if this is intentional, prefix it with an underscore: `_ncbistdaa_tag`
[INFO] [stderr] 
[INFO] [stderr] warning: unused variable: `sncbieaa_tag`
[INFO] [stderr]    --> src/asn/seqfeat.rs:823:13
[INFO] [stderr]     |
[INFO] [stderr] 823 |         let sncbieaa_tag = BytesStart::new("Genetic-code_E_sncbieaa");
[INFO] [stderr]     |             ^^^^^^^^^^^^ help: if this is intentional, prefix it with an underscore: `_sncbieaa_tag`
[INFO] [stderr] 
[INFO] [stderr] warning: unused variable: `sncbi8aa_tag`
[INFO] [stderr]    --> src/asn/seqfeat.rs:824:13
[INFO] [stderr]     |
[INFO] [stderr] 824 |         let sncbi8aa_tag = BytesStart::new("Genetic-code_E_sncbi8aa");
[INFO] [stderr]     |             ^^^^^^^^^^^^ help: if this is intentional, prefix it with an underscore: `_sncbi8aa_tag`
[INFO] [stderr] 
[INFO] [stderr] warning: unused variable: `sncbistdaa_tag`
[INFO] [stderr]    --> src/asn/seqfeat.rs:825:13
[INFO] [stderr]     |
[INFO] [stderr] 825 |         let sncbistdaa_tag = BytesStart::new("Genetic-code_E_sncbistdaa");
[INFO] [stderr]     |             ^^^^^^^^^^^^^^ help: if this is intentional, prefix it with an underscore: `_sncbistdaa_tag`
[INFO] [stderr] 
[INFO] [stderr] warning: `ncbi` (lib) generated 11 warnings
[INFO] [stderr] warning: `ncbi` (lib test) generated 11 warnings (11 duplicates)
[INFO] [stderr]     Finished `test` profile [unoptimized + debuginfo] target(s) in 0.11s
[INFO] [stderr]      Running unittests src/lib.rs (/opt/rustwide/target/debug/deps/ncbi-171e8d5253c935fe)
[INFO] [stdout] 
[INFO] [stdout] running 5 tests
[INFO] [stdout] test eutils::tests::search_url ... ok
[INFO] [stdout] test asn::general::tests::test_fields_parsing_bug ... ok
[INFO] [stdout] test eutils::tests::test_protein ... ok
[INFO] [stdout] test eutils::tests::test_article_set ... FAILED
[INFO] [stdout] test eutils::tests::test_parse_xml ... ok
[INFO] [stdout] 
[INFO] [stdout] failures:
[INFO] [stdout] 
[INFO] [stdout] ---- eutils::tests::test_article_set stdout ----
[INFO] [stdout] thread 'eutils::tests::test_article_set' panicked at src/eutils.rs:166:45:
[INFO] [stdout] called `Result::unwrap()` on an `Err` value: reqwest::Error { kind: Request, url: Url { scheme: "https", cannot_be_a_base: false, username: "", password: None, host: Some(Domain("eutils.ncbi.nlm.nih.gov")), port: None, path: "/entrez/eutils/efetch.fcgi", query: Some("db=pubmed&id=37332098&rettype=xml&retmode=xml"), fragment: None }, source: hyper::Error(Connect, ConnectError("dns error", Custom { kind: Uncategorized, error: "failed to lookup address information: Temporary failure in name resolution" })) }
[INFO] [stdout] stack backtrace:
[INFO] [stdout]    0:     0x5d42d32c11da - std::backtrace_rs::backtrace::libunwind::trace::h207520d6e9873551
[INFO] [stdout]                                at /rustc/df4ca44d3fbc9301ee17f30f4d474e6ae4b05252/library/std/src/../../backtrace/src/backtrace/libunwind.rs:116:5
[INFO] [stdout]    1:     0x5d42d32c11da - std::backtrace_rs::backtrace::trace_unsynchronized::h2ed7433f370e3eca
[INFO] [stdout]                                at /rustc/df4ca44d3fbc9301ee17f30f4d474e6ae4b05252/library/std/src/../../backtrace/src/backtrace/mod.rs:66:5
[INFO] [stdout]    2:     0x5d42d32c11da - std::sys::backtrace::_print_fmt::h916fac51166b18d7
[INFO] [stdout]                                at /rustc/df4ca44d3fbc9301ee17f30f4d474e6ae4b05252/library/std/src/sys/backtrace.rs:66:9
[INFO] [stdout]    3:     0x5d42d32c11da - <std::sys::backtrace::BacktraceLock::print::DisplayBacktrace as core::fmt::Display>::fmt::ha0a4c9b8ce3802e6
[INFO] [stdout]                                at /rustc/df4ca44d3fbc9301ee17f30f4d474e6ae4b05252/library/std/src/sys/backtrace.rs:39:26
[INFO] [stdout]    4:     0x5d42d32eac73 - core::fmt::rt::Argument::fmt::h4cfc8587d52b3eb5
[INFO] [stdout]                                at /rustc/df4ca44d3fbc9301ee17f30f4d474e6ae4b05252/library/core/src/fmt/rt.rs:177:76
[INFO] [stdout]    5:     0x5d42d32eac73 - core::fmt::write::h522cc39e5b36ae9f
[INFO] [stdout]                                at /rustc/df4ca44d3fbc9301ee17f30f4d474e6ae4b05252/library/core/src/fmt/mod.rs:1190:21
[INFO] [stdout]    6:     0x5d42d32bd1e3 - std::io::Write::write_fmt::h7d3c26752da97734
[INFO] [stdout]                                at /rustc/df4ca44d3fbc9301ee17f30f4d474e6ae4b05252/library/std/src/io/mod.rs:1839:15
[INFO] [stdout]    7:     0x5d42d32c1022 - std::sys::backtrace::BacktraceLock::print::h4b9e00b29e9c0942
[INFO] [stdout]                                at /rustc/df4ca44d3fbc9301ee17f30f4d474e6ae4b05252/library/std/src/sys/backtrace.rs:42:9
[INFO] [stdout]    8:     0x5d42d32c266a - std::panicking::default_hook::{{closure}}::hb59b88280d0324d9
[INFO] [stdout]                                at /rustc/df4ca44d3fbc9301ee17f30f4d474e6ae4b05252/library/std/src/panicking.rs:268:22
[INFO] [stdout]    9:     0x5d42d32c2474 - std::panicking::default_hook::he1dd496665be4a29
[INFO] [stdout]                                at /rustc/df4ca44d3fbc9301ee17f30f4d474e6ae4b05252/library/std/src/panicking.rs:292:9
[INFO] [stdout]   10:     0x5d42d32638e9 - <alloc::boxed::Box<F,A> as core::ops::function::Fn<Args>>::call::h4ff71de18744e1dc
[INFO] [stdout]                                at /rustc/df4ca44d3fbc9301ee17f30f4d474e6ae4b05252/library/alloc/src/boxed.rs:2468:9
[INFO] [stdout]   11:     0x5d42d32638e9 - test::test_main::{{closure}}::hcf7c055ce117aa81
[INFO] [stdout]                                at /rustc/df4ca44d3fbc9301ee17f30f4d474e6ae4b05252/library/test/src/lib.rs:133:21
[INFO] [stdout]   12:     0x5d42d32c2d68 - <alloc::boxed::Box<F,A> as core::ops::function::Fn<Args>>::call::h1d66c6bbd60c9692
[INFO] [stdout]                                at /rustc/df4ca44d3fbc9301ee17f30f4d474e6ae4b05252/library/alloc/src/boxed.rs:2468:9
[INFO] [stdout]   13:     0x5d42d32c2d68 - std::panicking::rust_panic_with_hook::h2ff17fe8f26dfcf8
[INFO] [stdout]                                at /rustc/df4ca44d3fbc9301ee17f30f4d474e6ae4b05252/library/std/src/panicking.rs:809:13
[INFO] [stdout]   14:     0x5d42d32c2b2a - std::panicking::begin_panic_handler::{{closure}}::h4fad77951c07e101
[INFO] [stdout]                                at /rustc/df4ca44d3fbc9301ee17f30f4d474e6ae4b05252/library/std/src/panicking.rs:674:13
[INFO] [stdout]   15:     0x5d42d32c16b9 - std::sys::backtrace::__rust_end_short_backtrace::hb1a25b3da5d0ea08
[INFO] [stdout]                                at /rustc/df4ca44d3fbc9301ee17f30f4d474e6ae4b05252/library/std/src/sys/backtrace.rs:170:18
[INFO] [stdout]   16:     0x5d42d32c27bc - rust_begin_unwind
[INFO] [stdout]                                at /rustc/df4ca44d3fbc9301ee17f30f4d474e6ae4b05252/library/std/src/panicking.rs:665:5
[INFO] [stdout]   17:     0x5d42d32e91d0 - core::panicking::panic_fmt::ha9db07b529f9b256
[INFO] [stdout]                                at /rustc/df4ca44d3fbc9301ee17f30f4d474e6ae4b05252/library/core/src/panicking.rs:75:14
[INFO] [stdout]   18:     0x5d42d32e9656 - core::result::unwrap_failed::h5e8218e4d4338b8a
[INFO] [stdout]                                at /rustc/df4ca44d3fbc9301ee17f30f4d474e6ae4b05252/library/core/src/result.rs:1698:5
[INFO] [stdout]   19:     0x5d42d2e5dc6a - core::result::Result<T,E>::unwrap::hb9054ebae0014f5f
[INFO] [stdout]                                at /rustc/df4ca44d3fbc9301ee17f30f4d474e6ae4b05252/library/core/src/result.rs:1103:23
[INFO] [stdout]   20:     0x5d42d2e5dc6a - ncbi::eutils::tests::test_article_set::h174a0361a0c2e77e
[INFO] [stdout]                                at /opt/rustwide/workdir/src/eutils.rs:166:17
[INFO] [stdout]   21:     0x5d42d2e5db87 - ncbi::eutils::tests::test_article_set::{{closure}}::h4872580cd4312dc1
[INFO] [stdout]                                at /opt/rustwide/workdir/src/eutils.rs:161:26
[INFO] [stdout]   22:     0x5d42d2e35876 - core::ops::function::FnOnce::call_once::hbaaa14e714b0efb2
[INFO] [stdout]                                at /rustc/df4ca44d3fbc9301ee17f30f4d474e6ae4b05252/library/core/src/ops/function.rs:250:5
[INFO] [stdout]   23:     0x5d42d32681bb - core::ops::function::FnOnce::call_once::h22c3ba5715e93f05
[INFO] [stdout]                                at /rustc/df4ca44d3fbc9301ee17f30f4d474e6ae4b05252/library/core/src/ops/function.rs:250:5
[INFO] [stdout]   24:     0x5d42d32681bb - test::__rust_begin_short_backtrace::h8e82d8113d0da17f
[INFO] [stdout]                                at /rustc/df4ca44d3fbc9301ee17f30f4d474e6ae4b05252/library/test/src/lib.rs:621:18
[INFO] [stdout]   25:     0x5d42d3267b37 - test::run_test_in_process::{{closure}}::h33235f4f20b7b7c7
[INFO] [stdout]                                at /rustc/df4ca44d3fbc9301ee17f30f4d474e6ae4b05252/library/test/src/lib.rs:644:60
[INFO] [stdout]   26:     0x5d42d3267b37 - <core::panic::unwind_safe::AssertUnwindSafe<F> as core::ops::function::FnOnce<()>>::call_once::hb5043206310c586f
[INFO] [stdout]                                at /rustc/df4ca44d3fbc9301ee17f30f4d474e6ae4b05252/library/core/src/panic/unwind_safe.rs:272:9
[INFO] [stdout]   27:     0x5d42d3267b37 - std::panicking::try::do_call::h9ad4731a60ab23e2
[INFO] [stdout]                                at /rustc/df4ca44d3fbc9301ee17f30f4d474e6ae4b05252/library/std/src/panicking.rs:557:40
[INFO] [stdout]   28:     0x5d42d3267b37 - std::panicking::try::h3824d23db772a716
[INFO] [stdout]                                at /rustc/df4ca44d3fbc9301ee17f30f4d474e6ae4b05252/library/std/src/panicking.rs:520:19
[INFO] [stdout]   29:     0x5d42d3267b37 - std::panic::catch_unwind::h5afd514605fde46b
[INFO] [stdout]                                at /rustc/df4ca44d3fbc9301ee17f30f4d474e6ae4b05252/library/std/src/panic.rs:358:14
[INFO] [stdout]   30:     0x5d42d3267b37 - test::run_test_in_process::h0d5cbfa7067d1720
[INFO] [stdout]                                at /rustc/df4ca44d3fbc9301ee17f30f4d474e6ae4b05252/library/test/src/lib.rs:644:27
[INFO] [stdout]   31:     0x5d42d3267b37 - test::run_test::{{closure}}::h708eb8872708115d
[INFO] [stdout]                                at /rustc/df4ca44d3fbc9301ee17f30f4d474e6ae4b05252/library/test/src/lib.rs:565:43
[INFO] [stdout]   32:     0x5d42d322b254 - test::run_test::{{closure}}::h392c51cee94713ab
[INFO] [stdout]                                at /rustc/df4ca44d3fbc9301ee17f30f4d474e6ae4b05252/library/test/src/lib.rs:595:41
[INFO] [stdout]   33:     0x5d42d322b254 - std::sys::backtrace::__rust_begin_short_backtrace::h2f40290710935a8b
[INFO] [stdout]                                at /rustc/df4ca44d3fbc9301ee17f30f4d474e6ae4b05252/library/std/src/sys/backtrace.rs:154:18
[INFO] [stdout]   34:     0x5d42d322e9fe - std::thread::Builder::spawn_unchecked_::{{closure}}::{{closure}}::h3fd968d89053a903
[INFO] [stdout]                                at /rustc/df4ca44d3fbc9301ee17f30f4d474e6ae4b05252/library/std/src/thread/mod.rs:541:17
[INFO] [stdout]   35:     0x5d42d322e9fe - <core::panic::unwind_safe::AssertUnwindSafe<F> as core::ops::function::FnOnce<()>>::call_once::h743f637ba4229880
[INFO] [stdout]                                at /rustc/df4ca44d3fbc9301ee17f30f4d474e6ae4b05252/library/core/src/panic/unwind_safe.rs:272:9
[INFO] [stdout]   36:     0x5d42d322e9fe - std::panicking::try::do_call::h07440897322525a6
[INFO] [stdout]                                at /rustc/df4ca44d3fbc9301ee17f30f4d474e6ae4b05252/library/std/src/panicking.rs:557:40
[INFO] [stdout]   37:     0x5d42d322e9fe - std::panicking::try::he5a2e00188156637
[INFO] [stdout]                                at /rustc/df4ca44d3fbc9301ee17f30f4d474e6ae4b05252/library/std/src/panicking.rs:520:19
[INFO] [stdout]   38:     0x5d42d322e9fe - std::panic::catch_unwind::hbaf3cae49b3c6433
[INFO] [stdout]                                at /rustc/df4ca44d3fbc9301ee17f30f4d474e6ae4b05252/library/std/src/panic.rs:358:14
[INFO] [stdout]   39:     0x5d42d322e9fe - std::thread::Builder::spawn_unchecked_::{{closure}}::h8e141ea224820bce
[INFO] [stdout]                                at /rustc/df4ca44d3fbc9301ee17f30f4d474e6ae4b05252/library/std/src/thread/mod.rs:540:30
[INFO] [stdout]   40:     0x5d42d322e9fe - core::ops::function::FnOnce::call_once{{vtable.shim}}::h90d312fedd7b8ea8
[INFO] [stdout]                                at /rustc/df4ca44d3fbc9301ee17f30f4d474e6ae4b05252/library/core/src/ops/function.rs:250:5
[INFO] [stdout]   41:     0x5d42d32c6f9b - <alloc::boxed::Box<F,A> as core::ops::function::FnOnce<Args>>::call_once::h69aa08ddb6adb8b6
[INFO] [stdout]                                at /rustc/df4ca44d3fbc9301ee17f30f4d474e6ae4b05252/library/alloc/src/boxed.rs:2454:9
[INFO] [stdout]   42:     0x5d42d32c6f9b - <alloc::boxed::Box<F,A> as core::ops::function::FnOnce<Args>>::call_once::h5aa36efdb79c806f
[INFO] [stdout]                                at /rustc/df4ca44d3fbc9301ee17f30f4d474e6ae4b05252/library/alloc/src/boxed.rs:2454:9
[INFO] [stdout]   43:     0x5d42d32c6f9b - std::sys::pal::unix::thread::Thread::new::thread_start::h6cd80a1b4be5158d
[INFO] [stdout]                                at /rustc/df4ca44d3fbc9301ee17f30f4d474e6ae4b05252/library/std/src/sys/pal/unix/thread.rs:105:17
[INFO] [stdout]   44:     0x76ce21379ac3 - <unknown>
[INFO] [stdout]   45:     0x76ce2140aa04 - clone
[INFO] [stdout]   46:                0x0 - <unknown>
[INFO] [stdout] 
[INFO] [stdout] 
[INFO] [stdout] failures:
[INFO] [stdout]     eutils::tests::test_article_set
[INFO] [stdout] 
[INFO] [stdout] test result: FAILED. 4 passed; 1 failed; 0 ignored; 0 measured; 0 filtered out; finished in 0.10s
[INFO] [stdout] 
[INFO] [stderr] error: test failed, to rerun pass `--lib`
[INFO] running `Command { std: "docker" "inspect" "8566a7db96e8c0b15912c111ef0dfab1c08acd342eec361e637ece2aa0c53de5", kill_on_drop: false }`
[INFO] running `Command { std: "docker" "rm" "-f" "8566a7db96e8c0b15912c111ef0dfab1c08acd342eec361e637ece2aa0c53de5", kill_on_drop: false }`
[INFO] [stdout] 8566a7db96e8c0b15912c111ef0dfab1c08acd342eec361e637ece2aa0c53de5
