[INFO] fetching crate navipod 0.8.12...
[INFO] testing navipod-0.8.12 against nightly-2024-10-28 for randomize-layout
[INFO] extracting crate navipod 0.8.12 into /workspace/builds/worker-4-tc1/source
[INFO] validating manifest of crates.io crate navipod 0.8.12 on toolchain nightly-2024-10-28
[INFO] running `Command { std: CARGO_HOME="/workspace/cargo-home" RUSTUP_HOME="/workspace/rustup-home" "/workspace/cargo-home/bin/cargo" "+nightly-2024-10-28" "metadata" "--manifest-path" "Cargo.toml" "--no-deps", kill_on_drop: false }`
[INFO] started tweaking crates.io crate navipod 0.8.12
[INFO] removed 0 missing tests
[INFO] finished tweaking crates.io crate navipod 0.8.12
[INFO] tweaked toml for crates.io crate navipod 0.8.12 written to /workspace/builds/worker-4-tc1/source/Cargo.toml
[INFO] crate crates.io crate navipod 0.8.12 already has a lockfile, it will not be regenerated
[INFO] running `Command { std: CARGO_HOME="/workspace/cargo-home" RUSTUP_HOME="/workspace/rustup-home" "/workspace/cargo-home/bin/cargo" "+nightly-2024-10-28" "fetch" "--manifest-path" "Cargo.toml", kill_on_drop: false }`
[INFO] [stderr]     Updating crates.io index
[INFO] [stderr]  Downloading crates ...
[INFO] [stderr]   Downloaded sqlx-sqlite v0.8.1
[INFO] [stderr]   Downloaded libmath v0.2.1
[INFO] [stderr]   Downloaded sqlx-macros v0.8.1
[INFO] [stderr]   Downloaded sqlformat v0.2.4
[INFO] [stderr]   Downloaded oid-registry v0.7.0
[INFO] [stderr]   Downloaded kube v0.93.1
[INFO] [stderr]   Downloaded kube-derive v0.93.1
[INFO] [stderr]   Downloaded fluent-uri v0.1.4
[INFO] [stderr]   Downloaded sqlx-macros-core v0.8.1
[INFO] [stderr]   Downloaded clap_complete v4.5.23
[INFO] [stderr]   Downloaded kube-core v0.93.1
[INFO] [stderr]   Downloaded fakeit v1.3.0
[INFO] [stderr]   Downloaded kube-client v0.93.1
[INFO] [stderr]   Downloaded sqlx-core v0.8.1
[INFO] [stderr]   Downloaded kube-runtime v0.93.1
[INFO] [stderr]   Downloaded prettyplease v0.2.21
[INFO] [stderr]   Downloaded sqlx v0.8.1
[INFO] [stderr]   Downloaded sqlx-mysql v0.8.1
[INFO] [stderr]   Downloaded wiremock v0.6.1
[INFO] [stderr]   Downloaded rustls-native-certs v0.7.2
[INFO] [stderr]   Downloaded sqlx-postgres v0.8.1
[INFO] [stderr]   Downloaded jsonptr v0.4.7
[INFO] [stderr]   Downloaded json-patch v2.0.0
[INFO] [stderr]   Downloaded tower-test v0.4.0
[INFO] [stderr]   Downloaded k8s-openapi v0.22.0
[INFO] [stderr]   Downloaded aws-lc-sys v0.20.1
[INFO] running `Command { std: "docker" "create" "-v" "/var/lib/crater-agent-workspace/builds/worker-4-tc1/target:/opt/rustwide/target:rw,Z" "-v" "/var/lib/crater-agent-workspace/builds/worker-4-tc1/source:/opt/rustwide/workdir:ro,Z" "-v" "/var/lib/crater-agent-workspace/cargo-home:/opt/rustwide/cargo-home:ro,Z" "-v" "/var/lib/crater-agent-workspace/rustup-home:/opt/rustwide/rustup-home:ro,Z" "-e" "SOURCE_DIR=/opt/rustwide/workdir" "-e" "CARGO_TARGET_DIR=/opt/rustwide/target" "-e" "CARGO_HOME=/opt/rustwide/cargo-home" "-e" "RUSTUP_HOME=/opt/rustwide/rustup-home" "-w" "/opt/rustwide/workdir" "-m" "1610612736" "--user" "0:0" "--network" "none" "ghcr.io/rust-lang/crates-build-env/linux@sha256:4a844ea9eb2546a2d2c7022eacef16ef2e8229c7fbb2c7d4d55a9ceca922f72d" "/opt/rustwide/cargo-home/bin/cargo" "+nightly-2024-10-28" "metadata" "--no-deps" "--format-version=1", kill_on_drop: false }`
[INFO] [stdout] 2cfe386629f281c02d0e6f3cc44061e7b516e6589b33ddde3b9fba42e057d499
[INFO] running `Command { std: "docker" "start" "-a" "2cfe386629f281c02d0e6f3cc44061e7b516e6589b33ddde3b9fba42e057d499", kill_on_drop: false }`
[INFO] running `Command { std: "docker" "inspect" "2cfe386629f281c02d0e6f3cc44061e7b516e6589b33ddde3b9fba42e057d499", kill_on_drop: false }`
[INFO] running `Command { std: "docker" "rm" "-f" "2cfe386629f281c02d0e6f3cc44061e7b516e6589b33ddde3b9fba42e057d499", kill_on_drop: false }`
[INFO] [stdout] 2cfe386629f281c02d0e6f3cc44061e7b516e6589b33ddde3b9fba42e057d499
[INFO] running `Command { std: "docker" "create" "-v" "/var/lib/crater-agent-workspace/builds/worker-4-tc1/target:/opt/rustwide/target:rw,Z" "-v" "/var/lib/crater-agent-workspace/builds/worker-4-tc1/source:/opt/rustwide/workdir:ro,Z" "-v" "/var/lib/crater-agent-workspace/cargo-home:/opt/rustwide/cargo-home:ro,Z" "-v" "/var/lib/crater-agent-workspace/rustup-home:/opt/rustwide/rustup-home:ro,Z" "-e" "SOURCE_DIR=/opt/rustwide/workdir" "-e" "CARGO_TARGET_DIR=/opt/rustwide/target" "-e" "CARGO_INCREMENTAL=0" "-e" "RUST_BACKTRACE=full" "-e" "RUSTFLAGS=--cap-lints=forbid" "-e" "RUSTDOCFLAGS=--cap-lints=forbid" "-e" "CARGO_HOME=/opt/rustwide/cargo-home" "-e" "RUSTUP_HOME=/opt/rustwide/rustup-home" "-w" "/opt/rustwide/workdir" "-m" "1610612736" "--user" "0:0" "--network" "none" "ghcr.io/rust-lang/crates-build-env/linux@sha256:4a844ea9eb2546a2d2c7022eacef16ef2e8229c7fbb2c7d4d55a9ceca922f72d" "/opt/rustwide/cargo-home/bin/cargo" "+nightly-2024-10-28" "build" "--frozen" "--message-format=json", kill_on_drop: false }`
[INFO] [stdout] 7c87c0e4e1751ea623bc30890ade3ad3c1ae363740b85f269965d560c9f5de6a
[INFO] running `Command { std: "docker" "start" "-a" "7c87c0e4e1751ea623bc30890ade3ad3c1ae363740b85f269965d560c9f5de6a", kill_on_drop: false }`
[INFO] [stderr]    Compiling proc-macro2 v1.0.86
[INFO] [stderr]    Compiling libc v0.2.158
[INFO] [stderr]    Compiling autocfg v1.3.0
[INFO] [stderr]    Compiling once_cell v1.19.0
[INFO] [stderr]    Compiling pin-project-lite v0.2.14
[INFO] [stderr]    Compiling futures-core v0.3.30
[INFO] [stderr]    Compiling bytes v1.7.1
[INFO] [stderr]    Compiling serde v1.0.209
[INFO] [stderr]    Compiling allocator-api2 v0.2.18
[INFO] [stderr]    Compiling futures-io v0.3.30
[INFO] [stderr]    Compiling futures-task v0.3.30
[INFO] [stderr]    Compiling futures-sink v0.3.30
[INFO] [stderr]    Compiling thiserror v1.0.63
[INFO] [stderr]    Compiling ahash v0.8.11
[INFO] [stderr]    Compiling futures-channel v0.3.30
[INFO] [stderr]    Compiling lock_api v0.4.12
[INFO] [stderr]    Compiling slab v0.4.9
[INFO] [stderr]    Compiling equivalent v1.0.1
[INFO] [stderr]    Compiling pkg-config v0.3.30
[INFO] [stderr]    Compiling num-traits v0.2.19
[INFO] [stderr]    Compiling generic-array v0.14.7
[INFO] [stderr]    Compiling quote v1.0.37
[INFO] [stderr]    Compiling spin v0.9.8
[INFO] [stderr]    Compiling tracing-core v0.1.32
[INFO] [stderr]    Compiling smallvec v1.13.2
[INFO] [stderr]    Compiling syn v2.0.76
[INFO] [stderr]    Compiling jobserver v0.1.32
[INFO] [stderr]    Compiling getrandom v0.2.15
[INFO] [stderr]    Compiling socket2 v0.5.7
[INFO] [stderr]    Compiling signal-hook-registry v1.4.2
[INFO] [stderr]    Compiling mio v1.0.2
[INFO] [stderr]    Compiling cc v1.1.14
[INFO] [stderr]    Compiling form_urlencoded v1.2.1
[INFO] [stderr]    Compiling http v1.1.0
[INFO] [stderr]    Compiling serde_json v1.0.127
[INFO] [stderr]    Compiling cpufeatures v0.2.13
[INFO] [stderr]    Compiling httparse v1.9.4
[INFO] [stderr]    Compiling tinyvec_macros v0.1.1
[INFO] [stderr]    Compiling openssl v0.10.66
[INFO] [stderr]    Compiling untrusted v0.9.0
[INFO] [stderr]    Compiling fs_extra v1.3.0
[INFO] [stderr]    Compiling dunce v1.0.5
[INFO] [stderr]    Compiling nom v7.1.3
[INFO] [stderr]    Compiling tinyvec v1.8.0
[INFO] [stderr]    Compiling block-buffer v0.10.4
[INFO] [stderr]    Compiling crypto-common v0.1.6
[INFO] [stderr]    Compiling cmake v0.1.51
[INFO] [stderr]    Compiling digest v0.10.7
[INFO] [stderr]    Compiling concurrent-queue v2.5.0
[INFO] [stderr]    Compiling unicode-bidi v0.3.15
[INFO] [stderr]    Compiling http-body v1.0.1
[INFO] [stderr]    Compiling unicode-normalization v0.1.23
[INFO] [stderr]    Compiling parking v2.2.0
[INFO] [stderr]    Compiling tower-layer v0.3.3
[INFO] [stderr]    Compiling event-listener v5.3.1
[INFO] [stderr]    Compiling atomic-waker v1.1.2
[INFO] [stderr]    Compiling rustls-pki-types v1.8.0
[INFO] [stderr]    Compiling aws-lc-rs v1.8.1
[INFO] [stderr]    Compiling ring v0.17.8
[INFO] [stderr]    Compiling openssl-sys v0.9.103
[INFO] [stderr]    Compiling aws-lc-sys v0.20.1
[INFO] [stderr]    Compiling idna v0.5.0
[INFO] [stderr]    Compiling autocfg v0.1.8
[INFO] [stderr]    Compiling rand_core v0.4.2
[INFO] [stderr]    Compiling httpdate v1.0.3
[INFO] [stderr]    Compiling native-tls v0.2.12
[INFO] [stderr]    Compiling base64 v0.22.1
[INFO] [stderr]    Compiling parking_lot_core v0.9.10
[INFO] [stderr]    Compiling zerocopy v0.7.35
[INFO] [stderr]    Compiling mirai-annotations v1.12.0
[INFO] [stderr]    Compiling heck v0.5.0
[INFO] [stderr]    Compiling parking_lot v0.12.3
[INFO] [stderr]    Compiling rand_core v0.6.4
[INFO] [stderr]    Compiling crc-catalog v2.4.0
[INFO] [stderr]    Compiling unicode_categories v0.1.1
[INFO] [stderr]    Compiling ucd-trie v0.1.6
[INFO] [stderr]    Compiling rustls v0.23.12
[INFO] [stderr]    Compiling strsim v0.11.1
[INFO] [stderr]    Compiling sqlformat v0.2.4
[INFO] [stderr]    Compiling crc v3.2.1
[INFO] [stderr]    Compiling hashbrown v0.14.5
[INFO] [stderr]    Compiling libsqlite3-sys v0.30.1
[INFO] [stderr]    Compiling crossbeam-queue v0.3.11
[INFO] [stderr]    Compiling log v0.4.22
[INFO] [stderr]    Compiling rustversion v1.0.17
[INFO] [stderr]    Compiling regex-syntax v0.8.4
[INFO] [stderr]    Compiling subtle v2.6.1
[INFO] [stderr]    Compiling tokio v1.39.3
[INFO] [stderr]    Compiling serde_derive_internals v0.29.1
[INFO] [stderr]    Compiling serde_derive v1.0.209
[INFO] [stderr]    Compiling zerocopy-derive v0.7.35
[INFO] [stderr]    Compiling tokio-macros v2.4.0
[INFO] [stderr]    Compiling thiserror-impl v1.0.63
[INFO] [stderr]    Compiling tracing-attributes v0.1.27
[INFO] [stderr]    Compiling futures-macro v0.3.30
[INFO] [stderr]    Compiling futures-util v0.3.30
[INFO] [stderr]    Compiling tracing v0.1.40
[INFO] [stderr]    Compiling indexmap v2.4.0
[INFO] [stderr]    Compiling openssl-macros v0.1.1
[INFO] [stderr]    Compiling pin-project-internal v1.1.5
[INFO] [stderr]    Compiling tokio-util v0.7.11
[INFO] [stderr]    Compiling pin-project v1.1.5
[INFO] [stderr]    Compiling zeroize_derive v1.4.2
[INFO] [stderr]    Compiling h2 v0.4.6
[INFO] [stderr]    Compiling zeroize v1.8.1
[INFO] [stderr]    Compiling tower v0.4.13
[INFO] [stderr]    Compiling ppv-lite86 v0.2.20
[INFO] [stderr]    Compiling either v1.13.0
[INFO] [stderr]    Compiling rand_chacha v0.3.1
[INFO] [stderr]    Compiling http-body-util v0.1.2
[INFO] [stderr]    Compiling futures-executor v0.3.30
[INFO] [stderr]    Compiling pest v2.7.11
[INFO] [stderr]    Compiling rand v0.8.5
[INFO] [stderr]    Compiling regex-automata v0.4.7
[INFO] [stderr]    Compiling rustls-pemfile v2.1.3
[INFO] [stderr]    Compiling rand_core v0.3.1
[INFO] [stderr]    Compiling ordered-float v2.10.1
[INFO] [stderr]    Compiling pest_meta v2.7.11
[INFO] [stderr]    Compiling num-conv v0.1.0
[INFO] [stderr]    Compiling k8s-openapi v0.22.0
[INFO] [stderr]    Compiling schemars v0.8.21
[INFO] [stderr]    Compiling time-core v0.1.2
[INFO] [stderr]    Compiling powerfmt v0.2.0
[INFO] [stderr]    Compiling data-encoding v2.6.0
[INFO] [stderr]    Compiling hyper v1.4.1
[INFO] [stderr]    Compiling rustix v0.38.34
[INFO] [stderr]    Compiling iana-time-zone v0.1.60
[INFO] [stderr]    Compiling regex v1.10.6
[INFO] [stderr]    Compiling chrono v0.4.38
[INFO] [stderr]    Compiling hyper-util v0.1.7
[INFO] [stderr]    Compiling deranged v0.3.11
[INFO] [stderr]    Compiling time-macros v0.2.18
[INFO] [stderr]    Compiling pest_generator v2.7.11
[INFO] [stderr]    Compiling serde-value v0.7.0
[INFO] [stderr]    Compiling rustls-native-certs v0.7.2
[INFO] [stderr]    Compiling jsonptr v0.4.7
[INFO] [stderr]    Compiling tokio-stream v0.1.15
[INFO] [stderr]    Compiling schemars_derive v0.8.21
[INFO] [stderr]    Compiling async-stream-impl v0.3.5
[INFO] [stderr]    Compiling atoi v2.0.0
[INFO] [stderr]    Compiling futures-intrusive v0.5.0
[INFO] [stderr]    Compiling hashlink v0.9.1
[INFO] [stderr]    Compiling synstructure v0.13.1
[INFO] [stderr]    Compiling url v2.5.2
[INFO] [stderr]    Compiling webpki-roots v0.26.3
[INFO] [stderr]    Compiling sha1 v0.10.6
[INFO] [stderr]    Compiling sha2 v0.10.8
[INFO] [stderr]    Compiling utf-8 v0.7.6
[INFO] [stderr]    Compiling utf8parse v0.2.2
[INFO] [stderr]    Compiling base64 v0.21.7
[INFO] [stderr]    Compiling byteorder v1.5.0
[INFO] [stderr]    Compiling syn v1.0.109
[INFO] [stderr]    Compiling dyn-clone v1.0.17
[INFO] [stderr]    Compiling signal-hook v0.3.17
[INFO] [stderr]    Compiling mime v0.3.17
[INFO] [stderr]    Compiling asn1-rs-derive v0.5.1
[INFO] [stderr]    Compiling anstyle-parse v0.2.5
[INFO] [stderr]    Compiling sqlx-core v0.8.1
[INFO] [stderr]    Compiling darling_core v0.20.10
[INFO] [stderr]    Compiling tungstenite v0.23.0
[INFO] [stderr]    Compiling async-stream v0.3.5
[INFO] [stderr]    Compiling json-patch v2.0.0
[INFO] [stderr]    Compiling time v0.3.36
[INFO] [stderr]    Compiling pest_derive v2.7.11
[INFO] [stderr]    Compiling serde_urlencoded v0.7.1
[INFO] [stderr]    Compiling futures v0.3.30
[INFO] [stderr]    Compiling displaydoc v0.2.5
[INFO] [stderr]    Compiling asn1-rs-impl v0.2.0
[INFO] [stderr]    Compiling async-trait v0.1.81
[INFO] [stderr]    Compiling flume v0.11.0
[INFO] [stderr]    Compiling rusticata-macros v4.1.0
[INFO] [stderr]    Compiling rand_pcg v0.1.2
[INFO] [stderr]    Compiling rand_chacha v0.1.1
[INFO] [stderr]    Compiling is_terminal_polyfill v1.70.1
[INFO] [stderr]    Compiling unsafe-libyaml v0.2.11
[INFO] [stderr]    Compiling colorchoice v1.0.2
[INFO] [stderr]    Compiling fastrand v2.1.1
[INFO] [stderr]    Compiling anstyle-query v1.1.1
[INFO] [stderr]    Compiling anstyle v1.0.8
[INFO] [stderr]    Compiling tempfile v3.12.0
[INFO] [stderr]    Compiling asn1-rs v0.6.2
[INFO] [stderr]    Compiling sqlx-sqlite v0.8.1
[INFO] [stderr]    Compiling anstream v0.6.15
[INFO] [stderr]    Compiling darling_macro v0.20.10
[INFO] [stderr]    Compiling serde_yaml v0.9.34+deprecated
[INFO] [stderr]    Compiling tokio-tungstenite v0.23.1
[INFO] [stderr]    Compiling jsonpath-rust v0.5.1
[INFO] [stderr]    Compiling tower-http v0.5.2
[INFO] [stderr]    Compiling hyper-timeout v0.5.1
[INFO] [stderr]    Compiling secrecy v0.8.0
[INFO] [stderr]    Compiling pem v3.0.4
[INFO] [stderr]    Compiling rand v0.6.5
[INFO] [stderr]    Compiling event-listener-strategy v0.5.2
[INFO] [stderr]    Compiling num-integer v0.1.46
[INFO] [stderr]    Compiling rand v0.4.6
[INFO] [stderr]    Compiling home v0.5.9
[INFO] [stderr]    Compiling rustls v0.21.12
[INFO] [stderr]    Compiling oid-registry v0.7.0
[INFO] [stderr]    Compiling clap_lex v0.7.2
[INFO] [stderr]    Compiling dotenvy v0.15.7
[INFO] [stderr]    Compiling rand v0.3.23
[INFO] [stderr]    Compiling sqlx-macros-core v0.8.1
[INFO] [stderr]    Compiling clap_builder v4.5.15
[INFO] [stderr]    Compiling num-bigint v0.4.6
[INFO] [stderr]    Compiling backoff v0.4.0
[INFO] [stderr]    Compiling async-broadcast v0.7.1
[INFO] [stderr]    Compiling derivative v2.2.0
[INFO] [stderr]    Compiling signal-hook-mio v0.2.4
[INFO] [stderr]    Compiling darling v0.20.10
[INFO] [stderr]    Compiling castaway v0.2.3
[INFO] [stderr]    Compiling strum_macros v0.26.4
[INFO] [stderr]    Compiling rand_xorshift v0.1.1
[INFO] [stderr]    Compiling rand_hc v0.1.0
[INFO] [stderr]    Compiling rand_isaac v0.1.1
[INFO] [stderr]    Compiling tokio-native-tls v0.3.1
[INFO] [stderr]    Compiling itertools v0.13.0
[INFO] [stderr]    Compiling rustls-webpki v0.101.7
[INFO] [stderr]    Compiling sct v0.7.1
[INFO] [stderr]    Compiling clap_derive v4.5.13
[INFO] [stderr]    Compiling rand_jitter v0.1.4
[INFO] [stderr]    Compiling kube-core v0.93.1
[INFO] [stderr]    Compiling rand_os v0.1.3
[INFO] [stderr]    Compiling num_cpus v1.16.0
[INFO] [stderr]    Compiling static_assertions v1.1.0
[INFO] [stderr]    Compiling unicode-width v0.1.13
[INFO] [stderr]    Compiling anyhow v1.0.86
[INFO] [stderr]    Compiling deadpool-runtime v0.1.4
[INFO] [stderr]    Compiling unicode-segmentation v1.11.0
[INFO] [stderr]    Compiling deadpool v0.10.0
[INFO] [stderr]    Compiling clap v4.5.16
[INFO] [stderr]    Compiling compact_str v0.8.0
[INFO] [stderr]    Compiling strum v0.26.3
[INFO] [stderr]    Compiling unicode-truncate v1.1.0
[INFO] [stderr]    Compiling hyper-tls v0.6.0
[INFO] [stderr]    Compiling sqlx-macros v0.8.1
[INFO] [stderr]    Compiling crossterm v0.28.1
[INFO] [stderr]    Compiling der-parser v9.0.0
[INFO] [stderr]    Compiling kube-derive v0.93.1
[INFO] [stderr]    Compiling libmath v0.2.1
[INFO] [stderr]    Compiling tokio-test v0.4.4
[INFO] [stderr]    Compiling assert-json-diff v2.0.2
[INFO] [stderr]    Compiling lru v0.12.4
[INFO] [stderr]    Compiling instability v0.3.2
[INFO] [stderr]    Compiling derive_more-impl v1.0.0
[INFO] [stderr]    Compiling simplerand v1.3.0
[INFO] [stderr]    Compiling uuid v0.8.2
[INFO] [stderr]    Compiling tracing-log v0.2.0
[INFO] [stderr]    Compiling thread_local v1.1.8
[INFO] [stderr]    Compiling sync_wrapper v1.0.1
[INFO] [stderr]    Compiling encoding_rs v0.8.34
[INFO] [stderr]    Compiling cassowary v0.3.0
[INFO] [stderr]    Compiling ipnet v2.9.0
[INFO] [stderr]    Compiling fakeit v1.3.0
[INFO] [stderr]    Compiling derive_more v1.0.0
[INFO] [stderr]    Compiling ratatui v0.28.1
[INFO] [stderr]    Compiling tracing-subscriber v0.3.18
[INFO] [stderr]    Compiling csv v1.3.0
[INFO] [stderr]    Compiling wiremock v0.6.1
[INFO] [stderr]    Compiling tower-test v0.4.0
[INFO] [stderr]    Compiling tokio-rustls v0.24.1
[INFO] [stderr]    Compiling x509-parser v0.16.0
[INFO] [stderr]    Compiling sqlx v0.8.1
[INFO] [stderr]    Compiling clap_complete v4.5.23
[INFO] [stderr]    Compiling webpki v0.22.4
[INFO] [stderr]    Compiling uuid v1.10.0
[INFO] [stderr]    Compiling webpki-roots v0.25.4
[INFO] [stderr]    Compiling rustls-webpki v0.102.6
[INFO] [stderr]    Compiling tokio-rustls v0.26.0
[INFO] [stderr]    Compiling hyper-rustls v0.27.2
[INFO] [stderr]    Compiling kube-client v0.93.1
[INFO] [stderr]    Compiling reqwest v0.12.7
[INFO] [stderr]    Compiling kube-runtime v0.93.1
[INFO] [stderr]    Compiling kube v0.93.1
[INFO] [stderr]    Compiling navipod v0.8.12 (/opt/rustwide/workdir)
[INFO] [stdout] warning: use of deprecated method `ratatui::Frame::<'_>::size`: use .area() as it's the more correct name
[INFO] [stdout]  --> src/tui/cert_app/ui.rs:9:64
[INFO] [stdout]   |
[INFO] [stdout] 9 |     let rects = Layout::vertical([Constraint::Min(5)]).split(f.size());
[INFO] [stdout]   |                                                                ^^^^
[INFO] [stdout]   |
[INFO] [stdout]   = note: `#[warn(deprecated)]` on by default
[INFO] [stdout] 
[INFO] [stdout] 
[INFO] [stdout] warning: use of deprecated method `ratatui::Frame::<'_>::size`: use .area() as it's the more correct name
[INFO] [stdout]  --> src/tui/container_app/ui.rs:9:92
[INFO] [stdout]   |
[INFO] [stdout] 9 |     let rects = Layout::vertical([Constraint::Min(8), Constraint::Percentage(40)]).split(f.size());
[INFO] [stdout]   |                                                                                            ^^^^
[INFO] [stdout] 
[INFO] [stdout] 
[INFO] [stdout] warning: use of deprecated method `ratatui::Frame::<'_>::size`: use .area() as it's the more correct name
[INFO] [stdout]   --> src/tui/event_app/ui.rs:12:64
[INFO] [stdout]    |
[INFO] [stdout] 12 |     let rects = Layout::vertical([Constraint::Min(5)]).split(f.size());
[INFO] [stdout]    |                                                                ^^^^
[INFO] [stdout] 
[INFO] [stdout] 
[INFO] [stdout] warning: use of deprecated method `ratatui::Frame::<'_>::size`: use .area() as it's the more correct name
[INFO] [stdout]   --> src/tui/event_app/ui.rs:30:18
[INFO] [stdout]    |
[INFO] [stdout] 30 |     let area = f.size();
[INFO] [stdout]    |                  ^^^^
[INFO] [stdout] 
[INFO] [stdout] 
[INFO] [stdout] warning: use of deprecated method `ratatui::Frame::<'_>::set_cursor`: the method set_cursor_position indicates more clearly what about the cursor to set
[INFO] [stdout]   --> src/tui/event_app/ui.rs:45:7
[INFO] [stdout]    |
[INFO] [stdout] 45 |     f.set_cursor(
[INFO] [stdout]    |       ^^^^^^^^^^
[INFO] [stdout] 
[INFO] [stdout] 
[INFO] [stdout] warning: use of deprecated method `ratatui::Frame::<'_>::size`: use .area() as it's the more correct name
[INFO] [stdout]  --> src/tui/ingress_app/ui.rs:9:64
[INFO] [stdout]   |
[INFO] [stdout] 9 |     let rects = Layout::vertical([Constraint::Min(5)]).split(f.size());
[INFO] [stdout]   |                                                                ^^^^
[INFO] [stdout] 
[INFO] [stdout] 
[INFO] [stdout] warning: use of deprecated method `ratatui::Frame::<'_>::size`: use .area() as it's the more correct name
[INFO] [stdout]   --> src/tui/log_app/ui.rs:12:64
[INFO] [stdout]    |
[INFO] [stdout] 12 |     let rects = Layout::vertical([Constraint::Min(5)]).split(f.size());
[INFO] [stdout]    |                                                                ^^^^
[INFO] [stdout] 
[INFO] [stdout] 
[INFO] [stdout] warning: use of deprecated method `ratatui::Frame::<'_>::size`: use .area() as it's the more correct name
[INFO] [stdout]   --> src/tui/log_app/ui.rs:30:18
[INFO] [stdout]    |
[INFO] [stdout] 30 |     let area = f.size();
[INFO] [stdout]    |                  ^^^^
[INFO] [stdout] 
[INFO] [stdout] 
[INFO] [stdout] warning: use of deprecated method `ratatui::Frame::<'_>::set_cursor`: the method set_cursor_position indicates more clearly what about the cursor to set
[INFO] [stdout]   --> src/tui/log_app/ui.rs:45:7
[INFO] [stdout]    |
[INFO] [stdout] 45 |     f.set_cursor(
[INFO] [stdout]    |       ^^^^^^^^^^
[INFO] [stdout] 
[INFO] [stdout] 
[INFO] [stdout] warning: use of deprecated method `ratatui::Frame::<'_>::size`: use .area() as it's the more correct name
[INFO] [stdout]  --> src/tui/pod_app/ui.rs:9:92
[INFO] [stdout]   |
[INFO] [stdout] 9 |     let rects = Layout::vertical([Constraint::Min(8), Constraint::Percentage(40)]).split(f.size());
[INFO] [stdout]   |                                                                                            ^^^^
[INFO] [stdout] 
[INFO] [stdout] 
[INFO] [stdout] warning: use of deprecated method `ratatui::Frame::<'_>::size`: use .area() as it's the more correct name
[INFO] [stdout]   --> src/tui/rs_app/ui.rs:10:92
[INFO] [stdout]    |
[INFO] [stdout] 10 |     let rects = Layout::vertical([Constraint::Min(8), Constraint::Percentage(40)]).split(f.size());
[INFO] [stdout]    |                                                                                            ^^^^
[INFO] [stdout] 
[INFO] [stdout] 
[INFO] [stdout] warning: use of deprecated method `ratatui::Frame::<'_>::size`: use .area() as it's the more correct name
[INFO] [stdout]   --> src/tui/rs_app/ui.rs:33:18
[INFO] [stdout]    |
[INFO] [stdout] 33 |     let area = f.size();
[INFO] [stdout]    |                  ^^^^
[INFO] [stdout] 
[INFO] [stdout] 
[INFO] [stdout] warning: use of deprecated method `ratatui::Frame::<'_>::set_cursor`: the method set_cursor_position indicates more clearly what about the cursor to set
[INFO] [stdout]   --> src/tui/rs_app/ui.rs:48:7
[INFO] [stdout]    |
[INFO] [stdout] 48 |     f.set_cursor(
[INFO] [stdout]    |       ^^^^^^^^^^
[INFO] [stdout] 
[INFO] [stdout] 
[INFO] [stderr]     Finished `dev` profile [unoptimized + debuginfo] target(s) in 1m 28s
[INFO] running `Command { std: "docker" "inspect" "7c87c0e4e1751ea623bc30890ade3ad3c1ae363740b85f269965d560c9f5de6a", kill_on_drop: false }`
[INFO] running `Command { std: "docker" "rm" "-f" "7c87c0e4e1751ea623bc30890ade3ad3c1ae363740b85f269965d560c9f5de6a", kill_on_drop: false }`
[INFO] [stdout] 7c87c0e4e1751ea623bc30890ade3ad3c1ae363740b85f269965d560c9f5de6a
[INFO] running `Command { std: "docker" "create" "-v" "/var/lib/crater-agent-workspace/builds/worker-4-tc1/target:/opt/rustwide/target:rw,Z" "-v" "/var/lib/crater-agent-workspace/builds/worker-4-tc1/source:/opt/rustwide/workdir:ro,Z" "-v" "/var/lib/crater-agent-workspace/cargo-home:/opt/rustwide/cargo-home:ro,Z" "-v" "/var/lib/crater-agent-workspace/rustup-home:/opt/rustwide/rustup-home:ro,Z" "-e" "SOURCE_DIR=/opt/rustwide/workdir" "-e" "CARGO_TARGET_DIR=/opt/rustwide/target" "-e" "CARGO_INCREMENTAL=0" "-e" "RUST_BACKTRACE=full" "-e" "RUSTFLAGS=--cap-lints=forbid" "-e" "RUSTDOCFLAGS=--cap-lints=forbid" "-e" "CARGO_HOME=/opt/rustwide/cargo-home" "-e" "RUSTUP_HOME=/opt/rustwide/rustup-home" "-w" "/opt/rustwide/workdir" "-m" "1610612736" "--user" "0:0" "--network" "none" "ghcr.io/rust-lang/crates-build-env/linux@sha256:4a844ea9eb2546a2d2c7022eacef16ef2e8229c7fbb2c7d4d55a9ceca922f72d" "/opt/rustwide/cargo-home/bin/cargo" "+nightly-2024-10-28" "test" "--frozen" "--no-run" "--message-format=json", kill_on_drop: false }`
[INFO] [stdout] 097b6940e9a1cddf9deb102566dcaa35659a09724f0ecaef894fbcefe61c56a5
[INFO] running `Command { std: "docker" "start" "-a" "097b6940e9a1cddf9deb102566dcaa35659a09724f0ecaef894fbcefe61c56a5", kill_on_drop: false }`
[INFO] [stdout] warning: use of deprecated method `ratatui::Frame::<'_>::size`: use .area() as it's the more correct name
[INFO] [stdout]  --> src/tui/cert_app/ui.rs:9:64
[INFO] [stdout]   |
[INFO] [stdout] 9 |     let rects = Layout::vertical([Constraint::Min(5)]).split(f.size());
[INFO] [stdout]   |                                                                ^^^^
[INFO] [stdout]   |
[INFO] [stdout]   = note: `#[warn(deprecated)]` on by default
[INFO] [stdout] 
[INFO] [stdout] 
[INFO] [stdout] warning: use of deprecated method `ratatui::Frame::<'_>::size`: use .area() as it's the more correct name
[INFO] [stdout]  --> src/tui/container_app/ui.rs:9:92
[INFO] [stdout]   |
[INFO] [stdout] 9 |     let rects = Layout::vertical([Constraint::Min(8), Constraint::Percentage(40)]).split(f.size());
[INFO] [stdout]   |                                                                                            ^^^^
[INFO] [stdout] 
[INFO] [stdout] 
[INFO] [stdout] warning: use of deprecated method `ratatui::Frame::<'_>::size`: use .area() as it's the more correct name
[INFO] [stdout]   --> src/tui/event_app/ui.rs:12:64
[INFO] [stdout]    |
[INFO] [stdout] 12 |     let rects = Layout::vertical([Constraint::Min(5)]).split(f.size());
[INFO] [stdout]    |                                                                ^^^^
[INFO] [stdout] 
[INFO] [stdout] 
[INFO] [stdout] warning: use of deprecated method `ratatui::Frame::<'_>::size`: use .area() as it's the more correct name
[INFO] [stdout]   --> src/tui/event_app/ui.rs:30:18
[INFO] [stdout]    |
[INFO] [stdout] 30 |     let area = f.size();
[INFO] [stdout]    |                  ^^^^
[INFO] [stdout] 
[INFO] [stdout] 
[INFO] [stdout] warning: use of deprecated method `ratatui::Frame::<'_>::set_cursor`: the method set_cursor_position indicates more clearly what about the cursor to set
[INFO] [stdout]   --> src/tui/event_app/ui.rs:45:7
[INFO] [stdout]    |
[INFO] [stdout] 45 |     f.set_cursor(
[INFO] [stdout]    |       ^^^^^^^^^^
[INFO] [stdout] 
[INFO] [stdout] 
[INFO] [stdout] warning: use of deprecated method `ratatui::Frame::<'_>::size`: use .area() as it's the more correct name
[INFO] [stdout]  --> src/tui/ingress_app/ui.rs:9:64
[INFO] [stdout]   |
[INFO] [stdout] 9 |     let rects = Layout::vertical([Constraint::Min(5)]).split(f.size());
[INFO] [stdout]   |                                                                ^^^^
[INFO] [stdout] 
[INFO] [stdout] 
[INFO] [stdout] warning: use of deprecated method `ratatui::Frame::<'_>::size`: use .area() as it's the more correct name
[INFO] [stdout]   --> src/tui/log_app/ui.rs:12:64
[INFO] [stdout]    |
[INFO] [stdout] 12 |     let rects = Layout::vertical([Constraint::Min(5)]).split(f.size());
[INFO] [stdout]    |                                                                ^^^^
[INFO] [stdout] 
[INFO] [stdout] 
[INFO] [stdout] warning: use of deprecated method `ratatui::Frame::<'_>::size`: use .area() as it's the more correct name
[INFO] [stdout]   --> src/tui/log_app/ui.rs:30:18
[INFO] [stdout]    |
[INFO] [stdout] 30 |     let area = f.size();
[INFO] [stdout]    |                  ^^^^
[INFO] [stdout] 
[INFO] [stdout] 
[INFO] [stdout] warning: use of deprecated method `ratatui::Frame::<'_>::set_cursor`: the method set_cursor_position indicates more clearly what about the cursor to set
[INFO] [stdout]   --> src/tui/log_app/ui.rs:45:7
[INFO] [stdout]    |
[INFO] [stdout] 45 |     f.set_cursor(
[INFO] [stdout]    |       ^^^^^^^^^^
[INFO] [stdout] 
[INFO] [stdout] 
[INFO] [stdout] warning: use of deprecated method `ratatui::Frame::<'_>::size`: use .area() as it's the more correct name
[INFO] [stdout]  --> src/tui/pod_app/ui.rs:9:92
[INFO] [stdout]   |
[INFO] [stdout] 9 |     let rects = Layout::vertical([Constraint::Min(8), Constraint::Percentage(40)]).split(f.size());
[INFO] [stdout]   |                                                                                            ^^^^
[INFO] [stdout] 
[INFO] [stdout] 
[INFO] [stdout] warning: use of deprecated method `ratatui::Frame::<'_>::size`: use .area() as it's the more correct name
[INFO] [stdout]   --> src/tui/rs_app/ui.rs:10:92
[INFO] [stdout]    |
[INFO] [stdout] 10 |     let rects = Layout::vertical([Constraint::Min(8), Constraint::Percentage(40)]).split(f.size());
[INFO] [stdout]    |                                                                                            ^^^^
[INFO] [stdout] 
[INFO] [stdout] 
[INFO] [stdout] warning: use of deprecated method `ratatui::Frame::<'_>::size`: use .area() as it's the more correct name
[INFO] [stdout]   --> src/tui/rs_app/ui.rs:33:18
[INFO] [stdout]    |
[INFO] [stdout] 33 |     let area = f.size();
[INFO] [stdout]    |                  ^^^^
[INFO] [stdout] 
[INFO] [stdout] 
[INFO] [stdout] warning: use of deprecated method `ratatui::Frame::<'_>::set_cursor`: the method set_cursor_position indicates more clearly what about the cursor to set
[INFO] [stdout]   --> src/tui/rs_app/ui.rs:48:7
[INFO] [stdout]    |
[INFO] [stdout] 48 |     f.set_cursor(
[INFO] [stdout]    |       ^^^^^^^^^^
[INFO] [stdout] 
[INFO] [stdout] 
[INFO] [stderr]    Compiling navipod v0.8.12 (/opt/rustwide/workdir)
[INFO] [stdout] warning: use of deprecated method `ratatui::Frame::<'_>::size`: use .area() as it's the more correct name
[INFO] [stdout]  --> src/tui/cert_app/ui.rs:9:64
[INFO] [stdout]   |
[INFO] [stdout] 9 |     let rects = Layout::vertical([Constraint::Min(5)]).split(f.size());
[INFO] [stdout]   |                                                                ^^^^
[INFO] [stdout]   |
[INFO] [stdout]   = note: `#[warn(deprecated)]` on by default
[INFO] [stdout] 
[INFO] [stdout] 
[INFO] [stdout] warning: use of deprecated method `ratatui::Frame::<'_>::size`: use .area() as it's the more correct name
[INFO] [stdout]  --> src/tui/container_app/ui.rs:9:92
[INFO] [stdout]   |
[INFO] [stdout] 9 |     let rects = Layout::vertical([Constraint::Min(8), Constraint::Percentage(40)]).split(f.size());
[INFO] [stdout]   |                                                                                            ^^^^
[INFO] [stdout] 
[INFO] [stdout] 
[INFO] [stdout] warning: use of deprecated method `ratatui::Frame::<'_>::size`: use .area() as it's the more correct name
[INFO] [stdout]   --> src/tui/event_app/ui.rs:12:64
[INFO] [stdout]    |
[INFO] [stdout] 12 |     let rects = Layout::vertical([Constraint::Min(5)]).split(f.size());
[INFO] [stdout]    |                                                                ^^^^
[INFO] [stdout] 
[INFO] [stdout] 
[INFO] [stdout] warning: use of deprecated method `ratatui::Frame::<'_>::size`: use .area() as it's the more correct name
[INFO] [stdout]   --> src/tui/event_app/ui.rs:30:18
[INFO] [stdout]    |
[INFO] [stdout] 30 |     let area = f.size();
[INFO] [stdout]    |                  ^^^^
[INFO] [stdout] 
[INFO] [stdout] 
[INFO] [stdout] warning: use of deprecated method `ratatui::Frame::<'_>::set_cursor`: the method set_cursor_position indicates more clearly what about the cursor to set
[INFO] [stdout]   --> src/tui/event_app/ui.rs:45:7
[INFO] [stdout]    |
[INFO] [stdout] 45 |     f.set_cursor(
[INFO] [stdout]    |       ^^^^^^^^^^
[INFO] [stdout] 
[INFO] [stdout] 
[INFO] [stdout] warning: use of deprecated method `ratatui::Frame::<'_>::size`: use .area() as it's the more correct name
[INFO] [stdout]  --> src/tui/ingress_app/ui.rs:9:64
[INFO] [stdout]   |
[INFO] [stdout] 9 |     let rects = Layout::vertical([Constraint::Min(5)]).split(f.size());
[INFO] [stdout]   |                                                                ^^^^
[INFO] [stdout] 
[INFO] [stdout] 
[INFO] [stdout] warning: use of deprecated method `ratatui::Frame::<'_>::size`: use .area() as it's the more correct name
[INFO] [stdout]   --> src/tui/log_app/ui.rs:12:64
[INFO] [stdout]    |
[INFO] [stdout] 12 |     let rects = Layout::vertical([Constraint::Min(5)]).split(f.size());
[INFO] [stdout]    |                                                                ^^^^
[INFO] [stdout] 
[INFO] [stdout] 
[INFO] [stdout] warning: use of deprecated method `ratatui::Frame::<'_>::size`: use .area() as it's the more correct name
[INFO] [stdout]   --> src/tui/log_app/ui.rs:30:18
[INFO] [stdout]    |
[INFO] [stdout] 30 |     let area = f.size();
[INFO] [stdout]    |                  ^^^^
[INFO] [stdout] 
[INFO] [stdout] 
[INFO] [stdout] warning: use of deprecated method `ratatui::Frame::<'_>::set_cursor`: the method set_cursor_position indicates more clearly what about the cursor to set
[INFO] [stdout]   --> src/tui/log_app/ui.rs:45:7
[INFO] [stdout]    |
[INFO] [stdout] 45 |     f.set_cursor(
[INFO] [stdout]    |       ^^^^^^^^^^
[INFO] [stdout] 
[INFO] [stdout] 
[INFO] [stdout] warning: use of deprecated method `ratatui::Frame::<'_>::size`: use .area() as it's the more correct name
[INFO] [stdout]  --> src/tui/pod_app/ui.rs:9:92
[INFO] [stdout]   |
[INFO] [stdout] 9 |     let rects = Layout::vertical([Constraint::Min(8), Constraint::Percentage(40)]).split(f.size());
[INFO] [stdout]   |                                                                                            ^^^^
[INFO] [stdout] 
[INFO] [stdout] 
[INFO] [stdout] warning: use of deprecated method `ratatui::Frame::<'_>::size`: use .area() as it's the more correct name
[INFO] [stdout]   --> src/tui/rs_app/ui.rs:10:92
[INFO] [stdout]    |
[INFO] [stdout] 10 |     let rects = Layout::vertical([Constraint::Min(8), Constraint::Percentage(40)]).split(f.size());
[INFO] [stdout]    |                                                                                            ^^^^
[INFO] [stdout] 
[INFO] [stdout] 
[INFO] [stdout] warning: use of deprecated method `ratatui::Frame::<'_>::size`: use .area() as it's the more correct name
[INFO] [stdout]   --> src/tui/rs_app/ui.rs:33:18
[INFO] [stdout]    |
[INFO] [stdout] 33 |     let area = f.size();
[INFO] [stdout]    |                  ^^^^
[INFO] [stdout] 
[INFO] [stdout] 
[INFO] [stdout] warning: use of deprecated method `ratatui::Frame::<'_>::set_cursor`: the method set_cursor_position indicates more clearly what about the cursor to set
[INFO] [stdout]   --> src/tui/rs_app/ui.rs:48:7
[INFO] [stdout]    |
[INFO] [stdout] 48 |     f.set_cursor(
[INFO] [stdout]    |       ^^^^^^^^^^
[INFO] [stdout] 
[INFO] [stdout] 
[INFO] [stderr]     Finished `test` profile [unoptimized + debuginfo] target(s) in 4.16s
[INFO] running `Command { std: "docker" "inspect" "097b6940e9a1cddf9deb102566dcaa35659a09724f0ecaef894fbcefe61c56a5", kill_on_drop: false }`
[INFO] running `Command { std: "docker" "rm" "-f" "097b6940e9a1cddf9deb102566dcaa35659a09724f0ecaef894fbcefe61c56a5", kill_on_drop: false }`
[INFO] [stdout] 097b6940e9a1cddf9deb102566dcaa35659a09724f0ecaef894fbcefe61c56a5
[INFO] running `Command { std: "docker" "create" "-v" "/var/lib/crater-agent-workspace/builds/worker-4-tc1/target:/opt/rustwide/target:rw,Z" "-v" "/var/lib/crater-agent-workspace/builds/worker-4-tc1/source:/opt/rustwide/workdir:ro,Z" "-v" "/var/lib/crater-agent-workspace/cargo-home:/opt/rustwide/cargo-home:ro,Z" "-v" "/var/lib/crater-agent-workspace/rustup-home:/opt/rustwide/rustup-home:ro,Z" "-e" "SOURCE_DIR=/opt/rustwide/workdir" "-e" "CARGO_TARGET_DIR=/opt/rustwide/target" "-e" "CARGO_INCREMENTAL=0" "-e" "RUST_BACKTRACE=full" "-e" "RUSTFLAGS=--cap-lints=forbid" "-e" "RUSTDOCFLAGS=--cap-lints=forbid" "-e" "CARGO_HOME=/opt/rustwide/cargo-home" "-e" "RUSTUP_HOME=/opt/rustwide/rustup-home" "-w" "/opt/rustwide/workdir" "-m" "1610612736" "--user" "0:0" "--network" "none" "ghcr.io/rust-lang/crates-build-env/linux@sha256:4a844ea9eb2546a2d2c7022eacef16ef2e8229c7fbb2c7d4d55a9ceca922f72d" "/opt/rustwide/cargo-home/bin/cargo" "+nightly-2024-10-28" "test" "--frozen", kill_on_drop: false }`
[INFO] [stdout] 668d19552015e2a9e5d50afd1194a48efe6cf45ff6846cc92d23b9c1438e3df6
[INFO] running `Command { std: "docker" "start" "-a" "668d19552015e2a9e5d50afd1194a48efe6cf45ff6846cc92d23b9c1438e3df6", kill_on_drop: false }`
[INFO] [stderr] warning: use of deprecated method `ratatui::Frame::<'_>::size`: use .area() as it's the more correct name
[INFO] [stderr]  --> src/tui/cert_app/ui.rs:9:64
[INFO] [stderr]   |
[INFO] [stderr] 9 |     let rects = Layout::vertical([Constraint::Min(5)]).split(f.size());
[INFO] [stderr]   |                                                                ^^^^
[INFO] [stderr]   |
[INFO] [stderr]   = note: `#[warn(deprecated)]` on by default
[INFO] [stderr] 
[INFO] [stderr] warning: use of deprecated method `ratatui::Frame::<'_>::size`: use .area() as it's the more correct name
[INFO] [stderr]  --> src/tui/container_app/ui.rs:9:92
[INFO] [stderr]   |
[INFO] [stderr] 9 |     let rects = Layout::vertical([Constraint::Min(8), Constraint::Percentage(40)]).split(f.size());
[INFO] [stderr]   |                                                                                            ^^^^
[INFO] [stderr] 
[INFO] [stderr] warning: use of deprecated method `ratatui::Frame::<'_>::size`: use .area() as it's the more correct name
[INFO] [stderr]   --> src/tui/event_app/ui.rs:12:64
[INFO] [stderr]    |
[INFO] [stderr] 12 |     let rects = Layout::vertical([Constraint::Min(5)]).split(f.size());
[INFO] [stderr]    |                                                                ^^^^
[INFO] [stderr] 
[INFO] [stderr] warning: use of deprecated method `ratatui::Frame::<'_>::size`: use .area() as it's the more correct name
[INFO] [stderr]   --> src/tui/event_app/ui.rs:30:18
[INFO] [stderr]    |
[INFO] [stderr] 30 |     let area = f.size();
[INFO] [stderr]    |                  ^^^^
[INFO] [stderr] 
[INFO] [stderr] warning: use of deprecated method `ratatui::Frame::<'_>::set_cursor`: the method set_cursor_position indicates more clearly what about the cursor to set
[INFO] [stderr]   --> src/tui/event_app/ui.rs:45:7
[INFO] [stderr]    |
[INFO] [stderr] 45 |     f.set_cursor(
[INFO] [stderr]    |       ^^^^^^^^^^
[INFO] [stderr] 
[INFO] [stderr] warning: use of deprecated method `ratatui::Frame::<'_>::size`: use .area() as it's the more correct name
[INFO] [stderr]  --> src/tui/ingress_app/ui.rs:9:64
[INFO] [stderr]   |
[INFO] [stderr] 9 |     let rects = Layout::vertical([Constraint::Min(5)]).split(f.size());
[INFO] [stderr]   |                                                                ^^^^
[INFO] [stderr] 
[INFO] [stderr] warning: use of deprecated method `ratatui::Frame::<'_>::size`: use .area() as it's the more correct name
[INFO] [stderr]   --> src/tui/log_app/ui.rs:12:64
[INFO] [stderr]    |
[INFO] [stderr] 12 |     let rects = Layout::vertical([Constraint::Min(5)]).split(f.size());
[INFO] [stderr]    |                                                                ^^^^
[INFO] [stderr] 
[INFO] [stderr] warning: use of deprecated method `ratatui::Frame::<'_>::size`: use .area() as it's the more correct name
[INFO] [stderr]   --> src/tui/log_app/ui.rs:30:18
[INFO] [stderr]    |
[INFO] [stderr] 30 |     let area = f.size();
[INFO] [stderr]    |                  ^^^^
[INFO] [stderr] 
[INFO] [stderr] warning: use of deprecated method `ratatui::Frame::<'_>::set_cursor`: the method set_cursor_position indicates more clearly what about the cursor to set
[INFO] [stderr]   --> src/tui/log_app/ui.rs:45:7
[INFO] [stderr]    |
[INFO] [stderr] 45 |     f.set_cursor(
[INFO] [stderr]    |       ^^^^^^^^^^
[INFO] [stderr] 
[INFO] [stderr] warning: use of deprecated method `ratatui::Frame::<'_>::size`: use .area() as it's the more correct name
[INFO] [stderr]  --> src/tui/pod_app/ui.rs:9:92
[INFO] [stderr]   |
[INFO] [stderr] 9 |     let rects = Layout::vertical([Constraint::Min(8), Constraint::Percentage(40)]).split(f.size());
[INFO] [stderr]   |                                                                                            ^^^^
[INFO] [stderr] 
[INFO] [stderr] warning: use of deprecated method `ratatui::Frame::<'_>::size`: use .area() as it's the more correct name
[INFO] [stderr]   --> src/tui/rs_app/ui.rs:10:92
[INFO] [stderr]    |
[INFO] [stderr] 10 |     let rects = Layout::vertical([Constraint::Min(8), Constraint::Percentage(40)]).split(f.size());
[INFO] [stderr]    |                                                                                            ^^^^
[INFO] [stderr] 
[INFO] [stderr] warning: use of deprecated method `ratatui::Frame::<'_>::size`: use .area() as it's the more correct name
[INFO] [stderr]   --> src/tui/rs_app/ui.rs:33:18
[INFO] [stderr]    |
[INFO] [stderr] 33 |     let area = f.size();
[INFO] [stderr]    |                  ^^^^
[INFO] [stderr] 
[INFO] [stderr] warning: use of deprecated method `ratatui::Frame::<'_>::set_cursor`: the method set_cursor_position indicates more clearly what about the cursor to set
[INFO] [stderr]   --> src/tui/rs_app/ui.rs:48:7
[INFO] [stderr]    |
[INFO] [stderr] 48 |     f.set_cursor(
[INFO] [stderr]    |       ^^^^^^^^^^
[INFO] [stderr] 
[INFO] [stderr] warning: `navipod` (lib) generated 13 warnings
[INFO] [stderr] warning: `navipod` (lib test) generated 13 warnings (13 duplicates)
[INFO] [stderr]     Finished `test` profile [unoptimized + debuginfo] target(s) in 0.53s
[INFO] [stderr]      Running unittests src/lib.rs (/opt/rustwide/target/debug/deps/navipod-1847a0f0ef084e43)
[INFO] [stdout] 
[INFO] [stdout] running 11 tests
[INFO] [stdout] test k8s::scan::metrics::tests::test_parse_help_type_valid ... ok
[INFO] [stdout] test k8s::scan::metrics::tests::test_parse_metric_without_labels ... ok
[INFO] [stdout] test k8s::scan::triples::test_format ... ok
[INFO] [stdout] test tui::data::tests::test_rs_constraint_len_calculator ... ok
[INFO] [stdout] test tui::data::tests::test_container_constraint_len_calculator ... ok
[INFO] [stdout] test tui::data::tests::test_pod_constraint_len_calculator ... ok
[INFO] [stdout] test k8s::scan::db::tests::test_init_db ... ok
[INFO] [stdout] test k8s::scan::metrics::tests::test_parse_metric_with_labels ... ok
[INFO] [stdout] test k8s::scan::db::tests::test_create_table ... ok
[INFO] [stdout] test k8s::scan::metrics::tests::test_parse_help_type_invalid_first_word - should panic ... ok
[INFO] [stdout] test k8s::scan::metrics::tests::test_parse_help_type_invalid_format - should panic ... ok
[INFO] [stdout] 
[INFO] [stdout] test result: ok. 11 passed; 0 failed; 0 ignored; 0 measured; 0 filtered out; finished in 0.06s
[INFO] [stdout] 
[INFO] [stderr]      Running unittests src/main.rs (/opt/rustwide/target/debug/deps/navipod-0ea0a437739575a7)
[INFO] [stdout] 
[INFO] [stdout] running 0 tests
[INFO] [stdout] 
[INFO] [stdout] test result: ok. 0 passed; 0 failed; 0 ignored; 0 measured; 0 filtered out; finished in 0.00s
[INFO] [stdout] 
[INFO] [stderr]      Running tests/crypto_fixture.rs (/opt/rustwide/target/debug/deps/crypto_fixture-f17c03a902805232)
[INFO] [stdout] 
[INFO] [stdout] running 0 tests
[INFO] [stdout] 
[INFO] [stdout] test result: ok. 0 passed; 0 failed; 0 ignored; 0 measured; 0 filtered out; finished in 0.00s
[INFO] [stdout] 
[INFO] [stderr]      Running tests/list_pods.rs (/opt/rustwide/target/debug/deps/list_pods-6b569499377fd668)
[INFO] [stdout] 
[INFO] [stdout] running 1 test
[INFO] [stdout] test test_list_pods ... FAILED
[INFO] [stdout] 
[INFO] [stdout] failures:
[INFO] [stdout] 
[INFO] [stdout] ---- test_list_pods stdout ----
[INFO] [stdout] thread 'test_list_pods' panicked at tests/list_pods.rs:9:5:
[INFO] [stdout] assertion failed: matches!(data_result, Ok(..),)
[INFO] [stdout] stack backtrace:
[INFO] [stdout]    0:     0x5f0e9a050eda - std::backtrace_rs::backtrace::libunwind::trace::h207520d6e9873551
[INFO] [stdout]                                at /rustc/df4ca44d3fbc9301ee17f30f4d474e6ae4b05252/library/std/src/../../backtrace/src/backtrace/libunwind.rs:116:5
[INFO] [stdout]    1:     0x5f0e9a050eda - std::backtrace_rs::backtrace::trace_unsynchronized::h2ed7433f370e3eca
[INFO] [stdout]                                at /rustc/df4ca44d3fbc9301ee17f30f4d474e6ae4b05252/library/std/src/../../backtrace/src/backtrace/mod.rs:66:5
[INFO] [stdout]    2:     0x5f0e9a050eda - std::sys::backtrace::_print_fmt::h916fac51166b18d7
[INFO] [stdout]                                at /rustc/df4ca44d3fbc9301ee17f30f4d474e6ae4b05252/library/std/src/sys/backtrace.rs:66:9
[INFO] [stdout]    3:     0x5f0e9a050eda - <std::sys::backtrace::BacktraceLock::print::DisplayBacktrace as core::fmt::Display>::fmt::ha0a4c9b8ce3802e6
[INFO] [stdout]                                at /rustc/df4ca44d3fbc9301ee17f30f4d474e6ae4b05252/library/std/src/sys/backtrace.rs:39:26
[INFO] [stdout]    4:     0x5f0e9a07de23 - core::fmt::rt::Argument::fmt::h4cfc8587d52b3eb5
[INFO] [stdout]                                at /rustc/df4ca44d3fbc9301ee17f30f4d474e6ae4b05252/library/core/src/fmt/rt.rs:177:76
[INFO] [stdout]    5:     0x5f0e9a07de23 - core::fmt::write::h522cc39e5b36ae9f
[INFO] [stdout]                                at /rustc/df4ca44d3fbc9301ee17f30f4d474e6ae4b05252/library/core/src/fmt/mod.rs:1190:21
[INFO] [stdout]    6:     0x5f0e9a04cc63 - std::io::Write::write_fmt::h7d3c26752da97734
[INFO] [stdout]                                at /rustc/df4ca44d3fbc9301ee17f30f4d474e6ae4b05252/library/std/src/io/mod.rs:1839:15
[INFO] [stdout]    7:     0x5f0e9a050d22 - std::sys::backtrace::BacktraceLock::print::h4b9e00b29e9c0942
[INFO] [stdout]                                at /rustc/df4ca44d3fbc9301ee17f30f4d474e6ae4b05252/library/std/src/sys/backtrace.rs:42:9
[INFO] [stdout]    8:     0x5f0e9a0529ea - std::panicking::default_hook::{{closure}}::hb59b88280d0324d9
[INFO] [stdout]                                at /rustc/df4ca44d3fbc9301ee17f30f4d474e6ae4b05252/library/std/src/panicking.rs:268:22
[INFO] [stdout]    9:     0x5f0e9a0527f4 - std::panicking::default_hook::he1dd496665be4a29
[INFO] [stdout]                                at /rustc/df4ca44d3fbc9301ee17f30f4d474e6ae4b05252/library/std/src/panicking.rs:292:9
[INFO] [stdout]   10:     0x5f0e99470999 - <alloc::boxed::Box<F,A> as core::ops::function::Fn<Args>>::call::h4ff71de18744e1dc
[INFO] [stdout]                                at /rustc/df4ca44d3fbc9301ee17f30f4d474e6ae4b05252/library/alloc/src/boxed.rs:2468:9
[INFO] [stdout]   11:     0x5f0e99470999 - test::test_main::{{closure}}::hcf7c055ce117aa81
[INFO] [stdout]                                at /rustc/df4ca44d3fbc9301ee17f30f4d474e6ae4b05252/library/test/src/lib.rs:133:21
[INFO] [stdout]   12:     0x5f0e9a0530e8 - <alloc::boxed::Box<F,A> as core::ops::function::Fn<Args>>::call::h1d66c6bbd60c9692
[INFO] [stdout]                                at /rustc/df4ca44d3fbc9301ee17f30f4d474e6ae4b05252/library/alloc/src/boxed.rs:2468:9
[INFO] [stdout]   13:     0x5f0e9a0530e8 - std::panicking::rust_panic_with_hook::h2ff17fe8f26dfcf8
[INFO] [stdout]                                at /rustc/df4ca44d3fbc9301ee17f30f4d474e6ae4b05252/library/std/src/panicking.rs:809:13
[INFO] [stdout]   14:     0x5f0e9a052e76 - std::panicking::begin_panic_handler::{{closure}}::h4fad77951c07e101
[INFO] [stdout]                                at /rustc/df4ca44d3fbc9301ee17f30f4d474e6ae4b05252/library/std/src/panicking.rs:667:13
[INFO] [stdout]   15:     0x5f0e9a0513b9 - std::sys::backtrace::__rust_end_short_backtrace::hb1a25b3da5d0ea08
[INFO] [stdout]                                at /rustc/df4ca44d3fbc9301ee17f30f4d474e6ae4b05252/library/std/src/sys/backtrace.rs:170:18
[INFO] [stdout]   16:     0x5f0e9a052b3c - rust_begin_unwind
[INFO] [stdout]                                at /rustc/df4ca44d3fbc9301ee17f30f4d474e6ae4b05252/library/std/src/panicking.rs:665:5
[INFO] [stdout]   17:     0x5f0e9a07b760 - core::panicking::panic_fmt::ha9db07b529f9b256
[INFO] [stdout]                                at /rustc/df4ca44d3fbc9301ee17f30f4d474e6ae4b05252/library/core/src/panicking.rs:75:14
[INFO] [stdout]   18:     0x5f0e9a07b7ec - core::panicking::panic::h993086813d94accc
[INFO] [stdout]                                at /rustc/df4ca44d3fbc9301ee17f30f4d474e6ae4b05252/library/core/src/panicking.rs:152:5
[INFO] [stdout]   19:     0x5f0e99436081 - list_pods::test_list_pods::{{closure}}::h5a4d6f8447fbe725
[INFO] [stdout]                                at /opt/rustwide/workdir/tests/list_pods.rs:9:5
[INFO] [stdout]   20:     0x5f0e994357a2 - <core::pin::Pin<P> as core::future::future::Future>::poll::hd06ae509daa6e104
[INFO] [stdout]                                at /rustc/df4ca44d3fbc9301ee17f30f4d474e6ae4b05252/library/core/src/future/future.rs:123:9
[INFO] [stdout]   21:     0x5f0e9943571d - <core::pin::Pin<P> as core::future::future::Future>::poll::h556ecffe18bbe554
[INFO] [stdout]                                at /rustc/df4ca44d3fbc9301ee17f30f4d474e6ae4b05252/library/core/src/future/future.rs:123:9
[INFO] [stdout]   22:     0x5f0e994354af - tokio::runtime::scheduler::current_thread::CoreGuard::block_on::{{closure}}::{{closure}}::{{closure}}::h6ad76151e1e88f7f
[INFO] [stdout]                                at /opt/rustwide/cargo-home/registry/src/index.crates.io-6f17d22bba15001f/tokio-1.39.3/src/runtime/scheduler/current_thread/mod.rs:673:57
[INFO] [stdout]   23:     0x5f0e99435235 - tokio::runtime::coop::with_budget::h838587d348c00c86
[INFO] [stdout]                                at /opt/rustwide/cargo-home/registry/src/index.crates.io-6f17d22bba15001f/tokio-1.39.3/src/runtime/coop.rs:107:5
[INFO] [stdout]   24:     0x5f0e99435235 - tokio::runtime::coop::budget::h48b3e708f7c0f81f
[INFO] [stdout]                                at /opt/rustwide/cargo-home/registry/src/index.crates.io-6f17d22bba15001f/tokio-1.39.3/src/runtime/coop.rs:73:5
[INFO] [stdout]   25:     0x5f0e99435235 - tokio::runtime::scheduler::current_thread::CoreGuard::block_on::{{closure}}::{{closure}}::h3fc69ae6d4cc722e
[INFO] [stdout]                                at /opt/rustwide/cargo-home/registry/src/index.crates.io-6f17d22bba15001f/tokio-1.39.3/src/runtime/scheduler/current_thread/mod.rs:673:25
[INFO] [stdout]   26:     0x5f0e99432d40 - tokio::runtime::scheduler::current_thread::Context::enter::h2af5df38f47edbdb
[INFO] [stdout]                                at /opt/rustwide/cargo-home/registry/src/index.crates.io-6f17d22bba15001f/tokio-1.39.3/src/runtime/scheduler/current_thread/mod.rs:412:19
[INFO] [stdout]   27:     0x5f0e994341fe - tokio::runtime::scheduler::current_thread::CoreGuard::block_on::{{closure}}::h53a0a36c05705993
[INFO] [stdout]                                at /opt/rustwide/cargo-home/registry/src/index.crates.io-6f17d22bba15001f/tokio-1.39.3/src/runtime/scheduler/current_thread/mod.rs:672:36
[INFO] [stdout]   28:     0x5f0e99433ef4 - tokio::runtime::scheduler::current_thread::CoreGuard::enter::{{closure}}::h6983d9148f874043
[INFO] [stdout]                                at /opt/rustwide/cargo-home/registry/src/index.crates.io-6f17d22bba15001f/tokio-1.39.3/src/runtime/scheduler/current_thread/mod.rs:751:68
[INFO] [stdout]   29:     0x5f0e9943027b - tokio::runtime::context::scoped::Scoped<T>::set::h34e1c1614c061fcd
[INFO] [stdout]                                at /opt/rustwide/cargo-home/registry/src/index.crates.io-6f17d22bba15001f/tokio-1.39.3/src/runtime/context/scoped.rs:40:9
[INFO] [stdout]   30:     0x5f0e9942ff79 - tokio::runtime::context::set_scheduler::{{closure}}::h3d24033ac8952e7f
[INFO] [stdout]                                at /opt/rustwide/cargo-home/registry/src/index.crates.io-6f17d22bba15001f/tokio-1.39.3/src/runtime/context.rs:180:26
[INFO] [stdout]   31:     0x5f0e9942cf3d - std::thread::local::LocalKey<T>::try_with::h3d7fc6a84a20714b
[INFO] [stdout]                                at /rustc/df4ca44d3fbc9301ee17f30f4d474e6ae4b05252/library/std/src/thread/local.rs:283:12
[INFO] [stdout]   32:     0x5f0e9942c64a - std::thread::local::LocalKey<T>::with::he82c4e1f919fe74a
[INFO] [stdout]                                at /rustc/df4ca44d3fbc9301ee17f30f4d474e6ae4b05252/library/std/src/thread/local.rs:260:9
[INFO] [stdout]   33:     0x5f0e9942feed - tokio::runtime::context::set_scheduler::h3d45fb479e49ccc8
[INFO] [stdout]                                at /opt/rustwide/cargo-home/registry/src/index.crates.io-6f17d22bba15001f/tokio-1.39.3/src/runtime/context.rs:180:9
[INFO] [stdout]   34:     0x5f0e99433ca0 - tokio::runtime::scheduler::current_thread::CoreGuard::enter::hae6f3c27d2147e1e
[INFO] [stdout]                                at /opt/rustwide/cargo-home/registry/src/index.crates.io-6f17d22bba15001f/tokio-1.39.3/src/runtime/scheduler/current_thread/mod.rs:751:27
[INFO] [stdout]   35:     0x5f0e99433f33 - tokio::runtime::scheduler::current_thread::CoreGuard::block_on::h4ed3c993db6e2efc
[INFO] [stdout]                                at /opt/rustwide/cargo-home/registry/src/index.crates.io-6f17d22bba15001f/tokio-1.39.3/src/runtime/scheduler/current_thread/mod.rs:660:19
[INFO] [stdout]   36:     0x5f0e9943219f - tokio::runtime::scheduler::current_thread::CurrentThread::block_on::{{closure}}::hd6424d63fec73cec
[INFO] [stdout]                                at /opt/rustwide/cargo-home/registry/src/index.crates.io-6f17d22bba15001f/tokio-1.39.3/src/runtime/scheduler/current_thread/mod.rs:180:28
[INFO] [stdout]   37:     0x5f0e99430706 - tokio::runtime::context::runtime::enter_runtime::h65a79494ad80ab34
[INFO] [stdout]                                at /opt/rustwide/cargo-home/registry/src/index.crates.io-6f17d22bba15001f/tokio-1.39.3/src/runtime/context/runtime.rs:65:16
[INFO] [stdout]   38:     0x5f0e994319e1 - tokio::runtime::scheduler::current_thread::CurrentThread::block_on::h02d91c2eeadba5c0
[INFO] [stdout]                                at /opt/rustwide/cargo-home/registry/src/index.crates.io-6f17d22bba15001f/tokio-1.39.3/src/runtime/scheduler/current_thread/mod.rs:168:9
[INFO] [stdout]   39:     0x5f0e9943153d - tokio::runtime::runtime::Runtime::block_on_inner::h7fd26cff59d0ec8e
[INFO] [stdout]                                at /opt/rustwide/cargo-home/registry/src/index.crates.io-6f17d22bba15001f/tokio-1.39.3/src/runtime/runtime.rs:361:47
[INFO] [stdout]   40:     0x5f0e99431765 - tokio::runtime::runtime::Runtime::block_on::h4d8c8dfd2386a067
[INFO] [stdout]                                at /opt/rustwide/cargo-home/registry/src/index.crates.io-6f17d22bba15001f/tokio-1.39.3/src/runtime/runtime.rs:335:13
[INFO] [stdout]   41:     0x5f0e99435c4c - list_pods::test_list_pods::h14dd33d4fc032c5d
[INFO] [stdout]                                at /opt/rustwide/workdir/tests/list_pods.rs:24:5
[INFO] [stdout]   42:     0x5f0e99435ad7 - list_pods::test_list_pods::{{closure}}::hfd9ee544f0a8d092
[INFO] [stdout]                                at /opt/rustwide/workdir/tests/list_pods.rs:6:26
[INFO] [stdout]   43:     0x5f0e9942d786 - core::ops::function::FnOnce::call_once::h205a93496e299e49
[INFO] [stdout]                                at /rustc/df4ca44d3fbc9301ee17f30f4d474e6ae4b05252/library/core/src/ops/function.rs:250:5
[INFO] [stdout]   44:     0x5f0e9947526b - core::ops::function::FnOnce::call_once::h22c3ba5715e93f05
[INFO] [stdout]                                at /rustc/df4ca44d3fbc9301ee17f30f4d474e6ae4b05252/library/core/src/ops/function.rs:250:5
[INFO] [stdout]   45:     0x5f0e9947526b - test::__rust_begin_short_backtrace::h8e82d8113d0da17f
[INFO] [stdout]                                at /rustc/df4ca44d3fbc9301ee17f30f4d474e6ae4b05252/library/test/src/lib.rs:621:18
[INFO] [stdout]   46:     0x5f0e99474be7 - test::run_test_in_process::{{closure}}::h33235f4f20b7b7c7
[INFO] [stdout]                                at /rustc/df4ca44d3fbc9301ee17f30f4d474e6ae4b05252/library/test/src/lib.rs:644:60
[INFO] [stdout]   47:     0x5f0e99474be7 - <core::panic::unwind_safe::AssertUnwindSafe<F> as core::ops::function::FnOnce<()>>::call_once::hb5043206310c586f
[INFO] [stdout]                                at /rustc/df4ca44d3fbc9301ee17f30f4d474e6ae4b05252/library/core/src/panic/unwind_safe.rs:272:9
[INFO] [stdout]   48:     0x5f0e99474be7 - std::panicking::try::do_call::h9ad4731a60ab23e2
[INFO] [stdout]                                at /rustc/df4ca44d3fbc9301ee17f30f4d474e6ae4b05252/library/std/src/panicking.rs:557:40
[INFO] [stdout]   49:     0x5f0e99474be7 - std::panicking::try::h3824d23db772a716
[INFO] [stdout]                                at /rustc/df4ca44d3fbc9301ee17f30f4d474e6ae4b05252/library/std/src/panicking.rs:520:19
[INFO] [stdout]   50:     0x5f0e99474be7 - std::panic::catch_unwind::h5afd514605fde46b
[INFO] [stdout]                                at /rustc/df4ca44d3fbc9301ee17f30f4d474e6ae4b05252/library/std/src/panic.rs:358:14
[INFO] [stdout]   51:     0x5f0e99474be7 - test::run_test_in_process::h0d5cbfa7067d1720
[INFO] [stdout]                                at /rustc/df4ca44d3fbc9301ee17f30f4d474e6ae4b05252/library/test/src/lib.rs:644:27
[INFO] [stdout]   52:     0x5f0e99474be7 - test::run_test::{{closure}}::h708eb8872708115d
[INFO] [stdout]                                at /rustc/df4ca44d3fbc9301ee17f30f4d474e6ae4b05252/library/test/src/lib.rs:565:43
[INFO] [stdout]   53:     0x5f0e99438304 - test::run_test::{{closure}}::h392c51cee94713ab
[INFO] [stdout]                                at /rustc/df4ca44d3fbc9301ee17f30f4d474e6ae4b05252/library/test/src/lib.rs:595:41
[INFO] [stdout]   54:     0x5f0e99438304 - std::sys::backtrace::__rust_begin_short_backtrace::h2f40290710935a8b
[INFO] [stdout]                                at /rustc/df4ca44d3fbc9301ee17f30f4d474e6ae4b05252/library/std/src/sys/backtrace.rs:154:18
[INFO] [stdout]   55:     0x5f0e9943baae - std::thread::Builder::spawn_unchecked_::{{closure}}::{{closure}}::h3fd968d89053a903
[INFO] [stdout]                                at /rustc/df4ca44d3fbc9301ee17f30f4d474e6ae4b05252/library/std/src/thread/mod.rs:541:17
[INFO] [stdout]   56:     0x5f0e9943baae - <core::panic::unwind_safe::AssertUnwindSafe<F> as core::ops::function::FnOnce<()>>::call_once::h743f637ba4229880
[INFO] [stdout]                                at /rustc/df4ca44d3fbc9301ee17f30f4d474e6ae4b05252/library/core/src/panic/unwind_safe.rs:272:9
[INFO] [stdout]   57:     0x5f0e9943baae - std::panicking::try::do_call::h07440897322525a6
[INFO] [stdout]                                at /rustc/df4ca44d3fbc9301ee17f30f4d474e6ae4b05252/library/std/src/panicking.rs:557:40
[INFO] [stdout]   58:     0x5f0e9943baae - std::panicking::try::he5a2e00188156637
[INFO] [stdout]                                at /rustc/df4ca44d3fbc9301ee17f30f4d474e6ae4b05252/library/std/src/panicking.rs:520:19
[INFO] [stdout]   59:     0x5f0e9943baae - std::panic::catch_unwind::hbaf3cae49b3c6433
[INFO] [stdout]                                at /rustc/df4ca44d3fbc9301ee17f30f4d474e6ae4b05252/library/std/src/panic.rs:358:14
[INFO] [stdout]   60:     0x5f0e9943baae - std::thread::Builder::spawn_unchecked_::{{closure}}::h8e141ea224820bce
[INFO] [stdout]                                at /rustc/df4ca44d3fbc9301ee17f30f4d474e6ae4b05252/library/std/src/thread/mod.rs:540:30
[INFO] [stdout]   61:     0x5f0e9943baae - core::ops::function::FnOnce::call_once{{vtable.shim}}::h90d312fedd7b8ea8
[INFO] [stdout]                                at /rustc/df4ca44d3fbc9301ee17f30f4d474e6ae4b05252/library/core/src/ops/function.rs:250:5
[INFO] [stdout]   62:     0x5f0e9a057f7b - <alloc::boxed::Box<F,A> as core::ops::function::FnOnce<Args>>::call_once::h69aa08ddb6adb8b6
[INFO] [stdout]                                at /rustc/df4ca44d3fbc9301ee17f30f4d474e6ae4b05252/library/alloc/src/boxed.rs:2454:9
[INFO] [stdout]   63:     0x5f0e9a057f7b - <alloc::boxed::Box<F,A> as core::ops::function::FnOnce<Args>>::call_once::h5aa36efdb79c806f
[INFO] [stdout]                                at /rustc/df4ca44d3fbc9301ee17f30f4d474e6ae4b05252/library/alloc/src/boxed.rs:2454:9
[INFO] [stdout]   64:     0x5f0e9a057f7b - std::sys::pal::unix::thread::Thread::new::thread_start::h6cd80a1b4be5158d
[INFO] [stdout]                                at /rustc/df4ca44d3fbc9301ee17f30f4d474e6ae4b05252/library/std/src/sys/pal/unix/thread.rs:105:17
[INFO] [stdout]   65:     0x759d3b530ac3 - <unknown>
[INFO] [stdout]   66:     0x759d3b5c1a04 - clone
[INFO] [stdout]   67:                0x0 - <unknown>
[INFO] [stdout] 
[INFO] [stdout] 
[INFO] [stdout] failures:
[INFO] [stdout]     test_list_pods
[INFO] [stdout] 
[INFO] [stdout] test result: FAILED. 0 passed; 1 failed; 0 ignored; 0 measured; 0 filtered out; finished in 0.07s
[INFO] [stdout] 
[INFO] [stderr] error: test failed, to rerun pass `--test list_pods`
[INFO] running `Command { std: "docker" "inspect" "668d19552015e2a9e5d50afd1194a48efe6cf45ff6846cc92d23b9c1438e3df6", kill_on_drop: false }`
[INFO] running `Command { std: "docker" "rm" "-f" "668d19552015e2a9e5d50afd1194a48efe6cf45ff6846cc92d23b9c1438e3df6", kill_on_drop: false }`
[INFO] [stdout] 668d19552015e2a9e5d50afd1194a48efe6cf45ff6846cc92d23b9c1438e3df6
