[INFO] fetching crate navajo 0.0.4...
[INFO] testing navajo-0.0.4 against nightly-2024-10-28 for randomize-layout
[INFO] extracting crate navajo 0.0.4 into /workspace/builds/worker-1-tc1/source
[INFO] validating manifest of crates.io crate navajo 0.0.4 on toolchain nightly-2024-10-28
[INFO] running `Command { std: CARGO_HOME="/workspace/cargo-home" RUSTUP_HOME="/workspace/rustup-home" "/workspace/cargo-home/bin/cargo" "+nightly-2024-10-28" "metadata" "--manifest-path" "Cargo.toml" "--no-deps", kill_on_drop: false }`
[INFO] started tweaking crates.io crate navajo 0.0.4
[INFO] finished tweaking crates.io crate navajo 0.0.4
[INFO] tweaked toml for crates.io crate navajo 0.0.4 written to /workspace/builds/worker-1-tc1/source/Cargo.toml
[INFO] running `Command { std: CARGO_HOME="/workspace/cargo-home" RUSTUP_HOME="/workspace/rustup-home" "/workspace/cargo-home/bin/cargo" "+nightly-2024-10-28" "generate-lockfile" "--manifest-path" "Cargo.toml", kill_on_drop: false }`
[INFO] [stderr]     Updating crates.io index
[INFO] [stderr]      Locking 211 packages to latest compatible versions
[INFO] [stderr]       Adding base64 v0.21.7 (available: v0.22.1)
[INFO] [stderr]       Adding derive_builder v0.12.0 (available: v0.20.2)
[INFO] [stderr]       Adding generic-array v0.14.7 (available: v1.1.0)
[INFO] [stderr]       Adding miniz_oxide v0.7.4 (available: v0.8.0)
[INFO] [stderr]       Adding mockall v0.11.4 (available: v0.13.0)
[INFO] [stderr]       Adding p256 v0.12.0 (available: v0.13.2)
[INFO] [stderr]       Adding p384 v0.12.0 (available: v0.13.0)
[INFO] [stderr]       Adding ring v0.16.20 (available: v0.17.8)
[INFO] [stderr]       Adding signature v2.0.0 (available: v2.2.0)
[INFO] [stderr]       Adding strum v0.24.1 (available: v0.26.3)
[INFO] [stderr]       Adding strum_macros v0.24.3 (available: v0.26.4)
[INFO] running `Command { std: CARGO_HOME="/workspace/cargo-home" RUSTUP_HOME="/workspace/rustup-home" "/workspace/cargo-home/bin/cargo" "+nightly-2024-10-28" "fetch" "--manifest-path" "Cargo.toml", kill_on_drop: false }`
[INFO] [stderr]  Downloading crates ...
[INFO] [stderr]   Downloaded cmac v0.7.2
[INFO] [stderr]   Downloaded dbl v0.3.2
[INFO] [stderr]   Downloaded p256 v0.12.0
[INFO] [stderr]   Downloaded quickcheck_async v0.1.1
[INFO] [stderr]   Downloaded aes-siv v0.7.0
[INFO] [stderr]   Downloaded primeorder v0.12.1
[INFO] [stderr]   Downloaded p384 v0.12.0
[INFO] running `Command { std: "docker" "create" "-v" "/var/lib/crater-agent-workspace/builds/worker-1-tc1/target:/opt/rustwide/target:rw,Z" "-v" "/var/lib/crater-agent-workspace/builds/worker-1-tc1/source:/opt/rustwide/workdir:ro,Z" "-v" "/var/lib/crater-agent-workspace/cargo-home:/opt/rustwide/cargo-home:ro,Z" "-v" "/var/lib/crater-agent-workspace/rustup-home:/opt/rustwide/rustup-home:ro,Z" "-e" "SOURCE_DIR=/opt/rustwide/workdir" "-e" "CARGO_TARGET_DIR=/opt/rustwide/target" "-e" "CARGO_HOME=/opt/rustwide/cargo-home" "-e" "RUSTUP_HOME=/opt/rustwide/rustup-home" "-w" "/opt/rustwide/workdir" "-m" "1610612736" "--user" "0:0" "--network" "none" "ghcr.io/rust-lang/crates-build-env/linux@sha256:4a844ea9eb2546a2d2c7022eacef16ef2e8229c7fbb2c7d4d55a9ceca922f72d" "/opt/rustwide/cargo-home/bin/cargo" "+nightly-2024-10-28" "metadata" "--no-deps" "--format-version=1", kill_on_drop: false }`
[INFO] [stdout] 9e4cba2a8b3ee15dd8796f66025bff21ca666b523e40a47a9cd37dcafa58c6cd
[INFO] running `Command { std: "docker" "start" "-a" "9e4cba2a8b3ee15dd8796f66025bff21ca666b523e40a47a9cd37dcafa58c6cd", kill_on_drop: false }`
[INFO] running `Command { std: "docker" "inspect" "9e4cba2a8b3ee15dd8796f66025bff21ca666b523e40a47a9cd37dcafa58c6cd", kill_on_drop: false }`
[INFO] running `Command { std: "docker" "rm" "-f" "9e4cba2a8b3ee15dd8796f66025bff21ca666b523e40a47a9cd37dcafa58c6cd", kill_on_drop: false }`
[INFO] [stdout] 9e4cba2a8b3ee15dd8796f66025bff21ca666b523e40a47a9cd37dcafa58c6cd
[INFO] running `Command { std: "docker" "create" "-v" "/var/lib/crater-agent-workspace/builds/worker-1-tc1/target:/opt/rustwide/target:rw,Z" "-v" "/var/lib/crater-agent-workspace/builds/worker-1-tc1/source:/opt/rustwide/workdir:ro,Z" "-v" "/var/lib/crater-agent-workspace/cargo-home:/opt/rustwide/cargo-home:ro,Z" "-v" "/var/lib/crater-agent-workspace/rustup-home:/opt/rustwide/rustup-home:ro,Z" "-e" "SOURCE_DIR=/opt/rustwide/workdir" "-e" "CARGO_TARGET_DIR=/opt/rustwide/target" "-e" "CARGO_INCREMENTAL=0" "-e" "RUST_BACKTRACE=full" "-e" "RUSTFLAGS=--cap-lints=forbid" "-e" "RUSTDOCFLAGS=--cap-lints=forbid" "-e" "CARGO_HOME=/opt/rustwide/cargo-home" "-e" "RUSTUP_HOME=/opt/rustwide/rustup-home" "-w" "/opt/rustwide/workdir" "-m" "1610612736" "--user" "0:0" "--network" "none" "ghcr.io/rust-lang/crates-build-env/linux@sha256:4a844ea9eb2546a2d2c7022eacef16ef2e8229c7fbb2c7d4d55a9ceca922f72d" "/opt/rustwide/cargo-home/bin/cargo" "+nightly-2024-10-28" "build" "--frozen" "--message-format=json", kill_on_drop: false }`
[INFO] [stdout] 14349b72d482b58e3c3527f3d6aa6b421b5e74bd0cbb0aad668dedc98fe67264
[INFO] running `Command { std: "docker" "start" "-a" "14349b72d482b58e3c3527f3d6aa6b421b5e74bd0cbb0aad668dedc98fe67264", kill_on_drop: false }`
[INFO] [stderr]    Compiling proc-macro2 v1.0.89
[INFO] [stderr]    Compiling unicode-ident v1.0.13
[INFO] [stderr]    Compiling serde v1.0.214
[INFO] [stderr]    Compiling version_check v0.9.5
[INFO] [stderr]    Compiling libc v0.2.161
[INFO] [stderr]    Compiling typenum v1.17.0
[INFO] [stderr]    Compiling cfg-if v1.0.0
[INFO] [stderr]    Compiling subtle v2.6.1
[INFO] [stderr]    Compiling base64ct v1.6.0
[INFO] [stderr]    Compiling const-oid v0.9.6
[INFO] [stderr]    Compiling cpufeatures v0.2.14
[INFO] [stderr]    Compiling syn v1.0.109
[INFO] [stderr]    Compiling semver v1.0.23
[INFO] [stderr]    Compiling autocfg v1.4.0
[INFO] [stderr]    Compiling base16ct v0.1.1
[INFO] [stderr]    Compiling strsim v0.10.0
[INFO] [stderr]    Compiling ident_case v1.0.1
[INFO] [stderr]    Compiling fnv v1.0.7
[INFO] [stderr]    Compiling opaque-debug v0.3.1
[INFO] [stderr]    Compiling tinyvec_macros v0.1.1
[INFO] [stderr]    Compiling rustversion v1.0.18
[INFO] [stderr]    Compiling futures-core v0.3.31
[INFO] [stderr]    Compiling memchr v2.7.4
[INFO] [stderr]    Compiling futures-sink v0.3.31
[INFO] [stderr]    Compiling tinyvec v1.8.0
[INFO] [stderr]    Compiling pin-project-lite v0.2.15
[INFO] [stderr]    Compiling pem-rfc7468 v0.6.0
[INFO] [stderr]    Compiling pem-rfc7468 v0.7.0
[INFO] [stderr]    Compiling futures-io v0.3.31
[INFO] [stderr]    Compiling pin-utils v0.1.0
[INFO] [stderr]    Compiling futures-channel v0.3.31
[INFO] [stderr]    Compiling futures-task v0.3.31
[INFO] [stderr]    Compiling percent-encoding v2.3.1
[INFO] [stderr]    Compiling generic-array v0.14.7
[INFO] [stderr]    Compiling base16ct v0.2.0
[INFO] [stderr]    Compiling serde_json v1.0.132
[INFO] [stderr]    Compiling heck v0.4.1
[INFO] [stderr]    Compiling rustc_version v0.4.1
[INFO] [stderr]    Compiling unicode-bidi v0.3.17
[INFO] [stderr]    Compiling form_urlencoded v1.2.1
[INFO] [stderr]    Compiling slab v0.4.9
[INFO] [stderr]    Compiling ryu v1.0.18
[INFO] [stderr]    Compiling itoa v1.0.11
[INFO] [stderr]    Compiling keccak v0.1.5
[INFO] [stderr]    Compiling adler v1.0.2
[INFO] [stderr]    Compiling base64 v0.21.7
[INFO] [stderr]    Compiling miniz_oxide v0.7.4
[INFO] [stderr]    Compiling curve25519-dalek v4.1.3
[INFO] [stderr]    Compiling quote v1.0.37
[INFO] [stderr]    Compiling syn v2.0.86
[INFO] [stderr]    Compiling unicode-normalization v0.1.24
[INFO] [stderr]    Compiling getrandom v0.2.15
[INFO] [stderr]    Compiling rand_core v0.6.4
[INFO] [stderr]    Compiling ff v0.12.1
[INFO] [stderr]    Compiling ff v0.13.0
[INFO] [stderr]    Compiling group v0.12.1
[INFO] [stderr]    Compiling group v0.13.0
[INFO] [stderr]    Compiling idna v0.5.0
[INFO] [stderr]    Compiling darling_core v0.14.4
[INFO] [stderr]    Compiling strum_macros v0.24.3
[INFO] [stderr]    Compiling darling_macro v0.14.4
[INFO] [stderr]    Compiling serde_derive v1.0.214
[INFO] [stderr]    Compiling zeroize_derive v1.4.2
[INFO] [stderr]    Compiling futures-macro v0.3.31
[INFO] [stderr]    Compiling curve25519-dalek-derive v0.1.1
[INFO] [stderr]    Compiling pin-project-internal v1.1.7
[INFO] [stderr]    Compiling inherent v1.0.11
[INFO] [stderr]    Compiling strum v0.24.1
[INFO] [stderr]    Compiling darling v0.14.4
[INFO] [stderr]    Compiling derive_builder_core v0.12.0
[INFO] [stderr]    Compiling futures-util v0.3.31
[INFO] [stderr]    Compiling pin-project v1.1.7
[INFO] [stderr]    Compiling derive_builder_macro v0.12.0
[INFO] [stderr]    Compiling derive_builder v0.12.0
[INFO] [stderr]    Compiling futures-executor v0.3.31
[INFO] [stderr]    Compiling futures v0.3.31
[INFO] [stderr]    Compiling zeroize v1.8.1
[INFO] [stderr]    Compiling url v2.5.2
[INFO] [stderr]    Compiling hex v0.4.3
[INFO] [stderr]    Compiling der v0.6.1
[INFO] [stderr]    Compiling der v0.7.9
[INFO] [stderr]    Compiling crypto-common v0.1.6
[INFO] [stderr]    Compiling block-buffer v0.10.4
[INFO] [stderr]    Compiling inout v0.1.3
[INFO] [stderr]    Compiling crypto-bigint v0.4.9
[INFO] [stderr]    Compiling dbl v0.3.2
[INFO] [stderr]    Compiling crypto-bigint v0.5.5
[INFO] [stderr]    Compiling universal-hash v0.5.1
[INFO] [stderr]    Compiling aead v0.5.2
[INFO] [stderr]    Compiling digest v0.10.7
[INFO] [stderr]    Compiling cipher v0.4.4
[INFO] [stderr]    Compiling polyval v0.6.2
[INFO] [stderr]    Compiling poly1305 v0.8.0
[INFO] [stderr]    Compiling spki v0.6.0
[INFO] [stderr]    Compiling hmac v0.12.1
[INFO] [stderr]    Compiling signature v2.0.0
[INFO] [stderr]    Compiling sha2 v0.10.8
[INFO] [stderr]    Compiling sha3 v0.10.8
[INFO] [stderr]    Compiling ghash v0.5.1
[INFO] [stderr]    Compiling ctr v0.9.2
[INFO] [stderr]    Compiling aes v0.8.4
[INFO] [stderr]    Compiling cmac v0.7.2
[INFO] [stderr]    Compiling hkdf v0.12.4
[INFO] [stderr]    Compiling chacha20 v0.9.1
[INFO] [stderr]    Compiling pkcs8 v0.9.0
[INFO] [stderr]    Compiling spki v0.7.3
[INFO] [stderr]    Compiling sec1 v0.7.3
[INFO] [stderr]    Compiling chacha20poly1305 v0.10.1
[INFO] [stderr]    Compiling sec1 v0.3.0
[INFO] [stderr]    Compiling pkcs8 v0.10.2
[INFO] [stderr]    Compiling rfc6979 v0.3.1
[INFO] [stderr]    Compiling aes-gcm v0.10.3
[INFO] [stderr]    Compiling aes-siv v0.7.0
[INFO] [stderr]    Compiling ed25519 v2.2.3
[INFO] [stderr]    Compiling elliptic-curve v0.12.3
[INFO] [stderr]    Compiling primeorder v0.12.1
[INFO] [stderr]    Compiling ecdsa v0.15.1
[INFO] [stderr]    Compiling p384 v0.12.0
[INFO] [stderr]    Compiling p256 v0.12.0
[INFO] [stderr]    Compiling ed25519-dalek v2.1.1
[INFO] [stderr]    Compiling elliptic-curve v0.13.8
[INFO] [stderr]    Compiling navajo v0.0.4 (/opt/rustwide/workdir)
[INFO] [stdout] warning: unused import: `error::Error`
[INFO] [stdout]   --> src/envelope.rs:10:23
[INFO] [stdout]    |
[INFO] [stdout] 10 | use crate::{envelope, error::Error, Aad};
[INFO] [stdout]    |                       ^^^^^^^^^^^^
[INFO] [stdout]    |
[INFO] [stdout]    = note: `#[warn(unused_imports)]` on by default
[INFO] [stdout] 
[INFO] [stdout] 
[INFO] [stdout] warning: unexpected `cfg` condition value: `blake`
[INFO] [stdout]    --> src/mac/algorithm.rs:175:19
[INFO] [stdout]     |
[INFO] [stdout] 175 |             #[cfg(feature = "blake")]
[INFO] [stdout]     |                   ^^^^^^^^^^-------
[INFO] [stdout]     |                             |
[INFO] [stdout]     |                             help: there is a expected value with a similar name: `"blake3"`
[INFO] [stdout]     |
[INFO] [stdout]     = note: expected values for `feature` are: `aead`, `aes`, `aes-siv`, `blake3`, `bytes`, `chrono`, `cmac`, `daead`, `default`, `dsa`, `ed25519`, `ed25519-dalek`, `hkdf`, `hmac`, `mac`, `p256`, `p384`, `rayon`, `ring`, `sha2`, `sha3`, `signature`, `std`, and `time`
[INFO] [stdout]     = help: consider adding `blake` as a feature in `Cargo.toml`
[INFO] [stdout]     = note: see <https://doc.rust-lang.org/nightly/rustc/check-cfg/cargo-specifics.html> for more information about checking conditional configuration
[INFO] [stdout]     = note: `#[warn(unexpected_cfgs)]` on by default
[INFO] [stdout] 
[INFO] [stdout] 
[INFO] [stdout] warning: associated function `kind` is never used
[INFO] [stdout]   --> src/key.rs:14:8
[INFO] [stdout]    |
[INFO] [stdout] 9  | pub(crate) trait KeyMaterial:
[INFO] [stdout]    |                  ----------- associated function in this trait
[INFO] [stdout] ...
[INFO] [stdout] 14 |     fn kind() -> Kind;
[INFO] [stdout]    |        ^^^^
[INFO] [stdout]    |
[INFO] [stdout]    = note: `#[warn(dead_code)]` on by default
[INFO] [stdout] 
[INFO] [stdout] 
[INFO] [stdout] warning: trait `DigestOutput` is never used
[INFO] [stdout]  --> src/mac/output.rs:5:18
[INFO] [stdout]   |
[INFO] [stdout] 5 | pub(super) trait DigestOutput: AsRef<[u8]> + Clone {
[INFO] [stdout]   |                  ^^^^^^^^^^^^
[INFO] [stdout] 
[INFO] [stdout] 
[INFO] [stdout] warning: method `truncatable` is never used
[INFO] [stdout]    --> src/mac/output.rs:135:8
[INFO] [stdout]     |
[INFO] [stdout] 134 | impl RustCryptoOutput {
[INFO] [stdout]     | --------------------- method in this implementation
[INFO] [stdout] 135 |     fn truncatable(&self) -> bool {
[INFO] [stdout]     |        ^^^^^^^^^^^
[INFO] [stdout] 
[INFO] [stdout] 
[INFO] [stdout] warning: trait `Context` is never used
[INFO] [stdout]   --> src/dsa/verifier.rs:22:11
[INFO] [stdout]    |
[INFO] [stdout] 22 | pub trait Context {}
[INFO] [stdout]    |           ^^^^^^^
[INFO] [stdout] 
[INFO] [stdout] 
[INFO] [stderr]     Finished `dev` profile [unoptimized + debuginfo] target(s) in 17.33s
[INFO] running `Command { std: "docker" "inspect" "14349b72d482b58e3c3527f3d6aa6b421b5e74bd0cbb0aad668dedc98fe67264", kill_on_drop: false }`
[INFO] running `Command { std: "docker" "rm" "-f" "14349b72d482b58e3c3527f3d6aa6b421b5e74bd0cbb0aad668dedc98fe67264", kill_on_drop: false }`
[INFO] [stdout] 14349b72d482b58e3c3527f3d6aa6b421b5e74bd0cbb0aad668dedc98fe67264
[INFO] running `Command { std: "docker" "create" "-v" "/var/lib/crater-agent-workspace/builds/worker-1-tc1/target:/opt/rustwide/target:rw,Z" "-v" "/var/lib/crater-agent-workspace/builds/worker-1-tc1/source:/opt/rustwide/workdir:ro,Z" "-v" "/var/lib/crater-agent-workspace/cargo-home:/opt/rustwide/cargo-home:ro,Z" "-v" "/var/lib/crater-agent-workspace/rustup-home:/opt/rustwide/rustup-home:ro,Z" "-e" "SOURCE_DIR=/opt/rustwide/workdir" "-e" "CARGO_TARGET_DIR=/opt/rustwide/target" "-e" "CARGO_INCREMENTAL=0" "-e" "RUST_BACKTRACE=full" "-e" "RUSTFLAGS=--cap-lints=forbid" "-e" "RUSTDOCFLAGS=--cap-lints=forbid" "-e" "CARGO_HOME=/opt/rustwide/cargo-home" "-e" "RUSTUP_HOME=/opt/rustwide/rustup-home" "-w" "/opt/rustwide/workdir" "-m" "1610612736" "--user" "0:0" "--network" "none" "ghcr.io/rust-lang/crates-build-env/linux@sha256:4a844ea9eb2546a2d2c7022eacef16ef2e8229c7fbb2c7d4d55a9ceca922f72d" "/opt/rustwide/cargo-home/bin/cargo" "+nightly-2024-10-28" "test" "--frozen" "--no-run" "--message-format=json", kill_on_drop: false }`
[INFO] [stdout] cc9c25675be346e2195dc0e0c07d1859ce129102ae4a571fa2f0ef4c382c2df3
[INFO] running `Command { std: "docker" "start" "-a" "cc9c25675be346e2195dc0e0c07d1859ce129102ae4a571fa2f0ef4c382c2df3", kill_on_drop: false }`
[INFO] [stderr]    Compiling aho-corasick v1.1.3
[INFO] [stderr]    Compiling regex-syntax v0.8.5
[INFO] [stderr]    Compiling num-traits v0.2.19
[INFO] [stderr]    Compiling lock_api v0.4.12
[INFO] [stderr]    Compiling parking_lot_core v0.9.10
[INFO] [stderr]    Compiling either v1.13.0
[INFO] [stderr]    Compiling scopeguard v1.2.0
[INFO] [stderr]    Compiling smallvec v1.13.2
[INFO] [stderr]    Compiling predicates-core v1.0.8
[INFO] [stderr]    Compiling termtree v0.4.1
[INFO] [stderr]    Compiling log v0.4.22
[INFO] [stderr]    Compiling normalize-line-endings v0.3.0
[INFO] [stderr]    Compiling difflib v0.4.0
[INFO] [stderr]    Compiling rand v0.8.5
[INFO] [stderr]    Compiling tokio-macros v2.4.0
[INFO] [stderr]    Compiling mockall_derive v0.11.4
[INFO] [stderr]    Compiling socket2 v0.5.7
[INFO] [stderr]    Compiling predicates-tree v1.0.11
[INFO] [stderr]    Compiling signal-hook-registry v1.4.2
[INFO] [stderr]    Compiling mio v1.0.2
[INFO] [stderr]    Compiling lazy_static v1.5.0
[INFO] [stderr]    Compiling itertools v0.10.5
[INFO] [stderr]    Compiling fragile v2.0.0
[INFO] [stderr]    Compiling downcast v0.11.0
[INFO] [stderr]    Compiling bytes v1.8.0
[INFO] [stderr]    Compiling quickcheck_macros v1.0.0
[INFO] [stderr]    Compiling quickcheck_async v0.1.1
[INFO] [stdout] warning: unused import: `error::Error`
[INFO] [stdout]   --> src/envelope.rs:10:23
[INFO] [stdout]    |
[INFO] [stdout] 10 | use crate::{envelope, error::Error, Aad};
[INFO] [stdout]    |                       ^^^^^^^^^^^^
[INFO] [stdout]    |
[INFO] [stdout]    = note: `#[warn(unused_imports)]` on by default
[INFO] [stdout] 
[INFO] [stdout] 
[INFO] [stdout] warning: unexpected `cfg` condition value: `blake`
[INFO] [stdout]    --> src/mac/algorithm.rs:175:19
[INFO] [stdout]     |
[INFO] [stdout] 175 |             #[cfg(feature = "blake")]
[INFO] [stdout]     |                   ^^^^^^^^^^-------
[INFO] [stdout]     |                             |
[INFO] [stdout]     |                             help: there is a expected value with a similar name: `"blake3"`
[INFO] [stdout]     |
[INFO] [stdout]     = note: expected values for `feature` are: `aead`, `aes`, `aes-siv`, `blake3`, `bytes`, `chrono`, `cmac`, `daead`, `default`, `dsa`, `ed25519`, `ed25519-dalek`, `hkdf`, `hmac`, `mac`, `p256`, `p384`, `rayon`, `ring`, `sha2`, `sha3`, `signature`, `std`, and `time`
[INFO] [stdout]     = help: consider adding `blake` as a feature in `Cargo.toml`
[INFO] [stdout]     = note: see <https://doc.rust-lang.org/nightly/rustc/check-cfg/cargo-specifics.html> for more information about checking conditional configuration
[INFO] [stdout]     = note: `#[warn(unexpected_cfgs)]` on by default
[INFO] [stdout] 
[INFO] [stdout] 
[INFO] [stdout] warning: associated function `kind` is never used
[INFO] [stdout]   --> src/key.rs:14:8
[INFO] [stdout]    |
[INFO] [stdout] 9  | pub(crate) trait KeyMaterial:
[INFO] [stdout]    |                  ----------- associated function in this trait
[INFO] [stdout] ...
[INFO] [stdout] 14 |     fn kind() -> Kind;
[INFO] [stdout]    |        ^^^^
[INFO] [stdout]    |
[INFO] [stdout]    = note: `#[warn(dead_code)]` on by default
[INFO] [stdout] 
[INFO] [stdout] 
[INFO] [stdout] warning: trait `DigestOutput` is never used
[INFO] [stdout]  --> src/mac/output.rs:5:18
[INFO] [stdout]   |
[INFO] [stdout] 5 | pub(super) trait DigestOutput: AsRef<[u8]> + Clone {
[INFO] [stdout]   |                  ^^^^^^^^^^^^
[INFO] [stdout] 
[INFO] [stdout] 
[INFO] [stdout] warning: method `truncatable` is never used
[INFO] [stdout]    --> src/mac/output.rs:135:8
[INFO] [stdout]     |
[INFO] [stdout] 134 | impl RustCryptoOutput {
[INFO] [stdout]     | --------------------- method in this implementation
[INFO] [stdout] 135 |     fn truncatable(&self) -> bool {
[INFO] [stdout]     |        ^^^^^^^^^^^
[INFO] [stdout] 
[INFO] [stdout] 
[INFO] [stdout] warning: trait `Context` is never used
[INFO] [stdout]   --> src/dsa/verifier.rs:22:11
[INFO] [stdout]    |
[INFO] [stdout] 22 | pub trait Context {}
[INFO] [stdout]    |           ^^^^^^^
[INFO] [stdout] 
[INFO] [stdout] 
[INFO] [stderr]    Compiling parking_lot v0.12.3
[INFO] [stderr]    Compiling tokio v1.41.0
[INFO] [stderr]    Compiling float-cmp v0.9.0
[INFO] [stderr]    Compiling regex-automata v0.4.8
[INFO] [stderr]    Compiling regex v1.11.1
[INFO] [stderr]    Compiling predicates v2.1.5
[INFO] [stderr]    Compiling env_logger v0.8.4
[INFO] [stderr]    Compiling quickcheck v1.0.3
[INFO] [stderr]    Compiling mockall v0.11.4
[INFO] [stderr]    Compiling navajo v0.0.4 (/opt/rustwide/workdir)
[INFO] [stdout] warning: unused import: `error::Error`
[INFO] [stdout]   --> src/envelope.rs:10:23
[INFO] [stdout]    |
[INFO] [stdout] 10 | use crate::{envelope, error::Error, Aad};
[INFO] [stdout]    |                       ^^^^^^^^^^^^
[INFO] [stdout]    |
[INFO] [stdout]    = note: `#[warn(unused_imports)]` on by default
[INFO] [stdout] 
[INFO] [stdout] 
[INFO] [stdout] warning: unexpected `cfg` condition value: `blake`
[INFO] [stdout]    --> src/mac/algorithm.rs:175:19
[INFO] [stdout]     |
[INFO] [stdout] 175 |             #[cfg(feature = "blake")]
[INFO] [stdout]     |                   ^^^^^^^^^^-------
[INFO] [stdout]     |                             |
[INFO] [stdout]     |                             help: there is a expected value with a similar name: `"blake3"`
[INFO] [stdout]     |
[INFO] [stdout]     = note: expected values for `feature` are: `aead`, `aes`, `aes-siv`, `blake3`, `bytes`, `chrono`, `cmac`, `daead`, `default`, `dsa`, `ed25519`, `ed25519-dalek`, `hkdf`, `hmac`, `mac`, `p256`, `p384`, `rayon`, `ring`, `sha2`, `sha3`, `signature`, `std`, and `time`
[INFO] [stdout]     = help: consider adding `blake` as a feature in `Cargo.toml`
[INFO] [stdout]     = note: see <https://doc.rust-lang.org/nightly/rustc/check-cfg/cargo-specifics.html> for more information about checking conditional configuration
[INFO] [stdout]     = note: `#[warn(unexpected_cfgs)]` on by default
[INFO] [stdout] 
[INFO] [stdout] 
[INFO] [stdout] warning: associated function `kind` is never used
[INFO] [stdout]   --> src/key.rs:14:8
[INFO] [stdout]    |
[INFO] [stdout] 9  | pub(crate) trait KeyMaterial:
[INFO] [stdout]    |                  ----------- associated function in this trait
[INFO] [stdout] ...
[INFO] [stdout] 14 |     fn kind() -> Kind;
[INFO] [stdout]    |        ^^^^
[INFO] [stdout]    |
[INFO] [stdout]    = note: `#[warn(dead_code)]` on by default
[INFO] [stdout] 
[INFO] [stdout] 
[INFO] [stdout] warning: trait `DigestOutput` is never used
[INFO] [stdout]  --> src/mac/output.rs:5:18
[INFO] [stdout]   |
[INFO] [stdout] 5 | pub(super) trait DigestOutput: AsRef<[u8]> + Clone {
[INFO] [stdout]   |                  ^^^^^^^^^^^^
[INFO] [stdout] 
[INFO] [stdout] 
[INFO] [stdout] warning: method `truncatable` is never used
[INFO] [stdout]    --> src/mac/output.rs:135:8
[INFO] [stdout]     |
[INFO] [stdout] 134 | impl RustCryptoOutput {
[INFO] [stdout]     | --------------------- method in this implementation
[INFO] [stdout] 135 |     fn truncatable(&self) -> bool {
[INFO] [stdout]     |        ^^^^^^^^^^^
[INFO] [stdout] 
[INFO] [stdout] 
[INFO] [stdout] warning: trait `Context` is never used
[INFO] [stdout]   --> src/dsa/verifier.rs:22:11
[INFO] [stdout]    |
[INFO] [stdout] 22 | pub trait Context {}
[INFO] [stdout]    |           ^^^^^^^
[INFO] [stdout] 
[INFO] [stdout] 
[INFO] [stderr]     Finished `test` profile [unoptimized + debuginfo] target(s) in 15.94s
[INFO] running `Command { std: "docker" "inspect" "cc9c25675be346e2195dc0e0c07d1859ce129102ae4a571fa2f0ef4c382c2df3", kill_on_drop: false }`
[INFO] running `Command { std: "docker" "rm" "-f" "cc9c25675be346e2195dc0e0c07d1859ce129102ae4a571fa2f0ef4c382c2df3", kill_on_drop: false }`
[INFO] [stdout] cc9c25675be346e2195dc0e0c07d1859ce129102ae4a571fa2f0ef4c382c2df3
[INFO] running `Command { std: "docker" "create" "-v" "/var/lib/crater-agent-workspace/builds/worker-1-tc1/target:/opt/rustwide/target:rw,Z" "-v" "/var/lib/crater-agent-workspace/builds/worker-1-tc1/source:/opt/rustwide/workdir:ro,Z" "-v" "/var/lib/crater-agent-workspace/cargo-home:/opt/rustwide/cargo-home:ro,Z" "-v" "/var/lib/crater-agent-workspace/rustup-home:/opt/rustwide/rustup-home:ro,Z" "-e" "SOURCE_DIR=/opt/rustwide/workdir" "-e" "CARGO_TARGET_DIR=/opt/rustwide/target" "-e" "CARGO_INCREMENTAL=0" "-e" "RUST_BACKTRACE=full" "-e" "RUSTFLAGS=--cap-lints=forbid" "-e" "RUSTDOCFLAGS=--cap-lints=forbid" "-e" "CARGO_HOME=/opt/rustwide/cargo-home" "-e" "RUSTUP_HOME=/opt/rustwide/rustup-home" "-w" "/opt/rustwide/workdir" "-m" "1610612736" "--user" "0:0" "--network" "none" "ghcr.io/rust-lang/crates-build-env/linux@sha256:4a844ea9eb2546a2d2c7022eacef16ef2e8229c7fbb2c7d4d55a9ceca922f72d" "/opt/rustwide/cargo-home/bin/cargo" "+nightly-2024-10-28" "test" "--frozen", kill_on_drop: false }`
[INFO] [stdout] ad50673cde317007a9daaaba47c7e76960298b4d6031dc1726ddd27f0a657e44
[INFO] running `Command { std: "docker" "start" "-a" "ad50673cde317007a9daaaba47c7e76960298b4d6031dc1726ddd27f0a657e44", kill_on_drop: false }`
[INFO] [stderr] warning: unused import: `error::Error`
[INFO] [stderr]   --> src/envelope.rs:10:23
[INFO] [stderr]    |
[INFO] [stderr] 10 | use crate::{envelope, error::Error, Aad};
[INFO] [stderr]    |                       ^^^^^^^^^^^^
[INFO] [stderr]    |
[INFO] [stderr]    = note: `#[warn(unused_imports)]` on by default
[INFO] [stderr] 
[INFO] [stderr] warning: unexpected `cfg` condition value: `blake`
[INFO] [stderr]    --> src/mac/algorithm.rs:175:19
[INFO] [stderr]     |
[INFO] [stderr] 175 |             #[cfg(feature = "blake")]
[INFO] [stderr]     |                   ^^^^^^^^^^-------
[INFO] [stderr]     |                             |
[INFO] [stderr]     |                             help: there is a expected value with a similar name: `"blake3"`
[INFO] [stderr]     |
[INFO] [stderr]     = note: expected values for `feature` are: `aead`, `aes`, `aes-siv`, `blake3`, `bytes`, `chrono`, `cmac`, `daead`, `default`, `dsa`, `ed25519`, `ed25519-dalek`, `hkdf`, `hmac`, `mac`, `p256`, `p384`, `rayon`, `ring`, `sha2`, `sha3`, `signature`, `std`, and `time`
[INFO] [stderr]     = help: consider adding `blake` as a feature in `Cargo.toml`
[INFO] [stderr]     = note: see <https://doc.rust-lang.org/nightly/rustc/check-cfg/cargo-specifics.html> for more information about checking conditional configuration
[INFO] [stderr]     = note: `#[warn(unexpected_cfgs)]` on by default
[INFO] [stderr] 
[INFO] [stderr] warning: associated function `kind` is never used
[INFO] [stderr]   --> src/key.rs:14:8
[INFO] [stderr]    |
[INFO] [stderr] 9  | pub(crate) trait KeyMaterial:
[INFO] [stderr]    |                  ----------- associated function in this trait
[INFO] [stderr] ...
[INFO] [stderr] 14 |     fn kind() -> Kind;
[INFO] [stderr]    |        ^^^^
[INFO] [stderr]    |
[INFO] [stderr]    = note: `#[warn(dead_code)]` on by default
[INFO] [stderr] 
[INFO] [stderr] warning: trait `DigestOutput` is never used
[INFO] [stderr]  --> src/mac/output.rs:5:18
[INFO] [stderr]   |
[INFO] [stderr] 5 | pub(super) trait DigestOutput: AsRef<[u8]> + Clone {
[INFO] [stderr]   |                  ^^^^^^^^^^^^
[INFO] [stderr] 
[INFO] [stderr] warning: method `truncatable` is never used
[INFO] [stderr]    --> src/mac/output.rs:135:8
[INFO] [stderr]     |
[INFO] [stderr] 134 | impl RustCryptoOutput {
[INFO] [stderr]     | --------------------- method in this implementation
[INFO] [stderr] 135 |     fn truncatable(&self) -> bool {
[INFO] [stderr]     |        ^^^^^^^^^^^
[INFO] [stderr] 
[INFO] [stderr] warning: trait `Context` is never used
[INFO] [stderr]   --> src/dsa/verifier.rs:22:11
[INFO] [stderr]    |
[INFO] [stderr] 22 | pub trait Context {}
[INFO] [stderr]    |           ^^^^^^^
[INFO] [stderr] 
[INFO] [stderr] warning: `navajo` (lib) generated 6 warnings (run `cargo fix --lib -p navajo` to apply 1 suggestion)
[INFO] [stderr] warning: `navajo` (lib test) generated 6 warnings (6 duplicates)
[INFO] [stderr]     Finished `test` profile [unoptimized + debuginfo] target(s) in 0.32s
[INFO] [stderr]      Running unittests src/lib.rs (/opt/rustwide/target/debug/deps/navajo-713d49cf3efda2ce)
[INFO] [stdout] 
[INFO] [stdout] running 56 tests
[INFO] [stdout] test aead::decryptor::tests::test_parsing_online_header ... ok
[INFO] [stdout] test aead::decryptor::tests::test_parsing_streaming_header ... ok
[INFO] [stdout] test aead::decryptor::tests::test_online ... ok
[INFO] [stdout] test aead::encryptor::tests::test_one_shot_adds_header ... ok
[INFO] [stdout] test aead::decryptor::tests::test_one_shot ... ok
[INFO] [stdout] test aead::nonce::tests::test_nonce_sequence_new ... ok
[INFO] [stdout] test aead::encryptor::tests::test_online ... ok
[INFO] [stdout] test aead::reader::tests::test_read_under_segment ... ok
[INFO] [stdout] test aead::encryptor::tests::test_chunked_segment ... ok
[INFO] [stdout] test aead::stream::tests::test_stream_roundtrip ... ok
[INFO] [stdout] test aead::encryptor::tests::test_streaming_buffer_size ... ok
[INFO] [stdout] test buffer::tests::test_split_off_vec ... ok
[INFO] [stdout] test buffer::tests::test_vec_prepend_to_empty_buffer ... ok
[INFO] [stdout] test buffer::tests::test_vec_prepend_slice_to_slice ... ok
[INFO] [stdout] test aead::decryptor::tests::test_with_aad_roundtrip ... ok
[INFO] [stdout] test aead::try_stream::tests::test_stream_roundtrip ... ok
[INFO] [stdout] test aead::reader::tests::test_read ... ok
[INFO] [stdout] test buffer::tests::test_vec_prepend_to_slice_smaller_buffer ... ok
[INFO] [stdout] test buffer::tests::test_vec_prepend_slice_explicit ... ok
[INFO] [stdout] test daead::tests::test_encrypt_decrypt_deterministically ... ok
[INFO] [stdout] test aead::stream::tests::test_stream_with_aad_roundtrip ... ok
[INFO] [stdout] test aead::try_stream::tests::test_stream_with_aad_roundtrip ... ok
[INFO] [stdout] test daead::tests::test_encrypt_decrypt_query_deterministically ... ok
[INFO] [stdout] test envelope::tests::test_mac_to_json ... ok
[INFO] [stdout] test jose::validator::tests::test_validates_audience ... ok
[INFO] [stdout] test jose::validator::tests::test_validates_expiration ... ok
[INFO] [stdout] test jose::validator::tests::test_validates_issuer ... ok
[INFO] [stdout] test key::test::test_serialize ... ok
[INFO] [stdout] test key::test::test_status ... ok
[INFO] [stdout] test keyring::tests::test_key_status ... ok
[INFO] [stdout] test keyring::tests::test_serde ... ok
[INFO] [stdout] test jose::validator::tests::test_validates_issued_at ... ok
[INFO] [stdout] test mac::computer::tests::test_basic ... ok
[INFO] [stdout] test mac::computer::tests::test_chunked ... ok
[INFO] [stdout] test mac::stream::tests::test_mac_stream ... ok
[INFO] [stdout] test jose::string_or_strings::tests::test_serde ... ok
[INFO] [stdout] test jose::jwk::tests::test_serialize_jwk ... ok
[INFO] [stdout] test jose::validator::tests::test_validate_not_before ... ok
[INFO] [stdout] test hkdf::tests::test_rust_crypto ... ok
[INFO] [stdout] test mac::try_stream::tests::test_mac_stream ... ok
[INFO] [stdout] test jose::claims::tests::test_builder_additional_claim ... ok
[INFO] [stdout] test strings::tests::test_remove_seperators ... ok
[INFO] [stdout] test mac::tests::test_seal_unseal_sync ... ok
[INFO] [stdout] test metadata::tests::test_keys_iter ... ok
[INFO] [stdout] test mac::tests::test_seal_unseal ... ok
[INFO] [stdout] test aead::encryptor::tests::test_streaming_adds_header ... ok
[INFO] [stdout] test dsa::signing_key::tests::test_sign ... ok
[INFO] [stdout] test aead::tests::test_encrypt_decrypt ... ok
[INFO] [stdout] test aead::decryptor::tests::test_streaming ... ok
[INFO] [stdout] test primitive::keyring_info::tests::test_keyring_info_serde ... ok
[INFO] [stdout] test dsa::verifying_key::tests::test_serde ... ok
[INFO] [stdout] test mac::computer::tests::test_compute ... ok
[INFO] [stdout] test dsa::verifier::tests::test_verify_jws ... ok
[INFO] [stdout] test dsa::verifier::tests::test_verify ... ok
[INFO] [stdout] test aead::tests::test_encrypt_decrypt_in_place ... ok
[INFO] [stdout] test aead::tests::test_encrypt_writer ... ok
[INFO] [stdout] 
[INFO] [stdout] test result: ok. 56 passed; 0 failed; 0 ignored; 0 measured; 0 filtered out; finished in 6.53s
[INFO] [stdout] 
[INFO] [stderr]    Doc-tests navajo
[INFO] [stdout] 
[INFO] [stdout] running 33 tests
[INFO] [stdout] test src/./mac/README.md - mac (line 21) ... ok
[INFO] [stdout] test src/./hkdf/README.md - hkdf (line 5) ... ok
[INFO] [stdout] test src/./mac/README.md - mac (line 46) ... FAILED
[INFO] [stdout] test src/daead.rs - daead::Daead::open_sync (line 76) ... ok
[INFO] [stdout] test src/./mac/README.md - mac (line 86) ... ok
[INFO] [stdout] test src/dsa/signer.rs - dsa::signer::Signer::seal (line 109) ... ok
[INFO] [stdout] test src/aead.rs - aead::Aead::encrypt_in_place (line 218) ... ok
[INFO] [stdout] test src/mac.rs - mac::Mac::compute (line 296) ... ok
[INFO] [stdout] test src/aead.rs - aead::Aead::open_sync (line 107) ... ok
[INFO] [stdout] test src/dsa/signer.rs - dsa::signer::Signer::seal_sync (line 140) ... ok
[INFO] [stdout] test src/daead.rs - daead::Daead::open (line 38) ... ok
[INFO] [stdout] test src/aead.rs - aead::Aead::seal_sync (line 172) ... ok
[INFO] [stdout] test src/aead.rs - aead::Aead::encrypt (line 250) ... ok
[INFO] [stdout] test src/daead.rs - daead::Daead::seal (line 110) ... ok
[INFO] [stdout] test src/daead.rs - daead::Daead::seal_sync (line 141) ... ok
[INFO] [stdout] test src/./mac/README.md - mac (line 64) ... ok
[INFO] [stdout] test src/aead.rs - aead::Aead::seal (line 141) ... ok
[INFO] [stdout] test src/mac.rs - mac::Mac::compute_reader (line 364) ... ok
[INFO] [stdout] test src/dsa/signer.rs - dsa::signer::Signer::open_sync (line 75) ... ok
[INFO] [stdout] test src/aead.rs - aead::Aead::encrypt_stream (line 302) ... ok
[INFO] [stdout] test src/aead.rs - aead::Aead::open (line 69) ... ok
[INFO] [stdout] test src/mac.rs - mac::Mac::verify (line 384) ... ok
[INFO] [stdout] test src/mac.rs - mac::Mac::new_external_key (line 233) ... ok
[INFO] [stdout] test src/dsa/signer.rs - dsa::signer::Signer::open (line 37) ... ok
[INFO] [stdout] test src/mac.rs - mac::Mac::compute_stream (line 315) ... ok
[INFO] [stdout] test src/mac.rs - mac::Mac::verify_reader (line 406) ... ok
[INFO] [stdout] test src/mac.rs - mac::Mac::seal_sync (line 173) ... ok
[INFO] [stdout] test src/mac.rs - mac::Mac::open_sync (line 108) ... ok
[INFO] [stdout] test src/mac.rs - mac::Mac::open (line 68) ... ok
[INFO] [stdout] test src/mac.rs - mac::Mac::compute_try_stream (line 338) ... ok
[INFO] [stdout] test src/mac.rs - mac::Mac::verify_stream (line 438) ... ok
[INFO] [stdout] test src/mac.rs - mac::Mac::verify_try_stream (line 468) ... ok
[INFO] [stdout] test src/mac.rs - mac::Mac::seal (line 142) ... ok
[INFO] [stdout] 
[INFO] [stdout] failures:
[INFO] [stdout] 
[INFO] [stdout] ---- src/./mac/README.md - mac (line 46) stdout ----
[INFO] [stdout] Test executable failed (exit status: 101).
[INFO] [stdout] 
[INFO] [stdout] stderr:
[INFO] [stdout] thread 'main' panicked at src/./mac/README.md:11:41:
[INFO] [stdout] called `Result::unwrap()` on an `Err` value: Os { code: 2, kind: NotFound, message: "No such file or directory" }
[INFO] [stdout] stack backtrace:
[INFO] [stdout]    0:     0x5af37cb0cd2a - std::backtrace_rs::backtrace::libunwind::trace::h207520d6e9873551
[INFO] [stdout]                                at /rustc/df4ca44d3fbc9301ee17f30f4d474e6ae4b05252/library/std/src/../../backtrace/src/backtrace/libunwind.rs:116:5
[INFO] [stdout]    1:     0x5af37cb0cd2a - std::backtrace_rs::backtrace::trace_unsynchronized::h2ed7433f370e3eca
[INFO] [stdout]                                at /rustc/df4ca44d3fbc9301ee17f30f4d474e6ae4b05252/library/std/src/../../backtrace/src/backtrace/mod.rs:66:5
[INFO] [stdout]    2:     0x5af37cb0cd2a - std::sys::backtrace::_print_fmt::h916fac51166b18d7
[INFO] [stdout]                                at /rustc/df4ca44d3fbc9301ee17f30f4d474e6ae4b05252/library/std/src/sys/backtrace.rs:66:9
[INFO] [stdout]    3:     0x5af37cb0cd2a - <std::sys::backtrace::BacktraceLock::print::DisplayBacktrace as core::fmt::Display>::fmt::ha0a4c9b8ce3802e6
[INFO] [stdout]                                at /rustc/df4ca44d3fbc9301ee17f30f4d474e6ae4b05252/library/std/src/sys/backtrace.rs:39:26
[INFO] [stdout]    4:     0x5af37cb295f3 - core::fmt::rt::Argument::fmt::h4cfc8587d52b3eb5
[INFO] [stdout]                                at /rustc/df4ca44d3fbc9301ee17f30f4d474e6ae4b05252/library/core/src/fmt/rt.rs:177:76
[INFO] [stdout]    5:     0x5af37cb295f3 - core::fmt::write::h522cc39e5b36ae9f
[INFO] [stdout]                                at /rustc/df4ca44d3fbc9301ee17f30f4d474e6ae4b05252/library/core/src/fmt/mod.rs:1190:21
[INFO] [stdout]    6:     0x5af37cb0a793 - std::io::Write::write_fmt::hf1c1dcc8cc1287f0
[INFO] [stdout]                                at /rustc/df4ca44d3fbc9301ee17f30f4d474e6ae4b05252/library/std/src/io/mod.rs:1839:15
[INFO] [stdout]    7:     0x5af37cb0cb72 - std::sys::backtrace::BacktraceLock::print::h4b9e00b29e9c0942
[INFO] [stdout]                                at /rustc/df4ca44d3fbc9301ee17f30f4d474e6ae4b05252/library/std/src/sys/backtrace.rs:42:9
[INFO] [stdout]    8:     0x5af37cb0db3c - std::panicking::default_hook::{{closure}}::hb59b88280d0324d9
[INFO] [stdout]                                at /rustc/df4ca44d3fbc9301ee17f30f4d474e6ae4b05252/library/std/src/panicking.rs:268:22
[INFO] [stdout]    9:     0x5af37cb0d982 - std::panicking::default_hook::he1dd496665be4a29
[INFO] [stdout]                                at /rustc/df4ca44d3fbc9301ee17f30f4d474e6ae4b05252/library/std/src/panicking.rs:295:9
[INFO] [stdout]   10:     0x5af37cb0e137 - std::panicking::rust_panic_with_hook::h2ff17fe8f26dfcf8
[INFO] [stdout]                                at /rustc/df4ca44d3fbc9301ee17f30f4d474e6ae4b05252/library/std/src/panicking.rs:801:13
[INFO] [stdout]   11:     0x5af37cb0dfca - std::panicking::begin_panic_handler::{{closure}}::h4fad77951c07e101
[INFO] [stdout]                                at /rustc/df4ca44d3fbc9301ee17f30f4d474e6ae4b05252/library/std/src/panicking.rs:674:13
[INFO] [stdout]   12:     0x5af37cb0d209 - std::sys::backtrace::__rust_end_short_backtrace::hb1a25b3da5d0ea08
[INFO] [stdout]                                at /rustc/df4ca44d3fbc9301ee17f30f4d474e6ae4b05252/library/std/src/sys/backtrace.rs:170:18
[INFO] [stdout]   13:     0x5af37cb0dc5c - rust_begin_unwind
[INFO] [stdout]                                at /rustc/df4ca44d3fbc9301ee17f30f4d474e6ae4b05252/library/std/src/panicking.rs:665:5
[INFO] [stdout]   14:     0x5af37cb287a0 - core::panicking::panic_fmt::ha9db07b529f9b256
[INFO] [stdout]                                at /rustc/df4ca44d3fbc9301ee17f30f4d474e6ae4b05252/library/core/src/panicking.rs:75:14
[INFO] [stdout]   15:     0x5af37cb28bb6 - core::result::unwrap_failed::h5e8218e4d4338b8a
[INFO] [stdout]                                at /rustc/df4ca44d3fbc9301ee17f30f4d474e6ae4b05252/library/core/src/result.rs:1698:5
[INFO] [stdout]   16:     0x5af37ca874e7 - rust_out::main::_doctest_main_src___mac_README_md_46_0::h4c2b6c76a494ebfc
[INFO] [stdout]   17:     0x5af37ca87406 - rust_out::main::ha213a30daa5df4da
[INFO] [stdout]   18:     0x5af37ca86563 - core::ops::function::FnOnce::call_once::hf7edf7132571051c
[INFO] [stdout]   19:     0x5af37ca863e6 - std::sys::backtrace::__rust_begin_short_backtrace::h32fd822fd2ba4079
[INFO] [stdout]   20:     0x5af37ca86319 - std::rt::lang_start::{{closure}}::h4039a1c394ed4f7c
[INFO] [stdout]   21:     0x5af37cb088b7 - core::ops::function::impls::<impl core::ops::function::FnOnce<A> for &F>::call_once::hd87d66b906e0ccaf
[INFO] [stdout]                                at /rustc/df4ca44d3fbc9301ee17f30f4d474e6ae4b05252/library/core/src/ops/function.rs:284:13
[INFO] [stdout]   22:     0x5af37cb088b7 - std::panicking::try::do_call::hae3703de71fc9e3a
[INFO] [stdout]                                at /rustc/df4ca44d3fbc9301ee17f30f4d474e6ae4b05252/library/std/src/panicking.rs:557:40
[INFO] [stdout]   23:     0x5af37cb088b7 - std::panicking::try::h1178330e9a2b2645
[INFO] [stdout]                                at /rustc/df4ca44d3fbc9301ee17f30f4d474e6ae4b05252/library/std/src/panicking.rs:520:19
[INFO] [stdout]   24:     0x5af37cb088b7 - std::panic::catch_unwind::h0acf49d2305d32ad
[INFO] [stdout]                                at /rustc/df4ca44d3fbc9301ee17f30f4d474e6ae4b05252/library/std/src/panic.rs:358:14
[INFO] [stdout]   25:     0x5af37cb088b7 - std::rt::lang_start_internal::{{closure}}::h2d95182d798177be
[INFO] [stdout]                                at /rustc/df4ca44d3fbc9301ee17f30f4d474e6ae4b05252/library/std/src/rt.rs:174:48
[INFO] [stdout]   26:     0x5af37cb088b7 - std::panicking::try::do_call::hb506f5bfe11fd30c
[INFO] [stdout]                                at /rustc/df4ca44d3fbc9301ee17f30f4d474e6ae4b05252/library/std/src/panicking.rs:557:40
[INFO] [stdout]   27:     0x5af37cb088b7 - std::panicking::try::h54d825c46bd0fa95
[INFO] [stdout]                                at /rustc/df4ca44d3fbc9301ee17f30f4d474e6ae4b05252/library/std/src/panicking.rs:520:19
[INFO] [stdout]   28:     0x5af37cb088b7 - std::panic::catch_unwind::hffbb0ad20c4e9fac
[INFO] [stdout]                                at /rustc/df4ca44d3fbc9301ee17f30f4d474e6ae4b05252/library/std/src/panic.rs:358:14
[INFO] [stdout]   29:     0x5af37cb088b7 - std::rt::lang_start_internal::h52c291ef1962c925
[INFO] [stdout]                                at /rustc/df4ca44d3fbc9301ee17f30f4d474e6ae4b05252/library/std/src/rt.rs:174:20
[INFO] [stdout]   30:     0x5af37ca862f7 - std::rt::lang_start::h8c6075cd6f225ba1
[INFO] [stdout]   31:     0x5af37ca87855 - main
[INFO] [stdout]   32:     0x788cd0267d90 - <unknown>
[INFO] [stdout]   33:     0x788cd0267e40 - __libc_start_main
[INFO] [stdout]   34:     0x5af37ca84665 - _start
[INFO] [stdout]   35:                0x0 - <unknown>
[INFO] [stdout] 
[INFO] [stdout] 
[INFO] [stdout] 
[INFO] [stdout] failures:
[INFO] [stdout]     src/./mac/README.md - mac (line 46)
[INFO] [stdout] 
[INFO] [stdout] test result: FAILED. 32 passed; 1 failed; 0 ignored; 0 measured; 0 filtered out; finished in 5.64s
[INFO] [stdout] 
[INFO] [stderr] error: doctest failed, to rerun pass `--doc`
[INFO] running `Command { std: "docker" "inspect" "ad50673cde317007a9daaaba47c7e76960298b4d6031dc1726ddd27f0a657e44", kill_on_drop: false }`
[INFO] running `Command { std: "docker" "rm" "-f" "ad50673cde317007a9daaaba47c7e76960298b4d6031dc1726ddd27f0a657e44", kill_on_drop: false }`
[INFO] [stdout] ad50673cde317007a9daaaba47c7e76960298b4d6031dc1726ddd27f0a657e44
